136.144.35.101 - - [11/Sep/2026:02:32:21 -0400] "POST /wp-login.php HTTP/1.1" 200 9628 "-" "Mozilla/5.0 (Macintosh; Intel Mac OS X 10_15_7) AppleWebKit/605.1.15 Version/17.0 Safari/605.1.15"
136.144.35.79 - - [11/Sep/2026:02:32:21 -0400] "POST /wp-login.php HTTP/1.1" 200 9653 "-" "Mozilla/5.0 (Macintosh; Intel Mac OS X 10_15_7) AppleWebKit/605.1.15 Version/17.0 Safari/605.1.15"
136.144.35.90 - - [11/Sep/2026:02:32:21 -0400] "POST /wp-login.php HTTP/1.1" 200 9665 "-" "Mozilla/5.0 (Windows NT 10.0; Win64; x64) AppleWebKit/537.36 Chrome/129.0.0.0 Safari/537.36"
136.144.35.87 - - [11/Sep/2026:02:35:12 -0400] "POST /wp-login.php HTTP/1.1" 200 9628 "-" "Mozilla/5.0 (Windows NT 10.0; Win64; rv:143.0) Gecko/20100101 Firefox/143.0"
136.144.35.92 - - [11/Sep/2026:02:35:12 -0400] "POST /wp-login.php HTTP/1.1" 200 9634 "-" "Mozilla/5.0 (Macintosh; Intel Mac OS X 10_15_7) AppleWebKit/605.1.15 Version/17.0 Safari/605.1.15"
136.144.35.99 - - [11/Sep/2026:02:35:12 -0400] "POST /wp-login.php HTTP/1.1" 200 9665 "-" "Mozilla/5.0 (Windows NT 10.0; Win64; rv:143.0) Gecko/20100101 Firefox/143.0"
136.144.35.98 - - [11/Sep/2026:02:35:12 -0400] "POST /wp-login.php HTTP/1.1" 200 9653 "-" "Mozilla/5.0 (Windows NT 10.0; Win64; rv:143.0) Gecko/20100101 Firefox/143.0"
46.20.5.67 - - [11/Sep/2026:02:41:16 -0400] "GET / HTTP/1.1" 200 69298 "-" "Mozilla/5.0 (compatible; GeniusDataBot/1.0; +https://geniusdata.com)"
74.7.244.60 - - [11/Sep/2026:02:41:49 -0400] "GET /robots.txt HTTP/1.1" 200 119 "-" "Mozilla/5.0 (Macintosh; Intel Mac OS X 10_15_7) AppleWebKit/537.36 (KHTML, like Gecko) Chrome/131.0.0.0 Safari/537.36; compatible; OAI-SearchBot/1.4; robots.txt; +https://openai.com/searchbot"
136.144.35.85 - - [11/Sep/2026:02:41:50 -0400] "POST /wp-login.php HTTP/1.1" 200 9628 "-" "Mozilla/5.0 (Macintosh; Intel Mac OS X 10_15_7) AppleWebKit/605.1.15 Version/17.0 Safari/605.1.15"
136.144.35.96 - - [11/Sep/2026:02:41:50 -0400] "POST /wp-login.php HTTP/1.1" 200 9634 "-" "Mozilla/5.0 (Windows NT 10.0; Win64; rv:143.0) Gecko/20100101 Firefox/143.0"
136.144.35.78 - - [11/Sep/2026:02:41:50 -0400] "POST /wp-login.php HTTP/1.1" 200 9653 "-" "Mozilla/5.0 (Windows NT 10.0; Win64; rv:143.0) Gecko/20100101 Firefox/143.0"
136.144.35.78 - - [11/Sep/2026:02:41:50 -0400] "POST /wp-login.php HTTP/1.1" 200 9665 "-" "Mozilla/5.0 (Macintosh; Intel Mac OS X 10_15_7) AppleWebKit/605.1.15 Version/17.0 Safari/605.1.15"
136.144.35.92 - - [11/Sep/2026:02:44:32 -0400] "POST /wp-login.php HTTP/1.1" 200 9634 "-" "Mozilla/5.0 (Macintosh; Intel Mac OS X 10_15_7) AppleWebKit/605.1.15 Version/17.0 Safari/605.1.15"
136.144.35.82 - - [11/Sep/2026:02:44:32 -0400] "POST /wp-login.php HTTP/1.1" 200 9628 "-" "Mozilla/5.0 (Windows NT 10.0; Win64; x64) AppleWebKit/537.36 Chrome/129.0.0.0 Safari/537.36"
136.144.35.75 - - [11/Sep/2026:02:44:32 -0400] "POST /wp-login.php HTTP/1.1" 200 9665 "-" "Mozilla/5.0 (Macintosh; Intel Mac OS X 10_15_7) AppleWebKit/605.1.15 Version/17.0 Safari/605.1.15"
136.144.35.99 - - [11/Sep/2026:02:44:32 -0400] "POST /wp-login.php HTTP/1.1" 200 9653 "-" "Mozilla/5.0 (Macintosh; Intel Mac OS X 10_15_7) AppleWebKit/605.1.15 Version/17.0 Safari/605.1.15"
136.144.35.98 - - [11/Sep/2026:02:51:09 -0400] "POST /wp-login.php HTTP/1.1" 200 9634 "-" "Mozilla/5.0 (Windows NT 10.0; Win64; x64) AppleWebKit/537.36 Chrome/129.0.0.0 Safari/537.36"
136.144.35.92 - - [11/Sep/2026:02:51:09 -0400] "POST /wp-login.php HTTP/1.1" 200 9628 "-" "Mozilla/5.0 (Macintosh; Intel Mac OS X 10_15_7) AppleWebKit/605.1.15 Version/17.0 Safari/605.1.15"
136.144.35.99 - - [11/Sep/2026:02:51:09 -0400] "POST /wp-login.php HTTP/1.1" 200 9665 "-" "Mozilla/5.0 (Windows NT 10.0; Win64; rv:143.0) Gecko/20100101 Firefox/143.0"
136.144.35.81 - - [11/Sep/2026:02:51:10 -0400] "POST /wp-login.php HTTP/1.1" 200 9653 "-" "Mozilla/5.0 (Windows NT 10.0; Win64; rv:143.0) Gecko/20100101 Firefox/143.0"
136.144.35.96 - - [11/Sep/2026:02:53:54 -0400] "POST /wp-login.php HTTP/1.1" 200 9665 "-" "Mozilla/5.0 (Windows NT 10.0; Win64; rv:143.0) Gecko/20100101 Firefox/143.0"
136.144.35.83 - - [11/Sep/2026:02:53:54 -0400] "POST /wp-login.php HTTP/1.1" 200 9628 "-" "Mozilla/5.0 (Windows NT 10.0; Win64; rv:143.0) Gecko/20100101 Firefox/143.0"
199.250.222.155 - - [11/Sep/2026:02:53:54 -0400] "POST /wp-cron.php?doing_wp_cron=1789109634.1258931159973144531250 HTTP/1.1" 200 - "-" "WordPress/7.1; https://peninsulaixtapa.mx"
136.144.35.84 - - [11/Sep/2026:02:53:54 -0400] "POST /wp-login.php HTTP/1.1" 200 9634 "-" "Mozilla/5.0 (Windows NT 10.0; Win64; x64) AppleWebKit/537.36 Chrome/129.0.0.0 Safari/537.36"
136.144.35.88 - - [11/Sep/2026:02:53:55 -0400] "POST /wp-login.php HTTP/1.1" 200 9653 "-" "Mozilla/5.0 (Windows NT 10.0; Win64; x64) AppleWebKit/537.36 Chrome/129.0.0.0 Safari/537.36"
136.144.35.87 - - [11/Sep/2026:03:00:40 -0400] "POST /wp-login.php HTTP/1.1" 200 9634 "-" "Mozilla/5.0 (Windows NT 10.0; Win64; rv:143.0) Gecko/20100101 Firefox/143.0"
136.144.35.76 - - [11/Sep/2026:03:00:40 -0400] "POST /wp-login.php HTTP/1.1" 200 9653 "-" "Mozilla/5.0 (Windows NT 10.0; Win64; rv:143.0) Gecko/20100101 Firefox/143.0"
136.144.35.98 - - [11/Sep/2026:03:00:40 -0400] "POST /wp-login.php HTTP/1.1" 200 9628 "-" "Mozilla/5.0 (Windows NT 10.0; Win64; x64) AppleWebKit/537.36 Chrome/129.0.0.0 Safari/537.36"
136.144.35.86 - - [11/Sep/2026:03:00:40 -0400] "POST /wp-login.php HTTP/1.1" 200 9665 "-" "Mozilla/5.0 (Windows NT 10.0; Win64; x64) AppleWebKit/537.36 Chrome/129.0.0.0 Safari/537.36"
136.144.35.94 - - [11/Sep/2026:03:03:23 -0400] "POST /wp-login.php HTTP/1.1" 200 9634 "-" "Mozilla/5.0 (Windows NT 10.0; Win64; rv:143.0) Gecko/20100101 Firefox/143.0"
136.144.35.100 - - [11/Sep/2026:03:03:23 -0400] "POST /wp-login.php HTTP/1.1" 200 9653 "-" "Mozilla/5.0 (Windows NT 10.0; Win64; x64) AppleWebKit/537.36 Chrome/129.0.0.0 Safari/537.36"
136.144.35.93 - - [11/Sep/2026:03:03:24 -0400] "POST /wp-login.php HTTP/1.1" 200 9665 "-" "Mozilla/5.0 (Macintosh; Intel Mac OS X 10_15_7) AppleWebKit/605.1.15 Version/17.0 Safari/605.1.15"
122.168.80.191 - - [11/Sep/2026:03:08:33 -0400] "POST /xmlrpc.php HTTP/1.1" 200 415 "-" "Mozilla/5.0 (Linux; Android 10; x86) AppleWebKit/537.36 (KHTML, like Gecko) Chrome/90.0.0.0 Safari/537.36"
136.144.35.76 - - [11/Sep/2026:03:10:05 -0400] "POST /wp-login.php HTTP/1.1" 200 9628 "-" "Mozilla/5.0 (Macintosh; Intel Mac OS X 10_15_7) AppleWebKit/605.1.15 Version/17.0 Safari/605.1.15"
136.144.35.77 - - [11/Sep/2026:03:10:05 -0400] "POST /wp-login.php HTTP/1.1" 200 9634 "-" "Mozilla/5.0 (Windows NT 10.0; Win64; x64) AppleWebKit/537.36 Chrome/129.0.0.0 Safari/537.36"
136.144.35.89 - - [11/Sep/2026:03:10:05 -0400] "POST /wp-login.php HTTP/1.1" 200 9653 "-" "Mozilla/5.0 (Windows NT 10.0; Win64; rv:143.0) Gecko/20100101 Firefox/143.0"
136.144.35.92 - - [11/Sep/2026:03:10:05 -0400] "POST /wp-login.php HTTP/1.1" 200 9665 "-" "Mozilla/5.0 (Macintosh; Intel Mac OS X 10_15_7) AppleWebKit/605.1.15 Version/17.0 Safari/605.1.15"
122.168.80.191 - - [11/Sep/2026:03:12:12 -0400] "GET /wp-json/wp/v2/users HTTP/1.1" 200 768 "-" "Mozilla/4.0 (compatible; Win32; WinHttp.WinHttpRequest.5)"
136.144.35.102 - - [11/Sep/2026:03:12:53 -0400] "POST /wp-login.php HTTP/1.1" 200 9634 "-" "Mozilla/5.0 (Windows NT 10.0; Win64; x64) AppleWebKit/537.36 Chrome/129.0.0.0 Safari/537.36"
136.144.35.88 - - [11/Sep/2026:03:12:53 -0400] "POST /wp-login.php HTTP/1.1" 200 9628 "-" "Mozilla/5.0 (Windows NT 10.0; Win64; x64) AppleWebKit/537.36 Chrome/129.0.0.0 Safari/537.36"
136.144.35.88 - - [11/Sep/2026:03:12:53 -0400] "POST /wp-login.php HTTP/1.1" 200 9665 "-" "Mozilla/5.0 (Windows NT 10.0; Win64; x64) AppleWebKit/537.36 Chrome/129.0.0.0 Safari/537.36"
136.144.35.101 - - [11/Sep/2026:03:12:53 -0400] "POST /wp-login.php HTTP/1.1" 200 9653 "-" "Mozilla/5.0 (Macintosh; Intel Mac OS X 10_15_7) AppleWebKit/605.1.15 Version/17.0 Safari/605.1.15"
122.168.80.191 - - [11/Sep/2026:03:13:12 -0400] "POST /xmlrpc.php HTTP/1.1" 200 415 "-" "Mozilla/5.0 (Windows NT 6.3; x86) AppleWebKit/537.36 (KHTML, like Gecko) Safari/13.0.0.0 Safari/537.36"
122.168.80.191 - - [11/Sep/2026:03:14:12 -0400] "POST /xmlrpc.php HTTP/1.1" 406 300 "-" "Mozilla/5.0 (Windows NT 10.0; arm64) AppleWebKit/537.36 (KHTML, like Gecko) Opera/78.0.0.0 Safari/537.36"
122.168.80.191 - - [11/Sep/2026:03:15:11 -0400] "POST /xmlrpc.php HTTP/1.1" 200 415 "-" "Mozilla/5.0 (Windows NT 6.2; x86) AppleWebKit/537.36 (KHTML, like Gecko) Firefox/77.0.0.0 Safari/537.36"
122.168.80.191 - - [11/Sep/2026:03:16:11 -0400] "POST /xmlrpc.php HTTP/1.1" 200 415 "-" "Mozilla/5.0 (Windows NT 6.2; x64) AppleWebKit/537.36 (KHTML, like Gecko) Firefox/87.0.0.0 Safari/537.36"
122.168.80.191 - - [11/Sep/2026:03:17:17 -0400] "POST /xmlrpc.php HTTP/1.1" 200 415 "-" "Mozilla/5.0 (Windows NT 6.3; arm64) AppleWebKit/537.36 (KHTML, like Gecko) Firefox/88.0.0.0 Safari/537.36"
122.168.80.191 - - [11/Sep/2026:03:18:24 -0400] "POST /xmlrpc.php HTTP/1.1" 406 300 "-" "Mozilla/5.0 (Linux; Android 10; arm64) AppleWebKit/537.36 (KHTML, like Gecko) Safari/10.0.0.0 Safari/537.36"
122.168.80.191 - - [11/Sep/2026:03:19:26 -0400] "POST /xmlrpc.php HTTP/1.1" 200 415 "-" "Mozilla/5.0 (Windows NT 10.0; x64) AppleWebKit/537.36 (KHTML, like Gecko) Edge/97.0.0.0 Safari/537.36"
136.144.35.80 - - [11/Sep/2026:03:19:32 -0400] "POST /wp-login.php HTTP/1.1" 200 9628 "-" "Mozilla/5.0 (Macintosh; Intel Mac OS X 10_15_7) AppleWebKit/605.1.15 Version/17.0 Safari/605.1.15"
136.144.35.101 - - [11/Sep/2026:03:19:32 -0400] "POST /wp-login.php HTTP/1.1" 200 9634 "-" "Mozilla/5.0 (Windows NT 10.0; Win64; rv:143.0) Gecko/20100101 Firefox/143.0"
136.144.35.89 - - [11/Sep/2026:03:19:32 -0400] "POST /wp-login.php HTTP/1.1" 200 9665 "-" "Mozilla/5.0 (Windows NT 10.0; Win64; rv:143.0) Gecko/20100101 Firefox/143.0"
136.144.35.94 - - [11/Sep/2026:03:19:32 -0400] "POST /wp-login.php HTTP/1.1" 200 9653 "-" "Mozilla/5.0 (Windows NT 10.0; Win64; x64) AppleWebKit/537.36 Chrome/129.0.0.0 Safari/537.36"
122.168.80.191 - - [11/Sep/2026:03:20:28 -0400] "POST /xmlrpc.php HTTP/1.1" 200 415 "-" "Mozilla/5.0 (Macintosh; Intel Mac OS X 10_15_7; arm64) AppleWebKit/537.36 (KHTML, like Gecko) Firefox/90.0.0.0 Safari/537.36"
122.168.80.191 - - [11/Sep/2026:03:21:20 -0400] "POST /xmlrpc.php HTTP/1.1" 200 415 "-" "Mozilla/5.0 (Macintosh; Intel Mac OS X 10_15_7; x64) AppleWebKit/537.36 (KHTML, like Gecko) Chrome/84.0.0.0 Safari/537.36"
122.168.80.191 - - [11/Sep/2026:03:22:10 -0400] "POST /xmlrpc.php HTTP/1.1" 200 415 "-" "Mozilla/5.0 (Macintosh; Intel Mac OS X 10_15_7; x86) AppleWebKit/537.36 (KHTML, like Gecko) Edge/82.0.0.0 Safari/537.36"
136.144.35.102 - - [11/Sep/2026:03:22:20 -0400] "POST /wp-login.php HTTP/1.1" 200 9628 "-" "Mozilla/5.0 (Windows NT 10.0; Win64; rv:143.0) Gecko/20100101 Firefox/143.0"
136.144.35.80 - - [11/Sep/2026:03:22:20 -0400] "POST /wp-login.php HTTP/1.1" 200 9665 "-" "Mozilla/5.0 (Windows NT 10.0; Win64; rv:143.0) Gecko/20100101 Firefox/143.0"
136.144.35.101 - - [11/Sep/2026:03:22:20 -0400] "POST /wp-login.php HTTP/1.1" 200 9634 "-" "Mozilla/5.0 (Macintosh; Intel Mac OS X 10_15_7) AppleWebKit/605.1.15 Version/17.0 Safari/605.1.15"
136.144.35.97 - - [11/Sep/2026:03:22:20 -0400] "POST /wp-login.php HTTP/1.1" 200 9653 "-" "Mozilla/5.0 (Macintosh; Intel Mac OS X 10_15_7) AppleWebKit/605.1.15 Version/17.0 Safari/605.1.15"
122.168.80.191 - - [11/Sep/2026:03:23:04 -0400] "POST /xmlrpc.php HTTP/1.1" 200 415 "-" "Mozilla/5.0 (Windows NT 6.3; x86) AppleWebKit/537.36 (KHTML, like Gecko) Opera/78.0.0.0 Safari/537.36"
54.204.56.173 - - [11/Sep/2026:03:24:02 -0400] "GET /.env HTTP/1.1" 406 300 "-" "Mozilla/5.0 (Macintosh; Intel Mac OS X 10_15_7) AppleWebKit/537.36 (KHTML, like Gecko) Chrome/142.0.0.0 Safari/537.36"
122.168.80.191 - - [11/Sep/2026:03:24:05 -0400] "POST /xmlrpc.php HTTP/1.1" 200 415 "-" "Mozilla/5.0 (Windows NT 6.2; x86) AppleWebKit/537.36 (KHTML, like Gecko) Edge/82.0.0.0 Safari/537.36"
122.168.80.191 - - [11/Sep/2026:03:24:48 -0400] "POST /xmlrpc.php HTTP/1.1" 200 415 "-" "Mozilla/5.0 (Macintosh; Intel Mac OS X 10_15_7; x64) AppleWebKit/537.36 (KHTML, like Gecko) Firefox/94.0.0.0 Safari/537.36"
122.168.80.191 - - [11/Sep/2026:03:25:36 -0400] "POST /xmlrpc.php HTTP/1.1" 200 415 "-" "Mozilla/5.0 (Macintosh; Intel Mac OS X 10_15_7; x86) AppleWebKit/537.36 (KHTML, like Gecko) Chrome/96.0.0.0 Safari/537.36"
122.168.80.191 - - [11/Sep/2026:03:26:22 -0400] "POST /xmlrpc.php HTTP/1.1" 406 300 "-" "Mozilla/5.0 (X11; Ubuntu; Linux x86_64; arm64) AppleWebKit/537.36 (KHTML, like Gecko) Opera/76.0.0.0 Safari/537.36"
103.181.153.240 - - [11/Sep/2026:03:27:08 -0400] "POST /xmlrpc.php HTTP/1.1" 200 415 "-" "Mozilla/5.0 (Windows NT 10.0; x64) AppleWebKit/537.36 (KHTML, like Gecko) Safari/11.0.0.0 Safari/537.36"
122.168.80.191 - - [11/Sep/2026:03:27:47 -0400] "POST /xmlrpc.php HTTP/1.1" 200 415 "-" "Mozilla/5.0 (Windows NT 10.0; arm64) AppleWebKit/537.36 (KHTML, like Gecko) Firefox/71.0.0.0 Safari/537.36"
122.168.80.191 - - [11/Sep/2026:03:28:32 -0400] "POST /xmlrpc.php HTTP/1.1" 200 415 "-" "Mozilla/5.0 (Windows NT 10.0; x86) AppleWebKit/537.36 (KHTML, like Gecko) Edge/98.0.0.0 Safari/537.36"
136.144.35.88 - - [11/Sep/2026:03:29:06 -0400] "POST /wp-login.php HTTP/1.1" 200 9634 "-" "Mozilla/5.0 (Windows NT 10.0; Win64; rv:143.0) Gecko/20100101 Firefox/143.0"
136.144.35.98 - - [11/Sep/2026:03:29:06 -0400] "POST /wp-login.php HTTP/1.1" 200 9665 "-" "Mozilla/5.0 (Windows NT 10.0; Win64; x64) AppleWebKit/537.36 Chrome/129.0.0.0 Safari/537.36"
136.144.35.86 - - [11/Sep/2026:03:29:06 -0400] "POST /wp-login.php HTTP/1.1" 200 9653 "-" "Mozilla/5.0 (Windows NT 10.0; Win64; x64) AppleWebKit/537.36 Chrome/129.0.0.0 Safari/537.36"
122.168.80.191 - - [11/Sep/2026:03:29:16 -0400] "POST /xmlrpc.php HTTP/1.1" 200 415 "-" "Mozilla/5.0 (X11; Ubuntu; Linux x86_64; x64) AppleWebKit/537.36 (KHTML, like Gecko) Safari/10.0.0.0 Safari/537.36"
122.168.80.191 - - [11/Sep/2026:03:30:04 -0400] "POST /xmlrpc.php HTTP/1.1" 406 300 "-" "Mozilla/5.0 (Linux; Android 10; x86) AppleWebKit/537.36 (KHTML, like Gecko) Edge/97.0.0.0 Safari/537.36"
122.168.80.191 - - [11/Sep/2026:03:30:47 -0400] "POST /xmlrpc.php HTTP/1.1" 200 415 "-" "Mozilla/5.0 (Windows NT 6.3; arm64) AppleWebKit/537.36 (KHTML, like Gecko) Edge/86.0.0.0 Safari/537.36"
122.168.80.191 - - [11/Sep/2026:03:31:28 -0400] "POST /xmlrpc.php HTTP/1.1" 200 415 "-" "Mozilla/5.0 (X11; Ubuntu; Linux x86_64; x86) AppleWebKit/537.36 (KHTML, like Gecko) Safari/15.0.0.0 Safari/537.36"
136.144.35.96 - - [11/Sep/2026:03:31:52 -0400] "POST /wp-login.php HTTP/1.1" 200 9634 "-" "Mozilla/5.0 (Windows NT 10.0; Win64; x64) AppleWebKit/537.36 Chrome/129.0.0.0 Safari/537.36"
136.144.35.81 - - [11/Sep/2026:03:31:52 -0400] "POST /wp-login.php HTTP/1.1" 200 9628 "-" "Mozilla/5.0 (Windows NT 10.0; Win64; x64) AppleWebKit/537.36 Chrome/129.0.0.0 Safari/537.36"
136.144.35.101 - - [11/Sep/2026:03:31:52 -0400] "POST /wp-login.php HTTP/1.1" 200 9653 "-" "Mozilla/5.0 (Windows NT 10.0; Win64; rv:143.0) Gecko/20100101 Firefox/143.0"
136.144.35.95 - - [11/Sep/2026:03:32:07 -0400] "POST /wp-login.php HTTP/1.1" 200 9665 "-" "Mozilla/5.0 (Macintosh; Intel Mac OS X 10_15_7) AppleWebKit/605.1.15 Version/17.0 Safari/605.1.15"
122.168.80.191 - - [11/Sep/2026:03:32:08 -0400] "POST /xmlrpc.php HTTP/1.1" 406 300 "-" "Mozilla/5.0 (Linux; Android 10; arm64) AppleWebKit/537.36 (KHTML, like Gecko) Safari/13.0.0.0 Safari/537.36"
122.168.80.191 - - [11/Sep/2026:03:32:43 -0400] "POST /xmlrpc.php HTTP/1.1" 406 300 "-" "Mozilla/5.0 (Linux; Android 10; arm64) AppleWebKit/537.36 (KHTML, like Gecko) Firefox/70.0.0.0 Safari/537.36"
122.168.80.191 - - [11/Sep/2026:03:33:17 -0400] "POST /xmlrpc.php HTTP/1.1" 200 415 "-" "Mozilla/5.0 (Windows NT 6.3; x86) AppleWebKit/537.36 (KHTML, like Gecko) Chrome/101.0.0.0 Safari/537.36"
122.168.80.191 - - [11/Sep/2026:03:34:02 -0400] "POST /xmlrpc.php HTTP/1.1" 200 415 "-" "Mozilla/5.0 (Windows NT 6.3; x86) AppleWebKit/537.36 (KHTML, like Gecko) Edge/94.0.0.0 Safari/537.36"
122.168.80.191 - - [11/Sep/2026:03:34:39 -0400] "POST /xmlrpc.php HTTP/1.1" 200 415 "-" "Mozilla/5.0 (Windows NT 6.2; x64) AppleWebKit/537.36 (KHTML, like Gecko) Edge/81.0.0.0 Safari/537.36"
122.168.80.191 - - [11/Sep/2026:03:35:08 -0400] "POST /xmlrpc.php HTTP/1.1" 406 300 "-" "Mozilla/5.0 (Linux; Android 10; arm64) AppleWebKit/537.36 (KHTML, like Gecko) Opera/60.0.0.0 Safari/537.36"
74.7.175.169 - - [11/Sep/2026:03:35:21 -0400] "GET /robots.txt HTTP/1.1" 200 119 "-" "Mozilla/5.0 (Macintosh; Intel Mac OS X 10_15_7) AppleWebKit/537.36 (KHTML, like Gecko) Chrome/131.0.0.0 Safari/537.36; compatible; OAI-SearchBot/1.4; robots.txt; +https://openai.com/searchbot"
74.7.227.130 - - [11/Sep/2026:03:35:21 -0400] "GET / HTTP/1.1" 200 69354 "-" "Mozilla/5.0 AppleWebKit/537.36 (KHTML, like Gecko; compatible; GPTBot/1.4; +https://openai.com/gptbot)"
122.168.80.191 - - [11/Sep/2026:03:35:35 -0400] "POST /xmlrpc.php HTTP/1.1" 200 415 "-" "Mozilla/5.0 (Windows NT 10.0; x64) AppleWebKit/537.36 (KHTML, like Gecko) Chrome/113.0.0.0 Safari/537.36"
122.168.80.191 - - [11/Sep/2026:03:36:07 -0400] "POST /xmlrpc.php HTTP/1.1" 406 300 "-" "Mozilla/5.0 (Windows NT 10.0; arm64) AppleWebKit/537.36 (KHTML, like Gecko) Firefox/83.0.0.0 Safari/537.36"
122.168.80.191 - - [11/Sep/2026:03:36:36 -0400] "POST /xmlrpc.php HTTP/1.1" 200 415 "-" "Mozilla/5.0 (Macintosh; Intel Mac OS X 10_15_7; x64) AppleWebKit/537.36 (KHTML, like Gecko) Chrome/110.0.0.0 Safari/537.36"
122.168.80.191 - - [11/Sep/2026:03:37:04 -0400] "POST /xmlrpc.php HTTP/1.1" 406 300 "-" "Mozilla/5.0 (Linux; Android 10; x64) AppleWebKit/537.36 (KHTML, like Gecko) Opera/78.0.0.0 Safari/537.36"
122.168.80.191 - - [11/Sep/2026:03:37:38 -0400] "POST /xmlrpc.php HTTP/1.1" 200 415 "-" "Mozilla/5.0 (Windows NT 10.0; x64) AppleWebKit/537.36 (KHTML, like Gecko) Chrome/112.0.0.0 Safari/537.36"
122.168.80.191 - - [11/Sep/2026:03:38:09 -0400] "POST /xmlrpc.php HTTP/1.1" 200 415 "-" "Mozilla/5.0 (X11; Ubuntu; Linux x86_64; x86) AppleWebKit/537.36 (KHTML, like Gecko) Opera/70.0.0.0 Safari/537.36"
136.144.35.102 - - [11/Sep/2026:03:38:32 -0400] "POST /wp-login.php HTTP/1.1" 200 9628 "-" "Mozilla/5.0 (Windows NT 10.0; Win64; rv:143.0) Gecko/20100101 Firefox/143.0"
136.144.35.92 - - [11/Sep/2026:03:38:32 -0400] "POST /wp-login.php HTTP/1.1" 200 9634 "-" "Mozilla/5.0 (Macintosh; Intel Mac OS X 10_15_7) AppleWebKit/605.1.15 Version/17.0 Safari/605.1.15"
136.144.35.80 - - [11/Sep/2026:03:38:32 -0400] "POST /wp-login.php HTTP/1.1" 200 9665 "-" "Mozilla/5.0 (Windows NT 10.0; Win64; rv:143.0) Gecko/20100101 Firefox/143.0"
136.144.35.97 - - [11/Sep/2026:03:38:32 -0400] "POST /wp-login.php HTTP/1.1" 200 9653 "-" "Mozilla/5.0 (Macintosh; Intel Mac OS X 10_15_7) AppleWebKit/605.1.15 Version/17.0 Safari/605.1.15"
122.168.80.191 - - [11/Sep/2026:03:38:40 -0400] "POST /xmlrpc.php HTTP/1.1" 200 415 "-" "Mozilla/5.0 (Windows NT 6.2; x64) AppleWebKit/537.36 (KHTML, like Gecko) Firefox/92.0.0.0 Safari/537.36"
122.168.80.191 - - [11/Sep/2026:03:39:12 -0400] "POST /xmlrpc.php HTTP/1.1" 200 415 "-" "Mozilla/5.0 (Windows NT 10.0; x64) AppleWebKit/537.36 (KHTML, like Gecko) Firefox/98.0.0.0 Safari/537.36"
122.168.80.191 - - [11/Sep/2026:03:39:43 -0400] "POST /xmlrpc.php HTTP/1.1" 200 415 "-" "Mozilla/5.0 (Windows NT 6.3; x64) AppleWebKit/537.36 (KHTML, like Gecko) Opera/80.0.0.0 Safari/537.36"
122.168.80.191 - - [11/Sep/2026:03:40:20 -0400] "POST /xmlrpc.php HTTP/1.1" 200 415 "-" "Mozilla/5.0 (Windows NT 6.2; x86) AppleWebKit/537.36 (KHTML, like Gecko) Edge/99.0.0.0 Safari/537.36"
122.168.80.191 - - [11/Sep/2026:03:40:46 -0400] "POST /xmlrpc.php HTTP/1.1" 200 415 "-" "Mozilla/5.0 (Windows NT 10.0; x64) AppleWebKit/537.36 (KHTML, like Gecko) Opera/62.0.0.0 Safari/537.36"
122.168.80.191 - - [11/Sep/2026:03:41:13 -0400] "POST /xmlrpc.php HTTP/1.1" 406 300 "-" "Mozilla/5.0 (Windows NT 10.0; arm64) AppleWebKit/537.36 (KHTML, like Gecko) Opera/75.0.0.0 Safari/537.36"
136.144.35.84 - - [11/Sep/2026:03:41:21 -0400] "POST /wp-login.php HTTP/1.1" 200 9628 "-" "Mozilla/5.0 (Windows NT 10.0; Win64; rv:143.0) Gecko/20100101 Firefox/143.0"
136.144.35.91 - - [11/Sep/2026:03:41:21 -0400] "POST /wp-login.php HTTP/1.1" 200 9634 "-" "Mozilla/5.0 (Windows NT 10.0; Win64; x64) AppleWebKit/537.36 Chrome/129.0.0.0 Safari/537.36"
136.144.35.90 - - [11/Sep/2026:03:41:21 -0400] "POST /wp-login.php HTTP/1.1" 200 9653 "-" "Mozilla/5.0 (Windows NT 10.0; Win64; x64) AppleWebKit/537.36 Chrome/129.0.0.0 Safari/537.36"
136.144.35.88 - - [11/Sep/2026:03:41:21 -0400] "POST /wp-login.php HTTP/1.1" 200 9665 "-" "Mozilla/5.0 (Windows NT 10.0; Win64; x64) AppleWebKit/537.36 Chrome/129.0.0.0 Safari/537.36"
122.168.80.191 - - [11/Sep/2026:03:41:41 -0400] "POST /xmlrpc.php HTTP/1.1" 200 415 "-" "Mozilla/5.0 (Macintosh; Intel Mac OS X 10_15_7; x86) AppleWebKit/537.36 (KHTML, like Gecko) Chrome/87.0.0.0 Safari/537.36"
122.168.80.191 - - [11/Sep/2026:03:42:22 -0400] "POST /xmlrpc.php HTTP/1.1" 406 300 "-" "Mozilla/5.0 (X11; Ubuntu; Linux x86_64; arm64) AppleWebKit/537.36 (KHTML, like Gecko) Edge/89.0.0.0 Safari/537.36"
122.168.80.191 - - [11/Sep/2026:03:42:54 -0400] "POST /xmlrpc.php HTTP/1.1" 200 415 "-" "Mozilla/5.0 (Windows NT 6.3; x64) AppleWebKit/537.36 (KHTML, like Gecko) Chrome/97.0.0.0 Safari/537.36"
122.168.80.191 - - [11/Sep/2026:03:43:31 -0400] "POST /xmlrpc.php HTTP/1.1" 200 415 "-" "Mozilla/5.0 (Windows NT 10.0; x86) AppleWebKit/537.36 (KHTML, like Gecko) Safari/15.0.0.0 Safari/537.36"
122.168.80.191 - - [11/Sep/2026:03:43:57 -0400] "POST /xmlrpc.php HTTP/1.1" 406 300 "-" "Mozilla/5.0 (Macintosh; Intel Mac OS X 10_15_7; arm64) AppleWebKit/537.36 (KHTML, like Gecko) Edge/90.0.0.0 Safari/537.36"
122.168.80.191 - - [11/Sep/2026:03:44:21 -0400] "POST /xmlrpc.php HTTP/1.1" 200 415 "-" "Mozilla/5.0 (Windows NT 6.2; x64) AppleWebKit/537.36 (KHTML, like Gecko) Opera/64.0.0.0 Safari/537.36"
122.168.80.191 - - [11/Sep/2026:03:44:56 -0400] "POST /xmlrpc.php HTTP/1.1" 200 415 "-" "Mozilla/5.0 (Macintosh; Intel Mac OS X 10_15_7; x86) AppleWebKit/537.36 (KHTML, like Gecko) Chrome/95.0.0.0 Safari/537.36"
122.168.80.191 - - [11/Sep/2026:03:45:28 -0400] "POST /xmlrpc.php HTTP/1.1" 200 415 "-" "Mozilla/5.0 (X11; Ubuntu; Linux x86_64; x64) AppleWebKit/537.36 (KHTML, like Gecko) Opera/64.0.0.0 Safari/537.36"
122.168.80.191 - - [11/Sep/2026:03:45:58 -0400] "POST /xmlrpc.php HTTP/1.1" 200 415 "-" "Mozilla/5.0 (Macintosh; Intel Mac OS X 10_15_7; x86) AppleWebKit/537.36 (KHTML, like Gecko) Chrome/112.0.0.0 Safari/537.36"
122.168.80.191 - - [11/Sep/2026:03:46:22 -0400] "POST /xmlrpc.php HTTP/1.1" 406 300 "-" "Mozilla/5.0 (Linux; Android 10; x86) AppleWebKit/537.36 (KHTML, like Gecko) Firefox/74.0.0.0 Safari/537.36"
122.168.80.191 - - [11/Sep/2026:03:46:49 -0400] "POST /xmlrpc.php HTTP/1.1" 406 300 "-" "Mozilla/5.0 (Macintosh; Intel Mac OS X 10_15_7; arm64) AppleWebKit/537.36 (KHTML, like Gecko) Safari/12.0.0.0 Safari/537.36"
122.168.80.191 - - [11/Sep/2026:03:47:14 -0400] "POST /xmlrpc.php HTTP/1.1" 406 300 "-" "Mozilla/5.0 (Linux; Android 10; arm64) AppleWebKit/537.36 (KHTML, like Gecko) Opera/70.0.0.0 Safari/537.36"
122.168.80.191 - - [11/Sep/2026:03:47:40 -0400] "POST /xmlrpc.php HTTP/1.1" 200 415 "-" "Mozilla/5.0 (Windows NT 10.0; x64) AppleWebKit/537.36 (KHTML, like Gecko) Safari/13.0.0.0 Safari/537.36"
136.144.35.98 - - [11/Sep/2026:03:47:58 -0400] "POST /wp-login.php HTTP/1.1" 200 9628 "-" "Mozilla/5.0 (Windows NT 10.0; Win64; x64) AppleWebKit/537.36 Chrome/129.0.0.0 Safari/537.36"
136.144.35.85 - - [11/Sep/2026:03:47:58 -0400] "POST /wp-login.php HTTP/1.1" 200 9634 "-" "Mozilla/5.0 (Windows NT 10.0; Win64; x64) AppleWebKit/537.36 Chrome/129.0.0.0 Safari/537.36"
136.144.35.86 - - [11/Sep/2026:03:47:58 -0400] "POST /wp-login.php HTTP/1.1" 200 9665 "-" "Mozilla/5.0 (Macintosh; Intel Mac OS X 10_15_7) AppleWebKit/605.1.15 Version/17.0 Safari/605.1.15"
136.144.35.102 - - [11/Sep/2026:03:47:58 -0400] "POST /wp-login.php HTTP/1.1" 200 9653 "-" "Mozilla/5.0 (Windows NT 10.0; Win64; rv:143.0) Gecko/20100101 Firefox/143.0"
122.168.80.191 - - [11/Sep/2026:03:48:06 -0400] "POST /xmlrpc.php HTTP/1.1" 200 415 "-" "Mozilla/5.0 (Macintosh; Intel Mac OS X 10_15_7; x86) AppleWebKit/537.36 (KHTML, like Gecko) Firefox/94.0.0.0 Safari/537.36"
122.168.80.191 - - [11/Sep/2026:03:48:33 -0400] "POST /xmlrpc.php HTTP/1.1" 406 300 "-" "Mozilla/5.0 (Windows NT 6.3; arm64) AppleWebKit/537.36 (KHTML, like Gecko) Safari/13.0.0.0 Safari/537.36"
122.168.80.191 - - [11/Sep/2026:03:49:28 -0400] "POST /xmlrpc.php HTTP/1.1" 406 300 "-" "Mozilla/5.0 (Linux; Android 10; x64) AppleWebKit/537.36 (KHTML, like Gecko) Safari/11.0.0.0 Safari/537.36"
122.168.80.191 - - [11/Sep/2026:03:49:53 -0400] "POST /xmlrpc.php HTTP/1.1" 406 300 "-" "Mozilla/5.0 (Windows NT 6.3; arm64) AppleWebKit/537.36 (KHTML, like Gecko) Firefox/83.0.0.0 Safari/537.36"
122.168.80.191 - - [11/Sep/2026:03:50:24 -0400] "POST /xmlrpc.php HTTP/1.1" 200 415 "-" "Mozilla/5.0 (X11; Ubuntu; Linux x86_64; x64) AppleWebKit/537.36 (KHTML, like Gecko) Firefox/79.0.0.0 Safari/537.36"
136.144.35.95 - - [11/Sep/2026:03:50:48 -0400] "POST /wp-login.php HTTP/1.1" 200 9634 "-" "Mozilla/5.0 (Macintosh; Intel Mac OS X 10_15_7) AppleWebKit/605.1.15 Version/17.0 Safari/605.1.15"
136.144.35.86 - - [11/Sep/2026:03:50:48 -0400] "POST /wp-login.php HTTP/1.1" 200 9628 "-" "Mozilla/5.0 (Windows NT 10.0; Win64; x64) AppleWebKit/537.36 Chrome/129.0.0.0 Safari/537.36"
136.144.35.75 - - [11/Sep/2026:03:50:48 -0400] "POST /wp-login.php HTTP/1.1" 200 9665 "-" "Mozilla/5.0 (Windows NT 10.0; Win64; x64) AppleWebKit/537.36 Chrome/129.0.0.0 Safari/537.36"
136.144.35.96 - - [11/Sep/2026:03:50:48 -0400] "POST /wp-login.php HTTP/1.1" 200 9653 "-" "Mozilla/5.0 (Windows NT 10.0; Win64; x64) AppleWebKit/537.36 Chrome/129.0.0.0 Safari/537.36"
122.168.80.191 - - [11/Sep/2026:03:50:52 -0400] "POST /xmlrpc.php HTTP/1.1" 200 415 "-" "Mozilla/5.0 (Windows NT 10.0; x64) AppleWebKit/537.36 (KHTML, like Gecko) Edge/99.0.0.0 Safari/537.36"
103.181.153.240 - - [11/Sep/2026:03:51:21 -0400] "POST /xmlrpc.php HTTP/1.1" 200 415 "-" "Mozilla/5.0 (Windows NT 6.3; x86) AppleWebKit/537.36 (KHTML, like Gecko) Firefox/81.0.0.0 Safari/537.36"
122.168.80.191 - - [11/Sep/2026:03:51:46 -0400] "POST /xmlrpc.php HTTP/1.1" 200 415 "-" "Mozilla/5.0 (Macintosh; Intel Mac OS X 10_15_7; x86) AppleWebKit/537.36 (KHTML, like Gecko) Safari/10.0.0.0 Safari/537.36"
122.168.80.191 - - [11/Sep/2026:03:52:11 -0400] "POST /xmlrpc.php HTTP/1.1" 406 300 "-" "Mozilla/5.0 (Windows NT 6.2; arm64) AppleWebKit/537.36 (KHTML, like Gecko) Firefox/83.0.0.0 Safari/537.36"
122.168.80.191 - - [11/Sep/2026:03:52:34 -0400] "POST /xmlrpc.php HTTP/1.1" 200 415 "-" "Mozilla/5.0 (Windows NT 6.2; x86) AppleWebKit/537.36 (KHTML, like Gecko) Safari/12.0.0.0 Safari/537.36"
122.168.80.191 - - [11/Sep/2026:03:53:00 -0400] "POST /xmlrpc.php HTTP/1.1" 406 300 "-" "Mozilla/5.0 (Linux; Android 10; arm64) AppleWebKit/537.36 (KHTML, like Gecko) Chrome/97.0.0.0 Safari/537.36"
199.250.222.155 - - [11/Sep/2026:03:53:22 -0400] "POST /wp-cron.php?doing_wp_cron=1789113202.1483530998229980468750 HTTP/1.1" 200 - "-" "WordPress/7.1; https://peninsulaixtapa.mx"
122.168.80.191 - - [11/Sep/2026:03:53:21 -0400] "POST /xmlrpc.php HTTP/1.1" 200 415 "-" "Mozilla/5.0 (Windows NT 6.2; x64) AppleWebKit/537.36 (KHTML, like Gecko) Chrome/111.0.0.0 Safari/537.36"
122.168.80.191 - - [11/Sep/2026:03:53:44 -0400] "POST /xmlrpc.php HTTP/1.1" 200 415 "-" "Mozilla/5.0 (Windows NT 6.2; x86) AppleWebKit/537.36 (KHTML, like Gecko) Safari/14.0.0.0 Safari/537.36"
122.168.80.191 - - [11/Sep/2026:03:54:10 -0400] "POST /xmlrpc.php HTTP/1.1" 200 415 "-" "Mozilla/5.0 (Windows NT 6.2; x86) AppleWebKit/537.36 (KHTML, like Gecko) Safari/14.0.0.0 Safari/537.36"
122.168.80.191 - - [11/Sep/2026:03:54:33 -0400] "POST /xmlrpc.php HTTP/1.1" 200 415 "-" "Mozilla/5.0 (Windows NT 6.3; x86) AppleWebKit/537.36 (KHTML, like Gecko) Edge/94.0.0.0 Safari/537.36"
103.181.153.240 - - [11/Sep/2026:03:54:58 -0400] "POST /xmlrpc.php HTTP/1.1" 200 415 "-" "Mozilla/5.0 (Macintosh; Intel Mac OS X 10_15_7; x86) AppleWebKit/537.36 (KHTML, like Gecko) Edge/89.0.0.0 Safari/537.36"
122.168.80.191 - - [11/Sep/2026:03:55:20 -0400] "POST /xmlrpc.php HTTP/1.1" 406 300 "-" "Mozilla/5.0 (X11; Ubuntu; Linux x86_64; arm64) AppleWebKit/537.36 (KHTML, like Gecko) Edge/89.0.0.0 Safari/537.36"
103.181.153.240 - - [11/Sep/2026:03:56:32 -0400] "POST /xmlrpc.php HTTP/1.1" 200 415 "-" "Mozilla/5.0 (Windows NT 6.3; x64) AppleWebKit/537.36 (KHTML, like Gecko) Edge/82.0.0.0 Safari/537.36"
122.168.80.191 - - [11/Sep/2026:03:56:56 -0400] "POST /xmlrpc.php HTTP/1.1" 406 300 "-" "Mozilla/5.0 (Linux; Android 10; x86) AppleWebKit/537.36 (KHTML, like Gecko) Firefox/91.0.0.0 Safari/537.36"
122.168.80.191 - - [11/Sep/2026:03:57:19 -0400] "POST /xmlrpc.php HTTP/1.1" 406 300 "-" "Mozilla/5.0 (Macintosh; Intel Mac OS X 10_15_7; arm64) AppleWebKit/537.36 (KHTML, like Gecko) Safari/11.0.0.0 Safari/537.36"
136.144.35.94 - - [11/Sep/2026:03:57:19 -0400] "POST /wp-login.php HTTP/1.1" 200 9634 "-" "Mozilla/5.0 (Macintosh; Intel Mac OS X 10_15_7) AppleWebKit/605.1.15 Version/17.0 Safari/605.1.15"
136.144.35.76 - - [11/Sep/2026:03:57:19 -0400] "POST /wp-login.php HTTP/1.1" 200 9628 "-" "Mozilla/5.0 (Windows NT 10.0; Win64; x64) AppleWebKit/537.36 Chrome/129.0.0.0 Safari/537.36"
136.144.35.76 - - [11/Sep/2026:03:57:19 -0400] "POST /wp-login.php HTTP/1.1" 200 9665 "-" "Mozilla/5.0 (Windows NT 10.0; Win64; x64) AppleWebKit/537.36 Chrome/129.0.0.0 Safari/537.36"
136.144.35.77 - - [11/Sep/2026:03:57:19 -0400] "POST /wp-login.php HTTP/1.1" 200 9653 "-" "Mozilla/5.0 (Windows NT 10.0; Win64; x64) AppleWebKit/537.36 Chrome/129.0.0.0 Safari/537.36"
122.168.80.191 - - [11/Sep/2026:03:57:41 -0400] "POST /xmlrpc.php HTTP/1.1" 406 300 "-" "Mozilla/5.0 (Windows NT 10.0; arm64) AppleWebKit/537.36 (KHTML, like Gecko) Edge/82.0.0.0 Safari/537.36"
122.168.80.191 - - [11/Sep/2026:03:58:01 -0400] "POST /xmlrpc.php HTTP/1.1" 406 300 "-" "Mozilla/5.0 (Linux; Android 10; arm64) AppleWebKit/537.36 (KHTML, like Gecko) Chrome/112.0.0.0 Safari/537.36"
122.168.80.191 - - [11/Sep/2026:03:58:24 -0400] "POST /xmlrpc.php HTTP/1.1" 406 300 "-" "Mozilla/5.0 (Linux; Android 10; arm64) AppleWebKit/537.36 (KHTML, like Gecko) Edge/95.0.0.0 Safari/537.36"
122.168.80.191 - - [11/Sep/2026:03:58:47 -0400] "POST /xmlrpc.php HTTP/1.1" 200 415 "-" "Mozilla/5.0 (X11; Ubuntu; Linux x86_64; x86) AppleWebKit/537.36 (KHTML, like Gecko) Safari/13.0.0.0 Safari/537.36"
122.168.80.191 - - [11/Sep/2026:03:59:07 -0400] "POST /xmlrpc.php HTTP/1.1" 200 415 "-" "Mozilla/5.0 (X11; Ubuntu; Linux x86_64; x64) AppleWebKit/537.36 (KHTML, like Gecko) Chrome/89.0.0.0 Safari/537.36"
94.247.172.129 - - [11/Sep/2026:03:59:31 -0400] "GET / HTTP/1.1" 301 - "-" "Mozilla/5.0 (Macintosh; Intel Mac OS X 10_9_2)"
94.247.172.129 - - [11/Sep/2026:03:59:31 -0400] "GET / HTTP/1.1" 200 69298 "-" "Mozilla/5.0 (Macintosh; Intel Mac OS X 10_9_2)"
122.168.80.191 - - [11/Sep/2026:03:59:36 -0400] "POST /xmlrpc.php HTTP/1.1" 200 415 "-" "Mozilla/5.0 (Windows NT 6.3; x64) AppleWebKit/537.36 (KHTML, like Gecko) Opera/68.0.0.0 Safari/537.36"
122.168.80.191 - - [11/Sep/2026:03:59:58 -0400] "POST /xmlrpc.php HTTP/1.1" 200 415 "-" "Mozilla/5.0 (X11; Ubuntu; Linux x86_64; x86) AppleWebKit/537.36 (KHTML, like Gecko) Chrome/86.0.0.0 Safari/537.36"
136.144.35.94 - - [11/Sep/2026:04:00:16 -0400] "POST /wp-login.php HTTP/1.1" 200 9628 "-" "Mozilla/5.0 (Macintosh; Intel Mac OS X 10_15_7) AppleWebKit/605.1.15 Version/17.0 Safari/605.1.15"
136.144.35.96 - - [11/Sep/2026:04:00:16 -0400] "POST /wp-login.php HTTP/1.1" 200 9665 "-" "Mozilla/5.0 (Windows NT 10.0; Win64; x64) AppleWebKit/537.36 Chrome/129.0.0.0 Safari/537.36"
136.144.35.99 - - [11/Sep/2026:04:00:16 -0400] "POST /wp-login.php HTTP/1.1" 200 9653 "-" "Mozilla/5.0 (Macintosh; Intel Mac OS X 10_15_7) AppleWebKit/605.1.15 Version/17.0 Safari/605.1.15"
136.144.35.79 - - [11/Sep/2026:04:00:17 -0400] "POST /wp-login.php HTTP/1.1" 200 9634 "-" "Mozilla/5.0 (Windows NT 10.0; Win64; rv:143.0) Gecko/20100101 Firefox/143.0"
122.168.80.191 - - [11/Sep/2026:04:00:25 -0400] "POST /xmlrpc.php HTTP/1.1" 200 415 "-" "Mozilla/5.0 (Macintosh; Intel Mac OS X 10_15_7; x86) AppleWebKit/537.36 (KHTML, like Gecko) Chrome/81.0.0.0 Safari/537.36"
122.168.80.191 - - [11/Sep/2026:04:00:52 -0400] "POST /xmlrpc.php HTTP/1.1" 406 300 "-" "Mozilla/5.0 (Linux; Android 10; arm64) AppleWebKit/537.36 (KHTML, like Gecko) Chrome/90.0.0.0 Safari/537.36"
122.168.80.191 - - [11/Sep/2026:04:01:12 -0400] "POST /xmlrpc.php HTTP/1.1" 406 300 "-" "Mozilla/5.0 (Windows NT 6.3; arm64) AppleWebKit/537.36 (KHTML, like Gecko) Edge/82.0.0.0 Safari/537.36"
122.168.80.191 - - [11/Sep/2026:04:01:38 -0400] "POST /xmlrpc.php HTTP/1.1" 200 415 "-" "Mozilla/5.0 (Windows NT 6.2; x64) AppleWebKit/537.36 (KHTML, like Gecko) Safari/11.0.0.0 Safari/537.36"
122.168.80.191 - - [11/Sep/2026:04:02:01 -0400] "POST /xmlrpc.php HTTP/1.1" 406 300 "-" "Mozilla/5.0 (X11; Ubuntu; Linux x86_64; arm64) AppleWebKit/537.36 (KHTML, like Gecko) Safari/10.0.0.0 Safari/537.36"
122.168.80.191 - - [11/Sep/2026:04:02:22 -0400] "POST /xmlrpc.php HTTP/1.1" 406 300 "-" "Mozilla/5.0 (Linux; Android 10; arm64) AppleWebKit/537.36 (KHTML, like Gecko) Safari/12.0.0.0 Safari/537.36"
122.168.80.191 - - [11/Sep/2026:04:02:50 -0400] "POST /xmlrpc.php HTTP/1.1" 406 300 "-" "Mozilla/5.0 (Linux; Android 10; arm64) AppleWebKit/537.36 (KHTML, like Gecko) Edge/99.0.0.0 Safari/537.36"
122.168.80.191 - - [11/Sep/2026:04:03:15 -0400] "POST /xmlrpc.php HTTP/1.1" 200 415 "-" "Mozilla/5.0 (Windows NT 6.3; x64) AppleWebKit/537.36 (KHTML, like Gecko) Edge/81.0.0.0 Safari/537.36"
122.168.80.191 - - [11/Sep/2026:04:03:38 -0400] "POST /xmlrpc.php HTTP/1.1" 200 415 "-" "Mozilla/5.0 (Windows NT 6.2; x86) AppleWebKit/537.36 (KHTML, like Gecko) Edge/88.0.0.0 Safari/537.36"
122.168.80.191 - - [11/Sep/2026:04:04:00 -0400] "POST /xmlrpc.php HTTP/1.1" 200 415 "-" "Mozilla/5.0 (Macintosh; Intel Mac OS X 10_15_7; x86) AppleWebKit/537.36 (KHTML, like Gecko) Edge/93.0.0.0 Safari/537.36"
122.168.80.191 - - [11/Sep/2026:04:04:21 -0400] "POST /xmlrpc.php HTTP/1.1" 406 300 "-" "Mozilla/5.0 (Macintosh; Intel Mac OS X 10_15_7; arm64) AppleWebKit/537.36 (KHTML, like Gecko) Safari/15.0.0.0 Safari/537.36"
122.168.80.191 - - [11/Sep/2026:04:05:07 -0400] "POST /xmlrpc.php HTTP/1.1" 200 415 "-" "Mozilla/5.0 (Windows NT 10.0; x64) AppleWebKit/537.36 (KHTML, like Gecko) Safari/10.0.0.0 Safari/537.36"
122.168.80.191 - - [11/Sep/2026:04:05:30 -0400] "POST /xmlrpc.php HTTP/1.1" 200 415 "-" "Mozilla/5.0 (Windows NT 6.3; x64) AppleWebKit/537.36 (KHTML, like Gecko) Firefox/86.0.0.0 Safari/537.36"
122.168.80.191 - - [11/Sep/2026:04:05:51 -0400] "POST /xmlrpc.php HTTP/1.1" 406 300 "-" "Mozilla/5.0 (Linux; Android 10; x64) AppleWebKit/537.36 (KHTML, like Gecko) Firefox/85.0.0.0 Safari/537.36"
199.250.222.155 - - [11/Sep/2026:04:06:38 -0400] "POST /wp-cron.php?doing_wp_cron=1789113998.2935609817504882812500 HTTP/1.1" 200 - "-" "WordPress/7.1; https://peninsulaixtapa.mx"
122.168.80.191 - - [11/Sep/2026:04:06:38 -0400] "POST /xmlrpc.php HTTP/1.1" 200 415 "-" "Mozilla/5.0 (Windows NT 6.3; x86) AppleWebKit/537.36 (KHTML, like Gecko) Chrome/99.0.0.0 Safari/537.36"
136.144.35.95 - - [11/Sep/2026:04:06:55 -0400] "POST /wp-login.php HTTP/1.1" 302 259 "-" "Mozilla/5.0 (Macintosh; Intel Mac OS X 10_15_7) AppleWebKit/605.1.15 Version/17.0 Safari/605.1.15"
136.144.35.80 - - [11/Sep/2026:04:06:55 -0400] "POST /wp-login.php HTTP/1.1" 302 259 "-" "Mozilla/5.0 (Windows NT 10.0; Win64; x64) AppleWebKit/537.36 Chrome/129.0.0.0 Safari/537.36"
136.144.35.77 - - [11/Sep/2026:04:06:55 -0400] "POST /wp-login.php HTTP/1.1" 302 259 "-" "Mozilla/5.0 (Macintosh; Intel Mac OS X 10_15_7) AppleWebKit/605.1.15 Version/17.0 Safari/605.1.15"
136.144.35.81 - - [11/Sep/2026:04:06:55 -0400] "POST /wp-login.php HTTP/1.1" 302 259 "-" "Mozilla/5.0 (Macintosh; Intel Mac OS X 10_15_7) AppleWebKit/605.1.15 Version/17.0 Safari/605.1.15"
122.168.80.191 - - [11/Sep/2026:04:07:03 -0400] "POST /xmlrpc.php HTTP/1.1" 406 300 "-" "Mozilla/5.0 (Linux; Android 10; x86) AppleWebKit/537.36 (KHTML, like Gecko) Edge/83.0.0.0 Safari/537.36"
122.168.80.191 - - [11/Sep/2026:04:07:27 -0400] "POST /xmlrpc.php HTTP/1.1" 406 300 "-" "Mozilla/5.0 (Linux; Android 10; x86) AppleWebKit/537.36 (KHTML, like Gecko) Chrome/115.0.0.0 Safari/537.36"
122.168.80.191 - - [11/Sep/2026:04:07:49 -0400] "POST /xmlrpc.php HTTP/1.1" 200 415 "-" "Mozilla/5.0 (Windows NT 10.0; x86) AppleWebKit/537.36 (KHTML, like Gecko) Firefox/92.0.0.0 Safari/537.36"
122.168.80.191 - - [11/Sep/2026:04:08:13 -0400] "POST /xmlrpc.php HTTP/1.1" 406 300 "-" "Mozilla/5.0 (Macintosh; Intel Mac OS X 10_15_7; arm64) AppleWebKit/537.36 (KHTML, like Gecko) Chrome/108.0.0.0 Safari/537.36"
122.168.80.191 - - [11/Sep/2026:04:08:36 -0400] "POST /xmlrpc.php HTTP/1.1" 200 415 "-" "Mozilla/5.0 (Macintosh; Intel Mac OS X 10_15_7; x64) AppleWebKit/537.36 (KHTML, like Gecko) Firefox/73.0.0.0 Safari/537.36"
122.168.80.191 - - [11/Sep/2026:04:09:00 -0400] "POST /xmlrpc.php HTTP/1.1" 200 415 "-" "Mozilla/5.0 (Windows NT 10.0; x86) AppleWebKit/537.36 (KHTML, like Gecko) Opera/66.0.0.0 Safari/537.36"
122.168.80.191 - - [11/Sep/2026:04:09:23 -0400] "POST /xmlrpc.php HTTP/1.1" 200 415 "-" "Mozilla/5.0 (Windows NT 6.3; x86) AppleWebKit/537.36 (KHTML, like Gecko) Chrome/103.0.0.0 Safari/537.36"
136.144.35.92 - - [11/Sep/2026:04:09:44 -0400] "POST /wp-login.php HTTP/1.1" 302 259 "-" "Mozilla/5.0 (Macintosh; Intel Mac OS X 10_15_7) AppleWebKit/605.1.15 Version/17.0 Safari/605.1.15"
136.144.35.89 - - [11/Sep/2026:04:09:44 -0400] "POST /wp-login.php HTTP/1.1" 302 259 "-" "Mozilla/5.0 (Windows NT 10.0; Win64; rv:143.0) Gecko/20100101 Firefox/143.0"
136.144.35.82 - - [11/Sep/2026:04:09:44 -0400] "POST /wp-login.php HTTP/1.1" 302 259 "-" "Mozilla/5.0 (Windows NT 10.0; Win64; x64) AppleWebKit/537.36 Chrome/129.0.0.0 Safari/537.36"
136.144.35.92 - - [11/Sep/2026:04:09:44 -0400] "POST /wp-login.php HTTP/1.1" 302 259 "-" "Mozilla/5.0 (Windows NT 10.0; Win64; x64) AppleWebKit/537.36 Chrome/129.0.0.0 Safari/537.36"
122.168.80.191 - - [11/Sep/2026:04:09:52 -0400] "POST /xmlrpc.php HTTP/1.1" 200 415 "-" "Mozilla/5.0 (Windows NT 6.3; x64) AppleWebKit/537.36 (KHTML, like Gecko) Edge/94.0.0.0 Safari/537.36"
122.168.80.191 - - [11/Sep/2026:04:10:21 -0400] "POST /xmlrpc.php HTTP/1.1" 200 415 "-" "Mozilla/5.0 (Windows NT 10.0; x86) AppleWebKit/537.36 (KHTML, like Gecko) Chrome/88.0.0.0 Safari/537.36"
122.168.80.191 - - [11/Sep/2026:04:10:43 -0400] "POST /xmlrpc.php HTTP/1.1" 406 300 "-" "Mozilla/5.0 (Linux; Android 10; x64) AppleWebKit/537.36 (KHTML, like Gecko) Chrome/85.0.0.0 Safari/537.36"
122.168.80.191 - - [11/Sep/2026:04:11:05 -0400] "POST /xmlrpc.php HTTP/1.1" 200 415 "-" "Mozilla/5.0 (Windows NT 6.3; x86) AppleWebKit/537.36 (KHTML, like Gecko) Edge/88.0.0.0 Safari/537.36"
122.168.80.191 - - [11/Sep/2026:04:11:52 -0400] "POST /xmlrpc.php HTTP/1.1" 406 300 "-" "Mozilla/5.0 (X11; Ubuntu; Linux x86_64; arm64) AppleWebKit/537.36 (KHTML, like Gecko) Safari/13.0.0.0 Safari/537.36"
122.168.80.191 - - [11/Sep/2026:04:12:12 -0400] "POST /xmlrpc.php HTTP/1.1" 200 415 "-" "Mozilla/5.0 (Windows NT 6.3; x86) AppleWebKit/537.36 (KHTML, like Gecko) Opera/62.0.0.0 Safari/537.36"
122.168.80.191 - - [11/Sep/2026:04:12:33 -0400] "POST /xmlrpc.php HTTP/1.1" 406 300 "-" "Mozilla/5.0 (Windows NT 10.0; arm64) AppleWebKit/537.36 (KHTML, like Gecko) Chrome/95.0.0.0 Safari/537.36"
122.168.80.191 - - [11/Sep/2026:04:12:59 -0400] "POST /xmlrpc.php HTTP/1.1" 406 300 "-" "Mozilla/5.0 (Linux; Android 10; x64) AppleWebKit/537.36 (KHTML, like Gecko) Opera/60.0.0.0 Safari/537.36"
103.181.153.240 - - [11/Sep/2026:04:13:19 -0400] "POST /xmlrpc.php HTTP/1.1" 200 415 "-" "Mozilla/5.0 (Windows NT 10.0; x86) AppleWebKit/537.36 (KHTML, like Gecko) Opera/79.0.0.0 Safari/537.36"
122.168.80.191 - - [11/Sep/2026:04:13:41 -0400] "POST /xmlrpc.php HTTP/1.1" 406 300 "-" "Mozilla/5.0 (Macintosh; Intel Mac OS X 10_15_7; arm64) AppleWebKit/537.36 (KHTML, like Gecko) Chrome/83.0.0.0 Safari/537.36"
122.168.80.191 - - [11/Sep/2026:04:14:01 -0400] "POST /xmlrpc.php HTTP/1.1" 406 300 "-" "Mozilla/5.0 (Linux; Android 10; arm64) AppleWebKit/537.36 (KHTML, like Gecko) Safari/13.0.0.0 Safari/537.36"
122.168.80.191 - - [11/Sep/2026:04:14:24 -0400] "POST /xmlrpc.php HTTP/1.1" 200 415 "-" "Mozilla/5.0 (Windows NT 10.0; x86) AppleWebKit/537.36 (KHTML, like Gecko) Edge/92.0.0.0 Safari/537.36"
122.168.80.191 - - [11/Sep/2026:04:14:48 -0400] "POST /xmlrpc.php HTTP/1.1" 406 300 "-" "Mozilla/5.0 (Linux; Android 10; arm64) AppleWebKit/537.36 (KHTML, like Gecko) Firefox/74.0.0.0 Safari/537.36"
122.168.80.191 - - [11/Sep/2026:04:15:08 -0400] "POST /xmlrpc.php HTTP/1.1" 406 300 "-" "Mozilla/5.0 (Macintosh; Intel Mac OS X 10_15_7; arm64) AppleWebKit/537.36 (KHTML, like Gecko) Firefox/74.0.0.0 Safari/537.36"
202.166.138.170 - - [11/Sep/2026:04:15:21 -0400] "GET /wp-login.php HTTP/1.1" 200 9209 "-" "Mozilla/5.0 (X11; Linux x86_64) AppleWebKit/537.36 (KHTML, like Gecko) Chrome/149.0.0.0 Safari/537.36"
42.60.187.121 - - [11/Sep/2026:04:15:24 -0400] "POST /wp-login.php HTTP/1.1" 200 9665 "https://peninsulaixtapa.mx/wp-login.php" "Mozilla/5.0 (X11; Linux x86_64) AppleWebKit/537.36 (KHTML, like Gecko) Chrome/149.0.0.0 Safari/537.36"
122.168.80.191 - - [11/Sep/2026:04:15:30 -0400] "POST /xmlrpc.php HTTP/1.1" 406 300 "-" "Mozilla/5.0 (X11; Ubuntu; Linux x86_64; arm64) AppleWebKit/537.36 (KHTML, like Gecko) Chrome/108.0.0.0 Safari/537.36"
122.168.80.191 - - [11/Sep/2026:04:15:53 -0400] "POST /xmlrpc.php HTTP/1.1" 406 300 "-" "Mozilla/5.0 (Macintosh; Intel Mac OS X 10_15_7; arm64) AppleWebKit/537.36 (KHTML, like Gecko) Edge/94.0.0.0 Safari/537.36"
122.168.80.191 - - [11/Sep/2026:04:16:17 -0400] "POST /xmlrpc.php HTTP/1.1" 406 300 "-" "Mozilla/5.0 (Linux; Android 10; x64) AppleWebKit/537.36 (KHTML, like Gecko) Chrome/98.0.0.0 Safari/537.36"
136.144.35.93 - - [11/Sep/2026:04:16:18 -0400] "POST /wp-login.php HTTP/1.1" 200 9634 "-" "Mozilla/5.0 (Windows NT 10.0; Win64; rv:143.0) Gecko/20100101 Firefox/143.0"
136.144.35.79 - - [11/Sep/2026:04:16:18 -0400] "POST /wp-login.php HTTP/1.1" 200 9628 "-" "Mozilla/5.0 (Macintosh; Intel Mac OS X 10_15_7) AppleWebKit/605.1.15 Version/17.0 Safari/605.1.15"
136.144.35.90 - - [11/Sep/2026:04:16:18 -0400] "POST /wp-login.php HTTP/1.1" 200 9665 "-" "Mozilla/5.0 (Windows NT 10.0; Win64; rv:143.0) Gecko/20100101 Firefox/143.0"
136.144.35.100 - - [11/Sep/2026:04:16:18 -0400] "POST /wp-login.php HTTP/1.1" 200 9653 "-" "Mozilla/5.0 (Windows NT 10.0; Win64; x64) AppleWebKit/537.36 Chrome/129.0.0.0 Safari/537.36"
122.168.80.191 - - [11/Sep/2026:04:16:38 -0400] "POST /xmlrpc.php HTTP/1.1" 406 300 "-" "Mozilla/5.0 (Macintosh; Intel Mac OS X 10_15_7; arm64) AppleWebKit/537.36 (KHTML, like Gecko) Safari/10.0.0.0 Safari/537.36"
122.168.80.191 - - [11/Sep/2026:04:17:00 -0400] "POST /xmlrpc.php HTTP/1.1" 200 415 "-" "Mozilla/5.0 (Windows NT 6.2; x86) AppleWebKit/537.36 (KHTML, like Gecko) Firefox/99.0.0.0 Safari/537.36"
122.168.80.191 - - [11/Sep/2026:04:17:21 -0400] "POST /xmlrpc.php HTTP/1.1" 200 415 "-" "Mozilla/5.0 (Windows NT 6.3; x64) AppleWebKit/537.36 (KHTML, like Gecko) Opera/72.0.0.0 Safari/537.36"
136.144.35.80 - - [11/Sep/2026:04:19:07 -0400] "POST /wp-login.php HTTP/1.1" 200 9634 "-" "Mozilla/5.0 (Windows NT 10.0; Win64; x64) AppleWebKit/537.36 Chrome/129.0.0.0 Safari/537.36"
136.144.35.75 - - [11/Sep/2026:04:19:07 -0400] "POST /wp-login.php HTTP/1.1" 200 9628 "-" "Mozilla/5.0 (Macintosh; Intel Mac OS X 10_15_7) AppleWebKit/605.1.15 Version/17.0 Safari/605.1.15"
136.144.35.100 - - [11/Sep/2026:04:19:07 -0400] "POST /wp-login.php HTTP/1.1" 200 9665 "-" "Mozilla/5.0 (Windows NT 10.0; Win64; rv:143.0) Gecko/20100101 Firefox/143.0"
136.144.35.87 - - [11/Sep/2026:04:19:07 -0400] "POST /wp-login.php HTTP/1.1" 200 9653 "-" "Mozilla/5.0 (Windows NT 10.0; Win64; rv:143.0) Gecko/20100101 Firefox/143.0"
173.252.83.9 - - [11/Sep/2026:04:44:23 -0400] "GET /robots.txt HTTP/1.1" 200 119 "-" "facebookexternalhit/1.1 (+http://www.facebook.com/externalhit_uatext.php)"
199.250.222.155 - - [11/Sep/2026:06:04:34 -0400] "POST /wp-cron.php?doing_wp_cron=1789121074.3918850421905517578125 HTTP/1.1" 200 - "-" "WordPress/7.1; https://peninsulaixtapa.mx"
94.26.106.239 - - [11/Sep/2026:06:04:34 -0400] "GET / HTTP/1.1" 200 69298 "-" "Mozilla/5.0 (compatible; Googlebot/2.1; +http://www.google.com/bot.html)"
89.37.63.64 - - [11/Sep/2026:06:07:01 -0400] "GET /seo-config.php HTTP/1.1" 404 58035 "-" "python-httpx/0.28.1"
89.37.63.64 - - [11/Sep/2026:06:07:03 -0400] "GET /seo-config.php HTTP/1.1" 404 58035 "-" "python-httpx/0.28.1"
89.37.63.64 - - [11/Sep/2026:06:07:05 -0400] "GET /seo-config.php HTTP/1.1" 404 58035 "-" "python-httpx/0.28.1"
58.121.105.177 - - [11/Sep/2026:06:09:56 -0400] "GET /wp-login.php HTTP/1.1" 200 9209 "-" "Mozilla/5.0 (Windows NT 10.0; Win64; x64) AppleWebKit/537.36 (KHTML, like Gecko) Chrome/147.0.0.0 Safari/537.36"
222.118.94.135 - - [11/Sep/2026:06:09:58 -0400] "POST /wp-login.php HTTP/1.1" 200 9665 "https://peninsulaixtapa.mx/wp-login.php" "Mozilla/5.0 (Windows NT 10.0; Win64; x64) AppleWebKit/537.36 (KHTML, like Gecko) Chrome/147.0.0.0 Safari/537.36"
170.62.100.82 - - [11/Sep/2026:06:12:15 -0400] "GET /seo-config.php/seo-config.php HTTP/1.1" 404 58035 "-" "python-httpx/0.28.1"
170.62.100.82 - - [11/Sep/2026:06:12:17 -0400] "GET /seo-config.php/seo-config.php HTTP/1.1" 404 58035 "-" "python-httpx/0.28.1"
170.62.100.82 - - [11/Sep/2026:06:12:19 -0400] "GET /seo-config.php/seo-config.php HTTP/1.1" 404 58035 "-" "python-httpx/0.28.1"
151.241.171.109 - - [11/Sep/2026:06:18:52 -0400] "GET /seo-config.php/seo-config.php HTTP/1.1" 404 58035 "-" "python-httpx/0.28.1"
151.241.171.109 - - [11/Sep/2026:06:18:54 -0400] "GET /seo-config.php/seo-config.php HTTP/1.1" 404 58035 "-" "python-httpx/0.28.1"
151.241.171.109 - - [11/Sep/2026:06:18:56 -0400] "GET /seo-config.php/seo-config.php HTTP/1.1" 404 58035 "-" "python-httpx/0.28.1"
77.74.177.118 - - [11/Sep/2026:06:46:21 -0400] "GET / HTTP/1.1" 200 69298 "-" "Mozilla/5.0 (Linux; arm_64; Android 12; CPH2205) AppleWebKit/537.36 (KHTML, like Gecko) Chrome/110.0.0.0 YaBrowser/23.3.3.86.00 SA/3 Mobile Safari/537.36"
199.250.222.155 - - [11/Sep/2026:06:58:09 -0400] "POST /wp-cron.php?doing_wp_cron=1789124288.9947540760040283203125 HTTP/1.1" 200 - "-" "WordPress/7.1; https://peninsulaixtapa.mx"
195.178.110.22 - - [11/Sep/2026:06:58:08 -0400] "GET / HTTP/1.1" 200 69298 "-" "Mozilla/5.0 (Windows NT 10.0; Win64; x64) AppleWebKit/537.36 (KHTML, like Gecko) Chrome/120.0.0.0 Safari/537.36 Edg/120.0.0.0"
65.0.85.190 - - [11/Sep/2026:07:04:12 -0400] "POST /xmlrpc.php HTTP/1.1" 200 415 "-" "Jetpack by WordPress.com"
65.0.85.190 - - [11/Sep/2026:07:04:23 -0400] "POST /xmlrpc.php HTTP/1.1" 200 415 "-" "Jetpack by WordPress.com"
65.0.85.190 - - [11/Sep/2026:07:04:33 -0400] "POST /xmlrpc.php HTTP/1.1" 200 415 "-" "Jetpack by WordPress.com"
65.0.85.190 - - [11/Sep/2026:07:04:44 -0400] "POST /xmlrpc.php HTTP/1.1" 200 415 "-" "Jetpack by WordPress.com"
65.0.85.190 - - [11/Sep/2026:07:04:55 -0400] "POST /xmlrpc.php HTTP/1.1" 406 300 "-" "WordPress.com; https://wordpress.com"
65.0.85.190 - - [11/Sep/2026:07:05:06 -0400] "POST /xmlrpc.php HTTP/1.1" 200 415 "-" "Jetpack by WordPress.com"
65.0.85.190 - - [11/Sep/2026:07:05:16 -0400] "POST /xmlrpc.php HTTP/1.1" 200 415 "-" "Jetpack by WordPress.com"
65.0.85.190 - - [11/Sep/2026:07:05:27 -0400] "POST /xmlrpc.php HTTP/1.1" 200 415 "-" "WordPress.com; https://wordpress.com"
65.0.85.190 - - [11/Sep/2026:07:05:38 -0400] "POST /xmlrpc.php HTTP/1.1" 200 415 "-" "Jetpack by WordPress.com (Jetpack 12.5; WordPress 6.1)"
65.0.85.190 - - [11/Sep/2026:07:05:50 -0400] "POST /xmlrpc.php HTTP/1.1" 200 415 "-" "Jetpack by WordPress.com (Jetpack 12.0; WordPress 6.3)"
65.0.85.190 - - [11/Sep/2026:07:06:01 -0400] "POST /xmlrpc.php HTTP/1.1" 406 300 "-" "WordPress.com; https://wordpress.com"
65.0.85.190 - - [11/Sep/2026:07:06:13 -0400] "POST /xmlrpc.php HTTP/1.1" 200 415 "-" "WordPress.com; https://wordpress.com"
65.0.85.190 - - [11/Sep/2026:07:06:26 -0400] "POST /xmlrpc.php HTTP/1.1" 200 415 "-" "Jetpack by WordPress.com (Jetpack 12.5; WordPress 6.2)"
65.0.85.190 - - [11/Sep/2026:07:06:39 -0400] "POST /xmlrpc.php HTTP/1.1" 200 415 "-" "Jetpack by WordPress.com (Jetpack 13.0; WordPress 6.1)"
65.0.85.190 - - [11/Sep/2026:07:06:52 -0400] "POST /xmlrpc.php HTTP/1.1" 200 415 "-" "Jetpack by WordPress.com"
65.0.85.190 - - [11/Sep/2026:07:07:04 -0400] "POST /xmlrpc.php HTTP/1.1" 200 415 "-" "Jetpack by WordPress.com"
65.0.85.190 - - [11/Sep/2026:07:07:18 -0400] "POST /xmlrpc.php HTTP/1.1" 200 415 "-" "Jetpack/13.0; WordPress/6.3; http://site66065868.com"
65.0.85.190 - - [11/Sep/2026:07:07:30 -0400] "POST /xmlrpc.php HTTP/1.1" 406 300 "-" "WordPress.com; https://wordpress.com"
65.0.85.190 - - [11/Sep/2026:07:07:43 -0400] "POST /xmlrpc.php HTTP/1.1" 200 415 "-" "Jetpack by WordPress.com"
65.0.85.190 - - [11/Sep/2026:07:07:56 -0400] "POST /xmlrpc.php HTTP/1.1" 200 415 "-" "Jetpack/12.5; WordPress/6.1; http://site47283224.com"
65.0.85.190 - - [11/Sep/2026:07:08:09 -0400] "POST /xmlrpc.php HTTP/1.1" 406 300 "-" "WordPress.com; https://wordpress.com"
65.0.85.190 - - [11/Sep/2026:07:08:21 -0400] "POST /xmlrpc.php HTTP/1.1" 200 415 "-" "Jetpack/12.1; WordPress/6.3; http://site59730325.com"
65.0.85.190 - - [11/Sep/2026:07:08:34 -0400] "POST /xmlrpc.php HTTP/1.1" 200 415 "-" "Jetpack by WordPress.com (Jetpack 12.5; WordPress 6.4)"
65.0.85.190 - - [11/Sep/2026:07:08:47 -0400] "POST /xmlrpc.php HTTP/1.1" 406 300 "-" "WordPress.com; https://wordpress.com"
65.0.85.190 - - [11/Sep/2026:07:09:00 -0400] "POST /xmlrpc.php HTTP/1.1" 200 415 "-" "Jetpack/12.1; WordPress/6.4; http://site36994317.com"
65.0.85.190 - - [11/Sep/2026:07:09:13 -0400] "POST /xmlrpc.php HTTP/1.1" 200 415 "-" "Jetpack by WordPress.com"
65.0.85.190 - - [11/Sep/2026:07:09:25 -0400] "POST /xmlrpc.php HTTP/1.1" 200 415 "-" "Jetpack by WordPress.com (Jetpack 13.0; WordPress 6.2)"
