3.231.184.160 - - [11/Sep/2026:00:09:25 -0400] "GET /robots.txt HTTP/1.1" 200 119 "-" "Mozilla/5.0 (Macintosh; Intel Mac OS X 10_10_1) AppleWebKit/600.2.5 (KHTML, like Gecko) Version/8.0.2 Safari/600.2.5 (Gort)"
185.251.19.18 - - [11/Sep/2026:00:16:24 -0400] "POST /wp-login.php HTTP/1.1" 200 9628 "-" "Mozilla/5.0 (Windows NT 10.0; Win64; x64) AppleWebKit/537.36 Chrome/129.0.0.0 Safari/537.36"
45.132.227.162 - - [11/Sep/2026:00:16:24 -0400] "POST /wp-login.php HTTP/1.1" 200 9634 "-" "Mozilla/5.0 (Macintosh; Intel Mac OS X 10_15_7) AppleWebKit/605.1.15 Version/17.0 Safari/605.1.15"
185.251.19.14 - - [11/Sep/2026:00:16:24 -0400] "POST /wp-login.php HTTP/1.1" 200 9665 "-" "Mozilla/5.0 (Macintosh; Intel Mac OS X 10_15_7) AppleWebKit/605.1.15 Version/17.0 Safari/605.1.15"
185.251.19.19 - - [11/Sep/2026:00:16:24 -0400] "POST /wp-login.php HTTP/1.1" 200 9653 "-" "Mozilla/5.0 (Macintosh; Intel Mac OS X 10_15_7) AppleWebKit/605.1.15 Version/17.0 Safari/605.1.15"
199.250.222.155 - - [11/Sep/2026:00:19:00 -0400] "GET /wp-includes/html-api/tybeiwm/zgfydus/egjqdzc/index.php?pass=YETxyZMU9gJ HTTP/1.1" 200 5722 "-" "Mozilla/5.0 (Macintosh; Intel Mac OS X 10.15) Gecko/20100101 Firefox/121.0"
136.144.35.101 - - [11/Sep/2026:00:21:25 -0400] "POST /wp-login.php HTTP/1.1" 200 9634 "-" "Mozilla/5.0 (Windows NT 10.0; Win64; x64) AppleWebKit/537.36 Chrome/129.0.0.0 Safari/537.36"
136.144.35.89 - - [11/Sep/2026:00:21:25 -0400] "POST /wp-login.php HTTP/1.1" 200 9628 "-" "Mozilla/5.0 (Windows NT 10.0; Win64; x64) AppleWebKit/537.36 Chrome/129.0.0.0 Safari/537.36"
136.144.35.86 - - [11/Sep/2026:00:21:25 -0400] "POST /wp-login.php HTTP/1.1" 200 9665 "-" "Mozilla/5.0 (Macintosh; Intel Mac OS X 10_15_7) AppleWebKit/605.1.15 Version/17.0 Safari/605.1.15"
136.144.35.84 - - [11/Sep/2026:00:21:25 -0400] "POST /wp-login.php HTTP/1.1" 200 9653 "-" "Mozilla/5.0 (Windows NT 10.0; Win64; x64) AppleWebKit/537.36 Chrome/129.0.0.0 Safari/537.36"
74.7.244.3 - - [11/Sep/2026:00:23:53 -0400] "GET /robots.txt HTTP/1.1" 200 119 "-" "Mozilla/5.0 (Macintosh; Intel Mac OS X 10_15_7) AppleWebKit/537.36 (KHTML, like Gecko) Chrome/131.0.0.0 Safari/537.36; compatible; OAI-SearchBot/1.4; robots.txt; +https://openai.com/searchbot"
74.7.241.0 - - [11/Sep/2026:00:23:53 -0400] "GET / HTTP/1.1" 200 69298 "-" "Mozilla/5.0 AppleWebKit/537.36 (KHTML, like Gecko; compatible; GPTBot/1.4; +https://openai.com/gptbot)"
136.144.35.87 - - [11/Sep/2026:00:24:08 -0400] "POST /wp-login.php HTTP/1.1" 200 9634 "-" "Mozilla/5.0 (Windows NT 10.0; Win64; rv:143.0) Gecko/20100101 Firefox/143.0"
136.144.35.100 - - [11/Sep/2026:00:24:08 -0400] "POST /wp-login.php HTTP/1.1" 200 9628 "-" "Mozilla/5.0 (Macintosh; Intel Mac OS X 10_15_7) AppleWebKit/605.1.15 Version/17.0 Safari/605.1.15"
136.144.35.77 - - [11/Sep/2026:00:24:08 -0400] "POST /wp-login.php HTTP/1.1" 200 9665 "-" "Mozilla/5.0 (Macintosh; Intel Mac OS X 10_15_7) AppleWebKit/605.1.15 Version/17.0 Safari/605.1.15"
136.144.35.83 - - [11/Sep/2026:00:24:08 -0400] "POST /wp-login.php HTTP/1.1" 200 9653 "-" "Mozilla/5.0 (Windows NT 10.0; Win64; rv:143.0) Gecko/20100101 Firefox/143.0"
199.250.222.155 - - [11/Sep/2026:00:25:52 -0400] "GET /wp-includes/Text/xlgamjd/uoazdeb/jablzfh/index.php?pass=WzATvpBD73Z HTTP/1.1" 200 5722 "-" "Mozilla/5.0 (Windows NT 10.0; Win64; x64) Gecko/20100101 Firefox/118.0.2"
185.251.19.16 - - [11/Sep/2026:00:25:59 -0400] "POST /wp-login.php HTTP/1.1" 200 9634 "-" "Mozilla/5.0 (Windows NT 10.0; Win64; x64) AppleWebKit/537.36 Chrome/129.0.0.0 Safari/537.36"
136.144.42.150 - - [11/Sep/2026:00:25:59 -0400] "POST /wp-login.php HTTP/1.1" 200 9628 "-" "Mozilla/5.0 (Windows NT 10.0; Win64; x64) AppleWebKit/537.36 Chrome/129.0.0.0 Safari/537.36"
45.132.227.174 - - [11/Sep/2026:00:25:59 -0400] "POST /wp-login.php HTTP/1.1" 200 9653 "-" "Mozilla/5.0 (Macintosh; Intel Mac OS X 10_15_7) AppleWebKit/605.1.15 Version/17.0 Safari/605.1.15"
185.251.19.21 - - [11/Sep/2026:00:25:59 -0400] "POST /wp-login.php HTTP/1.1" 200 9665 "-" "Mozilla/5.0 (Windows NT 10.0; Win64; x64) AppleWebKit/537.36 Chrome/129.0.0.0 Safari/537.36"
136.144.35.92 - - [11/Sep/2026:00:30:40 -0400] "POST /wp-login.php HTTP/1.1" 200 9634 "-" "Mozilla/5.0 (Windows NT 10.0; Win64; x64) AppleWebKit/537.36 Chrome/129.0.0.0 Safari/537.36"
136.144.35.90 - - [11/Sep/2026:00:30:40 -0400] "POST /wp-login.php HTTP/1.1" 200 9628 "-" "Mozilla/5.0 (Windows NT 10.0; Win64; x64) AppleWebKit/537.36 Chrome/129.0.0.0 Safari/537.36"
136.144.35.87 - - [11/Sep/2026:00:30:40 -0400] "POST /wp-login.php HTTP/1.1" 200 9653 "-" "Mozilla/5.0 (Macintosh; Intel Mac OS X 10_15_7) AppleWebKit/605.1.15 Version/17.0 Safari/605.1.15"
136.144.35.102 - - [11/Sep/2026:00:30:40 -0400] "POST /wp-login.php HTTP/1.1" 200 9665 "-" "Mozilla/5.0 (Macintosh; Intel Mac OS X 10_15_7) AppleWebKit/605.1.15 Version/17.0 Safari/605.1.15"
136.144.35.75 - - [11/Sep/2026:00:33:29 -0400] "POST /wp-login.php HTTP/1.1" 200 9634 "-" "Mozilla/5.0 (Windows NT 10.0; Win64; x64) AppleWebKit/537.36 Chrome/129.0.0.0 Safari/537.36"
136.144.35.77 - - [11/Sep/2026:00:33:29 -0400] "POST /wp-login.php HTTP/1.1" 200 9665 "-" "Mozilla/5.0 (Macintosh; Intel Mac OS X 10_15_7) AppleWebKit/605.1.15 Version/17.0 Safari/605.1.15"
136.144.35.89 - - [11/Sep/2026:00:33:29 -0400] "POST /wp-login.php HTTP/1.1" 200 9628 "-" "Mozilla/5.0 (Windows NT 10.0; Win64; x64) AppleWebKit/537.36 Chrome/129.0.0.0 Safari/537.36"
136.144.35.78 - - [11/Sep/2026:00:33:29 -0400] "POST /wp-login.php HTTP/1.1" 200 9653 "-" "Mozilla/5.0 (Windows NT 10.0; Win64; rv:143.0) Gecko/20100101 Firefox/143.0"
136.144.42.150 - - [11/Sep/2026:00:35:29 -0400] "POST /wp-login.php HTTP/1.1" 200 9634 "-" "Mozilla/5.0 (Windows NT 10.0; Win64; x64) AppleWebKit/537.36 Chrome/129.0.0.0 Safari/537.36"
185.251.19.32 - - [11/Sep/2026:00:35:29 -0400] "POST /wp-login.php HTTP/1.1" 200 9628 "-" "Mozilla/5.0 (Windows NT 10.0; Win64; x64) AppleWebKit/537.36 Chrome/129.0.0.0 Safari/537.36"
136.144.42.151 - - [11/Sep/2026:00:35:29 -0400] "POST /wp-login.php HTTP/1.1" 200 9653 "-" "Mozilla/5.0 (Windows NT 10.0; Win64; rv:143.0) Gecko/20100101 Firefox/143.0"
185.251.19.31 - - [11/Sep/2026:00:35:29 -0400] "POST /wp-login.php HTTP/1.1" 200 9665 "-" "Mozilla/5.0 (Windows NT 10.0; Win64; rv:143.0) Gecko/20100101 Firefox/143.0"
136.144.35.82 - - [11/Sep/2026:00:39:52 -0400] "POST /wp-login.php HTTP/1.1" 200 9634 "-" "Mozilla/5.0 (Windows NT 10.0; Win64; rv:143.0) Gecko/20100101 Firefox/143.0"
136.144.35.81 - - [11/Sep/2026:00:39:52 -0400] "POST /wp-login.php HTTP/1.1" 200 9665 "-" "Mozilla/5.0 (Macintosh; Intel Mac OS X 10_15_7) AppleWebKit/605.1.15 Version/17.0 Safari/605.1.15"
136.144.35.78 - - [11/Sep/2026:00:39:52 -0400] "POST /wp-login.php HTTP/1.1" 200 9628 "-" "Mozilla/5.0 (Windows NT 10.0; Win64; x64) AppleWebKit/537.36 Chrome/129.0.0.0 Safari/537.36"
136.144.35.85 - - [11/Sep/2026:00:39:52 -0400] "POST /wp-login.php HTTP/1.1" 200 9653 "-" "Mozilla/5.0 (Windows NT 10.0; Win64; rv:143.0) Gecko/20100101 Firefox/143.0"
136.144.35.82 - - [11/Sep/2026:00:42:47 -0400] "POST /wp-login.php HTTP/1.1" 200 9634 "-" "Mozilla/5.0 (Windows NT 10.0; Win64; x64) AppleWebKit/537.36 Chrome/129.0.0.0 Safari/537.36"
136.144.35.85 - - [11/Sep/2026:00:42:47 -0400] "POST /wp-login.php HTTP/1.1" 200 9628 "-" "Mozilla/5.0 (Macintosh; Intel Mac OS X 10_15_7) AppleWebKit/605.1.15 Version/17.0 Safari/605.1.15"
136.144.35.76 - - [11/Sep/2026:00:42:47 -0400] "POST /wp-login.php HTTP/1.1" 200 9665 "-" "Mozilla/5.0 (Windows NT 10.0; Win64; x64) AppleWebKit/537.36 Chrome/129.0.0.0 Safari/537.36"
136.144.35.89 - - [11/Sep/2026:00:42:47 -0400] "POST /wp-login.php HTTP/1.1" 200 9653 "-" "Mozilla/5.0 (Windows NT 10.0; Win64; rv:143.0) Gecko/20100101 Firefox/143.0"
136.144.42.150 - - [11/Sep/2026:00:44:51 -0400] "POST /wp-login.php HTTP/1.1" 200 9634 "-" "Mozilla/5.0 (Macintosh; Intel Mac OS X 10_15_7) AppleWebKit/605.1.15 Version/17.0 Safari/605.1.15"
185.251.19.18 - - [11/Sep/2026:00:44:51 -0400] "POST /wp-login.php HTTP/1.1" 200 9628 "-" "Mozilla/5.0 (Windows NT 10.0; Win64; x64) AppleWebKit/537.36 Chrome/129.0.0.0 Safari/537.36"
45.132.227.173 - - [11/Sep/2026:00:44:51 -0400] "POST /wp-login.php HTTP/1.1" 200 9653 "-" "Mozilla/5.0 (Windows NT 10.0; Win64; rv:143.0) Gecko/20100101 Firefox/143.0"
136.144.42.158 - - [11/Sep/2026:00:44:51 -0400] "POST /wp-login.php HTTP/1.1" 200 9665 "-" "Mozilla/5.0 (Windows NT 10.0; Win64; x64) AppleWebKit/537.36 Chrome/129.0.0.0 Safari/537.36"
57.141.0.27 - - [11/Sep/2026:00:46:02 -0400] "GET /author/adpneksujuso/ HTTP/1.1" 200 68510 "-" "Mozilla/5.0 (Windows NT 10.0; Win64; x64) AppleWebKit/537.36 (KHTML, like Gecko) Chrome/145.0.0.0 Safari/537.36 (compatible; meta-externalagent/1.1 (+https://developers.facebook.com/docs/sharing/webmasters/crawler))"
57.141.0.72 - - [11/Sep/2026:00:46:03 -0400] "GET /wp-content/themes/twentytwentyfive/style.css?ver=1.2 HTTP/1.1" 200 2503 "https://peninsulaixtapa.mx/author/adpneksujuso/" "Mozilla/5.0 (Windows NT 10.0; Win64; x64) AppleWebKit/537.36 (KHTML, like Gecko) Chrome/145.0.0.0 Safari/537.36 (compatible; meta-externalagent/1.1 (+https://developers.facebook.com/docs/sharing/webmasters/crawler))"
57.141.0.52 - - [11/Sep/2026:00:46:03 -0400] "GET /wp-content/themes/twentytwentyfive/assets/fonts/manrope/Manrope-VariableFont_wght.woff2 HTTP/1.1" 200 53600 "https://peninsulaixtapa.mx/author/adpneksujuso/" "Mozilla/5.0 (Windows NT 10.0; Win64; x64) AppleWebKit/537.36 (KHTML, like Gecko) Chrome/145.0.0.0 Safari/537.36 (compatible; meta-externalagent/1.1 (+https://developers.facebook.com/docs/sharing/webmasters/crawler))"
57.141.0.67 - - [11/Sep/2026:00:46:03 -0400] "GET /wp-includes/js/dist/script-modules/block-library/navigation/view.min.js?ver=1bf28ded04f9f188bdcb HTTP/1.1" 200 3033 "https://peninsulaixtapa.mx/author/adpneksujuso/" "Mozilla/5.0 (Windows NT 10.0; Win64; x64) AppleWebKit/537.36 (KHTML, like Gecko) Chrome/145.0.0.0 Safari/537.36 (compatible; meta-externalagent/1.1 (+https://developers.facebook.com/docs/sharing/webmasters/crawler))"
57.141.0.15 - - [11/Sep/2026:00:46:03 -0400] "GET /wp-includes/js/dist/script-modules/interactivity/index.min.js?ver=efaa5193bbad9c60ffd1 HTTP/1.1" 200 40106 "https://peninsulaixtapa.mx/author/adpneksujuso/" "Mozilla/5.0 (Windows NT 10.0; Win64; x64) AppleWebKit/537.36 (KHTML, like Gecko) Chrome/145.0.0.0 Safari/537.36 (compatible; meta-externalagent/1.1 (+https://developers.facebook.com/docs/sharing/webmasters/crawler))"
57.141.0.7 - - [11/Sep/2026:00:46:04 -0400] "GET /wp-includes/js/wp-emoji-release.min.js?ver=7.1 HTTP/1.1" 200 22752 "https://peninsulaixtapa.mx/author/adpneksujuso/" "Mozilla/5.0 (Windows NT 10.0; Win64; x64) AppleWebKit/537.36 (KHTML, like Gecko) Chrome/145.0.0.0 Safari/537.36 (compatible; meta-externalagent/1.1 (+https://developers.facebook.com/docs/sharing/webmasters/crawler))"
136.144.35.80 - - [11/Sep/2026:00:49:20 -0400] "POST /wp-login.php HTTP/1.1" 200 9628 "-" "Mozilla/5.0 (Macintosh; Intel Mac OS X 10_15_7) AppleWebKit/605.1.15 Version/17.0 Safari/605.1.15"
136.144.35.93 - - [11/Sep/2026:00:49:20 -0400] "POST /wp-login.php HTTP/1.1" 200 9665 "-" "Mozilla/5.0 (Macintosh; Intel Mac OS X 10_15_7) AppleWebKit/605.1.15 Version/17.0 Safari/605.1.15"
136.144.35.101 - - [11/Sep/2026:00:49:20 -0400] "POST /wp-login.php HTTP/1.1" 200 9634 "-" "Mozilla/5.0 (Windows NT 10.0; Win64; x64) AppleWebKit/537.36 Chrome/129.0.0.0 Safari/537.36"
136.144.35.89 - - [11/Sep/2026:00:49:20 -0400] "POST /wp-login.php HTTP/1.1" 200 9653 "-" "Mozilla/5.0 (Windows NT 10.0; Win64; x64) AppleWebKit/537.36 Chrome/129.0.0.0 Safari/537.36"
136.144.35.76 - - [11/Sep/2026:00:52:05 -0400] "POST /wp-login.php HTTP/1.1" 200 9634 "-" "Mozilla/5.0 (Macintosh; Intel Mac OS X 10_15_7) AppleWebKit/605.1.15 Version/17.0 Safari/605.1.15"
136.144.35.96 - - [11/Sep/2026:00:52:05 -0400] "POST /wp-login.php HTTP/1.1" 200 9653 "-" "Mozilla/5.0 (Macintosh; Intel Mac OS X 10_15_7) AppleWebKit/605.1.15 Version/17.0 Safari/605.1.15"
136.144.35.92 - - [11/Sep/2026:00:52:05 -0400] "POST /wp-login.php HTTP/1.1" 200 9628 "-" "Mozilla/5.0 (Macintosh; Intel Mac OS X 10_15_7) AppleWebKit/605.1.15 Version/17.0 Safari/605.1.15"
136.144.35.92 - - [11/Sep/2026:00:52:05 -0400] "POST /wp-login.php HTTP/1.1" 200 9665 "-" "Mozilla/5.0 (Windows NT 10.0; Win64; rv:143.0) Gecko/20100101 Firefox/143.0"
185.251.19.13 - - [11/Sep/2026:00:54:15 -0400] "POST /wp-login.php HTTP/1.1" 200 9628 "-" "Mozilla/5.0 (Windows NT 10.0; Win64; x64) AppleWebKit/537.36 Chrome/129.0.0.0 Safari/537.36"
185.251.19.24 - - [11/Sep/2026:00:54:15 -0400] "POST /wp-login.php HTTP/1.1" 200 9665 "-" "Mozilla/5.0 (Windows NT 10.0; Win64; rv:143.0) Gecko/20100101 Firefox/143.0"
185.251.19.11 - - [11/Sep/2026:00:54:15 -0400] "POST /wp-login.php HTTP/1.1" 200 9653 "-" "Mozilla/5.0 (Windows NT 10.0; Win64; x64) AppleWebKit/537.36 Chrome/129.0.0.0 Safari/537.36"
199.250.222.155 - - [11/Sep/2026:00:54:15 -0400] "POST /wp-cron.php?doing_wp_cron=1789102455.7233850955963134765625 HTTP/1.1" 200 - "-" "WordPress/7.1; https://peninsulaixtapa.mx"
45.132.227.164 - - [11/Sep/2026:00:54:15 -0400] "POST /wp-login.php HTTP/1.1" 200 9634 "-" "Mozilla/5.0 (Windows NT 10.0; Win64; rv:143.0) Gecko/20100101 Firefox/143.0"
136.144.35.85 - - [11/Sep/2026:00:58:34 -0400] "POST /wp-login.php HTTP/1.1" 200 9628 "-" "Mozilla/5.0 (Macintosh; Intel Mac OS X 10_15_7) AppleWebKit/605.1.15 Version/17.0 Safari/605.1.15"
136.144.35.90 - - [11/Sep/2026:00:58:34 -0400] "POST /wp-login.php HTTP/1.1" 200 9634 "-" "Mozilla/5.0 (Macintosh; Intel Mac OS X 10_15_7) AppleWebKit/605.1.15 Version/17.0 Safari/605.1.15"
136.144.35.101 - - [11/Sep/2026:00:58:34 -0400] "POST /wp-login.php HTTP/1.1" 200 9665 "-" "Mozilla/5.0 (Windows NT 10.0; Win64; x64) AppleWebKit/537.36 Chrome/129.0.0.0 Safari/537.36"
136.144.35.81 - - [11/Sep/2026:00:58:34 -0400] "POST /wp-login.php HTTP/1.1" 200 9653 "-" "Mozilla/5.0 (Macintosh; Intel Mac OS X 10_15_7) AppleWebKit/605.1.15 Version/17.0 Safari/605.1.15"
136.144.35.87 - - [11/Sep/2026:01:01:17 -0400] "POST /wp-login.php HTTP/1.1" 200 9628 "-" "Mozilla/5.0 (Windows NT 10.0; Win64; x64) AppleWebKit/537.36 Chrome/129.0.0.0 Safari/537.36"
136.144.35.80 - - [11/Sep/2026:01:01:17 -0400] "POST /wp-login.php HTTP/1.1" 200 9665 "-" "Mozilla/5.0 (Windows NT 10.0; Win64; rv:143.0) Gecko/20100101 Firefox/143.0"
136.144.35.85 - - [11/Sep/2026:01:01:17 -0400] "POST /wp-login.php HTTP/1.1" 200 9634 "-" "Mozilla/5.0 (Windows NT 10.0; Win64; x64) AppleWebKit/537.36 Chrome/129.0.0.0 Safari/537.36"
136.144.35.94 - - [11/Sep/2026:01:01:17 -0400] "POST /wp-login.php HTTP/1.1" 200 9653 "-" "Mozilla/5.0 (Macintosh; Intel Mac OS X 10_15_7) AppleWebKit/605.1.15 Version/17.0 Safari/605.1.15"
136.144.35.97 - - [11/Sep/2026:01:07:56 -0400] "POST /wp-login.php HTTP/1.1" 200 9634 "-" "Mozilla/5.0 (Windows NT 10.0; Win64; rv:143.0) Gecko/20100101 Firefox/143.0"
136.144.35.90 - - [11/Sep/2026:01:07:56 -0400] "POST /wp-login.php HTTP/1.1" 200 9628 "-" "Mozilla/5.0 (Windows NT 10.0; Win64; x64) AppleWebKit/537.36 Chrome/129.0.0.0 Safari/537.36"
136.144.35.100 - - [11/Sep/2026:01:07:56 -0400] "POST /wp-login.php HTTP/1.1" 200 9665 "-" "Mozilla/5.0 (Macintosh; Intel Mac OS X 10_15_7) AppleWebKit/605.1.15 Version/17.0 Safari/605.1.15"
136.144.35.86 - - [11/Sep/2026:01:07:56 -0400] "POST /wp-login.php HTTP/1.1" 200 9653 "-" "Mozilla/5.0 (Windows NT 10.0; Win64; x64) AppleWebKit/537.36 Chrome/129.0.0.0 Safari/537.36"
136.144.35.83 - - [11/Sep/2026:01:10:40 -0400] "POST /wp-login.php HTTP/1.1" 200 9634 "-" "Mozilla/5.0 (Macintosh; Intel Mac OS X 10_15_7) AppleWebKit/605.1.15 Version/17.0 Safari/605.1.15"
136.144.35.93 - - [11/Sep/2026:01:10:40 -0400] "POST /wp-login.php HTTP/1.1" 200 9628 "-" "Mozilla/5.0 (Windows NT 10.0; Win64; x64) AppleWebKit/537.36 Chrome/129.0.0.0 Safari/537.36"
136.144.35.76 - - [11/Sep/2026:01:10:40 -0400] "POST /wp-login.php HTTP/1.1" 200 9653 "-" "Mozilla/5.0 (Windows NT 10.0; Win64; x64) AppleWebKit/537.36 Chrome/129.0.0.0 Safari/537.36"
136.144.35.82 - - [11/Sep/2026:01:10:41 -0400] "POST /wp-login.php HTTP/1.1" 200 9665 "-" "Mozilla/5.0 (Windows NT 10.0; Win64; x64) AppleWebKit/537.36 Chrome/129.0.0.0 Safari/537.36"
45.33.125.64 - - [11/Sep/2026:01:11:44 -0400] "GET / HTTP/1.1" 200 69298 "-" "Mozilla/5.0 (Windows NT 10.0; Win64; x64) AppleWebKit/537.36 (KHTML, like Gecko) Chrome/120.0.0.0 Safari/537.36"
136.144.35.88 - - [11/Sep/2026:01:17:11 -0400] "POST /wp-login.php HTTP/1.1" 200 9628 "-" "Mozilla/5.0 (Macintosh; Intel Mac OS X 10_15_7) AppleWebKit/605.1.15 Version/17.0 Safari/605.1.15"
136.144.35.92 - - [11/Sep/2026:01:17:11 -0400] "POST /wp-login.php HTTP/1.1" 200 9634 "-" "Mozilla/5.0 (Windows NT 10.0; Win64; rv:143.0) Gecko/20100101 Firefox/143.0"
136.144.35.88 - - [11/Sep/2026:01:17:11 -0400] "POST /wp-login.php HTTP/1.1" 200 9653 "-" "Mozilla/5.0 (Windows NT 10.0; Win64; rv:143.0) Gecko/20100101 Firefox/143.0"
136.144.35.101 - - [11/Sep/2026:01:17:12 -0400] "POST /wp-login.php HTTP/1.1" 200 9665 "-" "Mozilla/5.0 (Windows NT 10.0; Win64; x64) AppleWebKit/537.36 Chrome/129.0.0.0 Safari/537.36"
136.144.35.89 - - [11/Sep/2026:01:19:55 -0400] "POST /wp-login.php HTTP/1.1" 200 9628 "-" "Mozilla/5.0 (Windows NT 10.0; Win64; rv:143.0) Gecko/20100101 Firefox/143.0"
136.144.35.75 - - [11/Sep/2026:01:19:55 -0400] "POST /wp-login.php HTTP/1.1" 200 9653 "-" "Mozilla/5.0 (Windows NT 10.0; Win64; rv:143.0) Gecko/20100101 Firefox/143.0"
136.144.35.79 - - [11/Sep/2026:01:19:55 -0400] "POST /wp-login.php HTTP/1.1" 200 9665 "-" "Mozilla/5.0 (Windows NT 10.0; Win64; x64) AppleWebKit/537.36 Chrome/129.0.0.0 Safari/537.36"
136.144.35.91 - - [11/Sep/2026:01:26:23 -0400] "POST /wp-login.php HTTP/1.1" 200 9653 "-" "Mozilla/5.0 (Windows NT 10.0; Win64; rv:143.0) Gecko/20100101 Firefox/143.0"
136.144.35.102 - - [11/Sep/2026:01:26:23 -0400] "POST /wp-login.php HTTP/1.1" 200 9628 "-" "Mozilla/5.0 (Windows NT 10.0; Win64; rv:143.0) Gecko/20100101 Firefox/143.0"
199.250.222.155 - - [11/Sep/2026:01:26:23 -0400] "POST /wp-cron.php?doing_wp_cron=1789104383.7870619297027587890625 HTTP/1.1" 200 - "-" "WordPress/7.1; https://peninsulaixtapa.mx"
136.144.35.75 - - [11/Sep/2026:01:26:23 -0400] "POST /wp-login.php HTTP/1.1" 200 9634 "-" "Mozilla/5.0 (Windows NT 10.0; Win64; x64) AppleWebKit/537.36 Chrome/129.0.0.0 Safari/537.36"
136.144.35.86 - - [11/Sep/2026:01:26:23 -0400] "POST /wp-login.php HTTP/1.1" 200 9665 "-" "Mozilla/5.0 (Windows NT 10.0; Win64; x64) AppleWebKit/537.36 Chrome/129.0.0.0 Safari/537.36"
136.144.35.89 - - [11/Sep/2026:01:29:08 -0400] "POST /wp-login.php HTTP/1.1" 200 9628 "-" "Mozilla/5.0 (Windows NT 10.0; Win64; rv:143.0) Gecko/20100101 Firefox/143.0"
136.144.35.99 - - [11/Sep/2026:01:29:08 -0400] "POST /wp-login.php HTTP/1.1" 200 9634 "-" "Mozilla/5.0 (Macintosh; Intel Mac OS X 10_15_7) AppleWebKit/605.1.15 Version/17.0 Safari/605.1.15"
136.144.35.80 - - [11/Sep/2026:01:29:08 -0400] "POST /wp-login.php HTTP/1.1" 200 9665 "-" "Mozilla/5.0 (Macintosh; Intel Mac OS X 10_15_7) AppleWebKit/605.1.15 Version/17.0 Safari/605.1.15"
136.144.35.76 - - [11/Sep/2026:01:29:08 -0400] "POST /wp-login.php HTTP/1.1" 200 9653 "-" "Mozilla/5.0 (Windows NT 10.0; Win64; rv:143.0) Gecko/20100101 Firefox/143.0"
45.76.92.236 - - [11/Sep/2026:01:32:29 -0400] "GET /php8.php HTTP/1.1" 404 58035 "-" "Mozilla/5.0 (X11; Linux x86_64) AppleWebKit/537.36 (KHTML, like Gecko) Chrome/143.0.0.0 Safari/537.36"
172.86.81.42 - - [11/Sep/2026:01:34:36 -0400] "GET /.git/config HTTP/1.1" 406 300 "-" "Mozilla/5.0 (X11; Linux x86_64)"
136.144.35.75 - - [11/Sep/2026:01:35:53 -0400] "POST /wp-login.php HTTP/1.1" 200 9634 "-" "Mozilla/5.0 (Windows NT 10.0; Win64; x64) AppleWebKit/537.36 Chrome/129.0.0.0 Safari/537.36"
136.144.35.86 - - [11/Sep/2026:01:35:53 -0400] "POST /wp-login.php HTTP/1.1" 200 9628 "-" "Mozilla/5.0 (Windows NT 10.0; Win64; rv:143.0) Gecko/20100101 Firefox/143.0"
136.144.35.88 - - [11/Sep/2026:01:35:53 -0400] "POST /wp-login.php HTTP/1.1" 200 9653 "-" "Mozilla/5.0 (Windows NT 10.0; Win64; rv:143.0) Gecko/20100101 Firefox/143.0"
136.144.35.97 - - [11/Sep/2026:01:38:36 -0400] "POST /wp-login.php HTTP/1.1" 200 9628 "-" "Mozilla/5.0 (Windows NT 10.0; Win64; x64) AppleWebKit/537.36 Chrome/129.0.0.0 Safari/537.36"
136.144.35.83 - - [11/Sep/2026:01:38:36 -0400] "POST /wp-login.php HTTP/1.1" 200 9634 "-" "Mozilla/5.0 (Macintosh; Intel Mac OS X 10_15_7) AppleWebKit/605.1.15 Version/17.0 Safari/605.1.15"
136.144.35.92 - - [11/Sep/2026:01:38:36 -0400] "POST /wp-login.php HTTP/1.1" 200 9653 "-" "Mozilla/5.0 (Macintosh; Intel Mac OS X 10_15_7) AppleWebKit/605.1.15 Version/17.0 Safari/605.1.15"
136.144.35.92 - - [11/Sep/2026:01:38:36 -0400] "POST /wp-login.php HTTP/1.1" 200 9665 "-" "Mozilla/5.0 (Windows NT 10.0; Win64; rv:143.0) Gecko/20100101 Firefox/143.0"
141.255.164.73 - - [11/Sep/2026:01:42:14 -0400] "GET /wp-login.php HTTP/1.1" 200 9209 "-" "Mozilla/5.0 (Windows NT 10.0; Win64; x64; rv:121.0) Gecko/20100101 Firefox/121.0"
141.255.164.73 - - [11/Sep/2026:01:42:14 -0400] "GET /wp-login.php HTTP/1.1" 200 9209 "-" "Mozilla/5.0 (X11; Linux x86_64) AppleWebKit/537.36 (KHTML, like Gecko) Chrome/120.0.0.0 Safari/537.36"
141.255.164.73 - - [11/Sep/2026:01:42:14 -0400] "POST /wp-login.php HTTP/1.1" 200 9630 "https://peninsulaixtapa.mx/wp-login.php" "Mozilla/5.0 (Windows NT 10.0; Win64; x64) AppleWebKit/537.36 (KHTML, like Gecko) Chrome/120.0.0.0 Safari/537.36"
141.255.164.73 - - [11/Sep/2026:01:42:14 -0400] "POST /wp-login.php HTTP/1.1" 200 9585 "https://peninsulaixtapa.mx/wp-login.php" "Mozilla/5.0 (Windows NT 10.0; Win64; x64) AppleWebKit/537.36 (KHTML, like Gecko) Chrome/120.0.0.0 Safari/537.36"
141.255.164.73 - - [11/Sep/2026:01:42:14 -0400] "POST /wp-login.php HTTP/1.1" 200 9585 "https://peninsulaixtapa.mx/wp-login.php" "Mozilla/5.0 (Windows NT 10.0; Win64; x64) AppleWebKit/537.36 (KHTML, like Gecko) Chrome/120.0.0.0 Safari/537.36"
141.255.164.73 - - [11/Sep/2026:01:42:14 -0400] "GET /wp-login.php HTTP/1.1" 200 9209 "-" "Mozilla/5.0 (Macintosh; Intel Mac OS X 10_15_7) AppleWebKit/537.36 (KHTML, like Gecko) Chrome/120.0.0.0 Safari/537.36"
141.255.164.73 - - [11/Sep/2026:01:42:14 -0400] "POST /wp-login.php HTTP/1.1" 200 9635 "https://peninsulaixtapa.mx/wp-login.php" "Mozilla/5.0 (Windows NT 11.0; Win64; x64) AppleWebKit/537.36 (KHTML, like Gecko) Chrome/121.0.0.0 Safari/537.36"
141.255.164.73 - - [11/Sep/2026:01:42:15 -0400] "POST /wp-login.php HTTP/1.1" 200 9585 "https://peninsulaixtapa.mx/wp-login.php" "Mozilla/5.0 (Windows NT 11.0; Win64; x64) AppleWebKit/537.36 (KHTML, like Gecko) Chrome/121.0.0.0 Safari/537.36"
141.255.164.73 - - [11/Sep/2026:01:42:15 -0400] "POST /wp-login.php HTTP/1.1" 200 9585 "https://peninsulaixtapa.mx/wp-login.php" "Mozilla/5.0 (Windows NT 11.0; Win64; x64) AppleWebKit/537.36 (KHTML, like Gecko) Chrome/121.0.0.0 Safari/537.36"
141.255.164.73 - - [11/Sep/2026:01:42:15 -0400] "GET /wp-login.php HTTP/1.1" 200 9209 "-" "Mozilla/5.0 (Windows NT 10.0; Win64; x64; rv:121.0) Gecko/20100101 Firefox/121.0"
141.255.164.73 - - [11/Sep/2026:01:42:15 -0400] "POST /wp-login.php HTTP/1.1" 200 9634 "https://peninsulaixtapa.mx/wp-login.php" "Mozilla/5.0 (Macintosh; Intel Mac OS X 10_15_7) AppleWebKit/537.36 (KHTML, like Gecko) Chrome/120.0.0.0 Safari/537.36"
141.255.164.73 - - [11/Sep/2026:01:42:15 -0400] "POST /wp-login.php HTTP/1.1" 200 9585 "https://peninsulaixtapa.mx/wp-login.php" "Mozilla/5.0 (Macintosh; Intel Mac OS X 10_15_7) AppleWebKit/537.36 (KHTML, like Gecko) Chrome/120.0.0.0 Safari/537.36"
141.255.164.73 - - [11/Sep/2026:01:42:15 -0400] "POST /wp-login.php HTTP/1.1" 200 9585 "https://peninsulaixtapa.mx/wp-login.php" "Mozilla/5.0 (Macintosh; Intel Mac OS X 10_15_7) AppleWebKit/537.36 (KHTML, like Gecko) Chrome/120.0.0.0 Safari/537.36"
141.255.164.73 - - [11/Sep/2026:01:42:15 -0400] "GET /wp-login.php HTTP/1.1" 200 9209 "-" "Mozilla/5.0 (Windows NT 10.0; Win64; x64; rv:121.0) Gecko/20100101 Firefox/121.0"
141.255.164.73 - - [11/Sep/2026:01:42:16 -0400] "POST /wp-login.php HTTP/1.1" 200 9633 "https://peninsulaixtapa.mx/wp-login.php" "Mozilla/5.0 (Macintosh; Intel Mac OS X 10_15_7) AppleWebKit/537.36 (KHTML, like Gecko) Chrome/120.0.0.0 Safari/537.36"
141.255.164.73 - - [11/Sep/2026:01:42:16 -0400] "POST /wp-login.php HTTP/1.1" 200 9585 "https://peninsulaixtapa.mx/wp-login.php" "Mozilla/5.0 (Macintosh; Intel Mac OS X 10_15_7) AppleWebKit/537.36 (KHTML, like Gecko) Chrome/120.0.0.0 Safari/537.36"
141.255.164.73 - - [11/Sep/2026:01:42:16 -0400] "POST /wp-login.php HTTP/1.1" 200 9585 "https://peninsulaixtapa.mx/wp-login.php" "Mozilla/5.0 (Macintosh; Intel Mac OS X 10_15_7) AppleWebKit/537.36 (KHTML, like Gecko) Chrome/120.0.0.0 Safari/537.36"
141.255.164.73 - - [11/Sep/2026:01:42:16 -0400] "GET /wp-login.php HTTP/1.1" 200 9209 "-" "Mozilla/5.0 (Macintosh; Intel Mac OS X 10_15_7) AppleWebKit/537.36 (KHTML, like Gecko) Chrome/120.0.0.0 Safari/537.36"
141.255.164.73 - - [11/Sep/2026:01:42:16 -0400] "POST /wp-login.php HTTP/1.1" 200 9634 "https://peninsulaixtapa.mx/wp-login.php" "Mozilla/5.0 (Windows NT 11.0; Win64; x64) AppleWebKit/537.36 (KHTML, like Gecko) Chrome/121.0.0.0 Safari/537.36"
141.255.164.73 - - [11/Sep/2026:01:42:16 -0400] "POST /wp-login.php HTTP/1.1" 200 9585 "https://peninsulaixtapa.mx/wp-login.php" "Mozilla/5.0 (Windows NT 11.0; Win64; x64) AppleWebKit/537.36 (KHTML, like Gecko) Chrome/121.0.0.0 Safari/537.36"
141.255.164.73 - - [11/Sep/2026:01:42:16 -0400] "POST /wp-login.php HTTP/1.1" 200 9585 "https://peninsulaixtapa.mx/wp-login.php" "Mozilla/5.0 (Windows NT 11.0; Win64; x64) AppleWebKit/537.36 (KHTML, like Gecko) Chrome/121.0.0.0 Safari/537.36"
141.255.164.73 - - [11/Sep/2026:01:42:16 -0400] "GET /wp-login.php HTTP/1.1" 200 9209 "-" "Mozilla/5.0 (Macintosh; Intel Mac OS X 10_15_7) AppleWebKit/537.36 (KHTML, like Gecko) Chrome/120.0.0.0 Safari/537.36"
141.255.164.73 - - [11/Sep/2026:01:42:17 -0400] "POST /wp-login.php HTTP/1.1" 200 9634 "https://peninsulaixtapa.mx/wp-login.php" "Mozilla/5.0 (Macintosh; Intel Mac OS X 10_15_7) AppleWebKit/537.36 (KHTML, like Gecko) Chrome/120.0.0.0 Safari/537.36"
141.255.164.73 - - [11/Sep/2026:01:42:17 -0400] "POST /wp-login.php HTTP/1.1" 200 9585 "https://peninsulaixtapa.mx/wp-login.php" "Mozilla/5.0 (Macintosh; Intel Mac OS X 10_15_7) AppleWebKit/537.36 (KHTML, like Gecko) Chrome/120.0.0.0 Safari/537.36"
141.255.164.73 - - [11/Sep/2026:01:42:17 -0400] "POST /wp-login.php HTTP/1.1" 200 9585 "https://peninsulaixtapa.mx/wp-login.php" "Mozilla/5.0 (Macintosh; Intel Mac OS X 10_15_7) AppleWebKit/537.36 (KHTML, like Gecko) Chrome/120.0.0.0 Safari/537.36"
141.255.164.73 - - [11/Sep/2026:01:42:17 -0400] "GET /wp-login.php HTTP/1.1" 200 9209 "-" "Mozilla/5.0 (Windows NT 10.0; Win64; x64) AppleWebKit/537.36 (KHTML, like Gecko) Chrome/120.0.0.0 Safari/537.36"
141.255.164.73 - - [11/Sep/2026:01:42:17 -0400] "POST /wp-login.php HTTP/1.1" 200 9638 "https://peninsulaixtapa.mx/wp-login.php" "Mozilla/5.0 (Windows NT 11.0; Win64; x64) AppleWebKit/537.36 (KHTML, like Gecko) Chrome/121.0.0.0 Safari/537.36"
141.255.164.73 - - [11/Sep/2026:01:42:17 -0400] "POST /wp-login.php HTTP/1.1" 200 9585 "https://peninsulaixtapa.mx/wp-login.php" "Mozilla/5.0 (Windows NT 11.0; Win64; x64) AppleWebKit/537.36 (KHTML, like Gecko) Chrome/121.0.0.0 Safari/537.36"
141.255.164.73 - - [11/Sep/2026:01:42:17 -0400] "POST /wp-login.php HTTP/1.1" 200 9585 "https://peninsulaixtapa.mx/wp-login.php" "Mozilla/5.0 (Windows NT 11.0; Win64; x64) AppleWebKit/537.36 (KHTML, like Gecko) Chrome/121.0.0.0 Safari/537.36"
141.255.164.73 - - [11/Sep/2026:01:42:18 -0400] "GET /wp-login.php HTTP/1.1" 200 9209 "-" "Mozilla/5.0 (Windows NT 10.0; Win64; x64; rv:121.0) Gecko/20100101 Firefox/121.0"
141.255.164.73 - - [11/Sep/2026:01:42:18 -0400] "POST /wp-login.php HTTP/1.1" 200 9633 "https://peninsulaixtapa.mx/wp-login.php" "Mozilla/5.0 (Macintosh; Intel Mac OS X 10_15_7) AppleWebKit/537.36 (KHTML, like Gecko) Chrome/120.0.0.0 Safari/537.36"
141.255.164.73 - - [11/Sep/2026:01:42:18 -0400] "POST /wp-login.php HTTP/1.1" 200 9585 "https://peninsulaixtapa.mx/wp-login.php" "Mozilla/5.0 (Macintosh; Intel Mac OS X 10_15_7) AppleWebKit/537.36 (KHTML, like Gecko) Chrome/120.0.0.0 Safari/537.36"
141.255.164.73 - - [11/Sep/2026:01:42:18 -0400] "POST /wp-login.php HTTP/1.1" 200 9585 "https://peninsulaixtapa.mx/wp-login.php" "Mozilla/5.0 (Macintosh; Intel Mac OS X 10_15_7) AppleWebKit/537.36 (KHTML, like Gecko) Chrome/120.0.0.0 Safari/537.36"
141.255.164.73 - - [11/Sep/2026:01:42:18 -0400] "GET /wp-login.php HTTP/1.1" 200 9209 "-" "Mozilla/5.0 (Windows NT 11.0; Win64; x64) AppleWebKit/537.36 (KHTML, like Gecko) Chrome/121.0.0.0 Safari/537.36"
141.255.164.73 - - [11/Sep/2026:01:42:18 -0400] "POST /wp-login.php HTTP/1.1" 200 9632 "https://peninsulaixtapa.mx/wp-login.php" "Mozilla/5.0 (Windows NT 10.0; Win64; x64; rv:121.0) Gecko/20100101 Firefox/121.0"
141.255.164.73 - - [11/Sep/2026:01:42:18 -0400] "POST /wp-login.php HTTP/1.1" 200 9585 "https://peninsulaixtapa.mx/wp-login.php" "Mozilla/5.0 (Windows NT 10.0; Win64; x64; rv:121.0) Gecko/20100101 Firefox/121.0"
141.255.164.73 - - [11/Sep/2026:01:42:19 -0400] "POST /wp-login.php HTTP/1.1" 200 9585 "https://peninsulaixtapa.mx/wp-login.php" "Mozilla/5.0 (Windows NT 10.0; Win64; x64; rv:121.0) Gecko/20100101 Firefox/121.0"
141.255.164.73 - - [11/Sep/2026:01:42:19 -0400] "GET /wp-login.php HTTP/1.1" 200 9209 "-" "Mozilla/5.0 (Windows NT 10.0; Win64; x64) AppleWebKit/537.36 (KHTML, like Gecko) Chrome/120.0.0.0 Safari/537.36"
141.255.164.73 - - [11/Sep/2026:01:42:19 -0400] "POST /wp-login.php HTTP/1.1" 200 9635 "https://peninsulaixtapa.mx/wp-login.php" "Mozilla/5.0 (Windows NT 11.0; Win64; x64) AppleWebKit/537.36 (KHTML, like Gecko) Chrome/121.0.0.0 Safari/537.36"
141.255.164.73 - - [11/Sep/2026:01:42:19 -0400] "POST /wp-login.php HTTP/1.1" 200 9585 "https://peninsulaixtapa.mx/wp-login.php" "Mozilla/5.0 (Windows NT 11.0; Win64; x64) AppleWebKit/537.36 (KHTML, like Gecko) Chrome/121.0.0.0 Safari/537.36"
141.255.164.73 - - [11/Sep/2026:01:42:19 -0400] "POST /wp-login.php HTTP/1.1" 200 9585 "https://peninsulaixtapa.mx/wp-login.php" "Mozilla/5.0 (Windows NT 11.0; Win64; x64) AppleWebKit/537.36 (KHTML, like Gecko) Chrome/121.0.0.0 Safari/537.36"
141.255.164.73 - - [11/Sep/2026:01:42:19 -0400] "GET /wp-login.php HTTP/1.1" 200 9209 "-" "Mozilla/5.0 (Windows NT 10.0; Win64; x64; rv:121.0) Gecko/20100101 Firefox/121.0"
141.255.164.73 - - [11/Sep/2026:01:42:19 -0400] "POST /wp-login.php HTTP/1.1" 200 9633 "https://peninsulaixtapa.mx/wp-login.php" "Mozilla/5.0 (X11; Linux x86_64) AppleWebKit/537.36 (KHTML, like Gecko) Chrome/120.0.0.0 Safari/537.36"
141.255.164.73 - - [11/Sep/2026:01:42:19 -0400] "POST /wp-login.php HTTP/1.1" 200 9585 "https://peninsulaixtapa.mx/wp-login.php" "Mozilla/5.0 (X11; Linux x86_64) AppleWebKit/537.36 (KHTML, like Gecko) Chrome/120.0.0.0 Safari/537.36"
141.255.164.73 - - [11/Sep/2026:01:42:20 -0400] "POST /wp-login.php HTTP/1.1" 200 9585 "https://peninsulaixtapa.mx/wp-login.php" "Mozilla/5.0 (X11; Linux x86_64) AppleWebKit/537.36 (KHTML, like Gecko) Chrome/120.0.0.0 Safari/537.36"
141.255.164.73 - - [11/Sep/2026:01:42:20 -0400] "GET /wp-login.php HTTP/1.1" 200 9209 "-" "Mozilla/5.0 (Macintosh; Intel Mac OS X 10_15_7) AppleWebKit/537.36 (KHTML, like Gecko) Chrome/120.0.0.0 Safari/537.36"
141.255.164.73 - - [11/Sep/2026:01:42:20 -0400] "POST /wp-login.php HTTP/1.1" 200 9633 "https://peninsulaixtapa.mx/wp-login.php" "Mozilla/5.0 (Windows NT 10.0; Win64; x64) AppleWebKit/537.36 (KHTML, like Gecko) Chrome/120.0.0.0 Safari/537.36"
141.255.164.73 - - [11/Sep/2026:01:42:20 -0400] "POST /wp-login.php HTTP/1.1" 302 259 "https://peninsulaixtapa.mx/wp-login.php" "Mozilla/5.0 (Windows NT 10.0; Win64; x64) AppleWebKit/537.36 (KHTML, like Gecko) Chrome/120.0.0.0 Safari/537.36"
141.255.164.73 - - [11/Sep/2026:01:42:20 -0400] "POST /wp-login.php HTTP/1.1" 302 259 "https://peninsulaixtapa.mx/wp-login.php" "Mozilla/5.0 (Windows NT 10.0; Win64; x64) AppleWebKit/537.36 (KHTML, like Gecko) Chrome/120.0.0.0 Safari/537.36"
141.255.164.73 - - [11/Sep/2026:01:42:20 -0400] "GET /wp-login.php HTTP/1.1" 200 9209 "-" "Mozilla/5.0 (Windows NT 10.0; Win64; x64; rv:121.0) Gecko/20100101 Firefox/121.0"
141.255.164.73 - - [11/Sep/2026:01:42:20 -0400] "POST /wp-login.php HTTP/1.1" 302 259 "https://peninsulaixtapa.mx/wp-login.php" "Mozilla/5.0 (Macintosh; Intel Mac OS X 10_15_7) AppleWebKit/537.36 (KHTML, like Gecko) Chrome/120.0.0.0 Safari/537.36"
141.255.164.73 - - [11/Sep/2026:01:42:20 -0400] "POST /wp-login.php HTTP/1.1" 302 259 "https://peninsulaixtapa.mx/wp-login.php" "Mozilla/5.0 (Macintosh; Intel Mac OS X 10_15_7) AppleWebKit/537.36 (KHTML, like Gecko) Chrome/120.0.0.0 Safari/537.36"
141.255.164.73 - - [11/Sep/2026:01:42:21 -0400] "POST /wp-login.php HTTP/1.1" 302 259 "https://peninsulaixtapa.mx/wp-login.php" "Mozilla/5.0 (Macintosh; Intel Mac OS X 10_15_7) AppleWebKit/537.36 (KHTML, like Gecko) Chrome/120.0.0.0 Safari/537.36"
141.255.164.73 - - [11/Sep/2026:01:42:21 -0400] "GET /wp-login.php HTTP/1.1" 200 9209 "-" "Mozilla/5.0 (Windows NT 11.0; Win64; x64) AppleWebKit/537.36 (KHTML, like Gecko) Chrome/121.0.0.0 Safari/537.36"
141.255.164.73 - - [11/Sep/2026:01:42:21 -0400] "POST /wp-login.php HTTP/1.1" 302 259 "https://peninsulaixtapa.mx/wp-login.php" "Mozilla/5.0 (Windows NT 11.0; Win64; x64) AppleWebKit/537.36 (KHTML, like Gecko) Chrome/121.0.0.0 Safari/537.36"
141.255.164.73 - - [11/Sep/2026:01:42:21 -0400] "POST /wp-login.php HTTP/1.1" 302 259 "https://peninsulaixtapa.mx/wp-login.php" "Mozilla/5.0 (Windows NT 11.0; Win64; x64) AppleWebKit/537.36 (KHTML, like Gecko) Chrome/121.0.0.0 Safari/537.36"
141.255.164.73 - - [11/Sep/2026:01:42:21 -0400] "POST /wp-login.php HTTP/1.1" 302 259 "https://peninsulaixtapa.mx/wp-login.php" "Mozilla/5.0 (Windows NT 11.0; Win64; x64) AppleWebKit/537.36 (KHTML, like Gecko) Chrome/121.0.0.0 Safari/537.36"
141.255.164.73 - - [11/Sep/2026:01:42:21 -0400] "GET /wp-login.php HTTP/1.1" 200 9209 "-" "Mozilla/5.0 (Windows NT 10.0; Win64; x64) AppleWebKit/537.36 (KHTML, like Gecko) Chrome/120.0.0.0 Safari/537.36"
141.255.164.73 - - [11/Sep/2026:01:42:21 -0400] "POST /wp-login.php HTTP/1.1" 302 259 "https://peninsulaixtapa.mx/wp-login.php" "Mozilla/5.0 (Windows NT 10.0; Win64; x64) AppleWebKit/537.36 (KHTML, like Gecko) Chrome/120.0.0.0 Safari/537.36"
141.255.164.73 - - [11/Sep/2026:01:42:21 -0400] "POST /wp-login.php HTTP/1.1" 302 259 "https://peninsulaixtapa.mx/wp-login.php" "Mozilla/5.0 (Windows NT 10.0; Win64; x64) AppleWebKit/537.36 (KHTML, like Gecko) Chrome/120.0.0.0 Safari/537.36"
141.255.164.73 - - [11/Sep/2026:01:42:21 -0400] "POST /wp-login.php HTTP/1.1" 302 259 "https://peninsulaixtapa.mx/wp-login.php" "Mozilla/5.0 (Windows NT 10.0; Win64; x64) AppleWebKit/537.36 (KHTML, like Gecko) Chrome/120.0.0.0 Safari/537.36"
141.255.164.73 - - [11/Sep/2026:01:42:22 -0400] "GET /wp-login.php HTTP/1.1" 200 9209 "-" "Mozilla/5.0 (Macintosh; Intel Mac OS X 10_15_7) AppleWebKit/537.36 (KHTML, like Gecko) Chrome/120.0.0.0 Safari/537.36"
141.255.164.73 - - [11/Sep/2026:01:42:22 -0400] "POST /wp-login.php HTTP/1.1" 302 259 "https://peninsulaixtapa.mx/wp-login.php" "Mozilla/5.0 (Windows NT 10.0; Win64; x64; rv:121.0) Gecko/20100101 Firefox/121.0"
141.255.164.73 - - [11/Sep/2026:01:42:22 -0400] "POST /wp-login.php HTTP/1.1" 302 259 "https://peninsulaixtapa.mx/wp-login.php" "Mozilla/5.0 (Windows NT 10.0; Win64; x64; rv:121.0) Gecko/20100101 Firefox/121.0"
141.255.164.73 - - [11/Sep/2026:01:42:22 -0400] "POST /wp-login.php HTTP/1.1" 302 259 "https://peninsulaixtapa.mx/wp-login.php" "Mozilla/5.0 (Windows NT 10.0; Win64; x64; rv:121.0) Gecko/20100101 Firefox/121.0"
141.255.164.73 - - [11/Sep/2026:01:42:22 -0400] "GET /wp-login.php HTTP/1.1" 200 9209 "-" "Mozilla/5.0 (Windows NT 11.0; Win64; x64) AppleWebKit/537.36 (KHTML, like Gecko) Chrome/121.0.0.0 Safari/537.36"
141.255.164.73 - - [11/Sep/2026:01:42:22 -0400] "POST /wp-login.php HTTP/1.1" 302 259 "https://peninsulaixtapa.mx/wp-login.php" "Mozilla/5.0 (X11; Linux x86_64) AppleWebKit/537.36 (KHTML, like Gecko) Chrome/120.0.0.0 Safari/537.36"
141.255.164.73 - - [11/Sep/2026:01:42:22 -0400] "POST /wp-login.php HTTP/1.1" 302 259 "https://peninsulaixtapa.mx/wp-login.php" "Mozilla/5.0 (X11; Linux x86_64) AppleWebKit/537.36 (KHTML, like Gecko) Chrome/120.0.0.0 Safari/537.36"
141.255.164.73 - - [11/Sep/2026:01:42:22 -0400] "POST /wp-login.php HTTP/1.1" 302 259 "https://peninsulaixtapa.mx/wp-login.php" "Mozilla/5.0 (X11; Linux x86_64) AppleWebKit/537.36 (KHTML, like Gecko) Chrome/120.0.0.0 Safari/537.36"
141.255.164.73 - - [11/Sep/2026:01:42:22 -0400] "GET /wp-login.php HTTP/1.1" 200 9209 "-" "Mozilla/5.0 (Windows NT 11.0; Win64; x64) AppleWebKit/537.36 (KHTML, like Gecko) Chrome/121.0.0.0 Safari/537.36"
141.255.164.73 - - [11/Sep/2026:01:42:23 -0400] "POST /wp-login.php HTTP/1.1" 302 259 "https://peninsulaixtapa.mx/wp-login.php" "Mozilla/5.0 (Macintosh; Intel Mac OS X 10_15_7) AppleWebKit/537.36 (KHTML, like Gecko) Chrome/120.0.0.0 Safari/537.36"
141.255.164.73 - - [11/Sep/2026:01:42:23 -0400] "POST /wp-login.php HTTP/1.1" 302 259 "https://peninsulaixtapa.mx/wp-login.php" "Mozilla/5.0 (Macintosh; Intel Mac OS X 10_15_7) AppleWebKit/537.36 (KHTML, like Gecko) Chrome/120.0.0.0 Safari/537.36"
141.255.164.73 - - [11/Sep/2026:01:42:23 -0400] "POST /wp-login.php HTTP/1.1" 302 259 "https://peninsulaixtapa.mx/wp-login.php" "Mozilla/5.0 (Macintosh; Intel Mac OS X 10_15_7) AppleWebKit/537.36 (KHTML, like Gecko) Chrome/120.0.0.0 Safari/537.36"
141.255.164.73 - - [11/Sep/2026:01:42:23 -0400] "GET /wp-login.php HTTP/1.1" 200 9209 "-" "Mozilla/5.0 (Windows NT 11.0; Win64; x64) AppleWebKit/537.36 (KHTML, like Gecko) Chrome/121.0.0.0 Safari/537.36"
141.255.164.73 - - [11/Sep/2026:01:42:23 -0400] "POST /wp-login.php HTTP/1.1" 302 259 "https://peninsulaixtapa.mx/wp-login.php" "Mozilla/5.0 (Windows NT 10.0; Win64; x64; rv:121.0) Gecko/20100101 Firefox/121.0"
141.255.164.73 - - [11/Sep/2026:01:42:23 -0400] "POST /wp-login.php HTTP/1.1" 302 259 "https://peninsulaixtapa.mx/wp-login.php" "Mozilla/5.0 (Windows NT 10.0; Win64; x64; rv:121.0) Gecko/20100101 Firefox/121.0"
141.255.164.73 - - [11/Sep/2026:01:42:23 -0400] "POST /wp-login.php HTTP/1.1" 302 259 "https://peninsulaixtapa.mx/wp-login.php" "Mozilla/5.0 (Windows NT 10.0; Win64; x64; rv:121.0) Gecko/20100101 Firefox/121.0"
141.255.164.73 - - [11/Sep/2026:01:42:23 -0400] "GET /wp-login.php HTTP/1.1" 200 9209 "-" "Mozilla/5.0 (Macintosh; Intel Mac OS X 10_15_7) AppleWebKit/537.36 (KHTML, like Gecko) Chrome/120.0.0.0 Safari/537.36"
141.255.164.73 - - [11/Sep/2026:01:42:23 -0400] "POST /wp-login.php HTTP/1.1" 302 259 "https://peninsulaixtapa.mx/wp-login.php" "Mozilla/5.0 (Windows NT 10.0; Win64; x64) AppleWebKit/537.36 (KHTML, like Gecko) Chrome/120.0.0.0 Safari/537.36"
141.255.164.73 - - [11/Sep/2026:01:42:24 -0400] "POST /wp-login.php HTTP/1.1" 302 259 "https://peninsulaixtapa.mx/wp-login.php" "Mozilla/5.0 (Windows NT 10.0; Win64; x64) AppleWebKit/537.36 (KHTML, like Gecko) Chrome/120.0.0.0 Safari/537.36"
141.255.164.73 - - [11/Sep/2026:01:42:24 -0400] "POST /wp-login.php HTTP/1.1" 302 259 "https://peninsulaixtapa.mx/wp-login.php" "Mozilla/5.0 (Windows NT 10.0; Win64; x64) AppleWebKit/537.36 (KHTML, like Gecko) Chrome/120.0.0.0 Safari/537.36"
141.255.164.73 - - [11/Sep/2026:01:42:24 -0400] "GET /wp-login.php HTTP/1.1" 200 9209 "-" "Mozilla/5.0 (X11; Linux x86_64) AppleWebKit/537.36 (KHTML, like Gecko) Chrome/120.0.0.0 Safari/537.36"
141.255.164.73 - - [11/Sep/2026:01:42:24 -0400] "POST /wp-login.php HTTP/1.1" 302 259 "https://peninsulaixtapa.mx/wp-login.php" "Mozilla/5.0 (X11; Linux x86_64) AppleWebKit/537.36 (KHTML, like Gecko) Chrome/120.0.0.0 Safari/537.36"
141.255.164.73 - - [11/Sep/2026:01:42:24 -0400] "POST /wp-login.php HTTP/1.1" 302 259 "https://peninsulaixtapa.mx/wp-login.php" "Mozilla/5.0 (X11; Linux x86_64) AppleWebKit/537.36 (KHTML, like Gecko) Chrome/120.0.0.0 Safari/537.36"
141.255.164.73 - - [11/Sep/2026:01:42:24 -0400] "POST /wp-login.php HTTP/1.1" 302 259 "https://peninsulaixtapa.mx/wp-login.php" "Mozilla/5.0 (X11; Linux x86_64) AppleWebKit/537.36 (KHTML, like Gecko) Chrome/120.0.0.0 Safari/537.36"
141.255.164.73 - - [11/Sep/2026:01:42:24 -0400] "GET /wp-login.php HTTP/1.1" 200 9209 "-" "Mozilla/5.0 (Windows NT 10.0; Win64; x64) AppleWebKit/537.36 (KHTML, like Gecko) Chrome/120.0.0.0 Safari/537.36"
141.255.164.73 - - [11/Sep/2026:01:42:24 -0400] "POST /wp-login.php HTTP/1.1" 302 259 "https://peninsulaixtapa.mx/wp-login.php" "Mozilla/5.0 (Windows NT 10.0; Win64; x64) AppleWebKit/537.36 (KHTML, like Gecko) Chrome/120.0.0.0 Safari/537.36"
141.255.164.73 - - [11/Sep/2026:01:42:24 -0400] "POST /wp-login.php HTTP/1.1" 302 259 "https://peninsulaixtapa.mx/wp-login.php" "Mozilla/5.0 (Windows NT 10.0; Win64; x64) AppleWebKit/537.36 (KHTML, like Gecko) Chrome/120.0.0.0 Safari/537.36"
141.255.164.73 - - [11/Sep/2026:01:42:24 -0400] "POST /wp-login.php HTTP/1.1" 302 259 "https://peninsulaixtapa.mx/wp-login.php" "Mozilla/5.0 (Windows NT 10.0; Win64; x64) AppleWebKit/537.36 (KHTML, like Gecko) Chrome/120.0.0.0 Safari/537.36"
141.255.164.73 - - [11/Sep/2026:01:42:25 -0400] "GET /wp-login.php HTTP/1.1" 200 9209 "-" "Mozilla/5.0 (Macintosh; Intel Mac OS X 10_15_7) AppleWebKit/537.36 (KHTML, like Gecko) Chrome/120.0.0.0 Safari/537.36"
141.255.164.73 - - [11/Sep/2026:01:42:25 -0400] "POST /wp-login.php HTTP/1.1" 302 259 "https://peninsulaixtapa.mx/wp-login.php" "Mozilla/5.0 (Windows NT 10.0; Win64; x64; rv:121.0) Gecko/20100101 Firefox/121.0"
141.255.164.73 - - [11/Sep/2026:01:42:25 -0400] "POST /wp-login.php HTTP/1.1" 302 259 "https://peninsulaixtapa.mx/wp-login.php" "Mozilla/5.0 (Windows NT 10.0; Win64; x64; rv:121.0) Gecko/20100101 Firefox/121.0"
141.255.164.73 - - [11/Sep/2026:01:42:25 -0400] "POST /wp-login.php HTTP/1.1" 302 259 "https://peninsulaixtapa.mx/wp-login.php" "Mozilla/5.0 (Windows NT 10.0; Win64; x64; rv:121.0) Gecko/20100101 Firefox/121.0"
136.144.35.95 - - [11/Sep/2026:01:45:19 -0400] "POST /wp-login.php HTTP/1.1" 302 259 "-" "Mozilla/5.0 (Macintosh; Intel Mac OS X 10_15_7) AppleWebKit/605.1.15 Version/17.0 Safari/605.1.15"
136.144.35.101 - - [11/Sep/2026:01:45:19 -0400] "POST /wp-login.php HTTP/1.1" 302 259 "-" "Mozilla/5.0 (Windows NT 10.0; Win64; x64) AppleWebKit/537.36 Chrome/129.0.0.0 Safari/537.36"
136.144.35.82 - - [11/Sep/2026:01:45:19 -0400] "POST /wp-login.php HTTP/1.1" 302 259 "-" "Mozilla/5.0 (Macintosh; Intel Mac OS X 10_15_7) AppleWebKit/605.1.15 Version/17.0 Safari/605.1.15"
136.144.35.89 - - [11/Sep/2026:01:45:19 -0400] "POST /wp-login.php HTTP/1.1" 302 259 "-" "Mozilla/5.0 (Windows NT 10.0; Win64; rv:143.0) Gecko/20100101 Firefox/143.0"
54.204.56.173 - - [11/Sep/2026:01:46:37 -0400] "GET /.env HTTP/1.1" 406 300 "-" "Mozilla/5.0 (Macintosh; Intel Mac OS X 10_15_7) AppleWebKit/537.36 (KHTML, like Gecko) Chrome/142.0.0.0 Safari/537.36"
54.204.56.173 - - [11/Sep/2026:01:46:37 -0400] "GET /.env HTTP/1.1" 406 300 "-" "Mozilla/5.0 (Macintosh; Intel Mac OS X 10_15_7) AppleWebKit/537.36 (KHTML, like Gecko) Chrome/142.0.0.0 Safari/537.36"
136.144.35.94 - - [11/Sep/2026:01:48:04 -0400] "POST /wp-login.php HTTP/1.1" 302 259 "-" "Mozilla/5.0 (Macintosh; Intel Mac OS X 10_15_7) AppleWebKit/605.1.15 Version/17.0 Safari/605.1.15"
136.144.35.98 - - [11/Sep/2026:01:48:04 -0400] "POST /wp-login.php HTTP/1.1" 302 259 "-" "Mozilla/5.0 (Windows NT 10.0; Win64; x64) AppleWebKit/537.36 Chrome/129.0.0.0 Safari/537.36"
136.144.35.100 - - [11/Sep/2026:01:48:04 -0400] "POST /wp-login.php HTTP/1.1" 302 259 "-" "Mozilla/5.0 (Windows NT 10.0; Win64; rv:143.0) Gecko/20100101 Firefox/143.0"
136.144.35.101 - - [11/Sep/2026:01:48:04 -0400] "POST /wp-login.php HTTP/1.1" 302 259 "-" "Mozilla/5.0 (Windows NT 10.0; Win64; x64) AppleWebKit/537.36 Chrome/129.0.0.0 Safari/537.36"
136.144.35.80 - - [11/Sep/2026:01:54:43 -0400] "POST /wp-login.php HTTP/1.1" 302 259 "-" "Mozilla/5.0 (Windows NT 10.0; Win64; x64) AppleWebKit/537.36 Chrome/129.0.0.0 Safari/537.36"
136.144.35.100 - - [11/Sep/2026:01:54:43 -0400] "POST /wp-login.php HTTP/1.1" 302 259 "-" "Mozilla/5.0 (Windows NT 10.0; Win64; x64) AppleWebKit/537.36 Chrome/129.0.0.0 Safari/537.36"
136.144.35.83 - - [11/Sep/2026:01:54:43 -0400] "POST /wp-login.php HTTP/1.1" 302 259 "-" "Mozilla/5.0 (Macintosh; Intel Mac OS X 10_15_7) AppleWebKit/605.1.15 Version/17.0 Safari/605.1.15"
136.144.35.84 - - [11/Sep/2026:01:54:43 -0400] "POST /wp-login.php HTTP/1.1" 302 259 "-" "Mozilla/5.0 (Windows NT 10.0; Win64; rv:143.0) Gecko/20100101 Firefox/143.0"
136.144.35.96 - - [11/Sep/2026:01:57:25 -0400] "POST /wp-login.php HTTP/1.1" 200 9653 "-" "Mozilla/5.0 (Windows NT 10.0; Win64; rv:143.0) Gecko/20100101 Firefox/143.0"
136.144.35.82 - - [11/Sep/2026:01:57:25 -0400] "POST /wp-login.php HTTP/1.1" 200 9665 "-" "Mozilla/5.0 (Windows NT 10.0; Win64; rv:143.0) Gecko/20100101 Firefox/143.0"
136.144.35.99 - - [11/Sep/2026:01:57:25 -0400] "POST /wp-login.php HTTP/1.1" 200 9634 "-" "Mozilla/5.0 (Macintosh; Intel Mac OS X 10_15_7) AppleWebKit/605.1.15 Version/17.0 Safari/605.1.15"
199.250.222.155 - - [11/Sep/2026:01:57:25 -0400] "POST /wp-cron.php?doing_wp_cron=1789106245.7963590621948242187500 HTTP/1.1" 200 - "-" "WordPress/7.1; https://peninsulaixtapa.mx"
136.144.35.93 - - [11/Sep/2026:01:57:25 -0400] "POST /wp-login.php HTTP/1.1" 200 9628 "-" "Mozilla/5.0 (Windows NT 10.0; Win64; x64) AppleWebKit/537.36 Chrome/129.0.0.0 Safari/537.36"
136.144.35.96 - - [11/Sep/2026:02:04:07 -0400] "POST /wp-login.php HTTP/1.1" 200 9628 "-" "Mozilla/5.0 (Macintosh; Intel Mac OS X 10_15_7) AppleWebKit/605.1.15 Version/17.0 Safari/605.1.15"
136.144.35.87 - - [11/Sep/2026:02:04:07 -0400] "POST /wp-login.php HTTP/1.1" 200 9634 "-" "Mozilla/5.0 (Macintosh; Intel Mac OS X 10_15_7) AppleWebKit/605.1.15 Version/17.0 Safari/605.1.15"
136.144.35.92 - - [11/Sep/2026:02:04:07 -0400] "POST /wp-login.php HTTP/1.1" 200 9665 "-" "Mozilla/5.0 (Macintosh; Intel Mac OS X 10_15_7) AppleWebKit/605.1.15 Version/17.0 Safari/605.1.15"
136.144.35.102 - - [11/Sep/2026:02:04:28 -0400] "POST /wp-login.php HTTP/1.1" 200 9653 "-" "Mozilla/5.0 (Windows NT 10.0; Win64; x64) AppleWebKit/537.36 Chrome/129.0.0.0 Safari/537.36"
94.26.106.239 - - [11/Sep/2026:02:06:19 -0400] "GET / HTTP/1.1" 200 69298 "-" "Mozilla/5.0 (compatible; Googlebot/2.1; +http://www.google.com/bot.html)"
136.144.35.77 - - [11/Sep/2026:02:06:51 -0400] "POST /wp-login.php HTTP/1.1" 200 9628 "-" "Mozilla/5.0 (Macintosh; Intel Mac OS X 10_15_7) AppleWebKit/605.1.15 Version/17.0 Safari/605.1.15"
136.144.35.94 - - [11/Sep/2026:02:06:51 -0400] "POST /wp-login.php HTTP/1.1" 200 9665 "-" "Mozilla/5.0 (Macintosh; Intel Mac OS X 10_15_7) AppleWebKit/605.1.15 Version/17.0 Safari/605.1.15"
136.144.35.92 - - [11/Sep/2026:02:06:51 -0400] "POST /wp-login.php HTTP/1.1" 200 9653 "-" "Mozilla/5.0 (Windows NT 10.0; Win64; rv:143.0) Gecko/20100101 Firefox/143.0"
136.144.35.98 - - [11/Sep/2026:02:06:52 -0400] "POST /wp-login.php HTTP/1.1" 200 9634 "-" "Mozilla/5.0 (Windows NT 10.0; Win64; rv:143.0) Gecko/20100101 Firefox/143.0"
136.144.35.88 - - [11/Sep/2026:02:13:26 -0400] "POST /wp-login.php HTTP/1.1" 200 9634 "-" "Mozilla/5.0 (Macintosh; Intel Mac OS X 10_15_7) AppleWebKit/605.1.15 Version/17.0 Safari/605.1.15"
136.144.35.86 - - [11/Sep/2026:02:13:26 -0400] "POST /wp-login.php HTTP/1.1" 200 9628 "-" "Mozilla/5.0 (Windows NT 10.0; Win64; rv:143.0) Gecko/20100101 Firefox/143.0"
136.144.35.82 - - [11/Sep/2026:02:13:26 -0400] "POST /wp-login.php HTTP/1.1" 200 9665 "-" "Mozilla/5.0 (Windows NT 10.0; Win64; x64) AppleWebKit/537.36 Chrome/129.0.0.0 Safari/537.36"
136.144.35.79 - - [11/Sep/2026:02:13:27 -0400] "POST /wp-login.php HTTP/1.1" 200 9653 "-" "Mozilla/5.0 (Macintosh; Intel Mac OS X 10_15_7) AppleWebKit/605.1.15 Version/17.0 Safari/605.1.15"
136.144.35.91 - - [11/Sep/2026:02:16:19 -0400] "POST /wp-login.php HTTP/1.1" 200 9628 "-" "Mozilla/5.0 (Windows NT 10.0; Win64; rv:143.0) Gecko/20100101 Firefox/143.0"
136.144.35.95 - - [11/Sep/2026:02:16:19 -0400] "POST /wp-login.php HTTP/1.1" 200 9634 "-" "Mozilla/5.0 (Windows NT 10.0; Win64; x64) AppleWebKit/537.36 Chrome/129.0.0.0 Safari/537.36"
136.144.35.85 - - [11/Sep/2026:02:16:19 -0400] "POST /wp-login.php HTTP/1.1" 200 9665 "-" "Mozilla/5.0 (Windows NT 10.0; Win64; x64) AppleWebKit/537.36 Chrome/129.0.0.0 Safari/537.36"
136.144.35.94 - - [11/Sep/2026:02:16:19 -0400] "POST /wp-login.php HTTP/1.1" 200 9653 "-" "Mozilla/5.0 (Windows NT 10.0; Win64; x64) AppleWebKit/537.36 Chrome/129.0.0.0 Safari/537.36"
136.144.35.97 - - [11/Sep/2026:02:23:00 -0400] "POST /wp-login.php HTTP/1.1" 200 9634 "-" "Mozilla/5.0 (Windows NT 10.0; Win64; x64) AppleWebKit/537.36 Chrome/129.0.0.0 Safari/537.36"
136.144.35.76 - - [11/Sep/2026:02:23:00 -0400] "POST /wp-login.php HTTP/1.1" 200 9628 "-" "Mozilla/5.0 (Macintosh; Intel Mac OS X 10_15_7) AppleWebKit/605.1.15 Version/17.0 Safari/605.1.15"
136.144.35.92 - - [11/Sep/2026:02:23:00 -0400] "POST /wp-login.php HTTP/1.1" 200 9665 "-" "Mozilla/5.0 (Windows NT 10.0; Win64; rv:143.0) Gecko/20100101 Firefox/143.0"
136.144.35.88 - - [11/Sep/2026:02:23:00 -0400] "POST /wp-login.php HTTP/1.1" 200 9653 "-" "Mozilla/5.0 (Windows NT 10.0; Win64; rv:143.0) Gecko/20100101 Firefox/143.0"
136.144.35.86 - - [11/Sep/2026:02:25:51 -0400] "POST /wp-login.php HTTP/1.1" 200 9634 "-" "Mozilla/5.0 (Windows NT 10.0; Win64; x64) AppleWebKit/537.36 Chrome/129.0.0.0 Safari/537.36"
136.144.35.76 - - [11/Sep/2026:02:25:51 -0400] "POST /wp-login.php HTTP/1.1" 200 9628 "-" "Mozilla/5.0 (Windows NT 10.0; Win64; x64) AppleWebKit/537.36 Chrome/129.0.0.0 Safari/537.36"
136.144.35.78 - - [11/Sep/2026:02:25:51 -0400] "POST /wp-login.php HTTP/1.1" 200 9665 "-" "Mozilla/5.0 (Windows NT 10.0; Win64; rv:143.0) Gecko/20100101 Firefox/143.0"
136.144.35.77 - - [11/Sep/2026:02:25:51 -0400] "POST /wp-login.php HTTP/1.1" 200 9653 "-" "Mozilla/5.0 (Macintosh; Intel Mac OS X 10_15_7) AppleWebKit/605.1.15 Version/17.0 Safari/605.1.15"
136.144.35.75 - - [11/Sep/2026:02:32:21 -0400] "POST /wp-login.php HTTP/1.1" 200 9634 "-" "Mozilla/5.0 (Windows NT 10.0; Win64; rv:143.0) Gecko/20100101 Firefox/143.0"
