189.147.131.40 - - [11/Sep/2026:12:28:42 -0400] "GET /wp-content/plugins/elementor/assets/js/text-editor.45609661e409413f1cef.bundle.min.js HTTP/1.1" 304 - "https://hidalgoresidences.mx/" "Mozilla/5.0 (X11; Linux x86_64) AppleWebKit/537.36 (KHTML, like Gecko) Chrome/138.0.0.0 Safari/537.36"
189.147.131.40 - - [11/Sep/2026:12:28:42 -0400] "GET /wp-content/uploads/2023/01/BB-300x95.png HTTP/1.1" 304 - "https://hidalgoresidences.mx/" "Mozilla/5.0 (X11; Linux x86_64) AppleWebKit/537.36 (KHTML, like Gecko) Chrome/138.0.0.0 Safari/537.36"
174.138.17.67 - - [11/Sep/2026:12:28:55 -0400] "POST /wp-json/batch/v1 HTTP/1.1" 207 16 "-" "Mozilla/5.0 (Windows NT 10.0; Win64; x64) AppleWebKit/537.36 (KHTML, like Gecko) Chrome/131.0.0.0 Safari/537.36"
174.138.17.67 - - [11/Sep/2026:12:28:57 -0400] "POST /wp-json/batch/v1 HTTP/1.1" 207 501 "-" "Mozilla/5.0 (Windows NT 10.0; Win64; x64) AppleWebKit/537.36 (KHTML, like Gecko) Chrome/131.0.0.0 Safari/537.36"
174.138.17.67 - - [11/Sep/2026:12:28:59 -0400] "POST /wp-json/batch/v1 HTTP/1.1" 207 501 "-" "Mozilla/5.0 (Windows NT 10.0; Win64; x64) AppleWebKit/537.36 (KHTML, like Gecko) Chrome/131.0.0.0 Safari/537.36"
174.138.17.67 - - [11/Sep/2026:12:29:02 -0400] "POST /wp-json/batch/v1 HTTP/1.1" 207 501 "-" "Mozilla/5.0 (Windows NT 10.0; Win64; x64) AppleWebKit/537.36 (KHTML, like Gecko) Chrome/131.0.0.0 Safari/537.36"
174.138.17.67 - - [11/Sep/2026:12:29:04 -0400] "POST /wp-json/batch/v1 HTTP/1.1" 207 501 "-" "Mozilla/5.0 (Windows NT 10.0; Win64; x64) AppleWebKit/537.36 (KHTML, like Gecko) Chrome/131.0.0.0 Safari/537.36"
199.250.222.155 - - [11/Sep/2026:12:29:07 -0400] "POST /wp-cron.php?doing_wp_cron=1789144147.5773019790649414062500 HTTP/1.1" 200 - "-" "WordPress/7.1; https://hidalgoresidences.mx"
174.138.17.67 - - [11/Sep/2026:12:29:06 -0400] "POST /wp-json/batch/v1 HTTP/1.1" 207 501 "-" "Mozilla/5.0 (Windows NT 10.0; Win64; x64) AppleWebKit/537.36 (KHTML, like Gecko) Chrome/131.0.0.0 Safari/537.36"
174.138.17.67 - - [11/Sep/2026:12:29:08 -0400] "POST /wp-json/batch/v1 HTTP/1.1" 207 501 "-" "Mozilla/5.0 (Windows NT 10.0; Win64; x64) AppleWebKit/537.36 (KHTML, like Gecko) Chrome/131.0.0.0 Safari/537.36"
37.139.53.80 - - [11/Sep/2026:12:29:23 -0400] "GET / HTTP/1.0" 200 301772 "https://hidalgoresidences.mx/" "Mozilla/5.0 (Windows NT 10.0; Win64; x64) AppleWebKit/537.36 (KHTML, like Gecko) Chrome/130.0.0.0 Safari/537.36"
37.139.53.80 - - [11/Sep/2026:12:29:34 -0400] "POST /wp-admin/admin-ajax.php HTTP/1.0" 200 210 "https://hidalgoresidences.mx/" "Mozilla/5.0 (Windows NT 10.0; Win64; x64) AppleWebKit/537.36 (KHTML, like Gecko) Chrome/130.0.0.0 Safari/537.36"
199.250.222.155 - - [11/Sep/2026:12:30:18 -0400] "POST /wp-cron.php?doing_wp_cron=1789144218.6632330417633056640625 HTTP/1.1" 200 - "-" "WordPress/7.1; https://hidalgoresidences.mx"
216.73.217.60 - - [11/Sep/2026:12:30:17 -0400] "GET /wp-sitemap.xml HTTP/1.1" 404 381 "-" "Mozilla/5.0 AppleWebKit/537.36 (KHTML, like Gecko; compatible; ClaudeBot/1.0; +claudebot@anthropic.com)"
54.235.191.179 - - [11/Sep/2026:12:35:06 -0400] "GET /wp-content/plugins/wpforms/vendor/ HTTP/1.1" 200 1603 "-" "Mozilla/5.0 AppleWebKit/537.36 (KHTML, like Gecko; compatible; Amazonbot/0.1; +https://developer.amazon.com/support/amazonbot) Chrome/119.0.6045.214 Safari/537.36"
199.250.222.155 - - [11/Sep/2026:12:38:18 -0400] "POST /wp-cron.php?doing_wp_cron=1789144698.6434140205383300781250 HTTP/1.1" 200 - "-" "WordPress/7.1; https://hidalgoresidences.mx"
66.102.6.32 - - [11/Sep/2026:12:38:17 -0400] "GET /.well-known/traffic-advice HTTP/1.1" 404 49817 "-" "Chrome Privacy Preserving Prefetch Proxy"
162.120.186.162 - - [11/Sep/2026:12:38:17 -0400] "GET / HTTP/1.1" 200 301754 "https://www.google.com/" "Mozilla/5.0 (Windows NT 10.0; Win64; x64) AppleWebKit/537.36 (KHTML, like Gecko) Chrome/153.0.0.0 Safari/537.36"
66.249.79.224 - - [11/Sep/2026:12:41:12 -0400] "GET /wp-content/plugins/essential-addons-for-elementor-lite/assets/front-end/img/image-masking/svg-shapes/upload.svg HTTP/1.1" 200 888 "-" "Googlebot-Image/1.0"
44.207.69.106 - - [11/Sep/2026:12:56:06 -0400] "GET /wp-content/plugins/elementor-pro/modules/animated-headline/ HTTP/1.1" 200 1311 "-" "Mozilla/5.0 AppleWebKit/537.36 (KHTML, like Gecko; compatible; Amazonbot/0.1; +https://developer.amazon.com/support/amazonbot) Chrome/119.0.6045.214 Safari/537.36"
34.194.226.74 - - [11/Sep/2026:12:56:25 -0400] "GET /wp-content/plugins/elementor/modules/site-navigation/rest-fields/ HTTP/1.1" 200 991 "-" "Mozilla/5.0 AppleWebKit/537.36 (KHTML, like Gecko; compatible; Amazonbot/0.1; +https://developer.amazon.com/support/amazonbot) Chrome/119.0.6045.214 Safari/537.36"
199.250.222.155 - - [11/Sep/2026:13:08:59 -0400] "POST /wp-cron.php?doing_wp_cron=1789146539.0105090141296386718750 HTTP/1.1" 200 - "-" "WordPress/7.1; https://hidalgoresidences.mx/en/"
114.119.150.95 - - [11/Sep/2026:13:08:57 -0400] "GET /en HTTP/1.1" 301 - "https://hidalgoresidences.mx/en" "Mozilla/5.0 (Linux; Android 7.0;) AppleWebKit/537.36 (HTML, like Gecko) Mobile Safari/537.36 (compatible; PetalBot;+https://webmaster.petalsearch.com/site/petalbot)"
114.119.150.95 - - [11/Sep/2026:13:09:00 -0400] "GET /en/ HTTP/1.1" 200 282959 "https://hidalgoresidences.mx/en" "Mozilla/5.0 (Linux; Android 7.0;) AppleWebKit/537.36 (HTML, like Gecko) Mobile Safari/537.36 (compatible; PetalBot;+https://webmaster.petalsearch.com/site/petalbot)"
199.250.222.155 - - [11/Sep/2026:13:10:31 -0400] "POST /wp-cron.php?doing_wp_cron=1789146631.1394860744476318359375 HTTP/1.1" 200 - "-" "WordPress/7.1; https://hidalgoresidences.mx"
114.119.154.67 - - [11/Sep/2026:13:10:29 -0400] "GET / HTTP/1.1" 200 301974 "https://hidalgoresidences.mx/" "Mozilla/5.0 (Linux; Android 7.0;) AppleWebKit/537.36 (HTML, like Gecko) Mobile Safari/537.36 (compatible; PetalBot;+https://webmaster.petalsearch.com/site/petalbot)"
199.250.222.155 - - [11/Sep/2026:13:17:18 -0400] "POST /wp-cron.php?doing_wp_cron=1789147038.2522680759429931640625 HTTP/1.1" 200 - "-" "WordPress/7.1; https://hidalgoresidences.mx"
5.38.31.0 - - [11/Sep/2026:13:17:17 -0400] "GET / HTTP/1.1" 301 - "-" "Mozilla/5.0 (Windows NT 10.0; Win64; x64) AppleWebKit/537.36 (KHTML, like Gecko) Chrome/151.0.0.0 Safari/537.36"
86.98.132.161 - - [11/Sep/2026:13:17:19 -0400] "GET / HTTP/1.1" 200 301685 "-" "Mozilla/5.0 (Windows NT 10.0; Win64; x64) AppleWebKit/537.36 (KHTML, like Gecko) Chrome/151.0.0.0 Safari/537.36"
217.164.6.104 - - [11/Sep/2026:13:17:24 -0400] "GET /wp-json/wp/v2/users?_fields=slug&per_page=100&page=1 HTTP/1.1" 200 26 "-" "Mozilla/5.0 (Windows NT 10.0; Win64; x64) AppleWebKit/537.36 (KHTML, like Gecko) Chrome/151.0.0.0 Safari/537.36"
217.164.6.104 - - [11/Sep/2026:13:17:26 -0400] "GET /?rest_route=/wp/v2/users&_fields=slug&per_page=100&page=1 HTTP/1.1" 200 26 "-" "Mozilla/5.0 (Windows NT 10.0; Win64; x64) AppleWebKit/537.36 (KHTML, like Gecko) Chrome/151.0.0.0 Safari/537.36"
217.164.6.104 - - [11/Sep/2026:13:17:28 -0400] "GET /feed/ HTTP/1.1" 200 877 "-" "Mozilla/5.0 (Windows NT 10.0; Win64; x64) AppleWebKit/537.36 (KHTML, like Gecko) Chrome/151.0.0.0 Safari/537.36"
217.164.6.104 - - [11/Sep/2026:13:17:29 -0400] "GET /feed/atom/ HTTP/1.1" 200 632 "-" "Mozilla/5.0 (Windows NT 10.0; Win64; x64) AppleWebKit/537.36 (KHTML, like Gecko) Chrome/151.0.0.0 Safari/537.36"
217.164.6.104 - - [11/Sep/2026:13:17:30 -0400] "GET /rss/ HTTP/1.1" 301 - "-" "Mozilla/5.0 (Windows NT 10.0; Win64; x64) AppleWebKit/537.36 (KHTML, like Gecko) Chrome/151.0.0.0 Safari/537.36"
217.164.6.104 - - [11/Sep/2026:13:17:32 -0400] "GET /feed/ HTTP/1.1" 200 877 "-" "Mozilla/5.0 (Windows NT 10.0; Win64; x64) AppleWebKit/537.36 (KHTML, like Gecko) Chrome/151.0.0.0 Safari/537.36"
217.164.6.104 - - [11/Sep/2026:13:17:33 -0400] "GET /wp-sitemap-users-1.xml HTTP/1.1" 404 268 "-" "Mozilla/5.0 (Windows NT 10.0; Win64; x64) AppleWebKit/537.36 (KHTML, like Gecko) Chrome/151.0.0.0 Safari/537.36"
217.164.6.104 - - [11/Sep/2026:13:17:35 -0400] "GET /author-sitemap.xml HTTP/1.1" 404 49875 "-" "Mozilla/5.0 (Windows NT 10.0; Win64; x64) AppleWebKit/537.36 (KHTML, like Gecko) Chrome/151.0.0.0 Safari/537.36"
217.164.6.104 - - [11/Sep/2026:13:17:37 -0400] "GET /sitemap.xml HTTP/1.1" 404 381 "-" "Mozilla/5.0 (Windows NT 10.0; Win64; x64) AppleWebKit/537.36 (KHTML, like Gecko) Chrome/151.0.0.0 Safari/537.36"
217.164.6.104 - - [11/Sep/2026:13:17:40 -0400] "GET /wp-json/wp/v2/posts?per_page=20&_embed=author&_fields=_embedded HTTP/1.1" 200 2 "-" "Mozilla/5.0 (Windows NT 10.0; Win64; x64) AppleWebKit/537.36 (KHTML, like Gecko) Chrome/151.0.0.0 Safari/537.36"
217.164.6.104 - - [11/Sep/2026:13:17:42 -0400] "GET /wp-json/oembed/1.0/embed?url=https%3A%2F%2Fwww.hidalgoresidences.mx.ventaspeninsula.mx&format=json HTTP/1.1" 404 73 "-" "Mozilla/5.0 (Windows NT 10.0; Win64; x64) AppleWebKit/537.36 (KHTML, like Gecko) Chrome/151.0.0.0 Safari/537.36"
217.164.6.104 - - [11/Sep/2026:13:17:43 -0400] "POST /graphql HTTP/1.1" 404 49875 "-" "Mozilla/5.0 (Windows NT 10.0; Win64; x64) AppleWebKit/537.36 (KHTML, like Gecko) Chrome/151.0.0.0 Safari/537.36"
217.164.6.104 - - [11/Sep/2026:13:17:46 -0400] "POST /api/graphql HTTP/1.1" 404 49875 "-" "Mozilla/5.0 (Windows NT 10.0; Win64; x64) AppleWebKit/537.36 (KHTML, like Gecko) Chrome/151.0.0.0 Safari/537.36"
217.164.6.104 - - [11/Sep/2026:13:17:48 -0400] "GET /?rest_route=/wp/v2/users&_jsonp=callback&per_page=100&_fields=id,slug HTTP/1.1" 200 47 "-" "Mozilla/5.0 (Windows NT 10.0; Win64; x64) AppleWebKit/537.36 (KHTML, like Gecko) Chrome/151.0.0.0 Safari/537.36"
217.164.6.104 - - [11/Sep/2026:13:17:49 -0400] "GET /wp-json/wp/v2/users?_jsonp=callback&per_page=100&_fields=id,slug HTTP/1.1" 200 47 "-" "Mozilla/5.0 (Windows NT 10.0; Win64; x64) AppleWebKit/537.36 (KHTML, like Gecko) Chrome/151.0.0.0 Safari/537.36"
217.164.6.104 - - [11/Sep/2026:13:17:51 -0400] "GET /author-sitemap.xml HTTP/1.1" 404 49875 "-" "Mozilla/5.0 (Windows NT 10.0; Win64; x64) AppleWebKit/537.36 (KHTML, like Gecko) Chrome/151.0.0.0 Safari/537.36"
217.164.6.104 - - [11/Sep/2026:13:17:53 -0400] "GET /sitemap_index.xml HTTP/1.1" 404 49875 "-" "Mozilla/5.0 (Windows NT 10.0; Win64; x64) AppleWebKit/537.36 (KHTML, like Gecko) Chrome/151.0.0.0 Safari/537.36"
217.164.6.104 - - [11/Sep/2026:13:17:55 -0400] "GET /wp-sitemap-users-1.xml HTTP/1.1" 404 268 "-" "Mozilla/5.0 (Windows NT 10.0; Win64; x64) AppleWebKit/537.36 (KHTML, like Gecko) Chrome/151.0.0.0 Safari/537.36"
199.250.222.155 - - [11/Sep/2026:13:22:02 -0400] "POST /wp-cron.php?doing_wp_cron=1789147322.2889730930328369140625 HTTP/1.1" 200 - "-" "WordPress/7.1; https://hidalgoresidences.mx"
106.75.178.54 - - [11/Sep/2026:13:22:00 -0400] "GET / HTTP/1.1" 301 - "-" "Mozilla/5.0 (Windows NT 6.1) AppleWebKit/537.36 (KHTML, like Gecko) Chrome/49.0.2623.112 Safari/537.36"
106.75.178.54 - - [11/Sep/2026:13:21:59 -0400] "GET / HTTP/1.1" 200 301685 "-" "Mozilla/5.0 (Windows NT 6.1) AppleWebKit/537.36 (KHTML, like Gecko) Chrome/49.0.2623.112 Safari/537.36"
199.250.222.155 - - [11/Sep/2026:13:22:05 -0400] "POST /wp-cron.php?doing_wp_cron=1789147325.7508089542388916015625 HTTP/1.1" 200 - "-" "WordPress/7.1; https://hidalgoresidences.mx"
106.75.178.54 - - [11/Sep/2026:13:21:59 -0400] "GET / HTTP/1.1" 200 221160 "-" "Mozilla/5.0 (Windows NT 6.1) AppleWebKit/537.36 (KHTML, like Gecko) Chrome/49.0.2623.112 Safari/537.36"
106.75.178.54 - - [11/Sep/2026:13:22:08 -0400] "GET / HTTP/1.1" 200 118456 "-" "Mozilla/5.0 (Windows NT 6.1) AppleWebKit/537.36 (KHTML, like Gecko) Chrome/49.0.2623.112 Safari/537.36"
199.250.222.155 - - [11/Sep/2026:13:24:30 -0400] "POST /wp-cron.php?doing_wp_cron=1789147470.7468171119689941406250 HTTP/1.1" 200 - "-" "WordPress/7.1; https://hidalgoresidences.mx"
216.73.217.60 - - [11/Sep/2026:13:24:29 -0400] "GET /robots.txt HTTP/1.1" 200 277 "-" "Mozilla/5.0 AppleWebKit/537.36 (KHTML, like Gecko; compatible; ClaudeBot/1.0; +claudebot@anthropic.com)"
216.73.217.60 - - [11/Sep/2026:13:24:30 -0400] "GET /wp-sitemap.xml HTTP/1.1" 404 381 "-" "Mozilla/5.0 AppleWebKit/537.36 (KHTML, like Gecko; compatible; ClaudeBot/1.0; +claudebot@anthropic.com)"
52.167.144.169 - - [11/Sep/2026:13:25:21 -0400] "GET /wp-content/plugins/wpforms/vendor_prefixed/stripe/stripe-php/lib/Billing/Meter.php HTTP/1.1" 500 - "-" "Mozilla/5.0 AppleWebKit/537.36 (KHTML, like Gecko; compatible; bingbot/2.0; +http://www.bing.com/bingbot.htm) Chrome/116.0.1938.76 Safari/537.36"
52.167.144.161 - - [11/Sep/2026:13:27:57 -0400] "GET /wp-content/plugins/wpforms/vendor_prefixed/stripe/stripe-php/lib/Billing/Meter.php HTTP/1.1" 500 - "-" "Mozilla/5.0 AppleWebKit/537.36 (KHTML, like Gecko; compatible; bingbot/2.0; +http://www.bing.com/bingbot.htm) Chrome/116.0.1938.76 Safari/537.36"
52.167.144.161 - - [11/Sep/2026:13:31:59 -0400] "GET /wp-content/plugins/wpforms/vendor_prefixed/stripe/stripe-php/lib/Billing/Meter.php HTTP/1.1" 500 - "-" "Mozilla/5.0 AppleWebKit/537.36 (KHTML, like Gecko; compatible; bingbot/2.0; +http://www.bing.com/bingbot.htm) Chrome/116.0.1938.76 Safari/537.36"
52.167.144.161 - - [11/Sep/2026:13:33:56 -0400] "GET /wp-content/plugins/wpforms/vendor_prefixed/stripe/stripe-php/lib/Billing/Meter.php HTTP/1.1" 500 - "-" "Mozilla/5.0 AppleWebKit/537.36 (KHTML, like Gecko; compatible; bingbot/2.0; +http://www.bing.com/bingbot.htm) Chrome/116.0.1938.76 Safari/537.36"
199.250.222.155 - - [11/Sep/2026:13:34:17 -0400] "POST /wp-cron.php?doing_wp_cron=1789148057.7586910724639892578125 HTTP/1.1" 200 - "-" "WordPress/7.1; https://hidalgoresidences.mx"
205.210.31.154 - - [11/Sep/2026:13:34:16 -0400] "GET / HTTP/1.1" 301 - "-" "Hello from Palo Alto Networks, find out more about our scans in https://docs-cortex.paloaltonetworks.com/r/1/Cortex-Xpanse/Scanning-activity"
41.250.223.49 - - [11/Sep/2026:13:34:47 -0400] "GET /author/hidalgo304903/ HTTP/1.1" 200 47689 "-" "Mozilla/5.0 (Macintosh; Intel Mac OS X 12_3_1) AppleWebKit/537.36 (KHTML, like Gecko) Chrome/130.0.6723.191 Safari/537.36"
199.250.222.155 - - [11/Sep/2026:13:35:28 -0400] "POST /wp-cron.php?doing_wp_cron=1789148128.0488419532775878906250 HTTP/1.1" 200 - "-" "WordPress/7.1; https://hidalgoresidences.mx"
178.119.77.177 - - [11/Sep/2026:13:35:26 -0400] "GET /wp-login.php HTTP/1.1" 200 9766 "-" "Mozilla/5.0 (Macintosh; Intel Mac OS X 10_15_7) AppleWebKit/537.36 (KHTML, like Gecko) Chrome/152.0.0.0 Safari/537.36"
78.22.11.2 - - [11/Sep/2026:13:35:29 -0400] "POST /wp-login.php HTTP/1.1" 200 10229 "https://hidalgoresidences.mx.ventaspeninsula.mx/wp-login.php" "Mozilla/5.0 (Macintosh; Intel Mac OS X 10_15_7) AppleWebKit/537.36 (KHTML, like Gecko) Chrome/152.0.0.0 Safari/537.36"
44.206.65.8 - - [11/Sep/2026:13:50:34 -0400] "GET /wp-content/plugins/wpforms/vendor_prefixed/ HTTP/1.1" 200 2497 "-" "Mozilla/5.0 AppleWebKit/537.36 (KHTML, like Gecko; compatible; Amazonbot/0.1; +https://developer.amazon.com/support/amazonbot) Chrome/119.0.6045.214 Safari/537.36"
52.205.113.104 - - [11/Sep/2026:13:57:17 -0400] "GET /wp-content/plugins/elementor/core/editor/data/globals/ HTTP/1.1" 200 1137 "-" "Mozilla/5.0 AppleWebKit/537.36 (KHTML, like Gecko; compatible; Amazonbot/0.1; +https://developer.amazon.com/support/amazonbot) Chrome/119.0.6045.214 Safari/537.36"
162.14.81.106 - - [11/Sep/2026:14:00:50 -0400] "GET / HTTP/1.1" 200 301971 "http://hidalgoresidences.mx" "Mozilla/5.0 (iPhone; CPU iPhone OS 13_2_3 like Mac OS X) AppleWebKit/605.1.15 (KHTML, like Gecko) Version/13.0.3 Mobile/15E148 Safari/604.1"
54.159.18.27 - - [11/Sep/2026:14:01:37 -0400] "GET /wp-content/plugins/elementor-pro/assets/ HTTP/1.1" 200 1599 "-" "Mozilla/5.0 AppleWebKit/537.36 (KHTML, like Gecko; compatible; Amazonbot/0.1; +https://developer.amazon.com/support/amazonbot) Chrome/119.0.6045.214 Safari/537.36"
98.82.63.147 - - [11/Sep/2026:14:05:29 -0400] "GET /wp-content/plugins/elementor-pro/modules/table-of-contents/ HTTP/1.1" 200 1311 "-" "Mozilla/5.0 AppleWebKit/537.36 (KHTML, like Gecko; compatible; Amazonbot/0.1; +https://developer.amazon.com/support/amazonbot) Chrome/119.0.6045.214 Safari/537.36"
199.250.222.155 - - [11/Sep/2026:14:09:54 -0400] "POST /wp-cron.php?doing_wp_cron=1789150194.4059309959411621093750 HTTP/1.1" 200 - "-" "WordPress/7.1; https://hidalgoresidences.mx"
74.14.187.125 - - [11/Sep/2026:14:09:53 -0400] "POST /xmlrpc.php HTTP/1.1" 200 416 "-" "Jetpack by WordPress.com (Jetpack 12.0; WordPress 6.4)"
74.14.187.125 - - [11/Sep/2026:14:10:03 -0400] "POST /xmlrpc.php HTTP/1.1" 200 416 "-" "WordPress.com; https://wordpress.com"
104.28.50.32 - - [11/Sep/2026:14:10:07 -0400] "GET / HTTP/1.1" 200 147440 "-" "Mozilla/5.0 (iPhone; CPU iPhone OS 18_7 like Mac OS X) AppleWebKit/605.1.15 (KHTML, like Gecko) Version/26.6.1 Mobile/15E148 Safari/604.1"
199.250.222.155 - - [11/Sep/2026:14:10:15 -0400] "POST /wp-cron.php?doing_wp_cron=1789150215.2632260322570800781250 HTTP/1.1" 200 - "-" "WordPress/7.1; https://hidalgoresidences.mx"
74.14.187.125 - - [11/Sep/2026:14:10:13 -0400] "POST /xmlrpc.php HTTP/1.1" 200 416 "-" "Jetpack/13.0; WordPress/6.4; http://site14570486.com"
74.14.187.125 - - [11/Sep/2026:14:10:24 -0400] "POST /xmlrpc.php HTTP/1.1" 200 416 "-" "Jetpack/13.0; WordPress/6.4; http://site49733243.com"
74.14.187.125 - - [11/Sep/2026:14:10:35 -0400] "POST /xmlrpc.php HTTP/1.1" 406 300 "-" "Jetpack/13.0; WordPress/6.3; http://site96769688.com"
74.14.187.125 - - [11/Sep/2026:14:10:45 -0400] "POST /xmlrpc.php HTTP/1.1" 200 416 "-" "Jetpack by WordPress.com"
74.14.187.125 - - [11/Sep/2026:14:10:56 -0400] "POST /xmlrpc.php HTTP/1.1" 200 416 "-" "Jetpack by WordPress.com (Jetpack 13.0; WordPress 6.3)"
199.250.222.155 - - [11/Sep/2026:14:11:08 -0400] "POST /wp-cron.php?doing_wp_cron=1789150268.5052149295806884765625 HTTP/1.1" 200 - "-" "WordPress/7.1; https://hidalgoresidences.mx"
74.14.187.125 - - [11/Sep/2026:14:11:07 -0400] "POST /xmlrpc.php HTTP/1.1" 200 416 "-" "Jetpack/12.1; WordPress/6.4; http://site44284688.com"
74.14.187.125 - - [11/Sep/2026:14:11:17 -0400] "POST /xmlrpc.php HTTP/1.1" 406 300 "-" "Jetpack by WordPress.com (Jetpack 12.1; WordPress 6.3)"
74.14.187.125 - - [11/Sep/2026:14:11:28 -0400] "POST /xmlrpc.php HTTP/1.1" 200 416 "-" "Jetpack by WordPress.com"
74.14.187.125 - - [11/Sep/2026:14:11:38 -0400] "POST /xmlrpc.php HTTP/1.1" 200 416 "-" "Jetpack by WordPress.com (Jetpack 12.1; WordPress 6.3)"
74.14.187.125 - - [11/Sep/2026:14:11:49 -0400] "POST /xmlrpc.php HTTP/1.1" 200 416 "-" "Jetpack/12.1; WordPress/6.2; http://site20423153.com"
74.14.187.125 - - [11/Sep/2026:14:11:59 -0400] "POST /xmlrpc.php HTTP/1.1" 406 300 "-" "Jetpack by WordPress.com"
199.250.222.155 - - [11/Sep/2026:14:12:11 -0400] "POST /wp-cron.php?doing_wp_cron=1789150331.5179679393768310546875 HTTP/1.1" 200 - "-" "WordPress/7.1; https://hidalgoresidences.mx"
74.14.187.125 - - [11/Sep/2026:14:12:10 -0400] "POST /xmlrpc.php HTTP/1.1" 200 416 "-" "Jetpack by WordPress.com"
74.14.187.125 - - [11/Sep/2026:14:12:20 -0400] "POST /xmlrpc.php HTTP/1.1" 200 416 "-" "Jetpack/12.5; WordPress/6.2; http://site21367136.com"
74.14.187.125 - - [11/Sep/2026:14:12:31 -0400] "POST /xmlrpc.php HTTP/1.1" 200 416 "-" "Jetpack by WordPress.com"
74.14.187.125 - - [11/Sep/2026:14:12:41 -0400] "POST /xmlrpc.php HTTP/1.1" 406 300 "-" "Jetpack by WordPress.com (Jetpack 12.1; WordPress 6.2)"
74.14.187.125 - - [11/Sep/2026:14:12:52 -0400] "POST /xmlrpc.php HTTP/1.1" 200 416 "-" "Jetpack by WordPress.com"
74.14.187.125 - - [11/Sep/2026:14:13:02 -0400] "POST /xmlrpc.php HTTP/1.1" 200 416 "-" "Jetpack/13.0; WordPress/6.2; http://site73336565.com"
199.250.222.155 - - [11/Sep/2026:14:13:14 -0400] "POST /wp-cron.php?doing_wp_cron=1789150394.7390680313110351562500 HTTP/1.1" 200 - "-" "WordPress/7.1; https://hidalgoresidences.mx"
74.14.187.125 - - [11/Sep/2026:14:13:13 -0400] "POST /xmlrpc.php HTTP/1.1" 200 416 "-" "Jetpack by WordPress.com (Jetpack 13.0; WordPress 6.2)"
74.14.187.125 - - [11/Sep/2026:14:13:24 -0400] "POST /xmlrpc.php HTTP/1.1" 406 300 "-" "WordPress.com; https://wordpress.com"
74.14.187.125 - - [11/Sep/2026:14:13:34 -0400] "POST /xmlrpc.php HTTP/1.1" 406 300 "-" "WordPress.com; https://wordpress.com"
74.14.187.125 - - [11/Sep/2026:14:13:45 -0400] "POST /xmlrpc.php HTTP/1.1" 200 416 "-" "Jetpack by WordPress.com"
74.14.187.125 - - [11/Sep/2026:14:13:55 -0400] "POST /xmlrpc.php HTTP/1.1" 406 300 "-" "Jetpack by WordPress.com (Jetpack 13.0; WordPress 6.1)"
74.14.187.125 - - [11/Sep/2026:14:14:06 -0400] "POST /xmlrpc.php HTTP/1.1" 406 300 "-" "Jetpack/13.0; WordPress/6.2; http://site42606831.com"
74.14.187.125 - - [11/Sep/2026:14:14:16 -0400] "POST /xmlrpc.php HTTP/1.1" 406 300 "-" "Jetpack by WordPress.com"
74.14.187.125 - - [11/Sep/2026:14:14:27 -0400] "POST /xmlrpc.php HTTP/1.1" 406 300 "-" "WordPress.com; https://wordpress.com"
74.14.187.125 - - [11/Sep/2026:14:14:37 -0400] "POST /xmlrpc.php HTTP/1.1" 406 300 "-" "WordPress.com; https://wordpress.com"
199.250.222.155 - - [11/Sep/2026:14:14:49 -0400] "POST /wp-cron.php?doing_wp_cron=1789150489.7864530086517333984375 HTTP/1.1" 200 - "-" "WordPress/7.1; https://hidalgoresidences.mx"
74.14.187.125 - - [11/Sep/2026:14:14:48 -0400] "POST /xmlrpc.php HTTP/1.1" 200 416 "-" "WordPress.com; https://wordpress.com"
74.14.187.125 - - [11/Sep/2026:14:14:59 -0400] "POST /xmlrpc.php HTTP/1.1" 406 300 "-" "Jetpack/12.1; WordPress/6.4; http://site71775308.com"
74.14.187.125 - - [11/Sep/2026:14:15:09 -0400] "POST /xmlrpc.php HTTP/1.1" 406 300 "-" "Jetpack/12.0; WordPress/6.3; http://site44241154.com"
74.14.187.125 - - [11/Sep/2026:14:15:20 -0400] "POST /xmlrpc.php HTTP/1.1" 406 300 "-" "Jetpack by WordPress.com (Jetpack 12.5; WordPress 6.1)"
74.14.187.125 - - [11/Sep/2026:14:15:30 -0400] "POST /xmlrpc.php HTTP/1.1" 406 300 "-" "Jetpack/13.0; WordPress/6.2; http://site23454477.com"
74.14.187.125 - - [11/Sep/2026:14:15:41 -0400] "POST /xmlrpc.php HTTP/1.1" 406 300 "-" "Jetpack by WordPress.com"
199.250.222.155 - - [11/Sep/2026:14:15:52 -0400] "POST /wp-cron.php?doing_wp_cron=1789150552.9678919315338134765625 HTTP/1.1" 200 - "-" "WordPress/7.1; https://hidalgoresidences.mx"
74.14.187.125 - - [11/Sep/2026:14:15:51 -0400] "POST /xmlrpc.php HTTP/1.1" 200 416 "-" "Jetpack by WordPress.com"
74.14.187.125 - - [11/Sep/2026:14:16:02 -0400] "POST /xmlrpc.php HTTP/1.1" 406 300 "-" "Jetpack by WordPress.com"
74.14.187.125 - - [11/Sep/2026:14:16:12 -0400] "POST /xmlrpc.php HTTP/1.1" 406 300 "-" "WordPress.com; https://wordpress.com"
74.14.187.125 - - [11/Sep/2026:14:16:23 -0400] "POST /xmlrpc.php HTTP/1.1" 406 300 "-" "Jetpack/13.0; WordPress/6.4; http://site11275925.com"
74.14.187.125 - - [11/Sep/2026:14:16:33 -0400] "POST /xmlrpc.php HTTP/1.1" 406 300 "-" "Jetpack/12.1; WordPress/6.4; http://site29743408.com"
74.14.187.125 - - [11/Sep/2026:14:16:44 -0400] "POST /xmlrpc.php HTTP/1.1" 406 300 "-" "Jetpack by WordPress.com"
199.250.222.155 - - [11/Sep/2026:14:16:56 -0400] "POST /wp-cron.php?doing_wp_cron=1789150616.2005610466003417968750 HTTP/1.1" 200 - "-" "WordPress/7.1; https://hidalgoresidences.mx"
74.14.187.125 - - [11/Sep/2026:14:16:54 -0400] "POST /xmlrpc.php HTTP/1.1" 200 416 "-" "Jetpack by WordPress.com"
74.14.187.125 - - [11/Sep/2026:14:17:05 -0400] "POST /xmlrpc.php HTTP/1.1" 406 300 "-" "Jetpack by WordPress.com (Jetpack 12.5; WordPress 6.1)"
74.14.187.125 - - [11/Sep/2026:14:17:15 -0400] "POST /xmlrpc.php HTTP/1.1" 406 300 "-" "Jetpack/12.0; WordPress/6.3; http://site28677690.com"
74.14.187.125 - - [11/Sep/2026:14:17:26 -0400] "POST /xmlrpc.php HTTP/1.1" 406 300 "-" "Jetpack by WordPress.com"
74.14.187.125 - - [11/Sep/2026:14:17:37 -0400] "POST /xmlrpc.php HTTP/1.1" 406 300 "-" "WordPress.com; https://wordpress.com"
74.14.187.125 - - [11/Sep/2026:14:17:47 -0400] "POST /xmlrpc.php HTTP/1.1" 406 300 "-" "Jetpack by WordPress.com"
199.250.222.155 - - [11/Sep/2026:14:17:59 -0400] "POST /wp-cron.php?doing_wp_cron=1789150679.4690680503845214843750 HTTP/1.1" 200 - "-" "WordPress/7.1; https://hidalgoresidences.mx"
74.14.187.125 - - [11/Sep/2026:14:17:58 -0400] "POST /xmlrpc.php HTTP/1.1" 200 416 "-" "WordPress.com; https://wordpress.com"
74.14.187.125 - - [11/Sep/2026:14:18:08 -0400] "POST /xmlrpc.php HTTP/1.1" 406 300 "-" "Jetpack by WordPress.com"
74.14.187.125 - - [11/Sep/2026:14:18:19 -0400] "POST /xmlrpc.php HTTP/1.1" 406 300 "-" "WordPress.com; https://wordpress.com"
74.14.187.125 - - [11/Sep/2026:14:18:29 -0400] "POST /xmlrpc.php HTTP/1.1" 406 300 "-" "Jetpack by WordPress.com"
74.14.187.125 - - [11/Sep/2026:14:18:40 -0400] "POST /xmlrpc.php HTTP/1.1" 406 300 "-" "Jetpack/12.5; WordPress/6.4; http://site19423250.com"
74.14.187.125 - - [11/Sep/2026:14:18:50 -0400] "POST /xmlrpc.php HTTP/1.1" 406 300 "-" "Jetpack/13.0; WordPress/6.4; http://site49635969.com"
199.250.222.155 - - [11/Sep/2026:14:19:03 -0400] "POST /wp-cron.php?doing_wp_cron=1789150742.8984799385070800781250 HTTP/1.1" 200 - "-" "WordPress/7.1; https://hidalgoresidences.mx"
74.14.187.125 - - [11/Sep/2026:14:19:01 -0400] "POST /xmlrpc.php HTTP/1.1" 200 416 "-" "Jetpack by WordPress.com (Jetpack 12.1; WordPress 6.3)"
74.14.187.125 - - [11/Sep/2026:14:19:11 -0400] "POST /xmlrpc.php HTTP/1.1" 406 300 "-" "Jetpack/13.0; WordPress/6.4; http://site60534707.com"
74.14.187.125 - - [11/Sep/2026:14:19:22 -0400] "POST /xmlrpc.php HTTP/1.1" 406 300 "-" "Jetpack by WordPress.com (Jetpack 12.1; WordPress 6.2)"
199.250.222.155 - - [11/Sep/2026:14:19:23 -0400] "POST /wp-cron.php?doing_wp_cron=1789150763.9624478816986083984375 HTTP/1.1" 200 - "-" "WordPress/7.1; https://hidalgoresidences.mx"
52.167.144.232 - - [11/Sep/2026:14:19:21 -0400] "GET / HTTP/1.1" 200 301685 "-" "Mozilla/5.0 AppleWebKit/537.36 (KHTML, like Gecko; compatible; bingbot/2.0; +http://www.bing.com/bingbot.htm) Chrome/116.0.1938.76 Safari/537.36"
74.14.187.125 - - [11/Sep/2026:14:19:32 -0400] "POST /xmlrpc.php HTTP/1.1" 406 300 "-" "Jetpack/13.0; WordPress/6.3; http://site18348928.com"
74.14.187.125 - - [11/Sep/2026:14:19:43 -0400] "POST /xmlrpc.php HTTP/1.1" 406 300 "-" "Jetpack by WordPress.com (Jetpack 12.0; WordPress 6.1)"
74.14.187.125 - - [11/Sep/2026:14:19:54 -0400] "POST /xmlrpc.php HTTP/1.1" 406 300 "-" "Jetpack by WordPress.com (Jetpack 12.0; WordPress 6.1)"
74.14.187.125 - - [11/Sep/2026:14:20:05 -0400] "POST /xmlrpc.php HTTP/1.1" 406 300 "-" "Jetpack by WordPress.com"
199.250.222.155 - - [11/Sep/2026:14:20:16 -0400] "POST /wp-cron.php?doing_wp_cron=1789150816.8820490837097167968750 HTTP/1.1" 200 - "-" "WordPress/7.1; https://hidalgoresidences.mx"
74.14.187.125 - - [11/Sep/2026:14:20:15 -0400] "POST /xmlrpc.php HTTP/1.1" 200 416 "-" "WordPress.com; https://wordpress.com"
74.14.187.125 - - [11/Sep/2026:14:20:26 -0400] "POST /xmlrpc.php HTTP/1.1" 406 300 "-" "WordPress.com; https://wordpress.com"
74.14.187.125 - - [11/Sep/2026:14:20:36 -0400] "POST /xmlrpc.php HTTP/1.1" 406 300 "-" "Jetpack by WordPress.com"
74.14.187.125 - - [11/Sep/2026:14:20:47 -0400] "POST /xmlrpc.php HTTP/1.1" 406 300 "-" "Jetpack by WordPress.com (Jetpack 12.0; WordPress 6.1)"
74.14.187.125 - - [11/Sep/2026:14:20:58 -0400] "POST /xmlrpc.php HTTP/1.1" 406 300 "-" "Jetpack by WordPress.com"
74.14.187.125 - - [11/Sep/2026:14:21:08 -0400] "POST /xmlrpc.php HTTP/1.1" 406 300 "-" "Jetpack by WordPress.com (Jetpack 13.0; WordPress 6.3)"
199.250.222.155 - - [11/Sep/2026:14:21:21 -0400] "POST /wp-cron.php?doing_wp_cron=1789150881.7734808921813964843750 HTTP/1.1" 200 - "-" "WordPress/7.1; https://hidalgoresidences.mx"
74.14.187.125 - - [11/Sep/2026:14:21:19 -0400] "POST /xmlrpc.php HTTP/1.1" 200 416 "-" "Jetpack by WordPress.com"
74.14.187.125 - - [11/Sep/2026:14:21:29 -0400] "POST /xmlrpc.php HTTP/1.1" 406 300 "-" "Jetpack/13.0; WordPress/6.2; http://site47302051.com"
74.14.187.125 - - [11/Sep/2026:14:21:40 -0400] "POST /xmlrpc.php HTTP/1.1" 406 300 "-" "Jetpack/13.0; WordPress/6.2; http://site84747633.com"
74.14.187.125 - - [11/Sep/2026:14:21:50 -0400] "POST /xmlrpc.php HTTP/1.1" 406 300 "-" "Jetpack by WordPress.com (Jetpack 12.0; WordPress 6.3)"
74.14.187.125 - - [11/Sep/2026:14:22:01 -0400] "POST /xmlrpc.php HTTP/1.1" 406 300 "-" "Jetpack by WordPress.com"
74.14.187.125 - - [11/Sep/2026:14:22:11 -0400] "POST /xmlrpc.php HTTP/1.1" 406 300 "-" "Jetpack by WordPress.com (Jetpack 12.5; WordPress 6.4)"
74.14.187.125 - - [11/Sep/2026:14:22:22 -0400] "POST /xmlrpc.php HTTP/1.1" 406 300 "-" "WordPress.com; https://wordpress.com"
199.250.222.155 - - [11/Sep/2026:14:22:34 -0400] "POST /wp-cron.php?doing_wp_cron=1789150954.7495689392089843750000 HTTP/1.1" 200 - "-" "WordPress/7.1; https://hidalgoresidences.mx"
74.14.187.125 - - [11/Sep/2026:14:22:33 -0400] "POST /xmlrpc.php HTTP/1.1" 200 416 "-" "Jetpack by WordPress.com (Jetpack 13.0; WordPress 6.4)"
74.14.187.125 - - [11/Sep/2026:14:22:43 -0400] "POST /xmlrpc.php HTTP/1.1" 406 300 "-" "WordPress.com; https://wordpress.com"
74.14.187.125 - - [11/Sep/2026:14:22:54 -0400] "POST /xmlrpc.php HTTP/1.1" 406 300 "-" "Jetpack/13.0; WordPress/6.4; http://site26043546.com"
74.14.187.125 - - [11/Sep/2026:14:23:05 -0400] "POST /xmlrpc.php HTTP/1.1" 406 300 "-" "Jetpack/12.1; WordPress/6.2; http://site97154137.com"
74.14.187.125 - - [11/Sep/2026:14:23:15 -0400] "POST /xmlrpc.php HTTP/1.1" 406 300 "-" "Jetpack by WordPress.com (Jetpack 12.5; WordPress 6.4)"
74.14.187.125 - - [11/Sep/2026:14:23:26 -0400] "POST /xmlrpc.php HTTP/1.1" 406 300 "-" "Jetpack by WordPress.com"
199.250.222.155 - - [11/Sep/2026:14:23:38 -0400] "POST /wp-cron.php?doing_wp_cron=1789151018.0444641113281250000000 HTTP/1.1" 200 - "-" "WordPress/7.1; https://hidalgoresidences.mx"
74.14.187.125 - - [11/Sep/2026:14:23:36 -0400] "POST /xmlrpc.php HTTP/1.1" 200 416 "-" "Jetpack by WordPress.com (Jetpack 12.5; WordPress 6.4)"
74.14.187.125 - - [11/Sep/2026:14:23:47 -0400] "POST /xmlrpc.php HTTP/1.1" 406 300 "-" "Jetpack by WordPress.com (Jetpack 12.0; WordPress 6.4)"
74.14.187.125 - - [11/Sep/2026:14:23:57 -0400] "POST /xmlrpc.php HTTP/1.1" 406 300 "-" "Jetpack by WordPress.com (Jetpack 12.1; WordPress 6.1)"
74.14.187.125 - - [11/Sep/2026:14:24:08 -0400] "POST /xmlrpc.php HTTP/1.1" 406 300 "-" "Jetpack by WordPress.com (Jetpack 12.1; WordPress 6.4)"
74.14.187.125 - - [11/Sep/2026:14:24:18 -0400] "POST /xmlrpc.php HTTP/1.1" 406 300 "-" "Jetpack by WordPress.com"
74.14.187.125 - - [11/Sep/2026:14:24:29 -0400] "POST /xmlrpc.php HTTP/1.1" 406 300 "-" "Jetpack/12.5; WordPress/6.4; http://site71708423.com"
199.250.222.155 - - [11/Sep/2026:14:24:41 -0400] "POST /wp-cron.php?doing_wp_cron=1789151081.2851800918579101562500 HTTP/1.1" 200 - "-" "WordPress/7.1; https://hidalgoresidences.mx"
74.14.187.125 - - [11/Sep/2026:14:24:39 -0400] "POST /xmlrpc.php HTTP/1.1" 200 416 "-" "Jetpack by WordPress.com"
74.14.187.125 - - [11/Sep/2026:14:24:50 -0400] "POST /xmlrpc.php HTTP/1.1" 406 300 "-" "Jetpack by WordPress.com"
74.14.187.125 - - [11/Sep/2026:14:25:01 -0400] "POST /xmlrpc.php HTTP/1.1" 406 300 "-" "WordPress.com; https://wordpress.com"
74.14.187.125 - - [11/Sep/2026:14:25:11 -0400] "POST /xmlrpc.php HTTP/1.1" 406 300 "-" "Jetpack by WordPress.com"
74.14.187.125 - - [11/Sep/2026:14:25:22 -0400] "POST /xmlrpc.php HTTP/1.1" 406 300 "-" "Jetpack/12.5; WordPress/6.4; http://site37468882.com"
74.14.187.125 - - [11/Sep/2026:14:25:32 -0400] "POST /xmlrpc.php HTTP/1.1" 406 300 "-" "Jetpack by WordPress.com (Jetpack 13.0; WordPress 6.4)"
199.250.222.155 - - [11/Sep/2026:14:25:44 -0400] "POST /wp-cron.php?doing_wp_cron=1789151144.5916368961334228515625 HTTP/1.1" 200 - "-" "WordPress/7.1; https://hidalgoresidences.mx"
74.14.187.125 - - [11/Sep/2026:14:25:43 -0400] "POST /xmlrpc.php HTTP/1.1" 200 416 "-" "Jetpack by WordPress.com (Jetpack 12.1; WordPress 6.2)"
74.14.187.125 - - [11/Sep/2026:14:25:53 -0400] "POST /xmlrpc.php HTTP/1.1" 406 300 "-" "Jetpack/13.0; WordPress/6.1; http://site49672568.com"
74.14.187.125 - - [11/Sep/2026:14:26:04 -0400] "POST /xmlrpc.php HTTP/1.1" 406 300 "-" "Jetpack by WordPress.com"
74.14.187.125 - - [11/Sep/2026:14:26:14 -0400] "POST /xmlrpc.php HTTP/1.1" 406 300 "-" "Jetpack by WordPress.com (Jetpack 12.1; WordPress 6.3)"
74.14.187.125 - - [11/Sep/2026:14:26:25 -0400] "POST /xmlrpc.php HTTP/1.1" 406 300 "-" "Jetpack/12.5; WordPress/6.1; http://site36885196.com"
74.14.187.125 - - [11/Sep/2026:14:26:35 -0400] "POST /xmlrpc.php HTTP/1.1" 406 300 "-" "WordPress.com; https://wordpress.com"
199.250.222.155 - - [11/Sep/2026:14:26:47 -0400] "POST /wp-cron.php?doing_wp_cron=1789151207.7588350772857666015625 HTTP/1.1" 200 - "-" "WordPress/7.1; https://hidalgoresidences.mx"
74.14.187.125 - - [11/Sep/2026:14:26:46 -0400] "POST /xmlrpc.php HTTP/1.1" 200 416 "-" "Jetpack/12.0; WordPress/6.3; http://site49384725.com"
74.14.187.125 - - [11/Sep/2026:14:26:56 -0400] "POST /xmlrpc.php HTTP/1.1" 406 300 "-" "Jetpack by WordPress.com"
74.14.187.125 - - [11/Sep/2026:14:27:07 -0400] "POST /xmlrpc.php HTTP/1.1" 406 300 "-" "Jetpack by WordPress.com"
74.14.187.125 - - [11/Sep/2026:14:27:18 -0400] "POST /xmlrpc.php HTTP/1.1" 406 300 "-" "Jetpack/12.1; WordPress/6.1; http://site27981953.com"
74.14.187.125 - - [11/Sep/2026:14:27:28 -0400] "POST /xmlrpc.php HTTP/1.1" 406 300 "-" "Jetpack/12.1; WordPress/6.4; http://site32677063.com"
74.14.187.125 - - [11/Sep/2026:14:27:39 -0400] "POST /xmlrpc.php HTTP/1.1" 406 300 "-" "Jetpack by WordPress.com"
199.250.222.155 - - [11/Sep/2026:14:27:50 -0400] "POST /wp-cron.php?doing_wp_cron=1789151270.9070301055908203125000 HTTP/1.1" 200 - "-" "WordPress/7.1; https://hidalgoresidences.mx"
74.14.187.125 - - [11/Sep/2026:14:27:49 -0400] "POST /xmlrpc.php HTTP/1.1" 200 416 "-" "Jetpack by WordPress.com (Jetpack 12.0; WordPress 6.2)"
74.14.187.125 - - [11/Sep/2026:14:28:00 -0400] "POST /xmlrpc.php HTTP/1.1" 406 300 "-" "Jetpack by WordPress.com (Jetpack 12.5; WordPress 6.1)"
74.14.187.125 - - [11/Sep/2026:14:28:10 -0400] "POST /xmlrpc.php HTTP/1.1" 406 300 "-" "Jetpack/12.1; WordPress/6.2; http://site42817496.com"
74.14.187.125 - - [11/Sep/2026:14:28:21 -0400] "POST /xmlrpc.php HTTP/1.1" 406 300 "-" "Jetpack by WordPress.com (Jetpack 13.0; WordPress 6.4)"
74.14.187.125 - - [11/Sep/2026:14:28:31 -0400] "POST /xmlrpc.php HTTP/1.1" 406 300 "-" "WordPress.com; https://wordpress.com"
74.14.187.125 - - [11/Sep/2026:14:28:42 -0400] "POST /xmlrpc.php HTTP/1.1" 406 300 "-" "Jetpack by WordPress.com (Jetpack 12.5; WordPress 6.3)"
199.250.222.155 - - [11/Sep/2026:14:28:54 -0400] "POST /wp-cron.php?doing_wp_cron=1789151334.1985380649566650390625 HTTP/1.1" 200 - "-" "WordPress/7.1; https://hidalgoresidences.mx"
74.14.187.125 - - [11/Sep/2026:14:28:52 -0400] "POST /xmlrpc.php HTTP/1.1" 200 416 "-" "Jetpack/13.0; WordPress/6.2; http://site21082409.com"
74.14.187.125 - - [11/Sep/2026:14:29:03 -0400] "POST /xmlrpc.php HTTP/1.1" 406 300 "-" "WordPress.com; https://wordpress.com"
74.14.187.125 - - [11/Sep/2026:14:29:14 -0400] "POST /xmlrpc.php HTTP/1.1" 406 300 "-" "Jetpack by WordPress.com"
74.14.187.125 - - [11/Sep/2026:14:29:24 -0400] "POST /xmlrpc.php HTTP/1.1" 406 300 "-" "WordPress.com; https://wordpress.com"
74.14.187.125 - - [11/Sep/2026:14:29:35 -0400] "POST /xmlrpc.php HTTP/1.1" 406 300 "-" "Jetpack by WordPress.com (Jetpack 12.0; WordPress 6.2)"
74.14.187.125 - - [11/Sep/2026:14:29:45 -0400] "POST /xmlrpc.php HTTP/1.1" 406 300 "-" "Jetpack/12.0; WordPress/6.4; http://site94651467.com"
199.250.222.155 - - [11/Sep/2026:14:29:51 -0400] "POST /wp-cron.php?doing_wp_cron=1789151391.1437540054321289062500 HTTP/1.1" 200 - "-" "WordPress/7.1; https://hidalgoresidences.mx"
5.109.134.14 - - [11/Sep/2026:14:29:49 -0400] "POST /xmlrpc.php HTTP/1.1" 200 416 "-" "Jetpack/12.1; WordPress/6.4; http://site48182459.com"
74.14.187.125 - - [11/Sep/2026:14:29:56 -0400] "POST /xmlrpc.php HTTP/1.1" 200 416 "-" "Jetpack/12.5; WordPress/6.3; http://site76366131.com"
5.109.134.14 - - [11/Sep/2026:14:30:00 -0400] "POST /xmlrpc.php HTTP/1.1" 200 416 "-" "Jetpack by WordPress.com (Jetpack 12.0; WordPress 6.1)"
74.14.187.125 - - [11/Sep/2026:14:30:06 -0400] "POST /xmlrpc.php HTTP/1.1" 406 300 "-" "Jetpack/13.0; WordPress/6.4; http://site70156771.com"
199.250.222.155 - - [11/Sep/2026:14:30:11 -0400] "POST /wp-cron.php?doing_wp_cron=1789151411.9170498847961425781250 HTTP/1.1" 200 - "-" "WordPress/7.1; https://hidalgoresidences.mx"
5.109.134.14 - - [11/Sep/2026:14:30:10 -0400] "POST /xmlrpc.php HTTP/1.1" 200 416 "-" "Jetpack by WordPress.com"
74.14.187.125 - - [11/Sep/2026:14:30:17 -0400] "POST /xmlrpc.php HTTP/1.1" 406 300 "-" "Jetpack by WordPress.com"
5.109.134.14 - - [11/Sep/2026:14:30:21 -0400] "POST /xmlrpc.php HTTP/1.1" 200 416 "-" "Jetpack by WordPress.com (Jetpack 12.5; WordPress 6.1)"
74.14.187.125 - - [11/Sep/2026:14:30:27 -0400] "POST /xmlrpc.php HTTP/1.1" 406 300 "-" "WordPress.com; https://wordpress.com"
5.109.134.14 - - [11/Sep/2026:14:30:32 -0400] "POST /xmlrpc.php HTTP/1.1" 200 416 "-" "Jetpack/13.0; WordPress/6.3; http://site32048945.com"
74.14.187.125 - - [11/Sep/2026:14:30:38 -0400] "POST /xmlrpc.php HTTP/1.1" 406 300 "-" "Jetpack/13.0; WordPress/6.3; http://site36973945.com"
5.109.134.14 - - [11/Sep/2026:14:30:42 -0400] "POST /xmlrpc.php HTTP/1.1" 200 416 "-" "Jetpack by WordPress.com"
74.14.187.125 - - [11/Sep/2026:14:30:48 -0400] "POST /xmlrpc.php HTTP/1.1" 406 300 "-" "Jetpack by WordPress.com (Jetpack 13.0; WordPress 6.2)"
5.109.134.14 - - [11/Sep/2026:14:30:53 -0400] "POST /xmlrpc.php HTTP/1.1" 200 416 "-" "Jetpack/12.5; WordPress/6.2; http://site86092393.com"
74.14.187.125 - - [11/Sep/2026:14:30:59 -0400] "POST /xmlrpc.php HTTP/1.1" 200 416 "-" "Jetpack by WordPress.com (Jetpack 13.0; WordPress 6.3)"
5.109.134.14 - - [11/Sep/2026:14:31:04 -0400] "POST /xmlrpc.php HTTP/1.1" 406 300 "-" "WordPress.com; https://wordpress.com"
74.14.187.125 - - [11/Sep/2026:14:31:10 -0400] "POST /xmlrpc.php HTTP/1.1" 406 300 "-" "Jetpack by WordPress.com (Jetpack 12.0; WordPress 6.2)"
199.250.222.155 - - [11/Sep/2026:14:31:15 -0400] "POST /wp-cron.php?doing_wp_cron=1789151475.8109200000762939453125 HTTP/1.1" 200 - "-" "WordPress/7.1; https://hidalgoresidences.mx"
5.109.134.14 - - [11/Sep/2026:14:31:14 -0400] "POST /xmlrpc.php HTTP/1.1" 200 416 "-" "Jetpack/12.5; WordPress/6.4; http://site66717832.com"
74.14.187.125 - - [11/Sep/2026:14:31:20 -0400] "POST /xmlrpc.php HTTP/1.1" 406 300 "-" "Jetpack by WordPress.com"
5.109.134.14 - - [11/Sep/2026:14:31:25 -0400] "POST /xmlrpc.php HTTP/1.1" 200 416 "-" "Jetpack/12.1; WordPress/6.1; http://site69366488.com"
74.14.187.125 - - [11/Sep/2026:14:31:31 -0400] "POST /xmlrpc.php HTTP/1.1" 406 300 "-" "Jetpack by WordPress.com (Jetpack 12.5; WordPress 6.2)"
216.73.217.60 - - [11/Sep/2026:14:31:31 -0400] "GET /robots.txt HTTP/1.1" 200 277 "-" "Mozilla/5.0 AppleWebKit/537.36 (KHTML, like Gecko; compatible; ClaudeBot/1.0; +claudebot@anthropic.com)"
216.73.217.60 - - [11/Sep/2026:14:31:32 -0400] "GET /wp-sitemap.xml HTTP/1.1" 404 381 "-" "Mozilla/5.0 AppleWebKit/537.36 (KHTML, like Gecko; compatible; ClaudeBot/1.0; +claudebot@anthropic.com)"
5.109.134.14 - - [11/Sep/2026:14:31:35 -0400] "POST /xmlrpc.php HTTP/1.1" 200 416 "-" "Jetpack by WordPress.com"
74.14.187.125 - - [11/Sep/2026:14:31:41 -0400] "POST /xmlrpc.php HTTP/1.1" 406 300 "-" "Jetpack by WordPress.com (Jetpack 12.5; WordPress 6.1)"
5.109.134.14 - - [11/Sep/2026:14:31:46 -0400] "POST /xmlrpc.php HTTP/1.1" 200 416 "-" "Jetpack/12.0; WordPress/6.2; http://site70540125.com"
74.14.187.125 - - [11/Sep/2026:14:31:52 -0400] "POST /xmlrpc.php HTTP/1.1" 406 300 "-" "Jetpack by WordPress.com"
5.109.134.14 - - [11/Sep/2026:14:31:57 -0400] "POST /xmlrpc.php HTTP/1.1" 200 416 "-" "Jetpack by WordPress.com (Jetpack 12.1; WordPress 6.1)"
74.14.187.125 - - [11/Sep/2026:14:32:02 -0400] "POST /xmlrpc.php HTTP/1.1" 200 416 "-" "WordPress.com; https://wordpress.com"
5.109.134.14 - - [11/Sep/2026:14:32:07 -0400] "POST /xmlrpc.php HTTP/1.1" 406 300 "-" "Jetpack by WordPress.com"
74.14.187.125 - - [11/Sep/2026:14:32:13 -0400] "POST /xmlrpc.php HTTP/1.1" 406 300 "-" "Jetpack by WordPress.com"
199.250.222.155 - - [11/Sep/2026:14:32:19 -0400] "POST /wp-cron.php?doing_wp_cron=1789151539.7037189006805419921875 HTTP/1.1" 200 - "-" "WordPress/7.1; https://hidalgoresidences.mx"
5.109.134.14 - - [11/Sep/2026:14:32:18 -0400] "POST /xmlrpc.php HTTP/1.1" 200 416 "-" "Jetpack by WordPress.com (Jetpack 13.0; WordPress 6.4)"
74.14.187.125 - - [11/Sep/2026:14:32:23 -0400] "POST /xmlrpc.php HTTP/1.1" 406 300 "-" "Jetpack/12.1; WordPress/6.1; http://site16245168.com"
5.109.134.14 - - [11/Sep/2026:14:32:29 -0400] "POST /xmlrpc.php HTTP/1.1" 200 416 "-" "Jetpack by WordPress.com"
74.14.187.125 - - [11/Sep/2026:14:32:34 -0400] "POST /xmlrpc.php HTTP/1.1" 406 300 "-" "WordPress.com; https://wordpress.com"
5.109.134.14 - - [11/Sep/2026:14:32:39 -0400] "POST /xmlrpc.php HTTP/1.1" 200 416 "-" "Jetpack/12.1; WordPress/6.2; http://site56446211.com"
74.14.187.125 - - [11/Sep/2026:14:32:44 -0400] "POST /xmlrpc.php HTTP/1.1" 406 300 "-" "Jetpack/12.0; WordPress/6.4; http://site40356643.com"
5.109.134.14 - - [11/Sep/2026:14:32:50 -0400] "POST /xmlrpc.php HTTP/1.1" 200 416 "-" "WordPress.com; https://wordpress.com"
74.14.187.125 - - [11/Sep/2026:14:32:55 -0400] "POST /xmlrpc.php HTTP/1.1" 406 300 "-" "Jetpack/13.0; WordPress/6.4; http://site36512761.com"
5.109.134.14 - - [11/Sep/2026:14:33:01 -0400] "POST /xmlrpc.php HTTP/1.1" 406 300 "-" "Jetpack by WordPress.com"
199.250.222.155 - - [11/Sep/2026:14:33:07 -0400] "POST /wp-cron.php?doing_wp_cron=1789151587.1340210437774658203125 HTTP/1.1" 200 - "-" "WordPress/7.1; https://hidalgoresidences.mx"
74.14.187.125 - - [11/Sep/2026:14:33:05 -0400] "POST /xmlrpc.php HTTP/1.1" 200 416 "-" "Jetpack/12.1; WordPress/6.4; http://site67039711.com"
5.109.134.14 - - [11/Sep/2026:14:33:11 -0400] "POST /xmlrpc.php HTTP/1.1" 406 300 "-" "WordPress.com; https://wordpress.com"
74.14.187.125 - - [11/Sep/2026:14:33:16 -0400] "POST /xmlrpc.php HTTP/1.1" 406 300 "-" "WordPress.com; https://wordpress.com"
5.109.134.14 - - [11/Sep/2026:14:33:22 -0400] "POST /xmlrpc.php HTTP/1.1" 200 416 "-" "Jetpack/12.1; WordPress/6.2; http://site70564148.com"
74.14.187.125 - - [11/Sep/2026:14:33:27 -0400] "POST /xmlrpc.php HTTP/1.1" 406 300 "-" "Jetpack/12.1; WordPress/6.4; http://site24135270.com"
5.109.134.14 - - [11/Sep/2026:14:33:32 -0400] "POST /xmlrpc.php HTTP/1.1" 406 300 "-" "WordPress.com; https://wordpress.com"
74.14.187.125 - - [11/Sep/2026:14:33:37 -0400] "POST /xmlrpc.php HTTP/1.1" 406 300 "-" "WordPress.com; https://wordpress.com"
5.109.134.14 - - [11/Sep/2026:14:33:43 -0400] "POST /xmlrpc.php HTTP/1.1" 406 300 "-" "Jetpack/13.0; WordPress/6.4; http://site38085099.com"
74.14.187.125 - - [11/Sep/2026:14:33:48 -0400] "POST /xmlrpc.php HTTP/1.1" 406 300 "-" "Jetpack by WordPress.com (Jetpack 13.0; WordPress 6.1)"
5.109.134.14 - - [11/Sep/2026:14:33:54 -0400] "POST /xmlrpc.php HTTP/1.1" 406 300 "-" "Jetpack/12.0; WordPress/6.2; http://site60502582.com"
74.14.187.125 - - [11/Sep/2026:14:33:58 -0400] "POST /xmlrpc.php HTTP/1.1" 406 300 "-" "Jetpack by WordPress.com (Jetpack 12.5; WordPress 6.4)"
66.102.6.33 - - [11/Sep/2026:14:33:58 -0400] "GET /.well-known/traffic-advice HTTP/1.1" 404 49817 "-" "Chrome Privacy Preserving Prefetch Proxy"
162.120.185.226 - - [11/Sep/2026:14:33:59 -0400] "GET / HTTP/1.1" 200 253928 "https://www.google.com/" "Mozilla/5.0 (Windows NT 10.0; Win64; x64) AppleWebKit/537.36 (KHTML, like Gecko) Chrome/152.0.0.0 Safari/537.36"
5.109.134.14 - - [11/Sep/2026:14:34:04 -0400] "POST /xmlrpc.php HTTP/1.1" 406 300 "-" "Jetpack by WordPress.com (Jetpack 12.5; WordPress 6.2)"
199.250.222.155 - - [11/Sep/2026:14:34:10 -0400] "POST /wp-cron.php?doing_wp_cron=1789151650.8640630245208740234375 HTTP/1.1" 200 - "-" "WordPress/7.1; https://hidalgoresidences.mx"
74.14.187.125 - - [11/Sep/2026:14:34:09 -0400] "POST /xmlrpc.php HTTP/1.1" 200 416 "-" "WordPress.com; https://wordpress.com"
5.109.134.14 - - [11/Sep/2026:14:34:15 -0400] "POST /xmlrpc.php HTTP/1.1" 406 300 "-" "Jetpack/12.5; WordPress/6.2; http://site27141761.com"
74.14.187.125 - - [11/Sep/2026:14:34:19 -0400] "POST /xmlrpc.php HTTP/1.1" 406 300 "-" "Jetpack/13.0; WordPress/6.1; http://site14531887.com"
5.109.134.14 - - [11/Sep/2026:14:34:26 -0400] "POST /xmlrpc.php HTTP/1.1" 200 416 "-" "Jetpack/12.5; WordPress/6.4; http://site90702551.com"
74.14.187.125 - - [11/Sep/2026:14:34:30 -0400] "POST /xmlrpc.php HTTP/1.1" 406 300 "-" "Jetpack/12.1; WordPress/6.2; http://site63236707.com"
5.109.134.14 - - [11/Sep/2026:14:34:36 -0400] "POST /xmlrpc.php HTTP/1.1" 406 300 "-" "Jetpack/12.1; WordPress/6.2; http://site43253583.com"
74.14.187.125 - - [11/Sep/2026:14:34:41 -0400] "POST /xmlrpc.php HTTP/1.1" 406 300 "-" "Jetpack/12.0; WordPress/6.4; http://site47149377.com"
5.109.134.14 - - [11/Sep/2026:14:34:47 -0400] "POST /xmlrpc.php HTTP/1.1" 406 300 "-" "WordPress.com; https://wordpress.com"
74.14.187.125 - - [11/Sep/2026:14:34:51 -0400] "POST /xmlrpc.php HTTP/1.1" 406 300 "-" "Jetpack/12.5; WordPress/6.3; http://site94985348.com"
5.109.134.14 - - [11/Sep/2026:14:34:58 -0400] "POST /xmlrpc.php HTTP/1.1" 406 300 "-" "Jetpack by WordPress.com"
74.14.187.125 - - [11/Sep/2026:14:35:02 -0400] "POST /xmlrpc.php HTTP/1.1" 406 300 "-" "Jetpack/13.0; WordPress/6.2; http://site75697184.com"
5.109.134.14 - - [11/Sep/2026:14:35:08 -0400] "POST /xmlrpc.php HTTP/1.1" 406 300 "-" "Jetpack/12.0; WordPress/6.4; http://site11271239.com"
199.250.222.155 - - [11/Sep/2026:14:35:14 -0400] "POST /wp-cron.php?doing_wp_cron=1789151714.0023469924926757812500 HTTP/1.1" 200 - "-" "WordPress/7.1; https://hidalgoresidences.mx"
74.14.187.125 - - [11/Sep/2026:14:35:12 -0400] "POST /xmlrpc.php HTTP/1.1" 200 416 "-" "WordPress.com; https://wordpress.com"
5.109.134.14 - - [11/Sep/2026:14:35:19 -0400] "POST /xmlrpc.php HTTP/1.1" 406 300 "-" "Jetpack by WordPress.com"
74.14.187.125 - - [11/Sep/2026:14:35:23 -0400] "POST /xmlrpc.php HTTP/1.1" 406 300 "-" "Jetpack by WordPress.com (Jetpack 12.5; WordPress 6.2)"
5.109.134.14 - - [11/Sep/2026:14:35:30 -0400] "POST /xmlrpc.php HTTP/1.1" 200 416 "-" "Jetpack/13.0; WordPress/6.1; http://site30227986.com"
74.14.187.125 - - [11/Sep/2026:14:35:33 -0400] "POST /xmlrpc.php HTTP/1.1" 406 300 "-" "WordPress.com; https://wordpress.com"
5.109.134.14 - - [11/Sep/2026:14:35:40 -0400] "POST /xmlrpc.php HTTP/1.1" 406 300 "-" "Jetpack by WordPress.com"
74.14.187.125 - - [11/Sep/2026:14:35:44 -0400] "POST /xmlrpc.php HTTP/1.1" 406 300 "-" "Jetpack by WordPress.com"
5.109.134.14 - - [11/Sep/2026:14:35:51 -0400] "POST /xmlrpc.php HTTP/1.1" 406 300 "-" "Jetpack by WordPress.com"
74.14.187.125 - - [11/Sep/2026:14:35:54 -0400] "POST /xmlrpc.php HTTP/1.1" 406 300 "-" "Jetpack/12.0; WordPress/6.1; http://site60679926.com"
5.109.134.14 - - [11/Sep/2026:14:36:02 -0400] "POST /xmlrpc.php HTTP/1.1" 406 300 "-" "WordPress.com; https://wordpress.com"
74.14.187.125 - - [11/Sep/2026:14:36:05 -0400] "POST /xmlrpc.php HTTP/1.1" 406 300 "-" "Jetpack by WordPress.com (Jetpack 12.5; WordPress 6.3)"
5.109.134.14 - - [11/Sep/2026:14:36:12 -0400] "POST /xmlrpc.php HTTP/1.1" 406 300 "-" "Jetpack by WordPress.com (Jetpack 13.0; WordPress 6.2)"
5.109.134.14 - - [11/Sep/2026:14:36:23 -0400] "POST /xmlrpc.php HTTP/1.1" 406 300 "-" "WordPress.com; https://wordpress.com"
199.250.222.155 - - [11/Sep/2026:14:36:35 -0400] "POST /wp-cron.php?doing_wp_cron=1789151795.2601070404052734375000 HTTP/1.1" 200 - "-" "WordPress/7.1; https://hidalgoresidences.mx"
5.109.134.14 - - [11/Sep/2026:14:36:34 -0400] "POST /xmlrpc.php HTTP/1.1" 200 416 "-" "WordPress.com; https://wordpress.com"
5.109.134.14 - - [11/Sep/2026:14:36:44 -0400] "POST /xmlrpc.php HTTP/1.1" 406 300 "-" "Jetpack by WordPress.com"
5.109.134.14 - - [11/Sep/2026:14:36:55 -0400] "POST /xmlrpc.php HTTP/1.1" 406 300 "-" "Jetpack/12.0; WordPress/6.4; http://site50766196.com"
5.109.134.14 - - [11/Sep/2026:14:37:05 -0400] "POST /xmlrpc.php HTTP/1.1" 406 300 "-" "WordPress.com; https://wordpress.com"
5.109.134.14 - - [11/Sep/2026:14:37:16 -0400] "POST /xmlrpc.php HTTP/1.1" 406 300 "-" "WordPress.com; https://wordpress.com"
5.109.134.14 - - [11/Sep/2026:14:37:27 -0400] "POST /xmlrpc.php HTTP/1.1" 406 300 "-" "Jetpack by WordPress.com"
199.250.222.155 - - [11/Sep/2026:14:37:39 -0400] "POST /wp-cron.php?doing_wp_cron=1789151859.0301539897918701171875 HTTP/1.1" 200 - "-" "WordPress/7.1; https://hidalgoresidences.mx"
5.109.134.14 - - [11/Sep/2026:14:37:37 -0400] "POST /xmlrpc.php HTTP/1.1" 200 416 "-" "WordPress.com; https://wordpress.com"
5.109.134.14 - - [11/Sep/2026:14:37:48 -0400] "POST /xmlrpc.php HTTP/1.1" 406 300 "-" "Jetpack by WordPress.com"
5.109.134.14 - - [11/Sep/2026:14:37:59 -0400] "POST /xmlrpc.php HTTP/1.1" 406 300 "-" "Jetpack/13.0; WordPress/6.3; http://site86344245.com"
5.109.134.14 - - [11/Sep/2026:14:38:09 -0400] "POST /xmlrpc.php HTTP/1.1" 406 300 "-" "Jetpack by WordPress.com"
199.250.222.155 - - [11/Sep/2026:14:38:14 -0400] "POST /wp-cron.php?doing_wp_cron=1789151894.2356419563293457031250 HTTP/1.1" 200 - "-" "WordPress/7.1; https://hidalgoresidences.mx"
37.139.53.80 - - [11/Sep/2026:14:38:11 -0400] "GET / HTTP/1.0" 200 301772 "https://hidalgoresidences.mx/" "Mozilla/5.0 (Windows NT 10.0; Win64; x64) AppleWebKit/537.36 (KHTML, like Gecko) Chrome/130.0.0.0 Safari/537.36"
5.109.134.14 - - [11/Sep/2026:14:38:20 -0400] "POST /xmlrpc.php HTTP/1.1" 406 300 "-" "Jetpack by WordPress.com"
37.139.53.80 - - [11/Sep/2026:14:38:23 -0400] "POST /wp-admin/admin-ajax.php HTTP/1.0" 200 210 "https://hidalgoresidences.mx/" "Mozilla/5.0 (Windows NT 10.0; Win64; x64) AppleWebKit/537.36 (KHTML, like Gecko) Chrome/130.0.0.0 Safari/537.36"
5.109.134.14 - - [11/Sep/2026:14:38:31 -0400] "POST /xmlrpc.php HTTP/1.1" 406 300 "-" "Jetpack by WordPress.com (Jetpack 12.0; WordPress 6.4)"
5.109.134.14 - - [11/Sep/2026:14:38:41 -0400] "POST /xmlrpc.php HTTP/1.1" 200 416 "-" "Jetpack by WordPress.com (Jetpack 13.0; WordPress 6.2)"
5.109.134.14 - - [11/Sep/2026:14:38:52 -0400] "POST /xmlrpc.php HTTP/1.1" 406 300 "-" "Jetpack/12.0; WordPress/6.4; http://site87596987.com"
5.109.134.14 - - [11/Sep/2026:14:39:03 -0400] "POST /xmlrpc.php HTTP/1.1" 406 300 "-" "Jetpack by WordPress.com (Jetpack 13.0; WordPress 6.4)"
