176.232.126.175 - - [11/Sep/2026:09:07:19 -0400] "GET /wp-admin/edit.php HTTP/1.1" 302 - "https://hidalgoresidences.mx/wp-login.php" "Mozilla/5.0 (Windows NT 11.0; Win64; x64) AppleWebKit/537.36 (KHTML, like Gecko) Chrome/120.0.0.0 Safari/537.36"
176.232.126.175 - - [11/Sep/2026:09:07:20 -0400] "GET /wp-login.php?redirect_to=https%3A%2F%2Fhidalgoresidences.mx%2Fwp-admin%2Fedit.php&reauth=1 HTTP/1.1" 302 259 "https://hidalgoresidences.mx/wp-login.php" "Mozilla/5.0 (Windows NT 11.0; Win64; x64) AppleWebKit/537.36 (KHTML, like Gecko) Chrome/120.0.0.0 Safari/537.36"
176.232.126.175 - - [11/Sep/2026:09:07:20 -0400] "GET /mod-security-error/rule-13051.html HTTP/1.1" 200 866 "https://hidalgoresidences.mx/wp-login.php" "Mozilla/5.0 (Windows NT 11.0; Win64; x64) AppleWebKit/537.36 (KHTML, like Gecko) Chrome/120.0.0.0 Safari/537.36"
176.232.126.175 - - [11/Sep/2026:09:07:20 -0400] "GET /wp-admin/plugins.php HTTP/1.1" 302 - "https://hidalgoresidences.mx/wp-login.php" "Mozilla/5.0 (Windows NT 11.0; Win64; x64) AppleWebKit/537.36 (KHTML, like Gecko) Chrome/120.0.0.0 Safari/537.36"
176.232.126.175 - - [11/Sep/2026:09:07:22 -0400] "GET /wp-login.php?redirect_to=https%3A%2F%2Fhidalgoresidences.mx%2Fwp-admin%2Fplugins.php&reauth=1 HTTP/1.1" 302 259 "https://hidalgoresidences.mx/wp-login.php" "Mozilla/5.0 (Windows NT 11.0; Win64; x64) AppleWebKit/537.36 (KHTML, like Gecko) Chrome/120.0.0.0 Safari/537.36"
176.232.126.175 - - [11/Sep/2026:09:07:22 -0400] "GET /mod-security-error/rule-13051.html HTTP/1.1" 200 866 "https://hidalgoresidences.mx/wp-login.php" "Mozilla/5.0 (Windows NT 11.0; Win64; x64) AppleWebKit/537.36 (KHTML, like Gecko) Chrome/120.0.0.0 Safari/537.36"
176.232.126.175 - - [11/Sep/2026:09:07:22 -0400] "POST /wp-login.php HTTP/1.1" 302 259 "https://hidalgoresidences.mx/wp-login.php" "Mozilla/5.0 (Macintosh; Intel Mac OS X 13_6_1) AppleWebKit/537.36 (KHTML, like Gecko) Chrome/119.0.0.0 Safari/537.36"
176.232.126.175 - - [11/Sep/2026:09:07:22 -0400] "GET /wp-admin/index.php HTTP/1.1" 302 - "https://hidalgoresidences.mx/wp-login.php" "Mozilla/5.0 (Macintosh; Intel Mac OS X 10_15_7) AppleWebKit/537.36 (KHTML, like Gecko) Chrome/118.0.0.0 Safari/537.36"
176.232.126.175 - - [11/Sep/2026:09:07:23 -0400] "GET /wp-login.php?redirect_to=https%3A%2F%2Fhidalgoresidences.mx%2Fwp-admin%2Findex.php&reauth=1 HTTP/1.1" 302 259 "https://hidalgoresidences.mx/wp-login.php" "Mozilla/5.0 (Macintosh; Intel Mac OS X 10_15_7) AppleWebKit/537.36 (KHTML, like Gecko) Chrome/118.0.0.0 Safari/537.36"
176.232.126.175 - - [11/Sep/2026:09:07:24 -0400] "GET /mod-security-error/rule-13051.html HTTP/1.1" 200 866 "https://hidalgoresidences.mx/wp-login.php" "Mozilla/5.0 (Macintosh; Intel Mac OS X 10_15_7) AppleWebKit/537.36 (KHTML, like Gecko) Chrome/118.0.0.0 Safari/537.36"
176.232.126.175 - - [11/Sep/2026:09:07:24 -0400] "GET /wp-admin/profile.php HTTP/1.1" 302 - "https://hidalgoresidences.mx/wp-login.php" "Mozilla/5.0 (Macintosh; Intel Mac OS X 10_15_7) AppleWebKit/537.36 (KHTML, like Gecko) Chrome/118.0.0.0 Safari/537.36"
176.232.126.175 - - [11/Sep/2026:09:07:25 -0400] "GET /wp-login.php?redirect_to=https%3A%2F%2Fhidalgoresidences.mx%2Fwp-admin%2Fprofile.php&reauth=1 HTTP/1.1" 302 259 "https://hidalgoresidences.mx/wp-login.php" "Mozilla/5.0 (Macintosh; Intel Mac OS X 10_15_7) AppleWebKit/537.36 (KHTML, like Gecko) Chrome/118.0.0.0 Safari/537.36"
176.232.126.175 - - [11/Sep/2026:09:07:25 -0400] "GET /mod-security-error/rule-13051.html HTTP/1.1" 200 866 "https://hidalgoresidences.mx/wp-login.php" "Mozilla/5.0 (Macintosh; Intel Mac OS X 10_15_7) AppleWebKit/537.36 (KHTML, like Gecko) Chrome/118.0.0.0 Safari/537.36"
176.232.126.175 - - [11/Sep/2026:09:07:25 -0400] "GET /wp-admin/edit.php HTTP/1.1" 302 - "https://hidalgoresidences.mx/wp-login.php" "Mozilla/5.0 (Macintosh; Intel Mac OS X 10_15_7) AppleWebKit/537.36 (KHTML, like Gecko) Chrome/118.0.0.0 Safari/537.36"
176.232.126.175 - - [11/Sep/2026:09:07:27 -0400] "GET /wp-login.php?redirect_to=https%3A%2F%2Fhidalgoresidences.mx%2Fwp-admin%2Fedit.php&reauth=1 HTTP/1.1" 302 259 "https://hidalgoresidences.mx/wp-login.php" "Mozilla/5.0 (Macintosh; Intel Mac OS X 10_15_7) AppleWebKit/537.36 (KHTML, like Gecko) Chrome/118.0.0.0 Safari/537.36"
176.232.126.175 - - [11/Sep/2026:09:07:27 -0400] "GET /mod-security-error/rule-13051.html HTTP/1.1" 200 866 "https://hidalgoresidences.mx/wp-login.php" "Mozilla/5.0 (Macintosh; Intel Mac OS X 10_15_7) AppleWebKit/537.36 (KHTML, like Gecko) Chrome/118.0.0.0 Safari/537.36"
176.232.126.175 - - [11/Sep/2026:09:07:27 -0400] "GET /wp-admin/plugins.php HTTP/1.1" 302 - "https://hidalgoresidences.mx/wp-login.php" "Mozilla/5.0 (Macintosh; Intel Mac OS X 10_15_7) AppleWebKit/537.36 (KHTML, like Gecko) Chrome/118.0.0.0 Safari/537.36"
176.232.126.175 - - [11/Sep/2026:09:07:28 -0400] "GET /wp-login.php?redirect_to=https%3A%2F%2Fhidalgoresidences.mx%2Fwp-admin%2Fplugins.php&reauth=1 HTTP/1.1" 302 259 "https://hidalgoresidences.mx/wp-login.php" "Mozilla/5.0 (Macintosh; Intel Mac OS X 10_15_7) AppleWebKit/537.36 (KHTML, like Gecko) Chrome/118.0.0.0 Safari/537.36"
176.232.126.175 - - [11/Sep/2026:09:07:28 -0400] "GET /mod-security-error/rule-13051.html HTTP/1.1" 200 866 "https://hidalgoresidences.mx/wp-login.php" "Mozilla/5.0 (Macintosh; Intel Mac OS X 10_15_7) AppleWebKit/537.36 (KHTML, like Gecko) Chrome/118.0.0.0 Safari/537.36"
176.232.126.175 - - [11/Sep/2026:09:07:29 -0400] "POST /wp-login.php HTTP/1.1" 302 259 "https://hidalgoresidences.mx/wp-login.php" "Mozilla/5.0 (Windows NT 11.0; Win64; x64) AppleWebKit/537.36 (KHTML, like Gecko) Chrome/118.0.0.0 Safari/537.36"
176.232.126.175 - - [11/Sep/2026:09:07:29 -0400] "GET /wp-admin/index.php HTTP/1.1" 302 - "https://hidalgoresidences.mx/wp-login.php" "Mozilla/5.0 (X11; Linux x86_64) AppleWebKit/537.36 (KHTML, like Gecko) Chrome/120.0.0.0 Safari/537.36"
176.232.126.175 - - [11/Sep/2026:09:07:30 -0400] "GET /wp-login.php?redirect_to=https%3A%2F%2Fhidalgoresidences.mx%2Fwp-admin%2Findex.php&reauth=1 HTTP/1.1" 302 259 "https://hidalgoresidences.mx/wp-login.php" "Mozilla/5.0 (X11; Linux x86_64) AppleWebKit/537.36 (KHTML, like Gecko) Chrome/120.0.0.0 Safari/537.36"
176.232.126.175 - - [11/Sep/2026:09:07:30 -0400] "GET /mod-security-error/rule-13051.html HTTP/1.1" 200 866 "https://hidalgoresidences.mx/wp-login.php" "Mozilla/5.0 (X11; Linux x86_64) AppleWebKit/537.36 (KHTML, like Gecko) Chrome/120.0.0.0 Safari/537.36"
176.232.126.175 - - [11/Sep/2026:09:07:30 -0400] "GET /wp-admin/profile.php HTTP/1.1" 302 - "https://hidalgoresidences.mx/wp-login.php" "Mozilla/5.0 (X11; Linux x86_64) AppleWebKit/537.36 (KHTML, like Gecko) Chrome/120.0.0.0 Safari/537.36"
176.232.126.175 - - [11/Sep/2026:09:07:32 -0400] "GET /wp-login.php?redirect_to=https%3A%2F%2Fhidalgoresidences.mx%2Fwp-admin%2Fprofile.php&reauth=1 HTTP/1.1" 302 259 "https://hidalgoresidences.mx/wp-login.php" "Mozilla/5.0 (X11; Linux x86_64) AppleWebKit/537.36 (KHTML, like Gecko) Chrome/120.0.0.0 Safari/537.36"
176.232.126.175 - - [11/Sep/2026:09:07:32 -0400] "GET /mod-security-error/rule-13051.html HTTP/1.1" 200 866 "https://hidalgoresidences.mx/wp-login.php" "Mozilla/5.0 (X11; Linux x86_64) AppleWebKit/537.36 (KHTML, like Gecko) Chrome/120.0.0.0 Safari/537.36"
176.232.126.175 - - [11/Sep/2026:09:07:32 -0400] "GET /wp-admin/edit.php HTTP/1.1" 302 - "https://hidalgoresidences.mx/wp-login.php" "Mozilla/5.0 (X11; Linux x86_64) AppleWebKit/537.36 (KHTML, like Gecko) Chrome/120.0.0.0 Safari/537.36"
176.232.126.175 - - [11/Sep/2026:09:07:33 -0400] "GET /wp-login.php?redirect_to=https%3A%2F%2Fhidalgoresidences.mx%2Fwp-admin%2Fedit.php&reauth=1 HTTP/1.1" 302 259 "https://hidalgoresidences.mx/wp-login.php" "Mozilla/5.0 (X11; Linux x86_64) AppleWebKit/537.36 (KHTML, like Gecko) Chrome/120.0.0.0 Safari/537.36"
176.232.126.175 - - [11/Sep/2026:09:07:33 -0400] "GET /mod-security-error/rule-13051.html HTTP/1.1" 200 866 "https://hidalgoresidences.mx/wp-login.php" "Mozilla/5.0 (X11; Linux x86_64) AppleWebKit/537.36 (KHTML, like Gecko) Chrome/120.0.0.0 Safari/537.36"
176.232.126.175 - - [11/Sep/2026:09:07:34 -0400] "GET /wp-admin/plugins.php HTTP/1.1" 302 - "https://hidalgoresidences.mx/wp-login.php" "Mozilla/5.0 (X11; Linux x86_64) AppleWebKit/537.36 (KHTML, like Gecko) Chrome/120.0.0.0 Safari/537.36"
176.232.126.175 - - [11/Sep/2026:09:07:35 -0400] "GET /wp-login.php?redirect_to=https%3A%2F%2Fhidalgoresidences.mx%2Fwp-admin%2Fplugins.php&reauth=1 HTTP/1.1" 302 259 "https://hidalgoresidences.mx/wp-login.php" "Mozilla/5.0 (X11; Linux x86_64) AppleWebKit/537.36 (KHTML, like Gecko) Chrome/120.0.0.0 Safari/537.36"
176.232.126.175 - - [11/Sep/2026:09:07:35 -0400] "GET /mod-security-error/rule-13051.html HTTP/1.1" 200 866 "https://hidalgoresidences.mx/wp-login.php" "Mozilla/5.0 (X11; Linux x86_64) AppleWebKit/537.36 (KHTML, like Gecko) Chrome/120.0.0.0 Safari/537.36"
176.232.126.175 - - [11/Sep/2026:09:07:36 -0400] "POST /wp-login.php HTTP/1.1" 302 259 "https://hidalgoresidences.mx/wp-login.php" "Mozilla/5.0 (Windows NT 11.0; Win64; x64; rv:119.0) Gecko/20100101 Firefox/119.0"
176.232.126.175 - - [11/Sep/2026:09:07:36 -0400] "GET /wp-admin/index.php HTTP/1.1" 302 - "https://hidalgoresidences.mx/wp-login.php" "Mozilla/5.0 (Windows NT 11.0; Win64; x64; rv:119.0) Gecko/20100101 Firefox/119.0"
176.232.126.175 - - [11/Sep/2026:09:07:37 -0400] "GET /wp-login.php?redirect_to=https%3A%2F%2Fhidalgoresidences.mx%2Fwp-admin%2Findex.php&reauth=1 HTTP/1.1" 302 259 "https://hidalgoresidences.mx/wp-login.php" "Mozilla/5.0 (Windows NT 11.0; Win64; x64; rv:119.0) Gecko/20100101 Firefox/119.0"
176.232.126.175 - - [11/Sep/2026:09:07:38 -0400] "GET /mod-security-error/rule-13051.html HTTP/1.1" 200 866 "https://hidalgoresidences.mx/wp-login.php" "Mozilla/5.0 (Windows NT 11.0; Win64; x64; rv:119.0) Gecko/20100101 Firefox/119.0"
176.232.126.175 - - [11/Sep/2026:09:07:38 -0400] "GET /wp-admin/profile.php HTTP/1.1" 302 - "https://hidalgoresidences.mx/wp-login.php" "Mozilla/5.0 (Windows NT 11.0; Win64; x64; rv:119.0) Gecko/20100101 Firefox/119.0"
176.232.126.175 - - [11/Sep/2026:09:07:39 -0400] "GET /wp-login.php?redirect_to=https%3A%2F%2Fhidalgoresidences.mx%2Fwp-admin%2Fprofile.php&reauth=1 HTTP/1.1" 302 259 "https://hidalgoresidences.mx/wp-login.php" "Mozilla/5.0 (Windows NT 11.0; Win64; x64; rv:119.0) Gecko/20100101 Firefox/119.0"
176.232.126.175 - - [11/Sep/2026:09:07:39 -0400] "GET /mod-security-error/rule-13051.html HTTP/1.1" 200 866 "https://hidalgoresidences.mx/wp-login.php" "Mozilla/5.0 (Windows NT 11.0; Win64; x64; rv:119.0) Gecko/20100101 Firefox/119.0"
176.232.126.175 - - [11/Sep/2026:09:07:39 -0400] "GET /wp-admin/edit.php HTTP/1.1" 302 - "https://hidalgoresidences.mx/wp-login.php" "Mozilla/5.0 (Windows NT 11.0; Win64; x64; rv:119.0) Gecko/20100101 Firefox/119.0"
176.232.126.175 - - [11/Sep/2026:09:07:41 -0400] "GET /wp-login.php?redirect_to=https%3A%2F%2Fhidalgoresidences.mx%2Fwp-admin%2Fedit.php&reauth=1 HTTP/1.1" 302 259 "https://hidalgoresidences.mx/wp-login.php" "Mozilla/5.0 (Windows NT 11.0; Win64; x64; rv:119.0) Gecko/20100101 Firefox/119.0"
176.232.126.175 - - [11/Sep/2026:09:07:41 -0400] "GET /mod-security-error/rule-13051.html HTTP/1.1" 200 866 "https://hidalgoresidences.mx/wp-login.php" "Mozilla/5.0 (Windows NT 11.0; Win64; x64; rv:119.0) Gecko/20100101 Firefox/119.0"
176.232.126.175 - - [11/Sep/2026:09:07:41 -0400] "GET /wp-admin/plugins.php HTTP/1.1" 302 - "https://hidalgoresidences.mx/wp-login.php" "Mozilla/5.0 (Windows NT 11.0; Win64; x64; rv:119.0) Gecko/20100101 Firefox/119.0"
176.232.126.175 - - [11/Sep/2026:09:07:42 -0400] "GET /wp-login.php?redirect_to=https%3A%2F%2Fhidalgoresidences.mx%2Fwp-admin%2Fplugins.php&reauth=1 HTTP/1.1" 302 259 "https://hidalgoresidences.mx/wp-login.php" "Mozilla/5.0 (Windows NT 11.0; Win64; x64; rv:119.0) Gecko/20100101 Firefox/119.0"
176.232.126.175 - - [11/Sep/2026:09:07:42 -0400] "GET /mod-security-error/rule-13051.html HTTP/1.1" 200 866 "https://hidalgoresidences.mx/wp-login.php" "Mozilla/5.0 (Windows NT 11.0; Win64; x64; rv:119.0) Gecko/20100101 Firefox/119.0"
176.232.126.175 - - [11/Sep/2026:09:07:43 -0400] "POST /wp-login.php HTTP/1.1" 302 259 "https://hidalgoresidences.mx/wp-login.php" "Mozilla/5.0 (X11; Ubuntu; Linux x86_64) AppleWebKit/537.36 (KHTML, like Gecko) Chrome/120.0.0.0 Safari/537.36"
176.232.126.175 - - [11/Sep/2026:09:07:43 -0400] "GET /wp-admin/index.php HTTP/1.1" 302 - "https://hidalgoresidences.mx/wp-login.php" "Mozilla/5.0 (Macintosh; Intel Mac OS X 10_15_7; rv:118.0) Gecko/20100101 Firefox/118.0"
176.232.126.175 - - [11/Sep/2026:09:07:44 -0400] "GET /wp-login.php?redirect_to=https%3A%2F%2Fhidalgoresidences.mx%2Fwp-admin%2Findex.php&reauth=1 HTTP/1.1" 302 259 "https://hidalgoresidences.mx/wp-login.php" "Mozilla/5.0 (Macintosh; Intel Mac OS X 10_15_7; rv:118.0) Gecko/20100101 Firefox/118.0"
176.232.126.175 - - [11/Sep/2026:09:07:44 -0400] "GET /mod-security-error/rule-13051.html HTTP/1.1" 200 866 "https://hidalgoresidences.mx/wp-login.php" "Mozilla/5.0 (Macintosh; Intel Mac OS X 10_15_7; rv:118.0) Gecko/20100101 Firefox/118.0"
176.232.126.175 - - [11/Sep/2026:09:07:44 -0400] "GET /wp-admin/profile.php HTTP/1.1" 302 - "https://hidalgoresidences.mx/wp-login.php" "Mozilla/5.0 (Macintosh; Intel Mac OS X 10_15_7; rv:118.0) Gecko/20100101 Firefox/118.0"
176.232.126.175 - - [11/Sep/2026:09:07:46 -0400] "GET /wp-login.php?redirect_to=https%3A%2F%2Fhidalgoresidences.mx%2Fwp-admin%2Fprofile.php&reauth=1 HTTP/1.1" 302 259 "https://hidalgoresidences.mx/wp-login.php" "Mozilla/5.0 (Macintosh; Intel Mac OS X 10_15_7; rv:118.0) Gecko/20100101 Firefox/118.0"
176.232.126.175 - - [11/Sep/2026:09:07:46 -0400] "GET /mod-security-error/rule-13051.html HTTP/1.1" 200 866 "https://hidalgoresidences.mx/wp-login.php" "Mozilla/5.0 (Macintosh; Intel Mac OS X 10_15_7; rv:118.0) Gecko/20100101 Firefox/118.0"
176.232.126.175 - - [11/Sep/2026:09:07:46 -0400] "GET /wp-admin/edit.php HTTP/1.1" 302 - "https://hidalgoresidences.mx/wp-login.php" "Mozilla/5.0 (Macintosh; Intel Mac OS X 10_15_7; rv:118.0) Gecko/20100101 Firefox/118.0"
176.232.126.175 - - [11/Sep/2026:09:07:48 -0400] "GET /wp-login.php?redirect_to=https%3A%2F%2Fhidalgoresidences.mx%2Fwp-admin%2Fedit.php&reauth=1 HTTP/1.1" 302 259 "https://hidalgoresidences.mx/wp-login.php" "Mozilla/5.0 (Macintosh; Intel Mac OS X 10_15_7; rv:118.0) Gecko/20100101 Firefox/118.0"
176.232.126.175 - - [11/Sep/2026:09:07:48 -0400] "GET /mod-security-error/rule-13051.html HTTP/1.1" 200 866 "https://hidalgoresidences.mx/wp-login.php" "Mozilla/5.0 (Macintosh; Intel Mac OS X 10_15_7; rv:118.0) Gecko/20100101 Firefox/118.0"
176.232.126.175 - - [11/Sep/2026:09:07:48 -0400] "GET /wp-admin/plugins.php HTTP/1.1" 302 - "https://hidalgoresidences.mx/wp-login.php" "Mozilla/5.0 (Macintosh; Intel Mac OS X 10_15_7; rv:118.0) Gecko/20100101 Firefox/118.0"
176.232.126.175 - - [11/Sep/2026:09:07:49 -0400] "GET /wp-login.php?redirect_to=https%3A%2F%2Fhidalgoresidences.mx%2Fwp-admin%2Fplugins.php&reauth=1 HTTP/1.1" 302 259 "https://hidalgoresidences.mx/wp-login.php" "Mozilla/5.0 (Macintosh; Intel Mac OS X 10_15_7; rv:118.0) Gecko/20100101 Firefox/118.0"
176.232.126.175 - - [11/Sep/2026:09:07:49 -0400] "GET /mod-security-error/rule-13051.html HTTP/1.1" 200 866 "https://hidalgoresidences.mx/wp-login.php" "Mozilla/5.0 (Macintosh; Intel Mac OS X 10_15_7; rv:118.0) Gecko/20100101 Firefox/118.0"
176.232.126.175 - - [11/Sep/2026:09:07:49 -0400] "POST /wp-login.php HTTP/1.1" 302 259 "https://hidalgoresidences.mx/wp-login.php" "Mozilla/5.0 (Macintosh; Intel Mac OS X 13_6_1) AppleWebKit/537.36 (KHTML, like Gecko) Chrome/121.0.0.0 Safari/537.36"
176.232.126.175 - - [11/Sep/2026:09:07:50 -0400] "GET /wp-admin/index.php HTTP/1.1" 302 - "https://hidalgoresidences.mx/wp-login.php" "Mozilla/5.0 (Windows NT 10.0; Win64; x64; rv:119.0) Gecko/20100101 Firefox/119.0"
176.232.126.175 - - [11/Sep/2026:09:07:51 -0400] "GET /wp-login.php?redirect_to=https%3A%2F%2Fhidalgoresidences.mx%2Fwp-admin%2Findex.php&reauth=1 HTTP/1.1" 302 259 "https://hidalgoresidences.mx/wp-login.php" "Mozilla/5.0 (Windows NT 10.0; Win64; x64; rv:119.0) Gecko/20100101 Firefox/119.0"
176.232.126.175 - - [11/Sep/2026:09:07:51 -0400] "GET /mod-security-error/rule-13051.html HTTP/1.1" 200 866 "https://hidalgoresidences.mx/wp-login.php" "Mozilla/5.0 (Windows NT 10.0; Win64; x64; rv:119.0) Gecko/20100101 Firefox/119.0"
176.232.126.175 - - [11/Sep/2026:09:07:51 -0400] "GET /wp-admin/profile.php HTTP/1.1" 302 - "https://hidalgoresidences.mx/wp-login.php" "Mozilla/5.0 (Windows NT 10.0; Win64; x64; rv:119.0) Gecko/20100101 Firefox/119.0"
176.232.126.175 - - [11/Sep/2026:09:07:52 -0400] "GET /wp-login.php?redirect_to=https%3A%2F%2Fhidalgoresidences.mx%2Fwp-admin%2Fprofile.php&reauth=1 HTTP/1.1" 302 259 "https://hidalgoresidences.mx/wp-login.php" "Mozilla/5.0 (Windows NT 10.0; Win64; x64; rv:119.0) Gecko/20100101 Firefox/119.0"
176.232.126.175 - - [11/Sep/2026:09:07:53 -0400] "GET /mod-security-error/rule-13051.html HTTP/1.1" 200 866 "https://hidalgoresidences.mx/wp-login.php" "Mozilla/5.0 (Windows NT 10.0; Win64; x64; rv:119.0) Gecko/20100101 Firefox/119.0"
176.232.126.175 - - [11/Sep/2026:09:07:53 -0400] "GET /wp-admin/edit.php HTTP/1.1" 302 - "https://hidalgoresidences.mx/wp-login.php" "Mozilla/5.0 (Windows NT 10.0; Win64; x64; rv:119.0) Gecko/20100101 Firefox/119.0"
176.232.126.175 - - [11/Sep/2026:09:07:54 -0400] "GET /wp-login.php?redirect_to=https%3A%2F%2Fhidalgoresidences.mx%2Fwp-admin%2Fedit.php&reauth=1 HTTP/1.1" 302 259 "https://hidalgoresidences.mx/wp-login.php" "Mozilla/5.0 (Windows NT 10.0; Win64; x64; rv:119.0) Gecko/20100101 Firefox/119.0"
176.232.126.175 - - [11/Sep/2026:09:07:54 -0400] "GET /mod-security-error/rule-13051.html HTTP/1.1" 200 866 "https://hidalgoresidences.mx/wp-login.php" "Mozilla/5.0 (Windows NT 10.0; Win64; x64; rv:119.0) Gecko/20100101 Firefox/119.0"
176.232.126.175 - - [11/Sep/2026:09:07:54 -0400] "GET /wp-admin/plugins.php HTTP/1.1" 302 - "https://hidalgoresidences.mx/wp-login.php" "Mozilla/5.0 (Windows NT 10.0; Win64; x64; rv:119.0) Gecko/20100101 Firefox/119.0"
176.232.126.175 - - [11/Sep/2026:09:07:56 -0400] "GET /wp-login.php?redirect_to=https%3A%2F%2Fhidalgoresidences.mx%2Fwp-admin%2Fplugins.php&reauth=1 HTTP/1.1" 302 259 "https://hidalgoresidences.mx/wp-login.php" "Mozilla/5.0 (Windows NT 10.0; Win64; x64; rv:119.0) Gecko/20100101 Firefox/119.0"
176.232.126.175 - - [11/Sep/2026:09:07:56 -0400] "GET /mod-security-error/rule-13051.html HTTP/1.1" 200 866 "https://hidalgoresidences.mx/wp-login.php" "Mozilla/5.0 (Windows NT 10.0; Win64; x64; rv:119.0) Gecko/20100101 Firefox/119.0"
176.232.126.175 - - [11/Sep/2026:09:07:56 -0400] "POST /wp-login.php HTTP/1.1" 302 259 "https://hidalgoresidences.mx/wp-login.php" "Mozilla/5.0 (Macintosh; Intel Mac OS X 13_6_1) AppleWebKit/605.1.15 (KHTML, like Gecko) Version/16.6 Safari/605.1.15"
176.232.126.175 - - [11/Sep/2026:09:07:56 -0400] "GET /wp-admin/index.php HTTP/1.1" 302 - "https://hidalgoresidences.mx/wp-login.php" "Mozilla/5.0 (Macintosh; Intel Mac OS X 10_15_7) AppleWebKit/537.36 (KHTML, like Gecko) Chrome/121.0.0.0 Safari/537.36"
176.232.126.175 - - [11/Sep/2026:09:07:58 -0400] "GET /wp-login.php?redirect_to=https%3A%2F%2Fhidalgoresidences.mx%2Fwp-admin%2Findex.php&reauth=1 HTTP/1.1" 302 259 "https://hidalgoresidences.mx/wp-login.php" "Mozilla/5.0 (Macintosh; Intel Mac OS X 10_15_7) AppleWebKit/537.36 (KHTML, like Gecko) Chrome/121.0.0.0 Safari/537.36"
176.232.126.175 - - [11/Sep/2026:09:07:58 -0400] "GET /mod-security-error/rule-13051.html HTTP/1.1" 200 866 "https://hidalgoresidences.mx/wp-login.php" "Mozilla/5.0 (Macintosh; Intel Mac OS X 10_15_7) AppleWebKit/537.36 (KHTML, like Gecko) Chrome/121.0.0.0 Safari/537.36"
176.232.126.175 - - [11/Sep/2026:09:07:58 -0400] "GET /wp-admin/profile.php HTTP/1.1" 302 - "https://hidalgoresidences.mx/wp-login.php" "Mozilla/5.0 (Macintosh; Intel Mac OS X 10_15_7) AppleWebKit/537.36 (KHTML, like Gecko) Chrome/121.0.0.0 Safari/537.36"
176.232.126.175 - - [11/Sep/2026:09:07:59 -0400] "GET /wp-login.php?redirect_to=https%3A%2F%2Fhidalgoresidences.mx%2Fwp-admin%2Fprofile.php&reauth=1 HTTP/1.1" 302 259 "https://hidalgoresidences.mx/wp-login.php" "Mozilla/5.0 (Macintosh; Intel Mac OS X 10_15_7) AppleWebKit/537.36 (KHTML, like Gecko) Chrome/121.0.0.0 Safari/537.36"
176.232.126.175 - - [11/Sep/2026:09:07:59 -0400] "GET /mod-security-error/rule-13051.html HTTP/1.1" 200 866 "https://hidalgoresidences.mx/wp-login.php" "Mozilla/5.0 (Macintosh; Intel Mac OS X 10_15_7) AppleWebKit/537.36 (KHTML, like Gecko) Chrome/121.0.0.0 Safari/537.36"
176.232.126.175 - - [11/Sep/2026:09:07:59 -0400] "GET /wp-admin/edit.php HTTP/1.1" 302 - "https://hidalgoresidences.mx/wp-login.php" "Mozilla/5.0 (Macintosh; Intel Mac OS X 10_15_7) AppleWebKit/537.36 (KHTML, like Gecko) Chrome/121.0.0.0 Safari/537.36"
176.232.126.175 - - [11/Sep/2026:09:08:01 -0400] "GET /wp-login.php?redirect_to=https%3A%2F%2Fhidalgoresidences.mx%2Fwp-admin%2Fedit.php&reauth=1 HTTP/1.1" 302 259 "https://hidalgoresidences.mx/wp-login.php" "Mozilla/5.0 (Macintosh; Intel Mac OS X 10_15_7) AppleWebKit/537.36 (KHTML, like Gecko) Chrome/121.0.0.0 Safari/537.36"
176.232.126.175 - - [11/Sep/2026:09:08:01 -0400] "GET /mod-security-error/rule-13051.html HTTP/1.1" 200 866 "https://hidalgoresidences.mx/wp-login.php" "Mozilla/5.0 (Macintosh; Intel Mac OS X 10_15_7) AppleWebKit/537.36 (KHTML, like Gecko) Chrome/121.0.0.0 Safari/537.36"
176.232.126.175 - - [11/Sep/2026:09:08:01 -0400] "GET /wp-admin/plugins.php HTTP/1.1" 302 - "https://hidalgoresidences.mx/wp-login.php" "Mozilla/5.0 (Macintosh; Intel Mac OS X 10_15_7) AppleWebKit/537.36 (KHTML, like Gecko) Chrome/121.0.0.0 Safari/537.36"
176.232.126.175 - - [11/Sep/2026:09:08:03 -0400] "GET /wp-login.php?redirect_to=https%3A%2F%2Fhidalgoresidences.mx%2Fwp-admin%2Fplugins.php&reauth=1 HTTP/1.1" 302 259 "https://hidalgoresidences.mx/wp-login.php" "Mozilla/5.0 (Macintosh; Intel Mac OS X 10_15_7) AppleWebKit/537.36 (KHTML, like Gecko) Chrome/121.0.0.0 Safari/537.36"
176.232.126.175 - - [11/Sep/2026:09:08:03 -0400] "GET /mod-security-error/rule-13051.html HTTP/1.1" 200 866 "https://hidalgoresidences.mx/wp-login.php" "Mozilla/5.0 (Macintosh; Intel Mac OS X 10_15_7) AppleWebKit/537.36 (KHTML, like Gecko) Chrome/121.0.0.0 Safari/537.36"
176.232.126.175 - - [11/Sep/2026:09:08:03 -0400] "POST /wp-login.php HTTP/1.1" 302 259 "https://hidalgoresidences.mx/wp-login.php" "Mozilla/5.0 (Macintosh; Intel Mac OS X 10_15_7; rv:121.0) Gecko/20100101 Firefox/121.0"
176.232.126.175 - - [11/Sep/2026:09:08:03 -0400] "GET /wp-admin/index.php HTTP/1.1" 302 - "https://hidalgoresidences.mx/wp-login.php" "Mozilla/5.0 (Macintosh; Intel Mac OS X 10_15_7; rv:120.0) Gecko/20100101 Firefox/120.0"
176.232.126.175 - - [11/Sep/2026:09:08:04 -0400] "GET /wp-login.php?redirect_to=https%3A%2F%2Fhidalgoresidences.mx%2Fwp-admin%2Findex.php&reauth=1 HTTP/1.1" 302 259 "https://hidalgoresidences.mx/wp-login.php" "Mozilla/5.0 (Macintosh; Intel Mac OS X 10_15_7; rv:120.0) Gecko/20100101 Firefox/120.0"
176.232.126.175 - - [11/Sep/2026:09:08:04 -0400] "GET /mod-security-error/rule-13051.html HTTP/1.1" 200 866 "https://hidalgoresidences.mx/wp-login.php" "Mozilla/5.0 (Macintosh; Intel Mac OS X 10_15_7; rv:120.0) Gecko/20100101 Firefox/120.0"
199.250.222.155 - - [11/Sep/2026:09:08:06 -0400] "POST /wp-cron.php?doing_wp_cron=1789132086.2714309692382812500000 HTTP/1.1" 200 - "-" "WordPress/7.1; https://hidalgoresidences.mx"
176.232.126.175 - - [11/Sep/2026:09:08:05 -0400] "GET /wp-admin/profile.php HTTP/1.1" 302 - "https://hidalgoresidences.mx/wp-login.php" "Mozilla/5.0 (Macintosh; Intel Mac OS X 10_15_7; rv:120.0) Gecko/20100101 Firefox/120.0"
176.232.126.175 - - [11/Sep/2026:09:08:06 -0400] "GET /wp-login.php?redirect_to=https%3A%2F%2Fhidalgoresidences.mx%2Fwp-admin%2Fprofile.php&reauth=1 HTTP/1.1" 302 259 "https://hidalgoresidences.mx/wp-login.php" "Mozilla/5.0 (Macintosh; Intel Mac OS X 10_15_7; rv:120.0) Gecko/20100101 Firefox/120.0"
176.232.126.175 - - [11/Sep/2026:09:08:06 -0400] "GET /mod-security-error/rule-13051.html HTTP/1.1" 200 866 "https://hidalgoresidences.mx/wp-login.php" "Mozilla/5.0 (Macintosh; Intel Mac OS X 10_15_7; rv:120.0) Gecko/20100101 Firefox/120.0"
176.232.126.175 - - [11/Sep/2026:09:08:06 -0400] "GET /wp-admin/edit.php HTTP/1.1" 302 - "https://hidalgoresidences.mx/wp-login.php" "Mozilla/5.0 (Macintosh; Intel Mac OS X 10_15_7; rv:120.0) Gecko/20100101 Firefox/120.0"
176.232.126.175 - - [11/Sep/2026:09:08:09 -0400] "GET /wp-login.php?redirect_to=https%3A%2F%2Fhidalgoresidences.mx%2Fwp-admin%2Fedit.php&reauth=1 HTTP/1.1" 302 259 "https://hidalgoresidences.mx/wp-login.php" "Mozilla/5.0 (Macintosh; Intel Mac OS X 10_15_7; rv:120.0) Gecko/20100101 Firefox/120.0"
176.232.126.175 - - [11/Sep/2026:09:08:09 -0400] "GET /mod-security-error/rule-13051.html HTTP/1.1" 200 866 "https://hidalgoresidences.mx/wp-login.php" "Mozilla/5.0 (Macintosh; Intel Mac OS X 10_15_7; rv:120.0) Gecko/20100101 Firefox/120.0"
176.232.126.175 - - [11/Sep/2026:09:08:09 -0400] "GET /wp-admin/plugins.php HTTP/1.1" 302 - "https://hidalgoresidences.mx/wp-login.php" "Mozilla/5.0 (Macintosh; Intel Mac OS X 10_15_7; rv:120.0) Gecko/20100101 Firefox/120.0"
176.232.126.175 - - [11/Sep/2026:09:08:10 -0400] "GET /wp-login.php?redirect_to=https%3A%2F%2Fhidalgoresidences.mx%2Fwp-admin%2Fplugins.php&reauth=1 HTTP/1.1" 302 259 "https://hidalgoresidences.mx/wp-login.php" "Mozilla/5.0 (Macintosh; Intel Mac OS X 10_15_7; rv:120.0) Gecko/20100101 Firefox/120.0"
176.232.126.175 - - [11/Sep/2026:09:08:10 -0400] "GET /mod-security-error/rule-13051.html HTTP/1.1" 200 866 "https://hidalgoresidences.mx/wp-login.php" "Mozilla/5.0 (Macintosh; Intel Mac OS X 10_15_7; rv:120.0) Gecko/20100101 Firefox/120.0"
176.232.126.175 - - [11/Sep/2026:09:08:11 -0400] "POST /wp-login.php HTTP/1.1" 302 259 "https://hidalgoresidences.mx/wp-login.php" "Mozilla/5.0 (Macintosh; Intel Mac OS X 13_6_1) AppleWebKit/605.1.15 (KHTML, like Gecko) Version/17.1 Safari/605.1.15"
176.232.126.175 - - [11/Sep/2026:09:08:11 -0400] "GET /wp-admin/index.php HTTP/1.1" 302 - "https://hidalgoresidences.mx/wp-login.php" "Mozilla/5.0 (Macintosh; Intel Mac OS X 13_6_1; rv:118.0) Gecko/20100101 Firefox/118.0"
176.232.126.175 - - [11/Sep/2026:09:08:12 -0400] "GET /wp-login.php?redirect_to=https%3A%2F%2Fhidalgoresidences.mx%2Fwp-admin%2Findex.php&reauth=1 HTTP/1.1" 302 259 "https://hidalgoresidences.mx/wp-login.php" "Mozilla/5.0 (Macintosh; Intel Mac OS X 13_6_1; rv:118.0) Gecko/20100101 Firefox/118.0"
176.232.126.175 - - [11/Sep/2026:09:08:12 -0400] "GET /mod-security-error/rule-13051.html HTTP/1.1" 200 866 "https://hidalgoresidences.mx/wp-login.php" "Mozilla/5.0 (Macintosh; Intel Mac OS X 13_6_1; rv:118.0) Gecko/20100101 Firefox/118.0"
176.232.126.175 - - [11/Sep/2026:09:08:12 -0400] "GET /wp-admin/profile.php HTTP/1.1" 302 - "https://hidalgoresidences.mx/wp-login.php" "Mozilla/5.0 (Macintosh; Intel Mac OS X 13_6_1; rv:118.0) Gecko/20100101 Firefox/118.0"
176.232.126.175 - - [11/Sep/2026:09:08:13 -0400] "GET /wp-login.php?redirect_to=https%3A%2F%2Fhidalgoresidences.mx%2Fwp-admin%2Fprofile.php&reauth=1 HTTP/1.1" 302 259 "https://hidalgoresidences.mx/wp-login.php" "Mozilla/5.0 (Macintosh; Intel Mac OS X 13_6_1; rv:118.0) Gecko/20100101 Firefox/118.0"
176.232.126.175 - - [11/Sep/2026:09:08:14 -0400] "GET /mod-security-error/rule-13051.html HTTP/1.1" 200 866 "https://hidalgoresidences.mx/wp-login.php" "Mozilla/5.0 (Macintosh; Intel Mac OS X 13_6_1; rv:118.0) Gecko/20100101 Firefox/118.0"
176.232.126.175 - - [11/Sep/2026:09:08:14 -0400] "GET /wp-admin/edit.php HTTP/1.1" 302 - "https://hidalgoresidences.mx/wp-login.php" "Mozilla/5.0 (Macintosh; Intel Mac OS X 13_6_1; rv:118.0) Gecko/20100101 Firefox/118.0"
199.250.222.155 - - [11/Sep/2026:09:14:34 -0400] "POST /wp-cron.php?doing_wp_cron=1789132474.2866799831390380859375 HTTP/1.1" 200 - "-" "WordPress/7.1; https://hidalgoresidences.mx"
40.77.167.27 - - [11/Sep/2026:09:14:32 -0400] "GET / HTTP/1.1" 200 301685 "-" "Mozilla/5.0 AppleWebKit/537.36 (KHTML, like Gecko; compatible; bingbot/2.0; +http://www.bing.com/bingbot.htm) Chrome/116.0.1938.76 Safari/537.36"
199.250.222.155 - - [11/Sep/2026:09:15:21 -0400] "POST /wp-cron.php?doing_wp_cron=1789132521.6480300426483154296875 HTTP/1.1" 200 - "-" "WordPress/7.1; https://hidalgoresidences.mx"
35.204.69.78 - - [11/Sep/2026:09:15:20 -0400] "GET / HTTP/1.1" 301 - "-" "Scrapy/2.17.0 (+https://scrapy.org)"
35.204.69.78 - - [11/Sep/2026:09:15:23 -0400] "GET / HTTP/1.1" 200 301682 "https://www.hidalgoresidences.mx.ventaspeninsula.mx/" "Scrapy/2.17.0 (+https://scrapy.org)"
3.216.86.144 - - [11/Sep/2026:09:22:26 -0400] "GET /wp-content/plugins/elementor/assets/data/ HTTP/1.1" 200 932 "-" "Mozilla/5.0 AppleWebKit/537.36 (KHTML, like Gecko; compatible; Amazonbot/0.1; +https://developer.amazon.com/support/amazonbot) Chrome/119.0.6045.214 Safari/537.36"
199.250.222.155 - - [11/Sep/2026:09:23:01 -0400] "POST /wp-cron.php?doing_wp_cron=1789132981.2578089237213134765625 HTTP/1.1" 200 - "-" "WordPress/7.1; https://hidalgoresidences.mx"
34.236.222.216 - - [11/Sep/2026:09:23:00 -0400] "GET /robots.txt HTTP/1.1" 200 277 "-" "Mozilla/5.0 (Macintosh; Intel Mac OS X 10_10_1) AppleWebKit/600.2.5 (KHTML, like Gecko) Version/8.0.2 Safari/600.2.5 (Gort)"
65.98.5.196 - - [11/Sep/2026:09:27:16 -0400] "GET / HTTP/1.1" 200 301483 "http://HIDALGORESIDENCES.MX/" "Mozilla/5.0 (Macintosh; Intel Mac OS X 10_15_7) AppleWebKit/537.36 (KHTML, like Gecko) Chrome/131.0.0.0 Safari/537.36"
65.98.5.196 - - [11/Sep/2026:09:27:19 -0400] "HEAD / HTTP/1.1" 301 - "-" "Mozilla/5.0 (X11; Linux x86_64) AppleWebKit/537.36 (KHTML, like Gecko) Chrome/131.0.0.0 Safari/537.36"
65.98.5.196 - - [11/Sep/2026:09:27:20 -0400] "HEAD / HTTP/1.1" 200 - "https://HIDALGORESIDENCES.MX/" "Mozilla/5.0 (X11; Linux x86_64) AppleWebKit/537.36 (KHTML, like Gecko) Chrome/131.0.0.0 Safari/537.36"
65.98.5.196 - - [11/Sep/2026:09:27:22 -0400] "POST /?rest_route=/batch/v1 HTTP/1.1" 207 16 "-" "Mozilla/5.0 (Windows NT 10.0; Win64; x64) AppleWebKit/537.36 (KHTML, like Gecko) Chrome/130.0.0.0 Safari/537.36 Edg/130.0.0.0"
65.98.5.196 - - [11/Sep/2026:09:27:23 -0400] "POST /?rest_route=/batch/v1 HTTP/1.1" 207 665 "-" "Mozilla/5.0 (Windows NT 10.0; Win64; x64) AppleWebKit/537.36 (KHTML, like Gecko) Chrome/131.0.0.0 Safari/537.36"
65.98.5.196 - - [11/Sep/2026:09:27:24 -0400] "GET / HTTP/1.1" 301 - "-" "Mozilla/5.0 (iPhone; CPU iPhone OS 17_0 like Mac OS X) AppleWebKit/605.1.15 (KHTML, like Gecko) Version/17.0 Mobile/15E148 Safari/604.1"
65.98.5.196 - - [11/Sep/2026:09:27:25 -0400] "GET / HTTP/1.1" 200 301974 "https://HIDALGORESIDENCES.MX/" "Mozilla/5.0 (iPhone; CPU iPhone OS 17_0 like Mac OS X) AppleWebKit/605.1.15 (KHTML, like Gecko) Version/17.0 Mobile/15E148 Safari/604.1"
65.98.5.196 - - [11/Sep/2026:09:27:27 -0400] "GET /?test=1+UNION+SELECT+1,2,3-- HTTP/1.1" 200 270304 "-" "Mozilla/5.0 (Windows NT 10.0; Win64; x64; rv:133.0) Gecko/20100101 Firefox/133.0"
65.98.5.196 - - [11/Sep/2026:09:27:29 -0400] "POST /?rest_route=/batch/v1 HTTP/1.1" 207 665 "https://HIDALGORESIDENCES.MX/wp-admin/" "Mozilla/5.0 (iPhone; CPU iPhone OS 17_0 like Mac OS X) AppleWebKit/605.1.15 (KHTML, like Gecko) Version/17.0 Mobile/15E148 Safari/604.1"
65.98.5.196 - - [11/Sep/2026:09:27:31 -0400] "POST /?rest_route=/batch/v1 HTTP/1.1" 207 723 "https://HIDALGORESIDENCES.MX/wp-admin/" "Mozilla/5.0 (Windows NT 10.0; Win64; x64; rv:133.0) Gecko/20100101 Firefox/133.0"
65.98.5.196 - - [11/Sep/2026:09:27:32 -0400] "POST /?rest_route=/batch/v1 HTTP/1.1" 207 665 "https://HIDALGORESIDENCES.MX/wp-admin/edit.php" "Mozilla/5.0 (Macintosh; Intel Mac OS X 10_15_7) AppleWebKit/537.36 (KHTML, like Gecko) Chrome/131.0.0.0 Safari/537.36"
65.98.5.196 - - [11/Sep/2026:09:27:33 -0400] "POST /?rest_route=/batch/v1&_ea1=26d0fb HTTP/1.1" 207 723 "https://HIDALGORESIDENCES.MX/wp-admin/edit.php" "Mozilla/5.0 (iPhone; CPU iPhone OS 17_0 like Mac OS X) AppleWebKit/605.1.15 (KHTML, like Gecko) Version/17.0 Mobile/15E148 Safari/604.1"
65.98.5.196 - - [11/Sep/2026:09:27:34 -0400] "POST /?rest_route=/batch/v1&_c94=757c0c HTTP/1.1" 400 328 "https://HIDALGORESIDENCES.MX/wp-admin/edit.php" "Mozilla/5.0 (iPhone; CPU iPhone OS 17_0 like Mac OS X) AppleWebKit/605.1.15 (KHTML, like Gecko) Version/17.0 Mobile/15E148 Safari/604.1"
65.98.5.196 - - [11/Sep/2026:09:27:35 -0400] "POST /?rest_route=/batch/v1&_659=4542b8 HTTP/1.1" 207 665 "https://HIDALGORESIDENCES.MX/wp-admin/edit.php" "Mozilla/5.0 (X11; Linux x86_64) AppleWebKit/537.36 (KHTML, like Gecko) Chrome/131.0.0.0 Safari/537.36"
65.98.5.196 - - [11/Sep/2026:09:27:37 -0400] "POST /?rest_route=/batch/v1&_5bb=994853 HTTP/1.1" 400 328 "https://HIDALGORESIDENCES.MX/wp-admin/edit.php" "Mozilla/5.0 (Windows NT 10.0; Win64; x64; rv:133.0) Gecko/20100101 Firefox/133.0"
65.98.5.196 - - [11/Sep/2026:09:27:38 -0400] "POST /?rest_route=/batch/v1&_65b=ec4942 HTTP/1.1" 207 665 "https://HIDALGORESIDENCES.MX/wp-admin/edit.php" "Mozilla/5.0 (Windows NT 10.0; Win64; x64) AppleWebKit/537.36 (KHTML, like Gecko) Chrome/130.0.0.0 Safari/537.36 Edg/130.0.0.0"
65.98.5.196 - - [11/Sep/2026:09:27:39 -0400] "POST /?rest_route=/batch/v1&_354=8e2028 HTTP/1.1" 207 665 "https://HIDALGORESIDENCES.MX/wp-admin/edit.php" "Mozilla/5.0 (Windows NT 10.0; Win64; x64) AppleWebKit/537.36 (KHTML, like Gecko) Chrome/130.0.0.0 Safari/537.36 Edg/130.0.0.0"
65.98.5.196 - - [11/Sep/2026:09:27:40 -0400] "POST /?rest_route=/batch/v1&_ba8=42ee HTTP/1.1" 207 723 "https://HIDALGORESIDENCES.MX/wp-admin/edit.php" "Mozilla/5.0 (X11; Linux x86_64) AppleWebKit/537.36 (KHTML, like Gecko) Chrome/131.0.0.0 Safari/537.36"
65.98.5.196 - - [11/Sep/2026:09:27:42 -0400] "POST /?rest_route=/batch/v1&_b21=debbf0 HTTP/1.1" 207 665 "https://HIDALGORESIDENCES.MX/wp-admin/edit.php" "Mozilla/5.0 (iPhone; CPU iPhone OS 17_0 like Mac OS X) AppleWebKit/605.1.15 (KHTML, like Gecko) Version/17.0 Mobile/15E148 Safari/604.1"
65.98.5.196 - - [11/Sep/2026:09:27:43 -0400] "POST /?rest_route=/batch/v1&_949=3cbc88 HTTP/1.1" 207 723 "https://HIDALGORESIDENCES.MX/wp-admin/edit.php" "Mozilla/5.0 (Macintosh; Intel Mac OS X 10_15_7) AppleWebKit/537.36 (KHTML, like Gecko) Chrome/131.0.0.0 Safari/537.36"
65.98.5.196 - - [11/Sep/2026:09:27:44 -0400] "POST /?rest_route=/batch/v1&_5ae=b1d1eb HTTP/1.1" 400 328 "https://HIDALGORESIDENCES.MX/wp-admin/edit.php" "Mozilla/5.0 (Windows NT 10.0; Win64; x64; rv:133.0) Gecko/20100101 Firefox/133.0"
65.98.5.196 - - [11/Sep/2026:09:27:45 -0400] "POST /?rest_route=/batch/v1&_85d=68299e HTTP/1.1" 207 665 "https://HIDALGORESIDENCES.MX/wp-admin/edit.php" "Mozilla/5.0 (iPhone; CPU iPhone OS 17_0 like Mac OS X) AppleWebKit/605.1.15 (KHTML, like Gecko) Version/17.0 Mobile/15E148 Safari/604.1"
65.98.5.196 - - [11/Sep/2026:09:27:46 -0400] "POST /?rest_route=/batch/v1&_886=eeb1e9 HTTP/1.1" 400 135 "https://HIDALGORESIDENCES.MX/wp-admin/edit.php" "Mozilla/5.0 (iPhone; CPU iPhone OS 17_0 like Mac OS X) AppleWebKit/605.1.15 (KHTML, like Gecko) Version/17.0 Mobile/15E148 Safari/604.1"
65.98.5.196 - - [11/Sep/2026:09:27:48 -0400] "POST /?rest_route=/batch/v1&_1b9=b1b269 HTTP/1.1" 207 665 "https://HIDALGORESIDENCES.MX/wp-admin/edit.php" "Mozilla/5.0 (Macintosh; Intel Mac OS X 10_15_7) AppleWebKit/537.36 (KHTML, like Gecko) Chrome/131.0.0.0 Safari/537.36"
199.250.222.155 - - [11/Sep/2026:09:31:01 -0400] "POST /wp-cron.php?doing_wp_cron=1789133461.0189490318298339843750 HTTP/1.1" 200 - "-" "WordPress/7.1; https://hidalgoresidences.mx"
216.73.217.60 - - [11/Sep/2026:09:30:59 -0400] "GET /robots.txt HTTP/1.1" 200 277 "-" "Mozilla/5.0 AppleWebKit/537.36 (KHTML, like Gecko; compatible; ClaudeBot/1.0; +claudebot@anthropic.com)"
216.73.217.60 - - [11/Sep/2026:09:31:01 -0400] "GET /wp-sitemap.xml HTTP/1.1" 404 381 "-" "Mozilla/5.0 AppleWebKit/537.36 (KHTML, like Gecko; compatible; ClaudeBot/1.0; +claudebot@anthropic.com)"
199.250.222.155 - - [11/Sep/2026:09:33:08 -0400] "POST /wp-cron.php?doing_wp_cron=1789133588.1984519958496093750000 HTTP/1.1" 200 - "-" "WordPress/7.1; https://hidalgoresidences.mx"
178.20.45.128 - - [11/Sep/2026:09:33:06 -0400] "GET / HTTP/1.0" 200 301772 "https://hidalgoresidences.mx/" "Mozilla/5.0 (Windows NT 10.0; Win64; x64) AppleWebKit/537.36 (KHTML, like Gecko) Chrome/131.0.0.0 Safari/537.36"
199.250.222.155 - - [11/Sep/2026:09:37:16 -0400] "POST /wp-cron.php?doing_wp_cron=1789133836.0001840591430664062500 HTTP/1.1" 200 - "-" "WordPress/7.1; https://hidalgoresidences.mx"
178.20.45.128 - - [11/Sep/2026:09:37:14 -0400] "POST /wp-admin/admin-ajax.php HTTP/1.0" 200 210 "https://hidalgoresidences.mx/" "Mozilla/5.0 (Windows NT 10.0; Win64; x64) AppleWebKit/537.36 (KHTML, like Gecko) Chrome/131.0.0.0 Safari/537.36"
177.220.190.171 - - [11/Sep/2026:09:37:26 -0400] "POST /xmlrpc.php HTTP/1.1" 200 416 "-" "Jetpack/12.1; WordPress/6.2; http://site21546350.com"
177.220.190.171 - - [11/Sep/2026:09:37:37 -0400] "POST /xmlrpc.php HTTP/1.1" 200 416 "-" "Jetpack/12.1; WordPress/6.1; http://site41254891.com"
177.220.190.171 - - [11/Sep/2026:09:37:47 -0400] "POST /xmlrpc.php HTTP/1.1" 200 416 "-" "Jetpack/12.0; WordPress/6.4; http://site85804158.com"
177.220.190.171 - - [11/Sep/2026:09:37:58 -0400] "POST /xmlrpc.php HTTP/1.1" 200 416 "-" "Jetpack by WordPress.com (Jetpack 12.1; WordPress 6.1)"
177.220.190.171 - - [11/Sep/2026:09:38:08 -0400] "POST /xmlrpc.php HTTP/1.1" 406 300 "-" "Jetpack by WordPress.com"
199.250.222.155 - - [11/Sep/2026:09:38:20 -0400] "POST /wp-cron.php?doing_wp_cron=1789133900.5438029766082763671875 HTTP/1.1" 200 - "-" "WordPress/7.1; https://hidalgoresidences.mx"
177.220.190.171 - - [11/Sep/2026:09:38:19 -0400] "POST /xmlrpc.php HTTP/1.1" 200 416 "-" "WordPress.com; https://wordpress.com"
177.220.190.171 - - [11/Sep/2026:09:38:30 -0400] "POST /xmlrpc.php HTTP/1.1" 200 416 "-" "WordPress.com; https://wordpress.com"
177.220.190.171 - - [11/Sep/2026:09:38:40 -0400] "POST /xmlrpc.php HTTP/1.1" 200 416 "-" "Jetpack by WordPress.com (Jetpack 12.0; WordPress 6.3)"
177.220.190.171 - - [11/Sep/2026:09:38:51 -0400] "POST /xmlrpc.php HTTP/1.1" 406 300 "-" "WordPress.com; https://wordpress.com"
177.220.190.171 - - [11/Sep/2026:09:39:01 -0400] "POST /xmlrpc.php HTTP/1.1" 200 416 "-" "Jetpack/12.1; WordPress/6.3; http://site65693134.com"
199.250.222.155 - - [11/Sep/2026:09:39:13 -0400] "POST /wp-cron.php?doing_wp_cron=1789133953.3859570026397705078125 HTTP/1.1" 200 - "-" "WordPress/7.1; https://hidalgoresidences.mx"
177.220.190.171 - - [11/Sep/2026:09:39:12 -0400] "POST /xmlrpc.php HTTP/1.1" 200 416 "-" "Jetpack by WordPress.com (Jetpack 12.1; WordPress 6.3)"
177.220.190.171 - - [11/Sep/2026:09:39:23 -0400] "POST /xmlrpc.php HTTP/1.1" 200 416 "-" "Jetpack/12.0; WordPress/6.4; http://site43419297.com"
177.220.190.171 - - [11/Sep/2026:09:39:33 -0400] "POST /xmlrpc.php HTTP/1.1" 406 300 "-" "WordPress.com; https://wordpress.com"
177.220.190.171 - - [11/Sep/2026:09:39:44 -0400] "POST /xmlrpc.php HTTP/1.1" 200 416 "-" "Jetpack by WordPress.com"
177.220.190.171 - - [11/Sep/2026:09:39:54 -0400] "POST /xmlrpc.php HTTP/1.1" 200 416 "-" "Jetpack/13.0; WordPress/6.4; http://site63151002.com"
199.250.222.155 - - [11/Sep/2026:09:40:06 -0400] "POST /wp-cron.php?doing_wp_cron=1789134006.3768188953399658203125 HTTP/1.1" 200 - "-" "WordPress/7.1; https://hidalgoresidences.mx"
177.220.190.171 - - [11/Sep/2026:09:40:05 -0400] "POST /xmlrpc.php HTTP/1.1" 200 416 "-" "Jetpack/13.0; WordPress/6.2; http://site86908135.com"
177.220.190.171 - - [11/Sep/2026:09:40:16 -0400] "POST /xmlrpc.php HTTP/1.1" 406 300 "-" "Jetpack by WordPress.com"
177.220.190.171 - - [11/Sep/2026:09:40:27 -0400] "POST /xmlrpc.php HTTP/1.1" 200 416 "-" "Jetpack by WordPress.com (Jetpack 12.5; WordPress 6.3)"
177.220.190.171 - - [11/Sep/2026:09:40:36 -0400] "POST /xmlrpc.php HTTP/1.1" 200 416 "-" "Jetpack/12.1; WordPress/6.3; http://site41931157.com"
177.220.190.171 - - [11/Sep/2026:09:40:48 -0400] "POST /xmlrpc.php HTTP/1.1" 200 416 "-" "Jetpack by WordPress.com"
177.220.190.171 - - [11/Sep/2026:09:40:58 -0400] "POST /xmlrpc.php HTTP/1.1" 406 300 "-" "WordPress.com; https://wordpress.com"
177.220.190.171 - - [11/Sep/2026:09:41:09 -0400] "POST /xmlrpc.php HTTP/1.1" 406 300 "-" "Jetpack by WordPress.com"
199.250.222.155 - - [11/Sep/2026:09:41:21 -0400] "POST /wp-cron.php?doing_wp_cron=1789134080.9945030212402343750000 HTTP/1.1" 200 - "-" "WordPress/7.1; https://hidalgoresidences.mx"
177.220.190.171 - - [11/Sep/2026:09:41:19 -0400] "POST /xmlrpc.php HTTP/1.1" 200 416 "-" "Jetpack by WordPress.com (Jetpack 12.0; WordPress 6.4)"
177.220.190.171 - - [11/Sep/2026:09:41:30 -0400] "POST /xmlrpc.php HTTP/1.1" 406 300 "-" "Jetpack by WordPress.com (Jetpack 13.0; WordPress 6.3)"
177.220.190.171 - - [11/Sep/2026:09:41:40 -0400] "POST /xmlrpc.php HTTP/1.1" 406 300 "-" "Jetpack by WordPress.com (Jetpack 12.0; WordPress 6.1)"
177.220.190.171 - - [11/Sep/2026:09:41:51 -0400] "POST /xmlrpc.php HTTP/1.1" 406 300 "-" "WordPress.com; https://wordpress.com"
177.220.190.171 - - [11/Sep/2026:09:42:01 -0400] "POST /xmlrpc.php HTTP/1.1" 406 300 "-" "Jetpack/12.5; WordPress/6.1; http://site62747321.com"
177.220.190.171 - - [11/Sep/2026:09:42:12 -0400] "POST /xmlrpc.php HTTP/1.1" 406 300 "-" "WordPress.com; https://wordpress.com"
199.250.222.155 - - [11/Sep/2026:09:42:24 -0400] "POST /wp-cron.php?doing_wp_cron=1789134144.1894409656524658203125 HTTP/1.1" 200 - "-" "WordPress/7.1; https://hidalgoresidences.mx"
177.220.190.171 - - [11/Sep/2026:09:42:22 -0400] "POST /xmlrpc.php HTTP/1.1" 200 416 "-" "Jetpack by WordPress.com"
177.220.190.171 - - [11/Sep/2026:09:42:33 -0400] "POST /xmlrpc.php HTTP/1.1" 406 300 "-" "Jetpack by WordPress.com"
177.220.190.171 - - [11/Sep/2026:09:42:43 -0400] "POST /xmlrpc.php HTTP/1.1" 406 300 "-" "Jetpack/12.0; WordPress/6.1; http://site79435162.com"
177.220.190.171 - - [11/Sep/2026:09:42:54 -0400] "POST /xmlrpc.php HTTP/1.1" 406 300 "-" "Jetpack by WordPress.com (Jetpack 12.0; WordPress 6.4)"
177.220.190.171 - - [11/Sep/2026:09:43:04 -0400] "POST /xmlrpc.php HTTP/1.1" 406 300 "-" "WordPress.com; https://wordpress.com"
177.220.190.171 - - [11/Sep/2026:09:43:15 -0400] "POST /xmlrpc.php HTTP/1.1" 406 300 "-" "Jetpack by WordPress.com (Jetpack 12.5; WordPress 6.3)"
199.250.222.155 - - [11/Sep/2026:09:43:27 -0400] "POST /wp-cron.php?doing_wp_cron=1789134207.1649219989776611328125 HTTP/1.1" 200 - "-" "WordPress/7.1; https://hidalgoresidences.mx"
177.220.190.171 - - [11/Sep/2026:09:43:25 -0400] "POST /xmlrpc.php HTTP/1.1" 200 416 "-" "WordPress.com; https://wordpress.com"
177.220.190.171 - - [11/Sep/2026:09:43:36 -0400] "POST /xmlrpc.php HTTP/1.1" 406 300 "-" "Jetpack by WordPress.com (Jetpack 12.5; WordPress 6.3)"
177.220.190.171 - - [11/Sep/2026:09:43:47 -0400] "POST /xmlrpc.php HTTP/1.1" 406 300 "-" "Jetpack by WordPress.com (Jetpack 12.5; WordPress 6.1)"
177.220.190.171 - - [11/Sep/2026:09:43:57 -0400] "POST /xmlrpc.php HTTP/1.1" 406 300 "-" "Jetpack by WordPress.com (Jetpack 13.0; WordPress 6.3)"
177.220.190.171 - - [11/Sep/2026:09:44:08 -0400] "POST /xmlrpc.php HTTP/1.1" 406 300 "-" "WordPress.com; https://wordpress.com"
177.220.190.171 - - [11/Sep/2026:09:44:18 -0400] "POST /xmlrpc.php HTTP/1.1" 406 300 "-" "Jetpack by WordPress.com (Jetpack 12.5; WordPress 6.2)"
199.250.222.155 - - [11/Sep/2026:09:44:30 -0400] "POST /wp-cron.php?doing_wp_cron=1789134270.3085629940032958984375 HTTP/1.1" 200 - "-" "WordPress/7.1; https://hidalgoresidences.mx"
177.220.190.171 - - [11/Sep/2026:09:44:29 -0400] "POST /xmlrpc.php HTTP/1.1" 200 416 "-" "Jetpack/13.0; WordPress/6.2; http://site14683753.com"
177.220.190.171 - - [11/Sep/2026:09:44:39 -0400] "POST /xmlrpc.php HTTP/1.1" 406 300 "-" "Jetpack by WordPress.com"
177.220.190.171 - - [11/Sep/2026:09:44:50 -0400] "POST /xmlrpc.php HTTP/1.1" 406 300 "-" "Jetpack/12.1; WordPress/6.3; http://site71328114.com"
177.220.190.171 - - [11/Sep/2026:09:45:00 -0400] "POST /xmlrpc.php HTTP/1.1" 406 300 "-" "Jetpack/13.0; WordPress/6.4; http://site86063359.com"
177.220.190.171 - - [11/Sep/2026:09:45:11 -0400] "POST /xmlrpc.php HTTP/1.1" 406 300 "-" "Jetpack by WordPress.com"
177.220.190.171 - - [11/Sep/2026:09:45:22 -0400] "POST /xmlrpc.php HTTP/1.1" 406 300 "-" "WordPress.com; https://wordpress.com"
199.250.222.155 - - [11/Sep/2026:09:45:33 -0400] "POST /wp-cron.php?doing_wp_cron=1789134333.2954978942871093750000 HTTP/1.1" 200 - "-" "WordPress/7.1; https://hidalgoresidences.mx"
177.220.190.171 - - [11/Sep/2026:09:45:32 -0400] "POST /xmlrpc.php HTTP/1.1" 200 416 "-" "Jetpack by WordPress.com"
177.220.190.171 - - [11/Sep/2026:09:45:42 -0400] "POST /xmlrpc.php HTTP/1.1" 406 300 "-" "Jetpack by WordPress.com (Jetpack 12.5; WordPress 6.1)"
177.220.190.171 - - [11/Sep/2026:09:45:53 -0400] "POST /xmlrpc.php HTTP/1.1" 406 300 "-" "Jetpack/12.1; WordPress/6.2; http://site72356893.com"
177.220.190.171 - - [11/Sep/2026:09:46:03 -0400] "POST /xmlrpc.php HTTP/1.1" 406 300 "-" "Jetpack by WordPress.com"
177.220.190.171 - - [11/Sep/2026:09:46:14 -0400] "POST /xmlrpc.php HTTP/1.1" 406 300 "-" "Jetpack by WordPress.com"
177.220.190.171 - - [11/Sep/2026:09:46:25 -0400] "POST /xmlrpc.php HTTP/1.1" 406 300 "-" "Jetpack/12.5; WordPress/6.2; http://site82636701.com"
199.250.222.155 - - [11/Sep/2026:09:46:37 -0400] "POST /wp-cron.php?doing_wp_cron=1789134397.1670589447021484375000 HTTP/1.1" 200 - "-" "WordPress/7.1; https://hidalgoresidences.mx"
177.220.190.171 - - [11/Sep/2026:09:46:35 -0400] "POST /xmlrpc.php HTTP/1.1" 200 416 "-" "WordPress.com; https://wordpress.com"
177.220.190.171 - - [11/Sep/2026:09:46:46 -0400] "POST /xmlrpc.php HTTP/1.1" 406 300 "-" "Jetpack by WordPress.com (Jetpack 13.0; WordPress 6.4)"
177.220.190.171 - - [11/Sep/2026:09:46:58 -0400] "POST /xmlrpc.php HTTP/1.1" 406 300 "-" "Jetpack/12.5; WordPress/6.4; http://site36112342.com"
177.220.190.171 - - [11/Sep/2026:09:47:08 -0400] "POST /xmlrpc.php HTTP/1.1" 406 300 "-" "Jetpack by WordPress.com"
177.220.190.171 - - [11/Sep/2026:09:47:18 -0400] "POST /xmlrpc.php HTTP/1.1" 406 300 "-" "Jetpack/12.1; WordPress/6.2; http://site13079193.com"
177.220.190.171 - - [11/Sep/2026:09:47:29 -0400] "POST /xmlrpc.php HTTP/1.1" 406 300 "-" "Jetpack by WordPress.com"
199.250.222.155 - - [11/Sep/2026:09:47:40 -0400] "POST /wp-cron.php?doing_wp_cron=1789134460.7553620338439941406250 HTTP/1.1" 200 - "-" "WordPress/7.1; https://hidalgoresidences.mx"
177.220.190.171 - - [11/Sep/2026:09:47:39 -0400] "POST /xmlrpc.php HTTP/1.1" 200 416 "-" "Jetpack by WordPress.com (Jetpack 12.0; WordPress 6.1)"
177.220.190.171 - - [11/Sep/2026:09:47:50 -0400] "POST /xmlrpc.php HTTP/1.1" 406 300 "-" "Jetpack by WordPress.com"
177.220.190.171 - - [11/Sep/2026:09:48:00 -0400] "POST /xmlrpc.php HTTP/1.1" 406 300 "-" "Jetpack by WordPress.com"
177.220.190.171 - - [11/Sep/2026:09:48:11 -0400] "POST /xmlrpc.php HTTP/1.1" 406 300 "-" "Jetpack by WordPress.com"
177.220.190.171 - - [11/Sep/2026:09:48:21 -0400] "POST /xmlrpc.php HTTP/1.1" 406 300 "-" "Jetpack by WordPress.com (Jetpack 12.5; WordPress 6.3)"
177.220.190.171 - - [11/Sep/2026:09:48:32 -0400] "POST /xmlrpc.php HTTP/1.1" 406 300 "-" "Jetpack/12.0; WordPress/6.4; http://site24285350.com"
199.250.222.155 - - [11/Sep/2026:09:48:43 -0400] "POST /wp-cron.php?doing_wp_cron=1789134523.7936160564422607421875 HTTP/1.1" 200 - "-" "WordPress/7.1; https://hidalgoresidences.mx"
177.220.190.171 - - [11/Sep/2026:09:48:42 -0400] "POST /xmlrpc.php HTTP/1.1" 200 416 "-" "WordPress.com; https://wordpress.com"
216.73.217.60 - - [11/Sep/2026:09:48:50 -0400] "GET /wp-content/maintenance/assets/timer.js HTTP/1.1" 200 1282 "-" "Mozilla/5.0 AppleWebKit/537.36 (KHTML, like Gecko; compatible; ClaudeBot/1.0; +claudebot@anthropic.com)"
216.73.217.60 - - [11/Sep/2026:09:48:50 -0400] "GET /wp-content/maintenance/assets/images/twitter.svg HTTP/1.1" 200 759 "-" "Mozilla/5.0 AppleWebKit/537.36 (KHTML, like Gecko; compatible; ClaudeBot/1.0; +claudebot@anthropic.com)"
177.220.190.171 - - [11/Sep/2026:09:48:53 -0400] "POST /xmlrpc.php HTTP/1.1" 406 300 "-" "Jetpack/12.1; WordPress/6.4; http://site28155296.com"
177.220.190.171 - - [11/Sep/2026:09:49:03 -0400] "POST /xmlrpc.php HTTP/1.1" 406 300 "-" "Jetpack by WordPress.com"
216.73.217.60 - - [11/Sep/2026:09:49:07 -0400] "GET /wp-content/maintenance/assets/styles.css HTTP/1.1" 200 2884 "-" "Mozilla/5.0 AppleWebKit/537.36 (KHTML, like Gecko; compatible; ClaudeBot/1.0; +claudebot@anthropic.com)"
216.73.217.60 - - [11/Sep/2026:09:49:07 -0400] "GET /wp-content/maintenance/assets/images/instagram.svg HTTP/1.1" 200 962 "-" "Mozilla/5.0 AppleWebKit/537.36 (KHTML, like Gecko; compatible; ClaudeBot/1.0; +claudebot@anthropic.com)"
177.220.190.171 - - [11/Sep/2026:09:49:14 -0400] "POST /xmlrpc.php HTTP/1.1" 406 300 "-" "Jetpack by WordPress.com"
177.220.190.171 - - [11/Sep/2026:09:49:24 -0400] "POST /xmlrpc.php HTTP/1.1" 406 300 "-" "Jetpack by WordPress.com"
177.220.190.171 - - [11/Sep/2026:09:49:35 -0400] "POST /xmlrpc.php HTTP/1.1" 406 300 "-" "Jetpack/12.1; WordPress/6.4; http://site23958802.com"
199.250.222.155 - - [11/Sep/2026:09:49:46 -0400] "POST /wp-cron.php?doing_wp_cron=1789134586.8401610851287841796875 HTTP/1.1" 200 - "-" "WordPress/7.1; https://hidalgoresidences.mx"
177.220.190.171 - - [11/Sep/2026:09:49:45 -0400] "POST /xmlrpc.php HTTP/1.1" 200 416 "-" "Jetpack by WordPress.com (Jetpack 12.1; WordPress 6.2)"
177.220.190.171 - - [11/Sep/2026:09:49:56 -0400] "POST /xmlrpc.php HTTP/1.1" 406 300 "-" "Jetpack by WordPress.com"
177.220.190.171 - - [11/Sep/2026:09:50:06 -0400] "POST /xmlrpc.php HTTP/1.1" 406 300 "-" "Jetpack by WordPress.com"
199.250.222.155 - - [11/Sep/2026:09:50:07 -0400] "POST /wp-cron.php?doing_wp_cron=1789134607.7875459194183349609375 HTTP/1.1" 200 - "-" "WordPress/7.1; https://hidalgoresidences.mx"
109.164.52.156 - - [11/Sep/2026:09:50:06 -0400] "GET /wp-login.php HTTP/1.1" 200 9766 "-" "Mozilla/5.0 (Macintosh; Intel Mac OS X 10_15_7) AppleWebKit/537.36 (KHTML, like Gecko) Chrome/151.0.0.0 Safari/537.36"
