66.249.68.194 - - [11/Sep/2026:09:51:49 -0400] "GET /?a=melhores-tenis-pronador-france-save-31%25-cc-7JrVqdCw HTTP/1.1" 200 223763 "-" "Mozilla/5.0 (Linux; Android 6.0.1; Nexus 5X Build/MMB29P) AppleWebKit/537.36 (KHTML, like Gecko) Chrome/153.0.8010.36 Mobile Safari/537.36 (compatible; GoogleOther)"
223.181.127.189 - - [11/Sep/2026:09:51:53 -0400] "POST /xmlrpc.php HTTP/1.1" 406 300 "-" "WordPress.com; https://wordpress.com"
223.181.127.189 - - [11/Sep/2026:09:52:05 -0400] "POST /xmlrpc.php HTTP/1.1" 200 415 "-" "Jetpack by WordPress.com (Jetpack 12.1; WordPress 6.2)"
223.181.127.189 - - [11/Sep/2026:09:52:13 -0400] "POST /xmlrpc.php HTTP/1.1" 200 415 "-" "Jetpack by WordPress.com"
223.181.127.189 - - [11/Sep/2026:09:52:23 -0400] "POST /xmlrpc.php HTTP/1.1" 200 415 "-" "Jetpack by WordPress.com (Jetpack 12.0; WordPress 6.4)"
199.250.222.155 - - [11/Sep/2026:09:52:31 -0400] "POST /wp-cron.php?doing_wp_cron=1789134751.6117370128631591796875 HTTP/1.1" 200 - "-" "WordPress/7.1; https://heredit.mx"
66.249.68.192 - - [11/Sep/2026:09:52:31 -0400] "GET /?a=melhores-tenis-pronador-france-save-31%-cc-7JrVqdCw HTTP/1.1" 301 - "-" "Mozilla/5.0 (Linux; Android 6.0.1; Nexus 5X Build/MMB29P) AppleWebKit/537.36 (KHTML, like Gecko) Chrome/153.0.8010.36 Mobile Safari/537.36 (compatible; Googlebot/2.1; +http://www.google.com/bot.html)"
223.181.127.189 - - [11/Sep/2026:09:52:34 -0400] "POST /xmlrpc.php HTTP/1.1" 200 415 "-" "Jetpack by WordPress.com"
223.181.127.189 - - [11/Sep/2026:09:52:44 -0400] "POST /xmlrpc.php HTTP/1.1" 200 415 "-" "Jetpack by WordPress.com (Jetpack 13.0; WordPress 6.4)"
223.181.127.189 - - [11/Sep/2026:09:52:55 -0400] "POST /xmlrpc.php HTTP/1.1" 200 415 "-" "Jetpack by WordPress.com"
223.181.127.189 - - [11/Sep/2026:09:53:06 -0400] "POST /xmlrpc.php HTTP/1.1" 200 415 "-" "Jetpack by WordPress.com (Jetpack 13.0; WordPress 6.4)"
223.181.127.189 - - [11/Sep/2026:09:53:16 -0400] "POST /xmlrpc.php HTTP/1.1" 200 415 "-" "Jetpack by WordPress.com (Jetpack 12.5; WordPress 6.2)"
223.181.127.189 - - [11/Sep/2026:09:53:27 -0400] "POST /xmlrpc.php HTTP/1.1" 406 300 "-" "WordPress.com; https://wordpress.com"
40.77.167.10 - - [11/Sep/2026:09:53:35 -0400] "GET /?a=explore-old-dubai-al-fahidi-district-museums-markets-foods-cc-GKJKLKHN HTTP/1.1" 200 223835 "-" "Mozilla/5.0 AppleWebKit/537.36 (KHTML, like Gecko; compatible; bingbot/2.0; +http://www.bing.com/bingbot.htm) Chrome/116.0.1938.76 Safari/537.36"
223.181.127.189 - - [11/Sep/2026:09:53:38 -0400] "POST /xmlrpc.php HTTP/1.1" 200 415 "-" "Jetpack by WordPress.com"
223.181.127.189 - - [11/Sep/2026:09:53:48 -0400] "POST /xmlrpc.php HTTP/1.1" 200 415 "-" "Jetpack by WordPress.com"
223.181.127.189 - - [11/Sep/2026:09:54:03 -0400] "POST /xmlrpc.php HTTP/1.1" 200 415 "-" "Jetpack by WordPress.com"
223.181.127.189 - - [11/Sep/2026:09:54:10 -0400] "POST /xmlrpc.php HTTP/1.1" 406 300 "-" "WordPress.com; https://wordpress.com"
223.181.127.189 - - [11/Sep/2026:09:54:20 -0400] "POST /xmlrpc.php HTTP/1.1" 200 415 "-" "Jetpack/12.1; WordPress/6.2; http://site74968377.com"
223.181.127.189 - - [11/Sep/2026:09:54:31 -0400] "POST /xmlrpc.php HTTP/1.1" 406 300 "-" "WordPress.com; https://wordpress.com"
223.181.127.189 - - [11/Sep/2026:09:54:42 -0400] "POST /xmlrpc.php HTTP/1.1" 406 300 "-" "WordPress.com; https://wordpress.com"
223.181.127.189 - - [11/Sep/2026:09:54:54 -0400] "POST /xmlrpc.php HTTP/1.1" 406 300 "-" "WordPress.com; https://wordpress.com"
223.181.127.189 - - [11/Sep/2026:09:55:05 -0400] "POST /xmlrpc.php HTTP/1.1" 406 300 "-" "WordPress.com; https://wordpress.com"
199.250.222.155 - - [11/Sep/2026:09:55:14 -0400] "POST /wp-cron.php?doing_wp_cron=1789134914.5259180068969726562500 HTTP/1.1" 200 - "-" "WordPress/7.1; https://heredit.mx"
223.181.127.189 - - [11/Sep/2026:09:55:14 -0400] "POST /xmlrpc.php HTTP/1.1" 200 415 "-" "Jetpack/12.0; WordPress/6.3; http://site42450715.com"
223.181.127.189 - - [11/Sep/2026:09:55:24 -0400] "POST /xmlrpc.php HTTP/1.1" 200 415 "-" "Jetpack/12.0; WordPress/6.1; http://site34894678.com"
199.250.222.155 - - [11/Sep/2026:09:55:35 -0400] "POST /wp-cron.php?doing_wp_cron=1789134935.0469880104064941406250 HTTP/1.1" 200 - "-" "WordPress/7.1; https://heredit.mx"
223.181.127.189 - - [11/Sep/2026:09:55:34 -0400] "POST /xmlrpc.php HTTP/1.1" 200 415 "-" "Jetpack by WordPress.com"
199.250.222.155 - - [11/Sep/2026:09:56:46 -0400] "POST /wp-cron.php?doing_wp_cron=1789135006.1915819644927978515625 HTTP/1.1" 200 - "-" "WordPress/7.1; https://heredit.mx"
66.249.68.194 - - [11/Sep/2026:09:56:45 -0400] "GET /?a=the-bull-sweep-open-guard-tactics-by-charles-negromonte-cc-vAr0R8uP HTTP/1.1" 200 223823 "-" "Mozilla/5.0 (Linux; Android 6.0.1; Nexus 5X Build/MMB29P) AppleWebKit/537.36 (KHTML, like Gecko) Chrome/153.0.8010.36 Mobile Safari/537.36 (compatible; GoogleOther)"
66.249.68.193 - - [11/Sep/2026:09:57:12 -0400] "GET /wp-content/plugins/elementor/assets/js/frontend-modules.min.js?ver=4.2.4 HTTP/1.1" 200 50602 "https://heredit.mx/?a=the-bull-sweep-open-guard-tactics-by-charles-negromonte-cc-vAr0R8uP" "Mozilla/5.0 (Linux; Android 6.0.1; Nexus 5X Build/MMB29P) AppleWebKit/537.36 (KHTML, like Gecko) Chrome/153.0.8010.36 Mobile Safari/537.36 (compatible; GoogleOther)"
40.77.167.10 - - [11/Sep/2026:09:57:20 -0400] "GET /costumier-128314-BLasgG/?a=8-1481-1 HTTP/1.1" 404 121299 "-" "Mozilla/5.0 AppleWebKit/537.36 (KHTML, like Gecko; compatible; bingbot/2.0; +http://www.bing.com/bingbot.htm) Chrome/116.0.1938.76 Safari/537.36"
199.250.222.155 - - [11/Sep/2026:09:58:53 -0400] "POST /wp-cron.php?doing_wp_cron=1789135133.8415250778198242187500 HTTP/1.1" 200 - "-" "WordPress/7.1; https://heredit.mx"
66.249.68.192 - - [11/Sep/2026:09:58:53 -0400] "GET /?a=samgyupsal-delivery-at-your-doorstep-at-from-city-of-cc-wMp0G2SM HTTP/1.1" 200 223811 "-" "Mozilla/5.0 (Linux; Android 6.0.1; Nexus 5X Build/MMB29P) AppleWebKit/537.36 (KHTML, like Gecko) Chrome/153.0.8010.36 Mobile Safari/537.36 (compatible; Googlebot/2.1; +http://www.google.com/bot.html)"
66.249.68.193 - - [11/Sep/2026:09:58:58 -0400] "GET /wp-content/uploads/elementor/css/post-1208.css?ver=1788480000 HTTP/1.1" 200 38297 "https://heredit.mx/?a=samgyupsal-delivery-at-your-doorstep-at-from-city-of-cc-wMp0G2SM" "Mozilla/5.0 (Linux; Android 6.0.1; Nexus 5X Build/MMB29P) AppleWebKit/537.36 (KHTML, like Gecko) Chrome/153.0.8010.36 Mobile Safari/537.36 (compatible; Googlebot/2.1; +http://www.google.com/bot.html)"
40.77.167.10 - - [11/Sep/2026:09:59:10 -0400] "GET /icefish-664938-aJtadVkcbM/?a=roosters-fraternity-taylor-hall-blue-and-yellow-mona-class-cc-pAmp8Fx HTTP/1.1" 404 121299 "-" "Mozilla/5.0 AppleWebKit/537.36 (KHTML, like Gecko; compatible; bingbot/2.0; +http://www.bing.com/bingbot.htm) Chrome/116.0.1938.76 Safari/537.36"
199.250.222.155 - - [11/Sep/2026:10:04:19 -0400] "POST /wp-cron.php?doing_wp_cron=1789135459.0166900157928466796875 HTTP/1.1" 200 - "-" "WordPress/7.1; https://heredit.mx"
40.77.167.7 - - [11/Sep/2026:10:04:18 -0400] "GET /Ampelidae-419597-aLiTsaHh/411991/?a=adidas-supernova-attack-c-Eq3YqnTD HTTP/1.1" 301 - "-" "Mozilla/5.0 AppleWebKit/537.36 (KHTML, like Gecko; compatible; bingbot/2.0; +http://www.bing.com/bingbot.htm) Chrome/116.0.1938.76 Safari/537.36"
40.77.167.155 - - [11/Sep/2026:10:04:24 -0400] "GET /caesuric=55929220&7FcptdK=68552/?a=gel-padel-pro-sg-women-flash-coral-white-notdisplayed-cc-Ak4oD6hw HTTP/1.1" 301 - "-" "Mozilla/5.0 AppleWebKit/537.36 (KHTML, like Gecko; compatible; bingbot/2.0; +http://www.bing.com/bingbot.htm) Chrome/116.0.1938.76 Safari/537.36"
43.157.38.228 - - [11/Sep/2026:10:04:37 -0400] "GET / HTTP/1.1" 200 59619 "http://heredit.mx" "Mozilla/5.0 (iPhone; CPU iPhone OS 13_2_3 like Mac OS X) AppleWebKit/605.1.15 (KHTML, like Gecko) Version/13.0.3 Mobile/15E148 Safari/604.1"
40.77.167.24 - - [11/Sep/2026:10:05:00 -0400] "GET /RfdIy/costumier393964/7UXoC7dox HTTP/1.1" 404 123212 "-" "Mozilla/5.0 AppleWebKit/537.36 (KHTML, like Gecko; compatible; bingbot/2.0; +http://www.bing.com/bingbot.htm) Chrome/116.0.1938.76 Safari/537.36"
94.26.106.239 - - [11/Sep/2026:10:05:25 -0400] "GET / HTTP/1.1" 200 391369 "-" "Mozilla/5.0 (compatible; Googlebot/2.1; +http://www.google.com/bot.html)"
199.250.222.155 - - [11/Sep/2026:10:05:58 -0400] "POST /wp-cron.php?doing_wp_cron=1789135558.4509549140930175781250 HTTP/1.1" 200 - "-" "WordPress/7.1; https://heredit.mx"
66.249.68.194 - - [11/Sep/2026:10:05:58 -0400] "GET /?a=heteropoda-thai-caves-%C2%BD-%C2%BE-cc-6MmQ52ho HTTP/1.1" 200 223727 "-" "Mozilla/5.0 (Linux; Android 6.0.1; Nexus 5X Build/MMB29P) AppleWebKit/537.36 (KHTML, like Gecko) Chrome/153.0.8010.36 Mobile Safari/537.36 (compatible; GoogleOther)"
52.167.144.18 - - [11/Sep/2026:10:06:21 -0400] "GET /?w=woodland-animals-diaper-cake-tier-forest-themed-diaper-cake-pp-jWK40kU4 HTTP/1.1" 301 - "-" "Mozilla/5.0 AppleWebKit/537.36 (KHTML, like Gecko; compatible; bingbot/2.0; +http://www.bing.com/bingbot.htm) Chrome/116.0.1938.76 Safari/537.36"
52.167.144.218 - - [11/Sep/2026:10:06:31 -0400] "GET /?w=woodland-animals-diaper-cake-tier-forest-themed-diaper-cake-pp-jWK40kU4 HTTP/1.1" 200 112757 "-" "Mozilla/5.0 AppleWebKit/537.36 (KHTML, like Gecko; compatible; bingbot/2.0; +http://www.bing.com/bingbot.htm) Chrome/116.0.1938.76 Safari/537.36"
199.250.222.155 - - [11/Sep/2026:10:09:10 -0400] "POST /wp-cron.php?doing_wp_cron=1789135750.9640901088714599609375 HTTP/1.1" 200 - "-" "WordPress/7.1; https://heredit.mx"
74.7.230.60 - - [11/Sep/2026:10:09:10 -0400] "GET /robots.txt HTTP/1.1" 200 267 "-" "Mozilla/5.0 (Macintosh; Intel Mac OS X 10_15_7) AppleWebKit/537.36 (KHTML, like Gecko) Chrome/131.0.0.0 Safari/537.36; compatible; OAI-SearchBot/1.4; robots.txt; +https://openai.com/searchbot"
199.250.222.155 - - [11/Sep/2026:10:09:31 -0400] "POST /wp-cron.php?doing_wp_cron=1789135771.4960770606994628906250 HTTP/1.1" 200 - "-" "WordPress/7.1; https://heredit.mx"
40.77.167.67 - - [11/Sep/2026:10:09:31 -0400] "GET /chiotilla-2024-foHeM/?a=born-in-roma-coral-fantasy-eau-de-parfum-spray-cc-L2GAG4s8 HTTP/1.1" 301 - "-" "Mozilla/5.0 AppleWebKit/537.36 (KHTML, like Gecko; compatible; bingbot/2.0; +http://www.bing.com/bingbot.htm) Chrome/116.0.1938.76 Safari/537.36"
199.250.222.155 - - [11/Sep/2026:10:12:47 -0400] "POST /wp-cron.php?doing_wp_cron=1789135967.8333270549774169921875 HTTP/1.1" 200 - "-" "WordPress/7.1; https://heredit.mx"
40.77.167.7 - - [11/Sep/2026:10:12:47 -0400] "GET /ZOOvB/codding753753/?a=opc-ua-gateway-modbus-bacnet-ip-bacnet-ms-tp-cc-d4Mz5gc2 HTTP/1.1" 301 - "-" "Mozilla/5.0 AppleWebKit/537.36 (KHTML, like Gecko; compatible; bingbot/2.0; +http://www.bing.com/bingbot.htm) Chrome/116.0.1938.76 Safari/537.36"
66.249.68.194 - - [11/Sep/2026:10:13:45 -0400] "GET /?a=pin-on-blusas-cc-3Y33yjFV HTTP/1.1" 200 223655 "-" "Mozilla/5.0 (Linux; Android 6.0.1; Nexus 5X Build/MMB29P) AppleWebKit/537.36 (KHTML, like Gecko) Chrome/153.0.8010.36 Mobile Safari/537.36 (compatible; Googlebot/2.1; +http://www.google.com/bot.html)"
66.249.68.192 - - [11/Sep/2026:10:13:55 -0400] "GET /wp-content/plugins/elementor-pro/assets/css/widget-slides.min.css?ver=4.2.3 HTTP/1.1" 200 2341 "https://heredit.mx/?a=pin-on-blusas-cc-3Y33yjFV" "Mozilla/5.0 (Linux; Android 6.0.1; Nexus 5X Build/MMB29P) AppleWebKit/537.36 (KHTML, like Gecko) Chrome/153.0.8010.36 Mobile Safari/537.36 (compatible; Googlebot/2.1; +http://www.google.com/bot.html)"
66.249.68.192 - - [11/Sep/2026:10:13:55 -0400] "GET /wp-content/plugins/elementor/assets/css/widget-image.min.css?ver=4.2.4 HTTP/1.1" 200 214 "https://heredit.mx/?a=pin-on-blusas-cc-3Y33yjFV" "Mozilla/5.0 (Linux; Android 6.0.1; Nexus 5X Build/MMB29P) AppleWebKit/537.36 (KHTML, like Gecko) Chrome/153.0.8010.36 Mobile Safari/537.36 (compatible; Googlebot/2.1; +http://www.google.com/bot.html)"
52.167.144.218 - - [11/Sep/2026:10:14:04 -0400] "GET /?a=cartoon-weight-scale-household-electronic-scale-human-body-weighing-cc-LwrJG4U8 HTTP/1.1" 200 223871 "-" "Mozilla/5.0 AppleWebKit/537.36 (KHTML, like Gecko; compatible; bingbot/2.0; +http://www.bing.com/bingbot.htm) Chrome/116.0.1938.76 Safari/537.36"
52.167.144.218 - - [11/Sep/2026:10:14:24 -0400] "GET /?a=pin-on-%40fidget-spinner%40-cc-JbzyeOI5 HTTP/1.1" 200 223703 "-" "Mozilla/5.0 AppleWebKit/537.36 (KHTML, like Gecko; compatible; bingbot/2.0; +http://www.bing.com/bingbot.htm) Chrome/116.0.1938.76 Safari/537.36"
66.249.68.192 - - [11/Sep/2026:10:15:09 -0400] "GET /?a=melhores-tenis-pronador-france-save-31%25-cc-7JrVqdCw HTTP/1.1" 200 223763 "-" "Mozilla/5.0 (Linux; Android 6.0.1; Nexus 5X Build/MMB29P) AppleWebKit/537.36 (KHTML, like Gecko) Chrome/153.0.8010.36 Mobile Safari/537.36 (compatible; Googlebot/2.1; +http://www.google.com/bot.html)"
66.249.68.193 - - [11/Sep/2026:10:17:16 -0400] "GET /?a=camisa-purificacion-garcia-%E2%80%93-mycloma-cc-RzLJaof7 HTTP/1.1" 200 223767 "-" "Mozilla/5.0 (Linux; Android 6.0.1; Nexus 5X Build/MMB29P) AppleWebKit/537.36 (KHTML, like Gecko) Chrome/153.0.8010.36 Mobile Safari/537.36 (compatible; GoogleOther)"
66.249.68.193 - - [11/Sep/2026:10:17:59 -0400] "GET /?a=robby-fredrick-phone-number-address-age-contact-info-public-cc-GOwYkKFN HTTP/1.1" 200 223839 "-" "Mozilla/5.0 (Linux; Android 6.0.1; Nexus 5X Build/MMB29P) AppleWebKit/537.36 (KHTML, like Gecko) Chrome/153.0.8010.36 Mobile Safari/537.36 (compatible; Googlebot/2.1; +http://www.google.com/bot.html)"
66.249.68.192 - - [11/Sep/2026:10:18:11 -0400] "GET /wp-content/plugins/essential-addons-for-elementor-lite/assets/front-end/css/view/general.min.css?ver=6.8.3 HTTP/1.1" 200 7746 "https://heredit.mx/?a=robby-fredrick-phone-number-address-age-contact-info-public-cc-GOwYkKFN" "Mozilla/5.0 (Linux; Android 6.0.1; Nexus 5X Build/MMB29P) AppleWebKit/537.36 (KHTML, like Gecko) Chrome/153.0.8010.36 Mobile Safari/537.36 (compatible; Googlebot/2.1; +http://www.google.com/bot.html)"
199.250.222.155 - - [11/Sep/2026:10:18:42 -0400] "POST /wp-cron.php?doing_wp_cron=1789136322.0707540512084960937500 HTTP/1.1" 200 - "-" "WordPress/7.1; https://heredit.mx"
66.249.68.192 - - [11/Sep/2026:10:18:41 -0400] "GET /?a=samgyupsal-delivery-at-your-doorstep-at-from-city-of-cc-wMp0G2SM HTTP/1.1" 200 223811 "-" "Mozilla/5.0 (Linux; Android 6.0.1; Nexus 5X Build/MMB29P) AppleWebKit/537.36 (KHTML, like Gecko) Chrome/153.0.8010.36 Mobile Safari/537.36 (compatible; GoogleOther)"
52.167.144.182 - - [11/Sep/2026:10:19:14 -0400] "GET /?a=italian-rubber-replacement-band-for-luminox-22mm-bbb63-cc-0d3PgbT1 HTTP/1.1" 200 223819 "-" "Mozilla/5.0 AppleWebKit/537.36 (KHTML, like Gecko; compatible; bingbot/2.0; +http://www.bing.com/bingbot.htm) Chrome/116.0.1938.76 Safari/537.36"
199.250.222.155 - - [11/Sep/2026:10:19:33 -0400] "POST /wp-cron.php?doing_wp_cron=1789136373.4889879226684570312500 HTTP/1.1" 200 - "-" "WordPress/7.1; https://heredit.mx"
66.249.68.192 - - [11/Sep/2026:10:19:33 -0400] "GET /?a=rare-vintage-1960-cowboys-bears-poster-unique-dallas-fan-cc-8ZNNxPHx HTTP/1.1" 200 223827 "-" "Mozilla/5.0 (Linux; Android 6.0.1; Nexus 5X Build/MMB29P) AppleWebKit/537.36 (KHTML, like Gecko) Chrome/153.0.8010.36 Mobile Safari/537.36 (compatible; GoogleOther)"
66.249.68.193 - - [11/Sep/2026:10:19:37 -0400] "GET /wp-includes/js/dist/i18n.min.js?ver=1dfe7db3940c23ea9216 HTTP/1.1" 200 5791 "https://heredit.mx/?a=samgyupsal-delivery-at-your-doorstep-at-from-city-of-cc-wMp0G2SM" "Mozilla/5.0 (Linux; Android 6.0.1; Nexus 5X Build/MMB29P) AppleWebKit/537.36 (KHTML, like Gecko) Chrome/153.0.8010.36 Mobile Safari/537.36 (compatible; GoogleOther)"
66.249.68.192 - - [11/Sep/2026:10:19:58 -0400] "GET /wp-includes/js/wp-util.min.js?ver=7.1 HTTP/1.1" 200 1431 "https://heredit.mx/?a=rare-vintage-1960-cowboys-bears-poster-unique-dallas-fan-cc-8ZNNxPHx" "Mozilla/5.0 (Linux; Android 6.0.1; Nexus 5X Build/MMB29P) AppleWebKit/537.36 (KHTML, like Gecko) Chrome/153.0.8010.36 Mobile Safari/537.36 (compatible; GoogleOther)"
66.249.68.194 - - [11/Sep/2026:10:20:15 -0400] "GET /?a=robby-fredrick-phone-number-address-age-contact-info-public-cc-GOwYkKFN HTTP/1.1" 200 223839 "-" "Mozilla/5.0 (Linux; Android 6.0.1; Nexus 5X Build/MMB29P) AppleWebKit/537.36 (KHTML, like Gecko) Chrome/153.0.8010.36 Mobile Safari/537.36 (compatible; GoogleOther)"
199.250.222.155 - - [11/Sep/2026:10:22:18 -0400] "POST /wp-cron.php?doing_wp_cron=1789136538.9543170928955078125000 HTTP/1.1" 200 - "-" "WordPress/7.1; https://heredit.mx"
52.167.144.169 - - [11/Sep/2026:10:22:18 -0400] "GET /liquidable-97071-KdAIUMXB/?a=vapor-max-olive-c-OED3bOSw HTTP/1.1" 301 - "-" "Mozilla/5.0 AppleWebKit/537.36 (KHTML, like Gecko; compatible; bingbot/2.0; +http://www.bing.com/bingbot.htm) Chrome/116.0.1938.76 Safari/537.36"
199.250.222.155 - - [11/Sep/2026:10:22:41 -0400] "POST /wp-cron.php?doing_wp_cron=1789136561.5011949539184570312500 HTTP/1.1" 200 - "-" "WordPress/7.1; https://heredit.mx"
66.249.68.194 - - [11/Sep/2026:10:22:41 -0400] "GET /?a=men-s-sunglasses-lacoste-l102sndp-045-cc-amv3j1ta HTTP/1.1" 200 223751 "-" "Mozilla/5.0 (Linux; Android 6.0.1; Nexus 5X Build/MMB29P) AppleWebKit/537.36 (KHTML, like Gecko) Chrome/153.0.8010.36 Mobile Safari/537.36 (compatible; GoogleOther)"
66.249.68.194 - - [11/Sep/2026:10:23:23 -0400] "GET /?a=the-20-best-spring-wedding-favors-guests-will-love-cc-px5oj8tx HTTP/1.1" 200 223803 "-" "Mozilla/5.0 (Linux; Android 6.0.1; Nexus 5X Build/MMB29P) AppleWebKit/537.36 (KHTML, like Gecko) Chrome/153.0.8010.36 Mobile Safari/537.36 (compatible; Googlebot/2.1; +http://www.google.com/bot.html)"
199.250.222.155 - - [11/Sep/2026:10:24:09 -0400] "POST /wp-cron.php?doing_wp_cron=1789136649.1497399806976318359375 HTTP/1.1" 200 - "-" "WordPress/7.1; https://heredit.mx"
66.249.68.192 - - [11/Sep/2026:10:24:08 -0400] "GET /?a=vango-apex-geo-300-tent-cc-8xAO1wSx HTTP/1.1" 200 223695 "-" "Mozilla/5.0 (Linux; Android 6.0.1; Nexus 5X Build/MMB29P) AppleWebKit/537.36 (KHTML, like Gecko) Chrome/153.0.8010.36 Mobile Safari/537.36 (compatible; Googlebot/2.1; +http://www.google.com/bot.html)"
199.250.222.155 - - [11/Sep/2026:10:24:53 -0400] "POST /wp-cron.php?doing_wp_cron=1789136693.9696478843688964843750 HTTP/1.1" 200 - "-" "WordPress/7.1; https://heredit.mx"
52.167.144.165 - - [11/Sep/2026:10:24:53 -0400] "GET /?w=nylon-ahu-hinges-pp-GDgvXDh2 HTTP/1.1" 301 - "-" "Mozilla/5.0 AppleWebKit/537.36 (KHTML, like Gecko; compatible; bingbot/2.0; +http://www.bing.com/bingbot.htm) Chrome/116.0.1938.76 Safari/537.36"
66.249.68.192 - - [11/Sep/2026:10:24:59 -0400] "GET /?a=artstation-anthony-joshua-cc-MPzk4YU2 HTTP/1.1" 200 223703 "-" "Mozilla/5.0 (Linux; Android 6.0.1; Nexus 5X Build/MMB29P) AppleWebKit/537.36 (KHTML, like Gecko) Chrome/153.0.8010.36 Mobile Safari/537.36 (compatible; GoogleOther)"
52.167.144.182 - - [11/Sep/2026:10:25:04 -0400] "GET /?w=nylon-ahu-hinges-pp-GDgvXDh2 HTTP/1.1" 200 112757 "-" "Mozilla/5.0 AppleWebKit/537.36 (KHTML, like Gecko; compatible; bingbot/2.0; +http://www.bing.com/bingbot.htm) Chrome/116.0.1938.76 Safari/537.36"
66.249.68.192 - - [11/Sep/2026:10:25:07 -0400] "GET /wp-content/uploads/2024/06/instagram.svg HTTP/1.1" 200 3561 "https://heredit.mx/?a=artstation-anthony-joshua-cc-MPzk4YU2" "Mozilla/5.0 (Linux; Android 6.0.1; Nexus 5X Build/MMB29P) AppleWebKit/537.36 (KHTML, like Gecko) Chrome/153.0.8010.36 Mobile Safari/537.36 (compatible; GoogleOther)"
199.250.222.155 - - [11/Sep/2026:10:26:24 -0400] "POST /wp-cron.php?doing_wp_cron=1789136784.6975629329681396484375 HTTP/1.1" 200 - "-" "WordPress/7.1; https://heredit.mx"
66.249.68.194 - - [11/Sep/2026:10:26:24 -0400] "GET /?a=artstation-anthony-joshua-cc-MPzk4YU2 HTTP/1.1" 200 223703 "-" "Mozilla/5.0 (Linux; Android 6.0.1; Nexus 5X Build/MMB29P) AppleWebKit/537.36 (KHTML, like Gecko) Chrome/153.0.8010.36 Mobile Safari/537.36 (compatible; Googlebot/2.1; +http://www.google.com/bot.html)"
66.249.68.193 - - [11/Sep/2026:10:26:59 -0400] "GET /wp-content/uploads/2024/06/icon-room.svg HTTP/1.1" 200 2776 "https://heredit.mx/sliders/cards/index.html" "Mozilla/5.0 (Linux; Android 6.0.1; Nexus 5X Build/MMB29P) AppleWebKit/537.36 (KHTML, like Gecko) Chrome/153.0.8010.36 Mobile Safari/537.36 (compatible; Googlebot/2.1; +http://www.google.com/bot.html)"
66.249.68.193 - - [11/Sep/2026:10:27:00 -0400] "GET /wp-content/uploads/2024/06/icon-room.svg HTTP/1.1" 200 2776 "https://heredit.mx/sliders/cards/index.html" "Mozilla/5.0 (Linux; Android 6.0.1; Nexus 5X Build/MMB29P) AppleWebKit/537.36 (KHTML, like Gecko) Chrome/153.0.8010.36 Mobile Safari/537.36 (compatible; Googlebot/2.1; +http://www.google.com/bot.html)"
199.250.222.155 - - [11/Sep/2026:10:27:50 -0400] "POST /wp-cron.php?doing_wp_cron=1789136870.3632249832153320312500 HTTP/1.1" 200 - "-" "WordPress/7.1; https://heredit.mx"
66.249.68.192 - - [11/Sep/2026:10:27:50 -0400] "GET /?a=maurice-lacroix-les-classiques-day-date-outlet-save-47%-cc-AR4QOMHw HTTP/1.1" 301 - "-" "Mozilla/5.0 (Linux; Android 6.0.1; Nexus 5X Build/MMB29P) AppleWebKit/537.36 (KHTML, like Gecko) Chrome/153.0.8010.36 Mobile Safari/537.36 (compatible; Googlebot/2.1; +http://www.google.com/bot.html)"
199.250.222.155 - - [11/Sep/2026:10:27:50 -0400] "POST /wp-admin/admin-ajax.php?action=rocket_partial_preload&nonce=310e9adf9e HTTP/1.1" 200 - "-" "WordPress/7.1; https://heredit.mx"
199.250.222.155 - - [11/Sep/2026:10:27:51 -0400] "POST /wp-admin/admin-ajax.php?action=rocket_rucss_warmup_resource_fetcher&nonce=8e40612058 HTTP/1.1" 200 - "-" "WordPress/7.1; https://heredit.mx"
199.250.222.155 - - [11/Sep/2026:10:27:52 -0400] "POST /wp-cron.php?doing_wp_cron=1789136872.9097421169281005859375 HTTP/1.1" 200 - "-" "WordPress/7.1; https://heredit.mx"
199.250.222.155 - - [11/Sep/2026:10:27:51 -0400] "POST /wp-admin/admin-ajax.php?action=rocket_saas_warmup&nonce=418081bf08 HTTP/1.1" 200 - "-" "WordPress/7.1; https://heredit.mx"
199.250.222.155 - - [11/Sep/2026:10:27:51 -0400] "GET / HTTP/1.1" 200 16384 "-" "WP Rocket/Preload"
66.249.68.192 - - [11/Sep/2026:10:28:02 -0400] "GET /?a=maurice-lacroix-les-classiques-day-date-outlet-save-47%25-cc-AR4QOMHw HTTP/1.1" 200 223827 "-" "Mozilla/5.0 (Linux; Android 6.0.1; Nexus 5X Build/MMB29P) AppleWebKit/537.36 (KHTML, like Gecko) Chrome/153.0.8010.36 Mobile Safari/537.36 (compatible; Googlebot/2.1; +http://www.google.com/bot.html)"
199.250.222.155 - - [11/Sep/2026:10:29:13 -0400] "POST /wp-cron.php?doing_wp_cron=1789136953.3427629470825195312500 HTTP/1.1" 200 - "-" "WordPress/7.1; https://heredit.mx"
66.249.68.192 - - [11/Sep/2026:10:29:13 -0400] "GET /?a=maurice-lacroix-les-classiques-day-date-outlet-save-47%-cc-AR4QOMHw HTTP/1.1" 301 - "-" "Mozilla/5.0 (Linux; Android 6.0.1; Nexus 5X Build/MMB29P) AppleWebKit/537.36 (KHTML, like Gecko) Chrome/153.0.8010.36 Mobile Safari/537.36 (compatible; GoogleOther)"
66.249.68.193 - - [11/Sep/2026:10:29:14 -0400] "GET /?a=maurice-lacroix-les-classiques-day-date-outlet-save-47%25-cc-AR4QOMHw HTTP/1.1" 200 223827 "-" "Mozilla/5.0 (Linux; Android 6.0.1; Nexus 5X Build/MMB29P) AppleWebKit/537.36 (KHTML, like Gecko) Chrome/153.0.8010.36 Mobile Safari/537.36 (compatible; GoogleOther)"
40.77.167.151 - - [11/Sep/2026:10:29:15 -0400] "GET /?a=porsche-design-roadster-hardcase-trolley-4w-%E2%80%93-travel-and-cc-B0arD4So HTTP/1.1" 200 223847 "-" "Mozilla/5.0 AppleWebKit/537.36 (KHTML, like Gecko; compatible; bingbot/2.0; +http://www.bing.com/bingbot.htm) Chrome/116.0.1938.76 Safari/537.36"
199.250.222.155 - - [11/Sep/2026:10:30:04 -0400] "POST /wp-cron.php?doing_wp_cron=1789137004.1978690624237060546875 HTTP/1.1" 200 - "-" "WordPress/7.1; https://heredit.mx"
52.167.144.166 - - [11/Sep/2026:10:30:03 -0400] "GET /predeny-557271-BldyLCLO/234626 HTTP/1.1" 404 123212 "-" "Mozilla/5.0 AppleWebKit/537.36 (KHTML, like Gecko; compatible; bingbot/2.0; +http://www.bing.com/bingbot.htm) Chrome/116.0.1938.76 Safari/537.36"
199.250.222.155 - - [11/Sep/2026:10:30:37 -0400] "POST /wp-cron.php?doing_wp_cron=1789137037.6285820007324218750000 HTTP/1.1" 200 - "-" "WordPress/7.1; https://heredit.mx"
66.249.68.192 - - [11/Sep/2026:10:30:37 -0400] "GET /?a=rare-vintage-1960-cowboys-bears-poster-unique-dallas-fan-cc-8ZNNxPHx HTTP/1.1" 200 223827 "-" "Mozilla/5.0 (Linux; Android 6.0.1; Nexus 5X Build/MMB29P) AppleWebKit/537.36 (KHTML, like Gecko) Chrome/153.0.8010.36 Mobile Safari/537.36 (compatible; Googlebot/2.1; +http://www.google.com/bot.html)"
66.249.68.192 - - [11/Sep/2026:10:30:41 -0400] "GET /wp-content/uploads/elementor/css/post-1208.css?ver=1788480000 HTTP/1.1" 200 38297 "https://heredit.mx/?a=rare-vintage-1960-cowboys-bears-poster-unique-dallas-fan-cc-8ZNNxPHx" "Mozilla/5.0 (Linux; Android 6.0.1; Nexus 5X Build/MMB29P) AppleWebKit/537.36 (KHTML, like Gecko) Chrome/153.0.8010.36 Mobile Safari/537.36 (compatible; Googlebot/2.1; +http://www.google.com/bot.html)"
66.249.68.192 - - [11/Sep/2026:10:32:03 -0400] "GET /?a=cafe-pastora-tarrazu-340g-medio-grano-tostadora-cc-wdNen7FM HTTP/1.1" 200 223791 "-" "Mozilla/5.0 (Linux; Android 6.0.1; Nexus 5X Build/MMB29P) AppleWebKit/537.36 (KHTML, like Gecko) Chrome/153.0.8010.36 Mobile Safari/537.36 (compatible; GoogleOther)"
66.249.68.193 - - [11/Sep/2026:10:32:13 -0400] "GET /sliders/cards/style.css HTTP/1.1" 200 5055 "https://heredit.mx/sliders/cards/index.html" "Mozilla/5.0 (Linux; Android 6.0.1; Nexus 5X Build/MMB29P) AppleWebKit/537.36 (KHTML, like Gecko) Chrome/153.0.8010.36 Mobile Safari/537.36 (compatible; GoogleOther)"
199.250.222.155 - - [11/Sep/2026:10:33:26 -0400] "POST /wp-cron.php?doing_wp_cron=1789137206.5248680114746093750000 HTTP/1.1" 200 - "-" "WordPress/7.1; https://heredit.mx"
66.249.68.192 - - [11/Sep/2026:10:33:26 -0400] "GET /?a=g-add9-c-YRBNQ4UM HTTP/1.1" 200 223623 "-" "Mozilla/5.0 (Linux; Android 6.0.1; Nexus 5X Build/MMB29P) AppleWebKit/537.36 (KHTML, like Gecko) Chrome/153.0.8010.36 Mobile Safari/537.36 (compatible; Googlebot/2.1; +http://www.google.com/bot.html)"
66.249.68.192 - - [11/Sep/2026:10:33:30 -0400] "GET /wp-content/uploads/2024/06/icon-wine.svg HTTP/1.1" 200 525 "https://heredit.mx/sliders/amenidades/interiores.html" "Mozilla/5.0 (Linux; Android 6.0.1; Nexus 5X Build/MMB29P) AppleWebKit/537.36 (KHTML, like Gecko) Chrome/153.0.8010.36 Mobile Safari/537.36 (compatible; Googlebot/2.1; +http://www.google.com/bot.html)"
199.250.222.155 - - [11/Sep/2026:10:34:50 -0400] "POST /wp-cron.php?doing_wp_cron=1789137290.3933100700378417968750 HTTP/1.1" 200 - "-" "WordPress/7.1; https://heredit.mx"
66.249.68.194 - - [11/Sep/2026:10:34:50 -0400] "GET /?a=winter-casual-outfits-for-guys-united-kingdom-save-43%-cc-Z6PjbLHv HTTP/1.1" 301 - "-" "Mozilla/5.0 (Linux; Android 6.0.1; Nexus 5X Build/MMB29P) AppleWebKit/537.36 (KHTML, like Gecko) Chrome/153.0.8010.36 Mobile Safari/537.36 (compatible; Googlebot/2.1; +http://www.google.com/bot.html)"
66.249.68.194 - - [11/Sep/2026:10:34:50 -0400] "GET /?a=winter-casual-outfits-for-guys-united-kingdom-save-43%25-cc-Z6PjbLHv HTTP/1.1" 200 223823 "-" "Mozilla/5.0 (Linux; Android 6.0.1; Nexus 5X Build/MMB29P) AppleWebKit/537.36 (KHTML, like Gecko) Chrome/153.0.8010.36 Mobile Safari/537.36 (compatible; Googlebot/2.1; +http://www.google.com/bot.html)"
66.249.68.192 - - [11/Sep/2026:10:34:59 -0400] "GET /wp-content/uploads/essential-addons-elementor/eael-298.js?ver=1788480000 HTTP/1.1" 200 6552 "https://heredit.mx/?a=winter-casual-outfits-for-guys-united-kingdom-save-43%25-cc-Z6PjbLHv" "Mozilla/5.0 (Linux; Android 6.0.1; Nexus 5X Build/MMB29P) AppleWebKit/537.36 (KHTML, like Gecko) Chrome/153.0.8010.36 Mobile Safari/537.36 (compatible; Googlebot/2.1; +http://www.google.com/bot.html)"
66.249.68.192 - - [11/Sep/2026:10:36:15 -0400] "GET /?a=heteropoda-thai-caves-%C2%BD-%C2%BE-cc-6MmQ52ho HTTP/1.1" 200 223727 "-" "Mozilla/5.0 (Linux; Android 6.0.1; Nexus 5X Build/MMB29P) AppleWebKit/537.36 (KHTML, like Gecko) Chrome/153.0.8010.36 Mobile Safari/537.36 (compatible; Googlebot/2.1; +http://www.google.com/bot.html)"
66.249.68.194 - - [11/Sep/2026:10:37:38 -0400] "GET /?a=woman-near-swimming-pool-at-resort-stock-photo-by-cc-p63Dv8ix HTTP/1.1" 200 223799 "-" "Mozilla/5.0 (Linux; Android 6.0.1; Nexus 5X Build/MMB29P) AppleWebKit/537.36 (KHTML, like Gecko) Chrome/153.0.8010.36 Mobile Safari/537.36 (compatible; Googlebot/2.1; +http://www.google.com/bot.html)"
66.249.68.192 - - [11/Sep/2026:10:37:43 -0400] "GET /wp-content/plugins/wpforms/assets/pro/css/fields/layout.min.css?ver=1.10.2.1 HTTP/1.1" 200 41126 "https://heredit.mx/?a=woman-near-swimming-pool-at-resort-stock-photo-by-cc-p63Dv8ix" "Mozilla/5.0 (Linux; Android 6.0.1; Nexus 5X Build/MMB29P) AppleWebKit/537.36 (KHTML, like Gecko) Chrome/153.0.8010.36 Mobile Safari/537.36 (compatible; Googlebot/2.1; +http://www.google.com/bot.html)"
95.108.213.236 - - [11/Sep/2026:10:37:53 -0400] "GET /robots.txt HTTP/1.1" 200 267 "-" "Mozilla/5.0 (compatible; YandexBot/3.0; +http://yandex.com/bots)"
95.108.213.166 - - [11/Sep/2026:10:37:54 -0400] "GET /?a=t-shirt-patrizia-pepe-2019-c-n665p0s3 HTTP/1.1" 200 223703 "-" "Mozilla/5.0 (compatible; YandexBot/3.0; +http://yandex.com/bots)"
199.250.222.155 - - [11/Sep/2026:10:39:04 -0400] "POST /wp-cron.php?doing_wp_cron=1789137544.0856599807739257812500 HTTP/1.1" 200 - "-" "WordPress/7.1; https://heredit.mx"
66.249.68.192 - - [11/Sep/2026:10:39:03 -0400] "GET /?a=garmin-forerunner-25-gps-running-watch-with-heart-010-cc-w752EKIM HTTP/1.1" 200 223815 "-" "Mozilla/5.0 (Linux; Android 6.0.1; Nexus 5X Build/MMB29P) AppleWebKit/537.36 (KHTML, like Gecko) Chrome/153.0.8010.36 Mobile Safari/537.36 (compatible; GoogleOther)"
199.250.222.155 - - [11/Sep/2026:10:40:29 -0400] "POST /wp-cron.php?doing_wp_cron=1789137629.4256401062011718750000 HTTP/1.1" 200 - "-" "WordPress/7.1; https://heredit.mx"
66.249.68.193 - - [11/Sep/2026:10:40:29 -0400] "GET /?a=armistice-compens%C3%A9-discount-save-58%-cc-rYb4GVt8 HTTP/1.1" 301 - "-" "Mozilla/5.0 (Linux; Android 6.0.1; Nexus 5X Build/MMB29P) AppleWebKit/537.36 (KHTML, like Gecko) Chrome/153.0.8010.36 Mobile Safari/537.36 (compatible; Googlebot/2.1; +http://www.google.com/bot.html)"
66.249.68.193 - - [11/Sep/2026:10:40:29 -0400] "GET /?a=armistice-compens%C3%A9-discount-save-58%25-cc-rYb4GVt8 HTTP/1.1" 200 223763 "-" "Mozilla/5.0 (Linux; Android 6.0.1; Nexus 5X Build/MMB29P) AppleWebKit/537.36 (KHTML, like Gecko) Chrome/153.0.8010.36 Mobile Safari/537.36 (compatible; Googlebot/2.1; +http://www.google.com/bot.html)"
66.249.68.192 - - [11/Sep/2026:10:40:35 -0400] "GET /sliders/desarrollos/style.css HTTP/1.1" 200 5112 "https://heredit.mx/sliders/desarrollos/index.html" "Mozilla/5.0 (Linux; Android 6.0.1; Nexus 5X Build/MMB29P) AppleWebKit/537.36 (KHTML, like Gecko) Chrome/153.0.8010.36 Mobile Safari/537.36 (compatible; Googlebot/2.1; +http://www.google.com/bot.html)"
199.250.222.155 - - [11/Sep/2026:10:41:52 -0400] "POST /wp-cron.php?doing_wp_cron=1789137712.0453429222106933593750 HTTP/1.1" 200 - "-" "WordPress/7.1; https://heredit.mx"
66.249.68.193 - - [11/Sep/2026:10:41:51 -0400] "GET /?a=armistice-compens%C3%A9-discount-save-58%-cc-rYb4GVt8 HTTP/1.1" 301 - "-" "Mozilla/5.0 (Linux; Android 6.0.1; Nexus 5X Build/MMB29P) AppleWebKit/537.36 (KHTML, like Gecko) Chrome/153.0.8010.36 Mobile Safari/537.36 (compatible; GoogleOther)"
66.249.68.192 - - [11/Sep/2026:10:41:52 -0400] "GET /?a=armistice-compens%C3%A9-discount-save-58%25-cc-rYb4GVt8 HTTP/1.1" 200 223763 "-" "Mozilla/5.0 (Linux; Android 6.0.1; Nexus 5X Build/MMB29P) AppleWebKit/537.36 (KHTML, like Gecko) Chrome/153.0.8010.36 Mobile Safari/537.36 (compatible; GoogleOther)"
66.249.68.192 - - [11/Sep/2026:10:42:00 -0400] "GET /wp-content/uploads/essential-addons-elementor/eael-298.css?ver=1788480000 HTTP/1.1" 200 14460 "https://heredit.mx/?a=armistice-compens%C3%A9-discount-save-58%25-cc-rYb4GVt8" "Mozilla/5.0 (Linux; Android 6.0.1; Nexus 5X Build/MMB29P) AppleWebKit/537.36 (KHTML, like Gecko) Chrome/153.0.8010.36 Mobile Safari/537.36 (compatible; GoogleOther)"
66.249.68.192 - - [11/Sep/2026:10:42:01 -0400] "GET /wp-content/plugins/essential-addons-for-elementor-lite/assets/front-end/js/view/general.min.js?ver=6.8.3 HTTP/1.1" 200 11874 "https://heredit.mx/?a=armistice-compens%C3%A9-discount-save-58%25-cc-rYb4GVt8" "Mozilla/5.0 (Linux; Android 6.0.1; Nexus 5X Build/MMB29P) AppleWebKit/537.36 (KHTML, like Gecko) Chrome/153.0.8010.36 Mobile Safari/537.36 (compatible; GoogleOther)"
66.249.68.194 - - [11/Sep/2026:10:42:02 -0400] "GET /wp-content/plugins/wpforms/assets/pro/lib/intl-tel-input/intlTelInputWithUtils.min.js?ver=28.0.4 HTTP/1.1" 200 311657 "https://heredit.mx/?a=armistice-compens%C3%A9-discount-save-58%25-cc-rYb4GVt8" "Mozilla/5.0 (Linux; Android 6.0.1; Nexus 5X Build/MMB29P) AppleWebKit/537.36 (KHTML, like Gecko) Chrome/153.0.8010.36 Mobile Safari/537.36 (compatible; GoogleOther)"
66.249.68.194 - - [11/Sep/2026:10:42:02 -0400] "GET /sliders/cercanias/script.js HTTP/1.1" 200 2513 "https://heredit.mx/sliders/cercanias/index.html" "Mozilla/5.0 (Linux; Android 6.0.1; Nexus 5X Build/MMB29P) AppleWebKit/537.36 (KHTML, like Gecko) Chrome/153.0.8010.36 Mobile Safari/537.36 (compatible; GoogleOther)"
66.249.68.193 - - [11/Sep/2026:10:42:03 -0400] "GET /sliders/cercanias/script.js HTTP/1.1" 200 2513 "https://heredit.mx/sliders/cercanias/index-mob.html" "Mozilla/5.0 (Linux; Android 6.0.1; Nexus 5X Build/MMB29P) AppleWebKit/537.36 (KHTML, like Gecko) Chrome/153.0.8010.36 Mobile Safari/537.36 (compatible; GoogleOther)"
52.167.144.25 - - [11/Sep/2026:10:42:19 -0400] "GET /?w=lock-haven-wrestling-west-york-s-carly-gross-commits-pp-5bvvplSv HTTP/1.1" 301 - "-" "Mozilla/5.0 AppleWebKit/537.36 (KHTML, like Gecko; compatible; bingbot/2.0; +http://www.bing.com/bingbot.htm) Chrome/116.0.1938.76 Safari/537.36"
95.108.213.252 - - [11/Sep/2026:10:42:26 -0400] "GET /?w=passport-sling-iii-black-lp36657-0ww-lowepro-global-pp-g9XG1ls9 HTTP/1.1" 200 112757 "-" "Mozilla/5.0 (compatible; YandexBot/3.0; +http://yandex.com/bots)"
199.250.222.155 - - [11/Sep/2026:10:42:29 -0400] "POST /wp-cron.php?doing_wp_cron=1789137749.6988930702209472656250 HTTP/1.1" 200 - "-" "WordPress/7.1; https://heredit.mx"
52.167.144.210 - - [11/Sep/2026:10:42:29 -0400] "GET /?w=lock-haven-wrestling-west-york-s-carly-gross-commits-pp-5bvvplSv HTTP/1.1" 200 112757 "-" "Mozilla/5.0 AppleWebKit/537.36 (KHTML, like Gecko; compatible; bingbot/2.0; +http://www.bing.com/bingbot.htm) Chrome/116.0.1938.76 Safari/537.36"
52.167.144.210 - - [11/Sep/2026:10:42:30 -0400] "GET /concamerated-185100-hiByPS/?a=whole-uncut-sardines-packed-by-hand-cc-LBegw5T8 HTTP/1.1" 404 121299 "-" "Mozilla/5.0 AppleWebKit/537.36 (KHTML, like Gecko; compatible; bingbot/2.0; +http://www.bing.com/bingbot.htm) Chrome/116.0.1938.76 Safari/537.36"
40.77.167.74 - - [11/Sep/2026:10:43:07 -0400] "GET /?w=b-stock-airline-twin-tone-dlx-wi22020919-pp-AKNv7vCB HTTP/1.1" 301 - "-" "Mozilla/5.0 AppleWebKit/537.36 (KHTML, like Gecko; compatible; bingbot/2.0; +http://www.bing.com/bingbot.htm) Chrome/116.0.1938.76 Safari/537.36"
40.77.167.30 - - [11/Sep/2026:10:43:17 -0400] "GET /?w=b-stock-airline-twin-tone-dlx-wi22020919-pp-AKNv7vCB HTTP/1.1" 200 112757 "-" "Mozilla/5.0 AppleWebKit/537.36 (KHTML, like Gecko; compatible; bingbot/2.0; +http://www.bing.com/bingbot.htm) Chrome/116.0.1938.76 Safari/537.36"
66.249.68.192 - - [11/Sep/2026:10:43:18 -0400] "GET /?a=pin-on-blusas-cc-3Y33yjFV HTTP/1.1" 200 223655 "-" "Mozilla/5.0 (Linux; Android 6.0.1; Nexus 5X Build/MMB29P) AppleWebKit/537.36 (KHTML, like Gecko) Chrome/153.0.8010.36 Mobile Safari/537.36 (compatible; GoogleOther)"
199.250.222.155 - - [11/Sep/2026:10:44:12 -0400] "POST /wp-cron.php?doing_wp_cron=1789137852.7198750972747802734375 HTTP/1.1" 200 - "-" "WordPress/7.1; https://heredit.mx"
40.77.167.30 - - [11/Sep/2026:10:44:12 -0400] "GET /dipnoan-636567-XAqgHnQ/?a=8-1417-1 HTTP/1.1" 404 121299 "-" "Mozilla/5.0 AppleWebKit/537.36 (KHTML, like Gecko; compatible; bingbot/2.0; +http://www.bing.com/bingbot.htm) Chrome/116.0.1938.76 Safari/537.36"
199.250.222.155 - - [11/Sep/2026:10:44:28 -0400] "POST /wp-cron.php?doing_wp_cron=1789137868.2847349643707275390625 HTTP/1.1" 200 - "-" "WordPress/7.1; https://heredit.mx"
216.73.216.28 - - [11/Sep/2026:10:44:28 -0400] "GET /robots.txt HTTP/1.1" 200 267 "-" "Mozilla/5.0 AppleWebKit/537.36 (KHTML, like Gecko; compatible; ClaudeBot/1.0; +claudebot@anthropic.com)"
216.73.216.28 - - [11/Sep/2026:10:44:30 -0400] "GET /wp-sitemap.xml HTTP/1.1" 200 512 "-" "Mozilla/5.0 AppleWebKit/537.36 (KHTML, like Gecko; compatible; ClaudeBot/1.0; +claudebot@anthropic.com)"
66.249.68.194 - - [11/Sep/2026:10:44:40 -0400] "GET /?a=gilet-sans-manches-vert-%C3%A9lectrique-en-fourrure-d-agneau-cc-JGjj01t5 HTTP/1.1" 200 223835 "-" "Mozilla/5.0 (Linux; Android 6.0.1; Nexus 5X Build/MMB29P) AppleWebKit/537.36 (KHTML, like Gecko) Chrome/153.0.8010.36 Mobile Safari/537.36 (compatible; Googlebot/2.1; +http://www.google.com/bot.html)"
40.77.167.158 - - [11/Sep/2026:10:44:41 -0400] "GET /?w=giovanni-marks-double-tech-jeep-beats-alternative-hip-hop-pp-AorDL4UB HTTP/1.1" 301 - "-" "Mozilla/5.0 AppleWebKit/537.36 (KHTML, like Gecko; compatible; bingbot/2.0; +http://www.bing.com/bingbot.htm) Chrome/116.0.1938.76 Safari/537.36"
52.167.144.18 - - [11/Sep/2026:10:44:52 -0400] "GET /?w=giovanni-marks-double-tech-jeep-beats-alternative-hip-hop-pp-AorDL4UB HTTP/1.1" 200 112757 "-" "Mozilla/5.0 AppleWebKit/537.36 (KHTML, like Gecko; compatible; bingbot/2.0; +http://www.bing.com/bingbot.htm) Chrome/116.0.1938.76 Safari/537.36"
66.249.68.194 - - [11/Sep/2026:10:45:06 -0400] "GET /?a=live-at-the-club-montmartre-cc-2LPJyEIw HTTP/1.1" 200 223711 "-" "Mozilla/5.0 (Linux; Android 6.0.1; Nexus 5X Build/MMB29P) AppleWebKit/537.36 (KHTML, like Gecko) Chrome/153.0.8010.36 Mobile Safari/537.36 (compatible; GoogleOther)"
66.249.68.193 - - [11/Sep/2026:10:45:12 -0400] "GET /wp-content/plugins/essential-addons-for-elementor-lite/assets/front-end/js/view/general.min.js?ver=6.8.3 HTTP/1.1" 200 11874 "https://heredit.mx/?a=live-at-the-club-montmartre-cc-2LPJyEIw" "Mozilla/5.0 (Linux; Android 6.0.1; Nexus 5X Build/MMB29P) AppleWebKit/537.36 (KHTML, like Gecko) Chrome/153.0.8010.36 Mobile Safari/537.36 (compatible; GoogleOther)"
199.250.222.155 - - [11/Sep/2026:10:45:50 -0400] "POST /wp-cron.php?doing_wp_cron=1789137950.8475298881530761718750 HTTP/1.1" 200 - "-" "WordPress/7.1; https://heredit.mx"
66.249.68.192 - - [11/Sep/2026:10:45:50 -0400] "GET /?a=gilet-sans-manches-vert-%C3%A9lectrique-en-fourrure-d-agneau-cc-JGjj01t5 HTTP/1.1" 200 223835 "-" "Mozilla/5.0 (Linux; Android 6.0.1; Nexus 5X Build/MMB29P) AppleWebKit/537.36 (KHTML, like Gecko) Chrome/153.0.8010.36 Mobile Safari/537.36 (compatible; GoogleOther)"
199.250.222.155 - - [11/Sep/2026:10:48:09 -0400] "POST /wp-cron.php?doing_wp_cron=1789138089.3978960514068603515625 HTTP/1.1" 200 - "-" "WordPress/7.1; https://heredit.mx"
66.249.68.194 - - [11/Sep/2026:10:48:08 -0400] "GET /?a=ocean-mermaids-deluxe-cookies-to-decorate-kit-cc-2zVypgFw HTTP/1.1" 200 223783 "-" "Mozilla/5.0 (Linux; Android 6.0.1; Nexus 5X Build/MMB29P) AppleWebKit/537.36 (KHTML, like Gecko) Chrome/153.0.8010.36 Mobile Safari/537.36 (compatible; GoogleOther)"
66.249.68.192 - - [11/Sep/2026:10:48:15 -0400] "GET /wp-content/uploads/elementor/css/post-48.css?ver=1788480000 HTTP/1.1" 200 45412 "https://heredit.mx/?a=ocean-mermaids-deluxe-cookies-to-decorate-kit-cc-2zVypgFw" "Mozilla/5.0 (Linux; Android 6.0.1; Nexus 5X Build/MMB29P) AppleWebKit/537.36 (KHTML, like Gecko) Chrome/153.0.8010.36 Mobile Safari/537.36 (compatible; GoogleOther)"
199.250.222.155 - - [11/Sep/2026:10:48:35 -0400] "POST /wp-cron.php?doing_wp_cron=1789138115.0830290317535400390625 HTTP/1.1" 200 - "-" "WordPress/7.1; https://heredit.mx"
66.249.68.192 - - [11/Sep/2026:10:48:34 -0400] "GET /?a=ocean-mermaids-deluxe-cookies-to-decorate-kit-cc-2zVypgFw HTTP/1.1" 200 223783 "-" "Mozilla/5.0 (Linux; Android 6.0.1; Nexus 5X Build/MMB29P) AppleWebKit/537.36 (KHTML, like Gecko) Chrome/153.0.8010.36 Mobile Safari/537.36 (compatible; Googlebot/2.1; +http://www.google.com/bot.html)"
40.77.167.76 - - [11/Sep/2026:10:48:37 -0400] "GET /zGbS/chiotilla532664/?w=plancha-remington-s3500-p-P10dktG HTTP/1.1" 404 121299 "-" "Mozilla/5.0 AppleWebKit/537.36 (KHTML, like Gecko; compatible; bingbot/2.0; +http://www.bing.com/bingbot.htm) Chrome/116.0.1938.76 Safari/537.36"
52.167.144.25 - - [11/Sep/2026:10:48:47 -0400] "GET /concamerated-410-LWuslK/?a=b%C3%A1scula-digital-de-alta-precisi%C3%B3n-para-cocina-balanza-electr%C3%B3nica-cc-rLk3pRi8 HTTP/1.1" 301 - "-" "Mozilla/5.0 AppleWebKit/537.36 (KHTML, like Gecko; compatible; bingbot/2.0; +http://www.bing.com/bingbot.htm) Chrome/116.0.1938.76 Safari/537.36"
66.249.68.193 - - [11/Sep/2026:10:49:02 -0400] "GET /?a=walking-tour-of-chania-old-town-in-crete-greece-cc-Vjb8GDID HTTP/1.1" 200 223791 "-" "Mozilla/5.0 (Linux; Android 6.0.1; Nexus 5X Build/MMB29P) AppleWebKit/537.36 (KHTML, like Gecko) Chrome/153.0.8010.36 Mobile Safari/537.36 (compatible; GoogleOther)"
40.77.167.74 - - [11/Sep/2026:10:49:06 -0400] "GET /?w=vestido-sin-espalda-de-geometr%C3%ADa-bodycon-celeste-delgado-moda-pp-XgL2mDtE HTTP/1.1" 301 - "-" "Mozilla/5.0 AppleWebKit/537.36 (KHTML, like Gecko; compatible; bingbot/2.0; +http://www.bing.com/bingbot.htm) Chrome/116.0.1938.76 Safari/537.36"
40.77.167.123 - - [11/Sep/2026:10:49:16 -0400] "GET /?w=vestido-sin-espalda-de-geometr%C3%ADa-bodycon-celeste-delgado-moda-pp-XgL2mDtE HTTP/1.1" 200 112757 "-" "Mozilla/5.0 AppleWebKit/537.36 (KHTML, like Gecko; compatible; bingbot/2.0; +http://www.bing.com/bingbot.htm) Chrome/116.0.1938.76 Safari/537.36"
66.249.68.193 - - [11/Sep/2026:10:50:08 -0400] "GET /?a=walking-tour-of-chania-old-town-in-crete-greece-cc-Vjb8GDID HTTP/1.1" 200 223791 "-" "Mozilla/5.0 (Linux; Android 6.0.1; Nexus 5X Build/MMB29P) AppleWebKit/537.36 (KHTML, like Gecko) Chrome/153.0.8010.36 Mobile Safari/537.36 (compatible; Googlebot/2.1; +http://www.google.com/bot.html)"
49.51.132.100 - - [11/Sep/2026:10:50:23 -0400] "GET / HTTP/1.1" 200 59621 "http://www.heredit.mx" "Mozilla/5.0 (iPhone; CPU iPhone OS 13_2_3 like Mac OS X) AppleWebKit/605.1.15 (KHTML, like Gecko) Version/13.0.3 Mobile/15E148 Safari/604.1"
66.249.68.192 - - [11/Sep/2026:10:50:33 -0400] "GET /?a=men-s-motorcycle-biker-denim-jacket-stand-collar-zipper-cc-nOLbY2t3 HTTP/1.1" 200 223823 "-" "Mozilla/5.0 (Linux; Android 6.0.1; Nexus 5X Build/MMB29P) AppleWebKit/537.36 (KHTML, like Gecko) Chrome/153.0.8010.36 Mobile Safari/537.36 (compatible; GoogleOther)"
66.249.68.192 - - [11/Sep/2026:10:50:38 -0400] "GET /wp-content/plugins/premium-addons-for-elementor/assets/frontend/min-css/liquid-glass.min.css?ver=4.11.102 HTTP/1.1" 200 8405 "https://heredit.mx/?a=men-s-motorcycle-biker-denim-jacket-stand-collar-zipper-cc-nOLbY2t3" "Mozilla/5.0 (Linux; Android 6.0.1; Nexus 5X Build/MMB29P) AppleWebKit/537.36 (KHTML, like Gecko) Chrome/153.0.8010.36 Mobile Safari/537.36 (compatible; GoogleOther)"
66.249.68.192 - - [11/Sep/2026:10:50:57 -0400] "GET /wp-content/plugins/elementor-pro/assets/css/widget-nav-menu.min.css?ver=4.2.3 HTTP/1.1" 200 27363 "https://heredit.mx/?a=walking-tour-of-chania-old-town-in-crete-greece-cc-Vjb8GDID" "Mozilla/5.0 (Linux; Android 6.0.1; Nexus 5X Build/MMB29P) AppleWebKit/537.36 (KHTML, like Gecko) Chrome/153.0.8010.36 Mobile Safari/537.36 (compatible; GoogleOther)"
66.249.68.192 - - [11/Sep/2026:10:50:58 -0400] "GET /?a=the-bull-sweep-open-guard-tactics-by-charles-negromonte-cc-vAr0R8uP HTTP/1.1" 200 223823 "-" "Mozilla/5.0 (Linux; Android 6.0.1; Nexus 5X Build/MMB29P) AppleWebKit/537.36 (KHTML, like Gecko) Chrome/153.0.8010.36 Mobile Safari/537.36 (compatible; Googlebot/2.1; +http://www.google.com/bot.html)"
66.249.68.192 - - [11/Sep/2026:10:51:01 -0400] "GET /wp-content/plugins/elementor-pro/assets/js/carousel.e2af910b095554625156.bundle.min.js HTTP/1.1" 200 5001 "https://heredit.mx/?a=walking-tour-of-chania-old-town-in-crete-greece-cc-Vjb8GDID" "Mozilla/5.0 (Linux; Android 6.0.1; Nexus 5X Build/MMB29P) AppleWebKit/537.36 (KHTML, like Gecko) Chrome/153.0.8010.36 Mobile Safari/537.36 (compatible; GoogleOther)"
66.249.68.192 - - [11/Sep/2026:10:51:04 -0400] "GET /wp-content/plugins/wpforms/assets/lib/jquery.validate.min.js?ver=1.21.0 HTTP/1.1" 200 25308 "https://heredit.mx/?a=the-bull-sweep-open-guard-tactics-by-charles-negromonte-cc-vAr0R8uP" "Mozilla/5.0 (Linux; Android 6.0.1; Nexus 5X Build/MMB29P) AppleWebKit/537.36 (KHTML, like Gecko) Chrome/153.0.8010.36 Mobile Safari/537.36 (compatible; Googlebot/2.1; +http://www.google.com/bot.html)"
66.249.68.192 - - [11/Sep/2026:10:51:05 -0400] "GET /wp-content/plugins/wpforms/assets/pro/css/fields/layout-screen-big.min.css?ver=1.10.2.1 HTTP/1.1" 200 4213 "https://heredit.mx/?a=the-bull-sweep-open-guard-tactics-by-charles-negromonte-cc-vAr0R8uP" "Mozilla/5.0 (Linux; Android 6.0.1; Nexus 5X Build/MMB29P) AppleWebKit/537.36 (KHTML, like Gecko) Chrome/153.0.8010.36 Mobile Safari/537.36 (compatible; Googlebot/2.1; +http://www.google.com/bot.html)"
199.250.222.155 - - [11/Sep/2026:10:52:42 -0400] "POST /wp-cron.php?doing_wp_cron=1789138362.0163989067077636718750 HTTP/1.1" 200 - "-" "WordPress/7.1; https://heredit.mx"
66.249.68.192 - - [11/Sep/2026:10:52:41 -0400] "GET /?a=vango-apex-geo-300-tent-cc-8xAO1wSx HTTP/1.1" 200 223695 "-" "Mozilla/5.0 (Linux; Android 6.0.1; Nexus 5X Build/MMB29P) AppleWebKit/537.36 (KHTML, like Gecko) Chrome/153.0.8010.36 Mobile Safari/537.36 (compatible; GoogleOther)"
66.249.68.192 - - [11/Sep/2026:10:52:46 -0400] "GET /sliders/desarrollos/style.css HTTP/1.1" 200 5112 "https://heredit.mx/sliders/desarrollos/index.html" "Mozilla/5.0 (Linux; Android 6.0.1; Nexus 5X Build/MMB29P) AppleWebKit/537.36 (KHTML, like Gecko) Chrome/153.0.8010.36 Mobile Safari/537.36 (compatible; GoogleOther)"
66.249.68.193 - - [11/Sep/2026:10:52:47 -0400] "GET /sliders/desarrollos/style.css HTTP/1.1" 200 5112 "https://heredit.mx/sliders/desarrollos/index.html" "Mozilla/5.0 (Linux; Android 6.0.1; Nexus 5X Build/MMB29P) AppleWebKit/537.36 (KHTML, like Gecko) Chrome/153.0.8010.36 Mobile Safari/537.36 (compatible; GoogleOther)"
66.249.68.192 - - [11/Sep/2026:10:54:24 -0400] "GET /?a=camisa-purificacion-garcia-%E2%80%93-mycloma-cc-RzLJaof7 HTTP/1.1" 200 223767 "-" "Mozilla/5.0 (Linux; Android 6.0.1; Nexus 5X Build/MMB29P) AppleWebKit/537.36 (KHTML, like Gecko) Chrome/153.0.8010.36 Mobile Safari/537.36 (compatible; Googlebot/2.1; +http://www.google.com/bot.html)"
199.250.222.155 - - [11/Sep/2026:10:55:16 -0400] "POST /wp-cron.php?doing_wp_cron=1789138516.2435109615325927734375 HTTP/1.1" 200 - "-" "WordPress/7.1; https://heredit.mx"
66.249.68.193 - - [11/Sep/2026:10:55:15 -0400] "GET /?a=briefcases-kenzo-style-code-5sf305-f20-99e-cc-vE3oNRUP HTTP/1.1" 200 223771 "-" "Mozilla/5.0 (Linux; Android 6.0.1; Nexus 5X Build/MMB29P) AppleWebKit/537.36 (KHTML, like Gecko) Chrome/153.0.8010.36 Mobile Safari/537.36 (compatible; GoogleOther)"
66.249.68.192 - - [11/Sep/2026:10:55:47 -0400] "GET /wp-content/plugins/elementor-pro/assets/css/widget-nav-menu.min.css?ver=4.2.3 HTTP/1.1" 200 27363 "https://heredit.mx/?a=briefcases-kenzo-style-code-5sf305-f20-99e-cc-vE3oNRUP" "Mozilla/5.0 (Linux; Android 6.0.1; Nexus 5X Build/MMB29P) AppleWebKit/537.36 (KHTML, like Gecko) Chrome/153.0.8010.36 Mobile Safari/537.36 (compatible; GoogleOther)"
66.249.68.192 - - [11/Sep/2026:10:55:48 -0400] "GET /wp-content/uploads/2024/05/linea-etica.svg HTTP/1.1" 200 5523 "https://heredit.mx/?a=briefcases-kenzo-style-code-5sf305-f20-99e-cc-vE3oNRUP" "Mozilla/5.0 (Linux; Android 6.0.1; Nexus 5X Build/MMB29P) AppleWebKit/537.36 (KHTML, like Gecko) Chrome/153.0.8010.36 Mobile Safari/537.36 (compatible; GoogleOther)"
66.249.68.192 - - [11/Sep/2026:10:55:50 -0400] "GET /wp-content/plugins/elementor-pro/assets/js/carousel.e2af910b095554625156.bundle.min.js HTTP/1.1" 200 5001 "https://heredit.mx/?a=briefcases-kenzo-style-code-5sf305-f20-99e-cc-vE3oNRUP" "Mozilla/5.0 (Linux; Android 6.0.1; Nexus 5X Build/MMB29P) AppleWebKit/537.36 (KHTML, like Gecko) Chrome/153.0.8010.36 Mobile Safari/537.36 (compatible; GoogleOther)"
199.250.222.155 - - [11/Sep/2026:10:56:09 -0400] "POST /wp-cron.php?doing_wp_cron=1789138569.0122509002685546875000 HTTP/1.1" 200 - "-" "WordPress/7.1; https://heredit.mx"
66.249.68.193 - - [11/Sep/2026:10:56:08 -0400] "GET /?a=briefcases-kenzo-style-code-5sf305-f20-99e-cc-vE3oNRUP HTTP/1.1" 200 223771 "-" "Mozilla/5.0 (Linux; Android 6.0.1; Nexus 5X Build/MMB29P) AppleWebKit/537.36 (KHTML, like Gecko) Chrome/153.0.8010.36 Mobile Safari/537.36 (compatible; Googlebot/2.1; +http://www.google.com/bot.html)"
199.250.222.155 - - [11/Sep/2026:10:56:55 -0400] "POST /wp-cron.php?doing_wp_cron=1789138615.4719018936157226562500 HTTP/1.1" 200 - "-" "WordPress/7.1; https://heredit.mx"
114.119.153.11 - - [11/Sep/2026:10:56:55 -0400] "GET /?countertheme/16109 HTTP/1.1" 301 - "https://heredit.mx/?countertheme/16109" "Mozilla/5.0 (Linux; Android 7.0;) AppleWebKit/537.36 (HTML, like Gecko) Mobile Safari/537.36 (compatible; PetalBot;+https://webmaster.petalsearch.com/site/petalbot)"
114.119.153.11 - - [11/Sep/2026:10:56:56 -0400] "GET /?countertheme%2F16109 HTTP/1.1" 200 223695 "https://heredit.mx/?countertheme/16109" "Mozilla/5.0 (Linux; Android 7.0;) AppleWebKit/537.36 (HTML, like Gecko) Mobile Safari/537.36 (compatible; PetalBot;+https://webmaster.petalsearch.com/site/petalbot)"
66.249.68.192 - - [11/Sep/2026:10:56:58 -0400] "GET /?a=ellie-mae-designs-k113-baby-shoes-sewing-pattern-infant-cc-3vQQMKfV HTTP/1.1" 200 223823 "-" "Mozilla/5.0 (Linux; Android 6.0.1; Nexus 5X Build/MMB29P) AppleWebKit/537.36 (KHTML, like Gecko) Chrome/153.0.8010.36 Mobile Safari/537.36 (compatible; Googlebot/2.1; +http://www.google.com/bot.html)"
66.249.68.192 - - [11/Sep/2026:10:57:03 -0400] "GET /wp-content/plugins/wpforms/assets/js/frontend/wpforms.min.js?ver=1.10.2.1 HTTP/1.1" 200 54683 "https://heredit.mx/?a=ellie-mae-designs-k113-baby-shoes-sewing-pattern-infant-cc-3vQQMKfV" "Mozilla/5.0 (Linux; Android 6.0.1; Nexus 5X Build/MMB29P) AppleWebKit/537.36 (KHTML, like Gecko) Chrome/153.0.8010.36 Mobile Safari/537.36 (compatible; Googlebot/2.1; +http://www.google.com/bot.html)"
