136.67.43.65 - - [11/Sep/2026:14:09:49 -0400] "GET /wp-content/cache/min/1/wp-content/uploads/elementor/css/post-1738.css?ver=1789063679 HTTP/1.1" 200 1603 "https://heredit.mx/politica-privacidad/" "Mozilla/5.0 (Linux; Android 8.1.0; Moto G (4)) AppleWebKit/537.36 (KHTML, like Gecko) Chrome/153.0.0.0 Mobile Safari/537.36 PTST/260802.202201"
136.67.43.65 - - [11/Sep/2026:14:09:49 -0400] "GET /wp-content/plugins/essential-addons-for-elementor-lite/assets/front-end/css/view/general.min.css?ver=6.8.3 HTTP/1.1" 200 7746 "https://heredit.mx/politica-privacidad/" "Mozilla/5.0 (Linux; Android 8.1.0; Moto G (4)) AppleWebKit/537.36 (KHTML, like Gecko) Chrome/153.0.0.0 Mobile Safari/537.36 PTST/260802.202201"
136.67.43.65 - - [11/Sep/2026:14:09:50 -0400] "GET /wp-content/uploads/2024/05/GothamMedium.ttf HTTP/1.1" 200 55980 "https://heredit.mx/politica-privacidad/" "Mozilla/5.0 (Linux; Android 8.1.0; Moto G (4)) AppleWebKit/537.36 (KHTML, like Gecko) Chrome/153.0.0.0 Mobile Safari/537.36 PTST/260802.202201"
136.67.43.65 - - [11/Sep/2026:14:09:50 -0400] "GET /wp-content/uploads/2024/06/ProximaNova-Bold.ttf HTTP/1.1" 200 129556 "https://heredit.mx/politica-privacidad/" "Mozilla/5.0 (Linux; Android 8.1.0; Moto G (4)) AppleWebKit/537.36 (KHTML, like Gecko) Chrome/153.0.0.0 Mobile Safari/537.36 PTST/260802.202201"
136.67.43.65 - - [11/Sep/2026:14:09:50 -0400] "GET /wp-content/uploads/2024/06/ProximaNova-Regular.ttf HTTP/1.1" 200 130636 "https://heredit.mx/politica-privacidad/" "Mozilla/5.0 (Linux; Android 8.1.0; Moto G (4)) AppleWebKit/537.36 (KHTML, like Gecko) Chrome/153.0.0.0 Mobile Safari/537.36 PTST/260802.202201"
136.67.43.65 - - [11/Sep/2026:14:09:50 -0400] "GET /wp-content/plugins/wp-rocket/assets/js/lazyload/16.1/lazyload.min.js HTTP/1.1" 200 7890 "https://heredit.mx/politica-privacidad/" "Mozilla/5.0 (Linux; Android 8.1.0; Moto G (4)) AppleWebKit/537.36 (KHTML, like Gecko) Chrome/153.0.0.0 Mobile Safari/537.36 PTST/260802.202201"
136.67.43.65 - - [11/Sep/2026:14:09:50 -0400] "GET /wp-content/uploads/2024/06/ProximaNova-Light.ttf HTTP/1.1" 200 132104 "https://heredit.mx/politica-privacidad/" "Mozilla/5.0 (Linux; Android 8.1.0; Moto G (4)) AppleWebKit/537.36 (KHTML, like Gecko) Chrome/153.0.0.0 Mobile Safari/537.36 PTST/260802.202201"
136.67.43.65 - - [11/Sep/2026:14:09:49 -0400] "GET /wp-content/uploads/2024/05/GothamLight.ttf HTTP/1.1" 200 56508 "https://heredit.mx/politica-privacidad/" "Mozilla/5.0 (Linux; Android 8.1.0; Moto G (4)) AppleWebKit/537.36 (KHTML, like Gecko) Chrome/153.0.0.0 Mobile Safari/537.36 PTST/260802.202201"
136.67.43.65 - - [11/Sep/2026:14:09:50 -0400] "GET /wp-content/uploads/2024/05/Times.ttf HTTP/1.1" 200 150644 "https://heredit.mx/politica-privacidad/" "Mozilla/5.0 (Linux; Android 8.1.0; Moto G (4)) AppleWebKit/537.36 (KHTML, like Gecko) Chrome/153.0.0.0 Mobile Safari/537.36 PTST/260802.202201"
136.67.43.65 - - [11/Sep/2026:14:09:51 -0400] "GET /wp-content/uploads/2024/05/LogoHereditColor.png HTTP/1.1" 200 5133 "https://heredit.mx/politica-privacidad/" "Mozilla/5.0 (Linux; Android 8.1.0; Moto G (4)) AppleWebKit/537.36 (KHTML, like Gecko) Chrome/153.0.0.0 Mobile Safari/537.36 PTST/260802.202201"
136.67.43.65 - - [11/Sep/2026:14:09:50 -0400] "GET /wp-content/uploads/2024/06/SFProDisplay-Medium.ttf HTTP/1.1" 200 433584 "https://heredit.mx/politica-privacidad/" "Mozilla/5.0 (Linux; Android 8.1.0; Moto G (4)) AppleWebKit/537.36 (KHTML, like Gecko) Chrome/153.0.0.0 Mobile Safari/537.36 PTST/260802.202201"
136.67.43.65 - - [11/Sep/2026:14:09:50 -0400] "GET /wp-content/uploads/2024/05/fondo-heredit.png HTTP/1.1" 200 7300533 "https://heredit.mx/wp-content/cache/min/1/wp-content/uploads/elementor/css/post-3.css?ver=1789069999" "Mozilla/5.0 (Linux; Android 8.1.0; Moto G (4)) AppleWebKit/537.36 (KHTML, like Gecko) Chrome/153.0.0.0 Mobile Safari/537.36 PTST/260802.202201"
136.67.43.65 - - [11/Sep/2026:14:09:58 -0400] "GET /wp-content/uploads/2024/05/HereditLogoCompleto-150x150.png HTTP/1.1" 200 2060 "https://heredit.mx/politica-privacidad/" "Mozilla/5.0 (Linux; Android 8.1.0; Moto G (4)) AppleWebKit/537.36 (KHTML, like Gecko) Chrome/153.0.0.0 Mobile Safari/537.36 PTST/260802.202201"
199.250.222.155 - - [11/Sep/2026:14:10:11 -0400] "POST /wp-cron.php?doing_wp_cron=1789150211.2642419338226318359375 HTTP/1.1" 200 - "-" "WordPress/7.1; https://heredit.mx"
136.67.43.65 - - [11/Sep/2026:14:10:10 -0400] "GET /ads.txt HTTP/1.1" 404 123212 "https://heredit.mx/politica-privacidad/" "Mozilla/5.0 (Linux; Android 8.1.0; Moto G (4)) AppleWebKit/537.36 (KHTML, like Gecko) Chrome/153.0.0.0 Mobile Safari/537.36 PTST/260802.202201"
136.67.43.65 - - [11/Sep/2026:14:10:10 -0400] "GET /app-ads.txt HTTP/1.1" 404 123212 "https://heredit.mx/politica-privacidad/" "Mozilla/5.0 (Linux; Android 8.1.0; Moto G (4)) AppleWebKit/537.36 (KHTML, like Gecko) Chrome/153.0.0.0 Mobile Safari/537.36 PTST/260802.202201"
136.67.43.65 - - [11/Sep/2026:14:10:10 -0400] "GET /sellers.json HTTP/1.1" 404 123212 "https://heredit.mx/politica-privacidad/" "Mozilla/5.0 (Linux; Android 8.1.0; Moto G (4)) AppleWebKit/537.36 (KHTML, like Gecko) Chrome/153.0.0.0 Mobile Safari/537.36 PTST/260802.202201"
66.249.68.194 - - [11/Sep/2026:14:10:19 -0400] "GET /?a=hbg-canada-division-marker-set-cc-ZjD1KGHv HTTP/1.1" 200 223723 "-" "Mozilla/5.0 (Linux; Android 6.0.1; Nexus 5X Build/MMB29P) AppleWebKit/537.36 (KHTML, like Gecko) Chrome/153.0.8010.36 Mobile Safari/537.36 (compatible; GoogleOther)"
136.67.43.65 - - [11/Sep/2026:14:10:20 -0400] "GET /.well-known/apple-app-site-association HTTP/1.1" 404 123212 "https://heredit.mx/politica-privacidad/" "Mozilla/5.0 (Linux; Android 8.1.0; Moto G (4)) AppleWebKit/537.36 (KHTML, like Gecko) Chrome/153.0.0.0 Mobile Safari/537.36 PTST/260802.202201"
136.67.43.65 - - [11/Sep/2026:14:10:20 -0400] "GET /.well-known/assetlinks.json HTTP/1.1" 404 123212 "https://heredit.mx/politica-privacidad/" "Mozilla/5.0 (Linux; Android 8.1.0; Moto G (4)) AppleWebKit/537.36 (KHTML, like Gecko) Chrome/153.0.0.0 Mobile Safari/537.36 PTST/260802.202201"
136.67.43.65 - - [11/Sep/2026:14:10:22 -0400] "GET /llms.txt HTTP/1.1" 404 123212 "https://heredit.mx/politica-privacidad/" "Mozilla/5.0 (Linux; Android 8.1.0; Moto G (4)) AppleWebKit/537.36 (KHTML, like Gecko) Chrome/153.0.0.0 Mobile Safari/537.36 PTST/260802.202201"
136.67.43.65 - - [11/Sep/2026:14:10:26 -0400] "GET /dsrdelete.json HTTP/1.1" 404 123212 "https://heredit.mx/politica-privacidad/" "Mozilla/5.0 (Linux; Android 8.1.0; Moto G (4)) AppleWebKit/537.36 (KHTML, like Gecko) Chrome/153.0.0.0 Mobile Safari/537.36 PTST/260802.202201"
136.67.43.65 - - [11/Sep/2026:14:10:27 -0400] "GET /robots.txt HTTP/1.1" 200 267 "https://heredit.mx/politica-privacidad/" "Mozilla/5.0 (Linux; Android 8.1.0; Moto G (4)) AppleWebKit/537.36 (KHTML, like Gecko) Chrome/153.0.0.0 Mobile Safari/537.36 PTST/260802.202201"
199.250.222.155 - - [11/Sep/2026:14:10:29 -0400] "POST /wp-cron.php?doing_wp_cron=1789150229.7688848972320556640625 HTTP/1.1" 200 - "-" "WordPress/7.1; https://heredit.mx"
136.67.43.65 - - [11/Sep/2026:14:10:29 -0400] "GET /.well-known/assetlinks.json HTTP/1.1" 404 123212 "https://heredit.mx/politica-privacidad/" "Mozilla/5.0 (Linux; Android 8.1.0; Moto G (4)) AppleWebKit/537.36 (KHTML, like Gecko) Chrome/153.0.0.0 Mobile Safari/537.36 PTST/260802.202201"
136.67.43.65 - - [11/Sep/2026:14:10:29 -0400] "GET /.well-known/apple-app-site-association HTTP/1.1" 404 123212 "https://heredit.mx/politica-privacidad/" "Mozilla/5.0 (Linux; Android 8.1.0; Moto G (4)) AppleWebKit/537.36 (KHTML, like Gecko) Chrome/153.0.0.0 Mobile Safari/537.36 PTST/260802.202201"
136.67.43.65 - - [11/Sep/2026:14:10:29 -0400] "GET /.well-known/related-website-set.json HTTP/1.1" 404 123212 "https://heredit.mx/politica-privacidad/" "Mozilla/5.0 (Linux; Android 8.1.0; Moto G (4)) AppleWebKit/537.36 (KHTML, like Gecko) Chrome/153.0.0.0 Mobile Safari/537.36 PTST/260802.202201"
136.67.43.65 - - [11/Sep/2026:14:10:29 -0400] "GET /.well-known/privacy-sandbox-attestations.json HTTP/1.1" 404 123212 "https://heredit.mx/politica-privacidad/" "Mozilla/5.0 (Linux; Android 8.1.0; Moto G (4)) AppleWebKit/537.36 (KHTML, like Gecko) Chrome/153.0.0.0 Mobile Safari/537.36 PTST/260802.202201"
136.67.43.65 - - [11/Sep/2026:14:10:29 -0400] "GET /.well-known/web-identity HTTP/1.1" 404 123212 "https://heredit.mx/politica-privacidad/" "Mozilla/5.0 (Linux; Android 8.1.0; Moto G (4)) AppleWebKit/537.36 (KHTML, like Gecko) Chrome/153.0.0.0 Mobile Safari/537.36 PTST/260802.202201"
136.67.43.65 - - [11/Sep/2026:14:10:29 -0400] "GET /.well-known/gpc.json HTTP/1.1" 404 123212 "https://heredit.mx/politica-privacidad/" "Mozilla/5.0 (Linux; Android 8.1.0; Moto G (4)) AppleWebKit/537.36 (KHTML, like Gecko) Chrome/153.0.0.0 Mobile Safari/537.36 PTST/260802.202201"
136.67.43.65 - - [11/Sep/2026:14:10:30 -0400] "GET /.well-known/passkey-endpoints HTTP/1.1" 404 123212 "https://heredit.mx/politica-privacidad/" "Mozilla/5.0 (Linux; Android 8.1.0; Moto G (4)) AppleWebKit/537.36 (KHTML, like Gecko) Chrome/153.0.0.0 Mobile Safari/537.36 PTST/260802.202201"
136.67.43.65 - - [11/Sep/2026:14:10:30 -0400] "GET /.well-known/webauthn HTTP/1.1" 404 123212 "https://heredit.mx/politica-privacidad/" "Mozilla/5.0 (Linux; Android 8.1.0; Moto G (4)) AppleWebKit/537.36 (KHTML, like Gecko) Chrome/153.0.0.0 Mobile Safari/537.36 PTST/260802.202201"
136.67.43.65 - - [11/Sep/2026:14:10:30 -0400] "GET /.well-known/change-password HTTP/1.1" 404 123212 "https://heredit.mx/politica-privacidad/" "Mozilla/5.0 (Linux; Android 8.1.0; Moto G (4)) AppleWebKit/537.36 (KHTML, like Gecko) Chrome/153.0.0.0 Mobile Safari/537.36 PTST/260802.202201"
136.67.43.65 - - [11/Sep/2026:14:10:30 -0400] "GET /.well-known/email-verification HTTP/1.1" 404 123212 "https://heredit.mx/politica-privacidad/" "Mozilla/5.0 (Linux; Android 8.1.0; Moto G (4)) AppleWebKit/537.36 (KHTML, like Gecko) Chrome/153.0.0.0 Mobile Safari/537.36 PTST/260802.202201"
136.67.43.65 - - [11/Sep/2026:14:10:30 -0400] "GET /.well-known/ucp HTTP/1.1" 404 123212 "https://heredit.mx/politica-privacidad/" "Mozilla/5.0 (Linux; Android 8.1.0; Moto G (4)) AppleWebKit/537.36 (KHTML, like Gecko) Chrome/153.0.0.0 Mobile Safari/537.36 PTST/260802.202201"
136.67.43.65 - - [11/Sep/2026:14:10:30 -0400] "GET /.well-known/security.txt HTTP/1.1" 404 123212 "https://heredit.mx/politica-privacidad/" "Mozilla/5.0 (Linux; Android 8.1.0; Moto G (4)) AppleWebKit/537.36 (KHTML, like Gecko) Chrome/153.0.0.0 Mobile Safari/537.36 PTST/260802.202201"
136.67.43.65 - - [11/Sep/2026:14:10:30 -0400] "GET /.well-known/resource-that-should-not-exist-whose-status-code-should-not-be-200/ HTTP/1.1" 404 123212 "https://heredit.mx/politica-privacidad/" "Mozilla/5.0 (Linux; Android 8.1.0; Moto G (4)) AppleWebKit/537.36 (KHTML, like Gecko) Chrome/153.0.0.0 Mobile Safari/537.36 PTST/260802.202201"
66.249.68.192 - - [11/Sep/2026:14:10:39 -0400] "GET /?a=hbg-canada-division-marker-set-cc-ZjD1KGHv HTTP/1.1" 200 223723 "-" "Mozilla/5.0 (Linux; Android 6.0.1; Nexus 5X Build/MMB29P) AppleWebKit/537.36 (KHTML, like Gecko) Chrome/153.0.8010.36 Mobile Safari/537.36 (compatible; Googlebot/2.1; +http://www.google.com/bot.html)"
136.67.43.65 - - [11/Sep/2026:14:10:46 -0400] "GET /politica-privacidad/ HTTP/1.1" 200 45544 "-" "Mozilla/5.0 (Linux; Android 8.1.0; Moto G (4)) AppleWebKit/537.36 (KHTML like Gecko) Chrome/153.0.0.0 Mobile Safari/537.36 PTST/260802.202201"
136.67.43.65 - - [11/Sep/2026:14:10:47 -0400] "GET /wp-content/cache/min/1/wp-content/themes/hello-elementor/assets/css/reset.css?ver=1789063679 HTTP/1.1" 200 5828 "https://heredit.mx/politica-privacidad/" "Mozilla/5.0 (Linux; Android 8.1.0; Moto G (4)) AppleWebKit/537.36 (KHTML like Gecko) Chrome/153.0.0.0 Mobile Safari/537.36 PTST/260802.202201"
136.67.43.65 - - [11/Sep/2026:14:10:47 -0400] "GET /wp-content/cache/min/1/wp-content/themes/hello-elementor/assets/css/theme.css?ver=1789063679 HTTP/1.1" 200 5814 "https://heredit.mx/politica-privacidad/" "Mozilla/5.0 (Linux; Android 8.1.0; Moto G (4)) AppleWebKit/537.36 (KHTML like Gecko) Chrome/153.0.0.0 Mobile Safari/537.36 PTST/260802.202201"
136.67.43.65 - - [11/Sep/2026:14:10:47 -0400] "GET /wp-content/cache/min/1/wp-content/themes/hello-elementor/assets/css/header-footer.css?ver=1789063679 HTTP/1.1" 200 7533 "https://heredit.mx/politica-privacidad/" "Mozilla/5.0 (Linux; Android 8.1.0; Moto G (4)) AppleWebKit/537.36 (KHTML like Gecko) Chrome/153.0.0.0 Mobile Safari/537.36 PTST/260802.202201"
136.67.43.65 - - [11/Sep/2026:14:10:47 -0400] "GET /wp-content/plugins/elementor/assets/css/frontend.min.css?ver=4.2.4 HTTP/1.1" 200 54666 "https://heredit.mx/politica-privacidad/" "Mozilla/5.0 (Linux; Android 8.1.0; Moto G (4)) AppleWebKit/537.36 (KHTML like Gecko) Chrome/153.0.0.0 Mobile Safari/537.36 PTST/260802.202201"
136.67.43.65 - - [11/Sep/2026:14:10:47 -0400] "GET /wp-content/cache/min/1/wp-content/uploads/elementor/css/post-7.css?ver=1789063679 HTTP/1.1" 200 3652 "https://heredit.mx/politica-privacidad/" "Mozilla/5.0 (Linux; Android 8.1.0; Moto G (4)) AppleWebKit/537.36 (KHTML like Gecko) Chrome/153.0.0.0 Mobile Safari/537.36 PTST/260802.202201"
136.67.43.65 - - [11/Sep/2026:14:10:47 -0400] "GET /wp-content/plugins/elementor/assets/css/widget-image.min.css?ver=4.2.4 HTTP/1.1" 200 214 "https://heredit.mx/politica-privacidad/" "Mozilla/5.0 (Linux; Android 8.1.0; Moto G (4)) AppleWebKit/537.36 (KHTML like Gecko) Chrome/153.0.0.0 Mobile Safari/537.36 PTST/260802.202201"
136.67.43.65 - - [11/Sep/2026:14:10:47 -0400] "GET /wp-content/plugins/elementor-pro/assets/css/widget-nav-menu.min.css?ver=4.2.3 HTTP/1.1" 200 27363 "https://heredit.mx/politica-privacidad/" "Mozilla/5.0 (Linux; Android 8.1.0; Moto G (4)) AppleWebKit/537.36 (KHTML like Gecko) Chrome/153.0.0.0 Mobile Safari/537.36 PTST/260802.202201"
136.67.43.65 - - [11/Sep/2026:14:10:47 -0400] "GET /wp-content/plugins/elementor-pro/assets/css/modules/sticky.min.css?ver=4.2.3 HTTP/1.1" 200 162 "https://heredit.mx/politica-privacidad/" "Mozilla/5.0 (Linux; Android 8.1.0; Moto G (4)) AppleWebKit/537.36 (KHTML like Gecko) Chrome/153.0.0.0 Mobile Safari/537.36 PTST/260802.202201"
136.67.43.65 - - [11/Sep/2026:14:10:47 -0400] "GET /wp-content/plugins/premium-addons-for-elementor/assets/frontend/min-css/liquid-glass.min.css?ver=4.11.102 HTTP/1.1" 200 8405 "https://heredit.mx/politica-privacidad/" "Mozilla/5.0 (Linux; Android 8.1.0; Moto G (4)) AppleWebKit/537.36 (KHTML like Gecko) Chrome/153.0.0.0 Mobile Safari/537.36 PTST/260802.202201"
136.67.43.65 - - [11/Sep/2026:14:10:47 -0400] "GET /wp-content/cache/min/1/wp-content/uploads/premium-addons-elementor/pafe-1208.css?ver=1789063679 HTTP/1.1" 200 53538 "https://heredit.mx/politica-privacidad/" "Mozilla/5.0 (Linux; Android 8.1.0; Moto G (4)) AppleWebKit/537.36 (KHTML like Gecko) Chrome/153.0.0.0 Mobile Safari/537.36 PTST/260802.202201"
136.67.43.65 - - [11/Sep/2026:14:10:48 -0400] "GET /wp-content/plugins/elementor-pro/assets/css/modules/motion-fx.min.css?ver=4.2.3 HTTP/1.1" 200 778 "https://heredit.mx/politica-privacidad/" "Mozilla/5.0 (Linux; Android 8.1.0; Moto G (4)) AppleWebKit/537.36 (KHTML like Gecko) Chrome/153.0.0.0 Mobile Safari/537.36 PTST/260802.202201"
136.67.43.65 - - [11/Sep/2026:14:10:48 -0400] "GET /wp-content/plugins/elementor/assets/lib/animations/styles/e-animation-grow.min.css?ver=4.2.4 HTTP/1.1" 200 198 "https://heredit.mx/politica-privacidad/" "Mozilla/5.0 (Linux; Android 8.1.0; Moto G (4)) AppleWebKit/537.36 (KHTML like Gecko) Chrome/153.0.0.0 Mobile Safari/537.36 PTST/260802.202201"
136.67.43.65 - - [11/Sep/2026:14:10:48 -0400] "GET /wp-content/plugins/elementor/assets/lib/animations/styles/fadeIn.min.css?ver=4.2.4 HTTP/1.1" 200 77 "https://heredit.mx/politica-privacidad/" "Mozilla/5.0 (Linux; Android 8.1.0; Moto G (4)) AppleWebKit/537.36 (KHTML like Gecko) Chrome/153.0.0.0 Mobile Safari/537.36 PTST/260802.202201"
136.67.43.65 - - [11/Sep/2026:14:10:48 -0400] "GET /wp-content/cache/min/1/wp-content/plugins/elementor/assets/lib/font-awesome/css/all.min.css?ver=1789063679 HTTP/1.1" 200 60583 "https://heredit.mx/politica-privacidad/" "Mozilla/5.0 (Linux; Android 8.1.0; Moto G (4)) AppleWebKit/537.36 (KHTML like Gecko) Chrome/153.0.0.0 Mobile Safari/537.36 PTST/260802.202201"
136.67.43.65 - - [11/Sep/2026:14:10:48 -0400] "GET /wp-content/plugins/elementor/assets/css/widget-heading.min.css?ver=4.2.4 HTTP/1.1" 200 560 "https://heredit.mx/politica-privacidad/" "Mozilla/5.0 (Linux; Android 8.1.0; Moto G (4)) AppleWebKit/537.36 (KHTML like Gecko) Chrome/153.0.0.0 Mobile Safari/537.36 PTST/260802.202201"
136.67.43.65 - - [11/Sep/2026:14:10:48 -0400] "GET /wp-content/plugins/elementor/assets/css/widget-social-icons.min.css?ver=4.2.4 HTTP/1.1" 200 5110 "https://heredit.mx/politica-privacidad/" "Mozilla/5.0 (Linux; Android 8.1.0; Moto G (4)) AppleWebKit/537.36 (KHTML like Gecko) Chrome/153.0.0.0 Mobile Safari/537.36 PTST/260802.202201"
136.67.43.65 - - [11/Sep/2026:14:10:48 -0400] "GET /wp-content/plugins/elementor/assets/css/conditionals/apple-webkit.min.css?ver=4.2.4 HTTP/1.1" 200 6713 "https://heredit.mx/politica-privacidad/" "Mozilla/5.0 (Linux; Android 8.1.0; Moto G (4)) AppleWebKit/537.36 (KHTML like Gecko) Chrome/153.0.0.0 Mobile Safari/537.36 PTST/260802.202201"
136.67.43.65 - - [11/Sep/2026:14:10:48 -0400] "GET /wp-content/cache/min/1/wp-includes/css/dashicons.min.css?ver=1789063679 HTTP/1.1" 200 59097 "https://heredit.mx/politica-privacidad/" "Mozilla/5.0 (Linux; Android 8.1.0; Moto G (4)) AppleWebKit/537.36 (KHTML like Gecko) Chrome/153.0.0.0 Mobile Safari/537.36 PTST/260802.202201"
136.67.43.65 - - [11/Sep/2026:14:10:48 -0400] "GET /wp-content/plugins/elementor/assets/lib/animations/styles/slideInRight.min.css?ver=4.2.4 HTTP/1.1" 200 155 "https://heredit.mx/politica-privacidad/" "Mozilla/5.0 (Linux; Android 8.1.0; Moto G (4)) AppleWebKit/537.36 (KHTML like Gecko) Chrome/153.0.0.0 Mobile Safari/537.36 PTST/260802.202201"
136.67.43.65 - - [11/Sep/2026:14:10:49 -0400] "GET /wp-content/plugins/elementor-pro/assets/css/conditionals/popup.min.css?ver=4.2.3 HTTP/1.1" 200 995 "https://heredit.mx/politica-privacidad/" "Mozilla/5.0 (Linux; Android 8.1.0; Moto G (4)) AppleWebKit/537.36 (KHTML like Gecko) Chrome/153.0.0.0 Mobile Safari/537.36 PTST/260802.202201"
136.67.43.65 - - [11/Sep/2026:14:10:49 -0400] "GET /wp-content/cache/min/1/wp-content/uploads/elementor/css/post-3.css?ver=1789069999 HTTP/1.1" 200 2626 "https://heredit.mx/politica-privacidad/" "Mozilla/5.0 (Linux; Android 8.1.0; Moto G (4)) AppleWebKit/537.36 (KHTML like Gecko) Chrome/153.0.0.0 Mobile Safari/537.36 PTST/260802.202201"
136.67.43.65 - - [11/Sep/2026:14:10:49 -0400] "GET /wp-content/cache/min/1/wp-content/uploads/elementor/css/post-1208.css?ver=1789063679 HTTP/1.1" 200 36816 "https://heredit.mx/politica-privacidad/" "Mozilla/5.0 (Linux; Android 8.1.0; Moto G (4)) AppleWebKit/537.36 (KHTML like Gecko) Chrome/153.0.0.0 Mobile Safari/537.36 PTST/260802.202201"
136.67.43.65 - - [11/Sep/2026:14:10:49 -0400] "GET /wp-content/cache/min/1/wp-content/uploads/elementor/css/post-48.css?ver=1789063679 HTTP/1.1" 200 44617 "https://heredit.mx/politica-privacidad/" "Mozilla/5.0 (Linux; Android 8.1.0; Moto G (4)) AppleWebKit/537.36 (KHTML like Gecko) Chrome/153.0.0.0 Mobile Safari/537.36 PTST/260802.202201"
136.67.43.65 - - [11/Sep/2026:14:10:49 -0400] "GET /wp-content/cache/min/1/wp-content/uploads/elementor/css/post-1738.css?ver=1789063679 HTTP/1.1" 200 1603 "https://heredit.mx/politica-privacidad/" "Mozilla/5.0 (Linux; Android 8.1.0; Moto G (4)) AppleWebKit/537.36 (KHTML like Gecko) Chrome/153.0.0.0 Mobile Safari/537.36 PTST/260802.202201"
136.67.43.65 - - [11/Sep/2026:14:10:49 -0400] "GET /wp-content/plugins/essential-addons-for-elementor-lite/assets/front-end/css/view/general.min.css?ver=6.8.3 HTTP/1.1" 200 7746 "https://heredit.mx/politica-privacidad/" "Mozilla/5.0 (Linux; Android 8.1.0; Moto G (4)) AppleWebKit/537.36 (KHTML like Gecko) Chrome/153.0.0.0 Mobile Safari/537.36 PTST/260802.202201"
136.67.43.65 - - [11/Sep/2026:14:10:49 -0400] "GET /wp-content/uploads/2024/05/GothamLight.ttf HTTP/1.1" 200 56508 "https://heredit.mx/politica-privacidad/" "Mozilla/5.0 (Linux; Android 8.1.0; Moto G (4)) AppleWebKit/537.36 (KHTML like Gecko) Chrome/153.0.0.0 Mobile Safari/537.36 PTST/260802.202201"
136.67.43.65 - - [11/Sep/2026:14:10:49 -0400] "GET /wp-content/uploads/2024/05/GothamMedium.ttf HTTP/1.1" 200 55980 "https://heredit.mx/politica-privacidad/" "Mozilla/5.0 (Linux; Android 8.1.0; Moto G (4)) AppleWebKit/537.36 (KHTML like Gecko) Chrome/153.0.0.0 Mobile Safari/537.36 PTST/260802.202201"
136.67.43.65 - - [11/Sep/2026:14:10:49 -0400] "GET /wp-content/uploads/2024/06/ProximaNova-Bold.ttf HTTP/1.1" 200 129556 "https://heredit.mx/politica-privacidad/" "Mozilla/5.0 (Linux; Android 8.1.0; Moto G (4)) AppleWebKit/537.36 (KHTML like Gecko) Chrome/153.0.0.0 Mobile Safari/537.36 PTST/260802.202201"
136.67.43.65 - - [11/Sep/2026:14:10:49 -0400] "GET /wp-content/uploads/2024/06/ProximaNova-Regular.ttf HTTP/1.1" 200 130636 "https://heredit.mx/politica-privacidad/" "Mozilla/5.0 (Linux; Android 8.1.0; Moto G (4)) AppleWebKit/537.36 (KHTML like Gecko) Chrome/153.0.0.0 Mobile Safari/537.36 PTST/260802.202201"
136.67.43.65 - - [11/Sep/2026:14:10:50 -0400] "GET /wp-content/uploads/2024/06/ProximaNova-Light.ttf HTTP/1.1" 200 132104 "https://heredit.mx/politica-privacidad/" "Mozilla/5.0 (Linux; Android 8.1.0; Moto G (4)) AppleWebKit/537.36 (KHTML like Gecko) Chrome/153.0.0.0 Mobile Safari/537.36 PTST/260802.202201"
136.67.43.65 - - [11/Sep/2026:14:10:50 -0400] "GET /wp-content/uploads/2024/05/Times.ttf HTTP/1.1" 200 150644 "https://heredit.mx/politica-privacidad/" "Mozilla/5.0 (Linux; Android 8.1.0; Moto G (4)) AppleWebKit/537.36 (KHTML like Gecko) Chrome/153.0.0.0 Mobile Safari/537.36 PTST/260802.202201"
136.67.43.65 - - [11/Sep/2026:14:10:54 -0400] "GET /wp-content/plugins/wp-rocket/assets/js/lazyload/16.1/lazyload.min.js HTTP/1.1" 200 7890 "https://heredit.mx/politica-privacidad/" "Mozilla/5.0 (Linux; Android 8.1.0; Moto G (4)) AppleWebKit/537.36 (KHTML like Gecko) Chrome/153.0.0.0 Mobile Safari/537.36 PTST/260802.202201"
136.67.43.65 - - [11/Sep/2026:14:10:55 -0400] "GET /wp-content/uploads/2024/05/LogoHereditColor.png HTTP/1.1" 200 5133 "https://heredit.mx/politica-privacidad/" "Mozilla/5.0 (Linux; Android 8.1.0; Moto G (4)) AppleWebKit/537.36 (KHTML like Gecko) Chrome/153.0.0.0 Mobile Safari/537.36 PTST/260802.202201"
136.67.43.65 - - [11/Sep/2026:14:10:50 -0400] "GET /wp-content/uploads/2024/06/SFProDisplay-Medium.ttf HTTP/1.1" 200 433584 "https://heredit.mx/politica-privacidad/" "Mozilla/5.0 (Linux; Android 8.1.0; Moto G (4)) AppleWebKit/537.36 (KHTML like Gecko) Chrome/153.0.0.0 Mobile Safari/537.36 PTST/260802.202201"
136.67.43.65 - - [11/Sep/2026:14:10:50 -0400] "GET /wp-content/uploads/2024/05/fondo-heredit.png HTTP/1.1" 200 7300533 "https://heredit.mx/wp-content/cache/min/1/wp-content/uploads/elementor/css/post-3.css?ver=1789069999" "Mozilla/5.0 (Linux; Android 8.1.0; Moto G (4)) AppleWebKit/537.36 (KHTML like Gecko) Chrome/153.0.0.0 Mobile Safari/537.36 PTST/260802.202201"
136.67.43.65 - - [11/Sep/2026:14:11:34 -0400] "GET /wp-content/uploads/2024/05/HereditLogoCompleto-150x150.png HTTP/1.1" 200 2060 "https://heredit.mx/politica-privacidad/" "Mozilla/5.0 (Linux; Android 8.1.0; Moto G (4)) AppleWebKit/537.36 (KHTML like Gecko) Chrome/153.0.0.0 Mobile Safari/537.36 PTST/260802.202201"
199.250.222.155 - - [11/Sep/2026:14:11:35 -0400] "POST /wp-cron.php?doing_wp_cron=1789150295.7975580692291259765625 HTTP/1.1" 200 - "-" "WordPress/7.1; https://heredit.mx"
66.249.68.192 - - [11/Sep/2026:14:11:35 -0400] "GET /?a=buy-2021-traje-de-ba%C3%B1o-para-ni%C3%B1as-ladybug-girl-cc-RkMqPou7 HTTP/1.1" 200 223811 "-" "Mozilla/5.0 (Linux; Android 6.0.1; Nexus 5X Build/MMB29P) AppleWebKit/537.36 (KHTML, like Gecko) Chrome/153.0.8010.36 Mobile Safari/537.36 (compatible; GoogleOther)"
136.67.43.65 - - [11/Sep/2026:14:11:51 -0400] "GET /llms.txt HTTP/1.1" 404 114680 "-" "Mozilla/5.0 (X11; Linux x86_64) AppleWebKit/537.36 (KHTML, like Gecko) HeadlessChrome/153.0.0.0 Safari/537.36"
136.67.43.65 - - [11/Sep/2026:14:11:53 -0400] "GET /robots.txt HTTP/1.1" 200 267 "-" "Mozilla/5.0 (X11; Linux x86_64) AppleWebKit/537.36 (KHTML, like Gecko) HeadlessChrome/153.0.0.0 Safari/537.36"
136.67.43.65 - - [11/Sep/2026:14:11:52 -0400] "GET /wp-content/uploads/2024/06/SFProDisplay-Regular.ttf HTTP/1.1" 200 413924 "https://heredit.mx/politica-privacidad/" "Mozilla/5.0 (Linux; Android 8.1.0; Moto G (4)) AppleWebKit/537.36 (KHTML like Gecko) Chrome/153.0.0.0 Mobile Safari/537.36 PTST/260802.202201"
66.249.68.192 - - [11/Sep/2026:14:12:47 -0400] "GET /?a=premier-5x14-artist-maple-snare-drum-turquoise-satin-2000s-cc-rBN7RZS8 HTTP/1.1" 200 223835 "-" "Mozilla/5.0 (Linux; Android 6.0.1; Nexus 5X Build/MMB29P) AppleWebKit/537.36 (KHTML, like Gecko) Chrome/153.0.8010.36 Mobile Safari/537.36 (compatible; Googlebot/2.1; +http://www.google.com/bot.html)"
66.249.68.193 - - [11/Sep/2026:14:12:56 -0400] "GET /wp-content/plugins/wpforms/assets/js/share/utils.min.js?ver=1.10.2.1 HTTP/1.1" 200 1490 "https://heredit.mx/?a=premier-5x14-artist-maple-snare-drum-turquoise-satin-2000s-cc-rBN7RZS8" "Mozilla/5.0 (Linux; Android 6.0.1; Nexus 5X Build/MMB29P) AppleWebKit/537.36 (KHTML, like Gecko) Chrome/153.0.8010.36 Mobile Safari/537.36 (compatible; Googlebot/2.1; +http://www.google.com/bot.html)"
66.249.68.192 - - [11/Sep/2026:14:13:05 -0400] "GET /?a=premier-5x14-artist-maple-snare-drum-turquoise-satin-2000s-cc-rBN7RZS8 HTTP/1.1" 200 223835 "-" "Mozilla/5.0 (Linux; Android 6.0.1; Nexus 5X Build/MMB29P) AppleWebKit/537.36 (KHTML, like Gecko) Chrome/153.0.8010.36 Mobile Safari/537.36 (compatible; GoogleOther)"
66.249.68.193 - - [11/Sep/2026:14:13:24 -0400] "GET /?a=tenis-mizuno-netshoes-portugal-save-35%-cc-8666BNix HTTP/1.1" 301 - "-" "Mozilla/5.0 (Linux; Android 6.0.1; Nexus 5X Build/MMB29P) AppleWebKit/537.36 (KHTML, like Gecko) Chrome/153.0.8010.36 Mobile Safari/537.36 (compatible; Googlebot/2.1; +http://www.google.com/bot.html)"
66.249.68.193 - - [11/Sep/2026:14:13:24 -0400] "GET /?a=tenis-mizuno-netshoes-portugal-save-35%25-cc-8666BNix HTTP/1.1" 200 223763 "-" "Mozilla/5.0 (Linux; Android 6.0.1; Nexus 5X Build/MMB29P) AppleWebKit/537.36 (KHTML, like Gecko) Chrome/153.0.8010.36 Mobile Safari/537.36 (compatible; Googlebot/2.1; +http://www.google.com/bot.html)"
40.77.167.68 - - [11/Sep/2026:14:13:52 -0400] "GET /?a=tmc-modular-assault-pack-3l-hydration-backpack-camo-arid-cc-BbZdVeHo HTTP/1.1" 200 223827 "-" "Mozilla/5.0 AppleWebKit/537.36 (KHTML, like Gecko; compatible; bingbot/2.0; +http://www.bing.com/bingbot.htm) Chrome/116.0.1938.76 Safari/537.36"
66.249.68.194 - - [11/Sep/2026:14:14:02 -0400] "GET /?a=william-morris-style-flourish-pattern-pastel-peach-wallpaper-happywall-cc-pobvbNCx HTTP/1.1" 200 223883 "-" "Mozilla/5.0 (Linux; Android 6.0.1; Nexus 5X Build/MMB29P) AppleWebKit/537.36 (KHTML, like Gecko) Chrome/153.0.8010.36 Mobile Safari/537.36 (compatible; GoogleOther)"
199.250.222.155 - - [11/Sep/2026:14:14:41 -0400] "POST /wp-cron.php?doing_wp_cron=1789150481.9019720554351806640625 HTTP/1.1" 200 - "-" "WordPress/7.1; https://heredit.mx"
66.249.68.194 - - [11/Sep/2026:14:14:41 -0400] "GET /?a=william-morris-style-flourish-pattern-pastel-peach-wallpaper-happywall-cc-pobvbNCx HTTP/1.1" 200 223883 "-" "Mozilla/5.0 (Linux; Android 6.0.1; Nexus 5X Build/MMB29P) AppleWebKit/537.36 (KHTML, like Gecko) Chrome/153.0.8010.36 Mobile Safari/537.36 (compatible; Googlebot/2.1; +http://www.google.com/bot.html)"
66.249.68.192 - - [11/Sep/2026:14:15:16 -0400] "GET /?a=football-club-constitution-template-fill-online-printable-fillable-blank-cc-ZqeOnLFv HTTP/1.1" 200 223891 "-" "Mozilla/5.0 (Linux; Android 6.0.1; Nexus 5X Build/MMB29P) AppleWebKit/537.36 (KHTML, like Gecko) Chrome/153.0.8010.36 Mobile Safari/537.36 (compatible; Googlebot/2.1; +http://www.google.com/bot.html)"
199.250.222.155 - - [11/Sep/2026:14:15:55 -0400] "POST /wp-cron.php?doing_wp_cron=1789150555.8040070533752441406250 HTTP/1.1" 200 - "-" "WordPress/7.1; https://heredit.mx"
66.249.68.194 - - [11/Sep/2026:14:15:55 -0400] "GET /?a=travesura-products-cc-qxroqVUd HTTP/1.1" 200 223675 "-" "Mozilla/5.0 (Linux; Android 6.0.1; Nexus 5X Build/MMB29P) AppleWebKit/537.36 (KHTML, like Gecko) Chrome/153.0.8010.36 Mobile Safari/537.36 (compatible; Googlebot/2.1; +http://www.google.com/bot.html)"
199.250.222.155 - - [11/Sep/2026:14:16:37 -0400] "POST /wp-cron.php?doing_wp_cron=1789150597.0285151004791259765625 HTTP/1.1" 200 - "-" "WordPress/7.1; https://heredit.mx"
66.249.68.194 - - [11/Sep/2026:14:16:36 -0400] "GET /?a=travesura-products-cc-qxroqVUd HTTP/1.1" 200 223675 "-" "Mozilla/5.0 (Linux; Android 6.0.1; Nexus 5X Build/MMB29P) AppleWebKit/537.36 (KHTML, like Gecko) Chrome/153.0.8010.36 Mobile Safari/537.36 (compatible; GoogleOther)"
66.249.68.193 - - [11/Sep/2026:14:17:11 -0400] "GET /?a=642-white-st-bowmanstown-pa-18030-bowmanstown-diner-loopnet-cc-QL6AEQUD HTTP/1.1" 200 223839 "-" "Mozilla/5.0 (Linux; Android 6.0.1; Nexus 5X Build/MMB29P) AppleWebKit/537.36 (KHTML, like Gecko) Chrome/153.0.8010.36 Mobile Safari/537.36 (compatible; Googlebot/2.1; +http://www.google.com/bot.html)"
199.250.222.155 - - [11/Sep/2026:14:17:48 -0400] "POST /wp-cron.php?doing_wp_cron=1789150668.0887210369110107421875 HTTP/1.1" 200 - "-" "WordPress/7.1; https://heredit.mx"
66.249.68.192 - - [11/Sep/2026:14:17:47 -0400] "GET /?a=642-white-st-bowmanstown-pa-18030-bowmanstown-diner-loopnet-cc-QL6AEQUD HTTP/1.1" 200 223839 "-" "Mozilla/5.0 (Linux; Android 6.0.1; Nexus 5X Build/MMB29P) AppleWebKit/537.36 (KHTML, like Gecko) Chrome/153.0.8010.36 Mobile Safari/537.36 (compatible; GoogleOther)"
66.249.68.193 - - [11/Sep/2026:14:18:24 -0400] "GET /?a=roll-holder-%E2%80%93-sprout-cc-qxp0DgId HTTP/1.1" 200 223703 "-" "Mozilla/5.0 (Linux; Android 6.0.1; Nexus 5X Build/MMB29P) AppleWebKit/537.36 (KHTML, like Gecko) Chrome/153.0.8010.36 Mobile Safari/537.36 (compatible; Googlebot/2.1; +http://www.google.com/bot.html)"
199.250.222.155 - - [11/Sep/2026:14:19:04 -0400] "POST /wp-cron.php?doing_wp_cron=1789150744.8489999771118164062500 HTTP/1.1" 200 - "-" "WordPress/7.1; https://heredit.mx"
66.249.68.193 - - [11/Sep/2026:14:19:04 -0400] "GET /?a=pinza-a-pompa-idraulica-felder-shop-felder-group-shop-cc-2OBaZUw HTTP/1.1" 200 223811 "-" "Mozilla/5.0 (Linux; Android 6.0.1; Nexus 5X Build/MMB29P) AppleWebKit/537.36 (KHTML, like Gecko) Chrome/153.0.8010.36 Mobile Safari/537.36 (compatible; Googlebot/2.1; +http://www.google.com/bot.html)"
66.249.68.192 - - [11/Sep/2026:14:19:26 -0400] "GET /wp-content/plugins/elementor-pro/assets/js/elements-handlers.min.js?ver=4.2.3 HTTP/1.1" 200 43922 "https://heredit.mx/?a=pinza-a-pompa-idraulica-felder-shop-felder-group-shop-cc-2OBaZUw" "Mozilla/5.0 (Linux; Android 6.0.1; Nexus 5X Build/MMB29P) AppleWebKit/537.36 (KHTML, like Gecko) Chrome/153.0.8010.36 Mobile Safari/537.36 (compatible; Googlebot/2.1; +http://www.google.com/bot.html)"
199.250.222.155 - - [11/Sep/2026:14:19:41 -0400] "POST /wp-cron.php?doing_wp_cron=1789150781.3325290679931640625000 HTTP/1.1" 200 - "-" "WordPress/7.1; https://heredit.mx"
66.249.68.192 - - [11/Sep/2026:14:19:40 -0400] "GET /?a=spindle-sided-wood-shelf-cc-6Nwwz2to HTTP/1.1" 200 223699 "-" "Mozilla/5.0 (Linux; Android 6.0.1; Nexus 5X Build/MMB29P) AppleWebKit/537.36 (KHTML, like Gecko) Chrome/153.0.8010.36 Mobile Safari/537.36 (compatible; GoogleOther)"
66.249.68.192 - - [11/Sep/2026:14:20:15 -0400] "GET /?a=spindle-sided-wood-shelf-cc-6Nwwz2to HTTP/1.1" 200 223699 "-" "Mozilla/5.0 (Linux; Android 6.0.1; Nexus 5X Build/MMB29P) AppleWebKit/537.36 (KHTML, like Gecko) Chrome/153.0.8010.36 Mobile Safari/537.36 (compatible; GoogleOther)"
199.250.222.155 - - [11/Sep/2026:14:20:53 -0400] "POST /wp-cron.php?doing_wp_cron=1789150853.6971020698547363281250 HTTP/1.1" 200 - "-" "WordPress/7.1; https://heredit.mx"
66.249.68.194 - - [11/Sep/2026:14:20:53 -0400] "GET /?a=spindle-sided-wood-shelf-cc-6Nwwz2to HTTP/1.1" 200 223699 "-" "Mozilla/5.0 (Linux; Android 6.0.1; Nexus 5X Build/MMB29P) AppleWebKit/537.36 (KHTML, like Gecko) Chrome/153.0.8010.36 Mobile Safari/537.36 (compatible; Googlebot/2.1; +http://www.google.com/bot.html)"
66.249.68.194 - - [11/Sep/2026:14:21:31 -0400] "GET /?a=ed-maverick-in-san-francisco-at-the-independent-cc-1Mad4rsm HTTP/1.1" 200 223791 "-" "Mozilla/5.0 (Linux; Android 6.0.1; Nexus 5X Build/MMB29P) AppleWebKit/537.36 (KHTML, like Gecko) Chrome/153.0.8010.36 Mobile Safari/537.36 (compatible; Googlebot/2.1; +http://www.google.com/bot.html)"
66.249.68.194 - - [11/Sep/2026:14:22:08 -0400] "GET /?a=deer-tick-green-leaf-isolated-white-background-ixodes-ricinus-cc-7g337mfw HTTP/1.1" 200 223847 "-" "Mozilla/5.0 (Linux; Android 6.0.1; Nexus 5X Build/MMB29P) AppleWebKit/537.36 (KHTML, like Gecko) Chrome/153.0.8010.36 Mobile Safari/537.36 (compatible; Googlebot/2.1; +http://www.google.com/bot.html)"
199.250.222.155 - - [11/Sep/2026:14:22:46 -0400] "POST /wp-cron.php?doing_wp_cron=1789150966.2615940570831298828125 HTTP/1.1" 200 - "-" "WordPress/7.1; https://heredit.mx"
66.249.68.192 - - [11/Sep/2026:14:22:45 -0400] "GET /?a=deer-tick-green-leaf-isolated-white-background-ixodes-ricinus-cc-7g337mfw HTTP/1.1" 200 223847 "-" "Mozilla/5.0 (Linux; Android 6.0.1; Nexus 5X Build/MMB29P) AppleWebKit/537.36 (KHTML, like Gecko) Chrome/153.0.8010.36 Mobile Safari/537.36 (compatible; GoogleOther)"
199.250.222.155 - - [11/Sep/2026:14:24:39 -0400] "POST /wp-cron.php?doing_wp_cron=1789151079.4777569770812988281250 HTTP/1.1" 200 - "-" "WordPress/7.1; https://heredit.mx"
66.249.68.192 - - [11/Sep/2026:14:24:39 -0400] "GET /?a=shiviproducts-fortified-nutrient-rich-fertile-black-forest-soil-for-cc-ba6QqEi7 HTTP/1.1" 200 223871 "-" "Mozilla/5.0 (Linux; Android 6.0.1; Nexus 5X Build/MMB29P) AppleWebKit/537.36 (KHTML, like Gecko) Chrome/153.0.8010.36 Mobile Safari/537.36 (compatible; Googlebot/2.1; +http://www.google.com/bot.html)"
66.249.68.194 - - [11/Sep/2026:14:25:15 -0400] "GET /?a=shiviproducts-fortified-nutrient-rich-fertile-black-forest-soil-for-cc-ba6QqEi7 HTTP/1.1" 200 223871 "-" "Mozilla/5.0 (Linux; Android 6.0.1; Nexus 5X Build/MMB29P) AppleWebKit/537.36 (KHTML, like Gecko) Chrome/153.0.8010.36 Mobile Safari/537.36 (compatible; GoogleOther)"
216.73.216.28 - - [11/Sep/2026:14:25:23 -0400] "GET /robots.txt HTTP/1.1" 200 267 "-" "Mozilla/5.0 AppleWebKit/537.36 (KHTML, like Gecko; compatible; ClaudeBot/1.0; +claudebot@anthropic.com)"
216.73.216.28 - - [11/Sep/2026:14:25:23 -0400] "GET /wp-sitemap.xml HTTP/1.1" 200 512 "-" "Mozilla/5.0 AppleWebKit/537.36 (KHTML, like Gecko; compatible; ClaudeBot/1.0; +claudebot@anthropic.com)"
199.250.222.155 - - [11/Sep/2026:14:25:53 -0400] "POST /wp-cron.php?doing_wp_cron=1789151152.9920570850372314453125 HTTP/1.1" 200 - "-" "WordPress/7.1; https://heredit.mx"
66.249.68.192 - - [11/Sep/2026:14:25:52 -0400] "GET /?a=the-wedge-salad-cc-kbvQNQHN HTTP/1.1" 200 223663 "-" "Mozilla/5.0 (Linux; Android 6.0.1; Nexus 5X Build/MMB29P) AppleWebKit/537.36 (KHTML, like Gecko) Chrome/153.0.8010.36 Mobile Safari/537.36 (compatible; Googlebot/2.1; +http://www.google.com/bot.html)"
66.249.68.192 - - [11/Sep/2026:14:25:56 -0400] "GET /wp-content/uploads/elementor/css/post-1208.css?ver=1788480000 HTTP/1.1" 200 38297 "https://heredit.mx/?a=the-wedge-salad-cc-kbvQNQHN" "Mozilla/5.0 (Linux; Android 6.0.1; Nexus 5X Build/MMB29P) AppleWebKit/537.36 (KHTML, like Gecko) Chrome/153.0.8010.36 Mobile Safari/537.36 (compatible; Googlebot/2.1; +http://www.google.com/bot.html)"
66.249.68.192 - - [11/Sep/2026:14:25:57 -0400] "GET /wp-content/plugins/elementor/assets/lib/swiper/v8/css/swiper.min.css?ver=8.4.5 HTTP/1.1" 200 16471 "https://heredit.mx/?a=the-wedge-salad-cc-kbvQNQHN" "Mozilla/5.0 (Linux; Android 6.0.1; Nexus 5X Build/MMB29P) AppleWebKit/537.36 (KHTML, like Gecko) Chrome/153.0.8010.36 Mobile Safari/537.36 (compatible; Googlebot/2.1; +http://www.google.com/bot.html)"
216.73.216.28 - - [11/Sep/2026:14:26:08 -0400] "GET /wp-content/uploads/elementor/google-fonts/css/roboto.css HTTP/1.1" 200 106434 "-" "Mozilla/5.0 AppleWebKit/537.36 (KHTML, like Gecko; compatible; ClaudeBot/1.0; +claudebot@anthropic.com)"
216.73.216.28 - - [11/Sep/2026:14:26:08 -0400] "GET /wp-content/uploads/essential-addons-elementor/eael-10.css HTTP/1.1" 200 9837 "-" "Mozilla/5.0 AppleWebKit/537.36 (KHTML, like Gecko; compatible; ClaudeBot/1.0; +claudebot@anthropic.com)"
199.250.222.155 - - [11/Sep/2026:14:26:32 -0400] "POST /wp-cron.php?doing_wp_cron=1789151192.0355229377746582031250 HTTP/1.1" 200 - "-" "WordPress/7.1; https://heredit.mx"
66.249.68.192 - - [11/Sep/2026:14:26:31 -0400] "GET /?a=the-wedge-salad-cc-kbvQNQHN HTTP/1.1" 200 223663 "-" "Mozilla/5.0 (Linux; Android 6.0.1; Nexus 5X Build/MMB29P) AppleWebKit/537.36 (KHTML, like Gecko) Chrome/153.0.8010.36 Mobile Safari/537.36 (compatible; GoogleOther)"
199.250.222.155 - - [11/Sep/2026:14:27:07 -0400] "POST /wp-cron.php?doing_wp_cron=1789151227.8152120113372802734375 HTTP/1.1" 200 - "-" "WordPress/7.1; https://heredit.mx"
66.249.68.194 - - [11/Sep/2026:14:27:07 -0400] "GET /?a=check-out-bucks-county-area-s-softball-all-area-cc-NryobPS7 HTTP/1.1" 200 223791 "-" "Mozilla/5.0 (Linux; Android 6.0.1; Nexus 5X Build/MMB29P) AppleWebKit/537.36 (KHTML, like Gecko) Chrome/153.0.8010.36 Mobile Safari/537.36 (compatible; Googlebot/2.1; +http://www.google.com/bot.html)"
216.73.216.28 - - [11/Sep/2026:14:27:11 -0400] "GET /?p=10 HTTP/1.1" 301 - "-" "Mozilla/5.0 AppleWebKit/537.36 (KHTML, like Gecko; compatible; ClaudeBot/1.0; +claudebot@anthropic.com)"
216.73.216.28 - - [11/Sep/2026:14:27:11 -0400] "GET /proximamente/ HTTP/1.1" 200 48126 "https://heredit.mx/?p=10" "Mozilla/5.0 AppleWebKit/537.36 (KHTML, like Gecko; compatible; ClaudeBot/1.0; +claudebot@anthropic.com)"
66.249.68.192 - - [11/Sep/2026:14:27:15 -0400] "GET /wp-content/plugins/elementor-pro/assets/lib/sticky/jquery.sticky.min.js?ver=4.2.3 HTTP/1.1" 200 3721 "https://heredit.mx/?a=check-out-bucks-county-area-s-softball-all-area-cc-NryobPS7" "Mozilla/5.0 (Linux; Android 6.0.1; Nexus 5X Build/MMB29P) AppleWebKit/537.36 (KHTML, like Gecko) Chrome/153.0.8010.36 Mobile Safari/537.36 (compatible; Googlebot/2.1; +http://www.google.com/bot.html)"
66.249.68.192 - - [11/Sep/2026:14:27:15 -0400] "GET /wp-content/plugins/elementor/assets/css/conditionals/e-swiper.min.css?ver=4.2.4 HTTP/1.1" 200 5486 "https://heredit.mx/?a=check-out-bucks-county-area-s-softball-all-area-cc-NryobPS7" "Mozilla/5.0 (Linux; Android 6.0.1; Nexus 5X Build/MMB29P) AppleWebKit/537.36 (KHTML, like Gecko) Chrome/153.0.8010.36 Mobile Safari/537.36 (compatible; Googlebot/2.1; +http://www.google.com/bot.html)"
199.250.222.155 - - [11/Sep/2026:14:27:45 -0400] "POST /wp-cron.php?doing_wp_cron=1789151265.4391129016876220703125 HTTP/1.1" 200 - "-" "WordPress/7.1; https://heredit.mx"
66.249.68.192 - - [11/Sep/2026:14:27:44 -0400] "GET /?a=new-and-used-a7-outdoor-led-video-wall-for-cc-ORZLYYiw HTTP/1.1" 200 223771 "-" "Mozilla/5.0 (Linux; Android 6.0.1; Nexus 5X Build/MMB29P) AppleWebKit/537.36 (KHTML, like Gecko) Chrome/153.0.8010.36 Mobile Safari/537.36 (compatible; Googlebot/2.1; +http://www.google.com/bot.html)"
153.67.65.111 - - [11/Sep/2026:14:27:49 -0400] "GET /wp-login.php HTTP/1.1" 200 10789 "-" "Mozilla/5.0 (Windows NT 10.0; WOW64; Trident/7.0; rv:11.0) like Gecko"
153.67.65.111 - - [11/Sep/2026:14:27:52 -0400] "POST /wp-login.php HTTP/1.1" 406 300 "-" "Mozilla/5.0 (Windows NT 10.0; WOW64; Trident/7.0; rv:11.0) like Gecko"
153.67.65.111 - - [11/Sep/2026:14:27:52 -0400] "POST /xmlrpc.php HTTP/1.1" 200 415 "-" "Mozilla/5.0 (Windows NT 10.0; WOW64; Trident/7.0; rv:11.0) like Gecko"
216.73.216.28 - - [11/Sep/2026:14:27:58 -0400] "GET /wp-content/uploads/2026/09/1080x1350-popup2-819x1024.jpg HTTP/1.1" 200 134582 "-" "Mozilla/5.0 AppleWebKit/537.36 (KHTML, like Gecko; compatible; ClaudeBot/1.0; +claudebot@anthropic.com)"
216.73.216.28 - - [11/Sep/2026:14:27:58 -0400] "GET /wp-content/uploads/essential-addons-elementor/eael-10.js HTTP/1.1" 200 - "-" "Mozilla/5.0 AppleWebKit/537.36 (KHTML, like Gecko; compatible; ClaudeBot/1.0; +claudebot@anthropic.com)"
66.249.68.192 - - [11/Sep/2026:14:28:22 -0400] "GET /?a=megeve-rhone-alpes-74120-apartments-for-rent-cc-dPAPaVi2 HTTP/1.1" 200 223779 "-" "Mozilla/5.0 (Linux; Android 6.0.1; Nexus 5X Build/MMB29P) AppleWebKit/537.36 (KHTML, like Gecko) Chrome/153.0.8010.36 Mobile Safari/537.36 (compatible; Googlebot/2.1; +http://www.google.com/bot.html)"
66.249.68.192 - - [11/Sep/2026:14:28:31 -0400] "GET /wp-content/plugins/elementor/assets/lib/swiper/v8/css/swiper.min.css?ver=8.4.5 HTTP/1.1" 200 16471 "https://heredit.mx/?a=megeve-rhone-alpes-74120-apartments-for-rent-cc-dPAPaVi2" "Mozilla/5.0 (Linux; Android 6.0.1; Nexus 5X Build/MMB29P) AppleWebKit/537.36 (KHTML, like Gecko) Chrome/153.0.8010.36 Mobile Safari/537.36 (compatible; Googlebot/2.1; +http://www.google.com/bot.html)"
66.249.68.192 - - [11/Sep/2026:14:28:32 -0400] "GET /wp-content/uploads/elementor/css/post-1208.css?ver=1788480000 HTTP/1.1" 200 38297 "https://heredit.mx/?a=megeve-rhone-alpes-74120-apartments-for-rent-cc-dPAPaVi2" "Mozilla/5.0 (Linux; Android 6.0.1; Nexus 5X Build/MMB29P) AppleWebKit/537.36 (KHTML, like Gecko) Chrome/153.0.8010.36 Mobile Safari/537.36 (compatible; Googlebot/2.1; +http://www.google.com/bot.html)"
66.249.68.193 - - [11/Sep/2026:14:28:32 -0400] "GET /wp-content/uploads/elementor/css/post-7.css?ver=1788480000 HTTP/1.1" 200 4160 "https://heredit.mx/?a=megeve-rhone-alpes-74120-apartments-for-rent-cc-dPAPaVi2" "Mozilla/5.0 (Linux; Android 6.0.1; Nexus 5X Build/MMB29P) AppleWebKit/537.36 (KHTML, like Gecko) Chrome/153.0.8010.36 Mobile Safari/537.36 (compatible; Googlebot/2.1; +http://www.google.com/bot.html)"
216.73.216.28 - - [11/Sep/2026:14:28:41 -0400] "GET /proximamente/ HTTP/1.1" 200 48126 "-" "Mozilla/5.0 AppleWebKit/537.36 (KHTML, like Gecko; compatible; ClaudeBot/1.0; +claudebot@anthropic.com)"
199.250.222.155 - - [11/Sep/2026:14:29:00 -0400] "POST /wp-cron.php?doing_wp_cron=1789151340.1216530799865722656250 HTTP/1.1" 200 - "-" "WordPress/7.1; https://heredit.mx"
66.249.68.193 - - [11/Sep/2026:14:28:59 -0400] "GET /?a=shop-casio-alarm-wake-up-timer-analog-clock-silver-cc-YPK16QFM HTTP/1.1" 200 223803 "-" "Mozilla/5.0 (Linux; Android 6.0.1; Nexus 5X Build/MMB29P) AppleWebKit/537.36 (KHTML, like Gecko) Chrome/153.0.8010.36 Mobile Safari/537.36 (compatible; GoogleOther)"
66.249.68.192 - - [11/Sep/2026:14:29:20 -0400] "GET /wp-content/uploads/2024/06/instagram.svg HTTP/1.1" 200 3561 "https://heredit.mx/?a=shop-casio-alarm-wake-up-timer-analog-clock-silver-cc-YPK16QFM" "Mozilla/5.0 (Linux; Android 6.0.1; Nexus 5X Build/MMB29P) AppleWebKit/537.36 (KHTML, like Gecko) Chrome/153.0.8010.36 Mobile Safari/537.36 (compatible; GoogleOther)"
66.249.68.192 - - [11/Sep/2026:14:29:20 -0400] "GET /wp-content/plugins/wpforms/assets/pro/css/fields/phone/intl-tel-input.min.css?ver=28.0.4 HTTP/1.1" 200 85534 "https://heredit.mx/?a=shop-casio-alarm-wake-up-timer-analog-clock-silver-cc-YPK16QFM" "Mozilla/5.0 (Linux; Android 6.0.1; Nexus 5X Build/MMB29P) AppleWebKit/537.36 (KHTML, like Gecko) Chrome/153.0.8010.36 Mobile Safari/537.36 (compatible; GoogleOther)"
66.249.68.192 - - [11/Sep/2026:14:29:22 -0400] "GET /wp-content/plugins/premium-addons-for-elementor/assets/frontend/min-js/premium-nav-menu.min.js?ver=4.11.102 HTTP/1.1" 200 11050 "https://heredit.mx/?a=shop-casio-alarm-wake-up-timer-analog-clock-silver-cc-YPK16QFM" "Mozilla/5.0 (Linux; Android 6.0.1; Nexus 5X Build/MMB29P) AppleWebKit/537.36 (KHTML, like Gecko) Chrome/153.0.8010.36 Mobile Safari/537.36 (compatible; GoogleOther)"
66.249.68.193 - - [11/Sep/2026:14:29:23 -0400] "GET /sliders/amenidades/script.js HTTP/1.1" 200 2513 "https://heredit.mx/sliders/amenidades/interiores.html" "Mozilla/5.0 (Linux; Android 6.0.1; Nexus 5X Build/MMB29P) AppleWebKit/537.36 (KHTML, like Gecko) Chrome/153.0.8010.36 Mobile Safari/537.36 (compatible; GoogleOther)"
66.249.68.193 - - [11/Sep/2026:14:29:23 -0400] "GET /sliders/descripcion/index.html HTTP/1.1" 200 1413 "https://heredit.mx/?a=shop-casio-alarm-wake-up-timer-analog-clock-silver-cc-YPK16QFM" "Mozilla/5.0 (Linux; Android 6.0.1; Nexus 5X Build/MMB29P) AppleWebKit/537.36 (KHTML, like Gecko) Chrome/153.0.8010.36 Mobile Safari/537.36 (compatible; GoogleOther)"
66.249.68.192 - - [11/Sep/2026:14:29:24 -0400] "GET /wp-content/plugins/wpforms/assets/lib/mailcheck.min.js?ver=1.1.2 HTTP/1.1" 200 4014 "https://heredit.mx/?a=shop-casio-alarm-wake-up-timer-analog-clock-silver-cc-YPK16QFM" "Mozilla/5.0 (Linux; Android 6.0.1; Nexus 5X Build/MMB29P) AppleWebKit/537.36 (KHTML, like Gecko) Chrome/153.0.8010.36 Mobile Safari/537.36 (compatible; GoogleOther)"
66.249.68.192 - - [11/Sep/2026:14:29:25 -0400] "GET /wp-content/plugins/premium-addons-for-elementor/assets/frontend/min-js/premium-wrap-link.min.js?ver=4.11.102 HTTP/1.1" 200 689 "https://heredit.mx/?a=shop-casio-alarm-wake-up-timer-analog-clock-silver-cc-YPK16QFM" "Mozilla/5.0 (Linux; Android 6.0.1; Nexus 5X Build/MMB29P) AppleWebKit/537.36 (KHTML, like Gecko) Chrome/153.0.8010.36 Mobile Safari/537.36 (compatible; GoogleOther)"
66.249.68.192 - - [11/Sep/2026:14:29:25 -0400] "GET /sliders/desarrollos/style.css HTTP/1.1" 200 5112 "https://heredit.mx/sliders/desarrollos/index.html" "Mozilla/5.0 (Linux; Android 6.0.1; Nexus 5X Build/MMB29P) AppleWebKit/537.36 (KHTML, like Gecko) Chrome/153.0.8010.36 Mobile Safari/537.36 (compatible; GoogleOther)"
199.250.222.155 - - [11/Sep/2026:14:29:38 -0400] "POST /wp-cron.php?doing_wp_cron=1789151377.9854218959808349609375 HTTP/1.1" 200 - "-" "WordPress/7.1; https://heredit.mx"
66.249.68.192 - - [11/Sep/2026:14:29:37 -0400] "GET /?a=tshirt-108-cotton100%-jersey-twist-rope-white-cc-vV3N1RcP HTTP/1.1" 301 - "-" "Mozilla/5.0 (Linux; Android 6.0.1; Nexus 5X Build/MMB29P) AppleWebKit/537.36 (KHTML, like Gecko) Chrome/153.0.8010.36 Mobile Safari/537.36 (compatible; Googlebot/2.1; +http://www.google.com/bot.html)"
66.249.68.192 - - [11/Sep/2026:14:29:38 -0400] "GET /?a=tshirt-108-cotton100%25-jersey-twist-rope-white-cc-vV3N1RcP HTTP/1.1" 200 223787 "-" "Mozilla/5.0 (Linux; Android 6.0.1; Nexus 5X Build/MMB29P) AppleWebKit/537.36 (KHTML, like Gecko) Chrome/153.0.8010.36 Mobile Safari/537.36 (compatible; Googlebot/2.1; +http://www.google.com/bot.html)"
216.73.216.28 - - [11/Sep/2026:14:30:09 -0400] "GET /wp-content/uploads/2024/05/image-heredit-min-300x253.png HTTP/1.1" 200 148749 "-" "Mozilla/5.0 AppleWebKit/537.36 (KHTML, like Gecko; compatible; ClaudeBot/1.0; +claudebot@anthropic.com)"
66.249.68.192 - - [11/Sep/2026:14:30:30 -0400] "GET /sliders/descripcion/style.css HTTP/1.1" 200 1455 "https://heredit.mx/sliders/descripcion/index.html" "Mozilla/5.0 (Linux; Android 6.0.1; Nexus 5X Build/MMB29P) AppleWebKit/537.36 (KHTML, like Gecko) Chrome/153.0.8010.36 Mobile Safari/537.36 (compatible; Googlebot/2.1; +http://www.google.com/bot.html)"
66.249.68.192 - - [11/Sep/2026:14:31:31 -0400] "GET /?a=michael-carreon-the-simple-things-sheets-by-jplaysmusic-jessica-cc-dqZORxc2 HTTP/1.1" 200 223855 "-" "Mozilla/5.0 (Linux; Android 6.0.1; Nexus 5X Build/MMB29P) AppleWebKit/537.36 (KHTML, like Gecko) Chrome/153.0.8010.36 Mobile Safari/537.36 (compatible; GoogleOther)"
66.249.68.194 - - [11/Sep/2026:14:32:06 -0400] "GET /?a=bucket-of-king-prawns-on-ice-stock-photo-by-cc-2rY84fw HTTP/1.1" 200 223771 "-" "Mozilla/5.0 (Linux; Android 6.0.1; Nexus 5X Build/MMB29P) AppleWebKit/537.36 (KHTML, like Gecko) Chrome/153.0.8010.36 Mobile Safari/537.36 (compatible; GoogleOther)"
199.250.222.155 - - [11/Sep/2026:14:32:44 -0400] "POST /wp-cron.php?doing_wp_cron=1789151564.8948850631713867187500 HTTP/1.1" 200 - "-" "WordPress/7.1; https://heredit.mx"
66.249.68.193 - - [11/Sep/2026:14:32:44 -0400] "GET /?a=interior-paint-cc-ePpkkrhQ HTTP/1.1" 200 223659 "-" "Mozilla/5.0 (Linux; Android 6.0.1; Nexus 5X Build/MMB29P) AppleWebKit/537.36 (KHTML, like Gecko) Chrome/153.0.8010.36 Mobile Safari/537.36 (compatible; Googlebot/2.1; +http://www.google.com/bot.html)"
66.249.68.192 - - [11/Sep/2026:14:32:54 -0400] "GET /wp-content/plugins/elementor-pro/assets/css/widget-carousel-module-base.min.css?ver=4.2.3 HTTP/1.1" 200 3846 "https://heredit.mx/?a=interior-paint-cc-ePpkkrhQ" "Mozilla/5.0 (Linux; Android 6.0.1; Nexus 5X Build/MMB29P) AppleWebKit/537.36 (KHTML, like Gecko) Chrome/153.0.8010.36 Mobile Safari/537.36 (compatible; Googlebot/2.1; +http://www.google.com/bot.html)"
66.249.68.192 - - [11/Sep/2026:14:32:56 -0400] "GET /sliders/descripcion/style.css HTTP/1.1" 200 1455 "https://heredit.mx/sliders/descripcion/index.html" "Mozilla/5.0 (Linux; Android 6.0.1; Nexus 5X Build/MMB29P) AppleWebKit/537.36 (KHTML, like Gecko) Chrome/153.0.8010.36 Mobile Safari/537.36 (compatible; Googlebot/2.1; +http://www.google.com/bot.html)"
66.249.68.192 - - [11/Sep/2026:14:32:56 -0400] "GET /sliders/amenidades/interiores-mob.html HTTP/1.1" 200 3463 "https://heredit.mx/?a=interior-paint-cc-ePpkkrhQ" "Mozilla/5.0 (Linux; Android 6.0.1; Nexus 5X Build/MMB29P) AppleWebKit/537.36 (KHTML, like Gecko) Chrome/153.0.8010.36 Mobile Safari/537.36 (compatible; Googlebot/2.1; +http://www.google.com/bot.html)"
66.249.68.192 - - [11/Sep/2026:14:33:19 -0400] "GET /wp-content/plugins/elementor/assets/js/text-editor.45609661e409413f1cef.bundle.min.js HTTP/1.1" 200 1348 "https://heredit.mx/?a=bucket-of-king-prawns-on-ice-stock-photo-by-cc-2rY84fw" "Mozilla/5.0 (Linux; Android 6.0.1; Nexus 5X Build/MMB29P) AppleWebKit/537.36 (KHTML, like Gecko) Chrome/153.0.8010.36 Mobile Safari/537.36 (compatible; GoogleOther)"
66.249.68.193 - - [11/Sep/2026:14:33:21 -0400] "GET /?kral%2F453664 HTTP/1.1" 200 223591 "-" "Mozilla/5.0 (Linux; Android 6.0.1; Nexus 5X Build/MMB29P) AppleWebKit/537.36 (KHTML, like Gecko) Chrome/153.0.8010.36 Mobile Safari/537.36 (compatible; Googlebot/2.1; +http://www.google.com/bot.html)"
