66.249.68.192 - - [11/Sep/2026:13:09:48 -0400] "GET /wp-content/uploads/elementor/css/post-298.css?ver=1788480000 HTTP/1.1" 200 95402 "https://heredit.mx/?a=spider-v-20-mkii-20w-combo-guitar-amp-cc-yNB56Ato" "Mozilla/5.0 (Linux; Android 6.0.1; Nexus 5X Build/MMB29P) AppleWebKit/537.36 (KHTML, like Gecko) Chrome/153.0.8010.36 Mobile Safari/537.36 (compatible; GoogleOther)"
66.249.68.193 - - [11/Sep/2026:13:10:11 -0400] "GET /?a=pancreatic-pancreas-cancer-symptoms-causes-risk-stock-vector-royalty-cc-4Ok6aPiE HTTP/1.1" 200 223875 "-" "Mozilla/5.0 (Linux; Android 6.0.1; Nexus 5X Build/MMB29P) AppleWebKit/537.36 (KHTML, like Gecko) Chrome/153.0.8010.36 Mobile Safari/537.36 (compatible; Googlebot/2.1; +http://www.google.com/bot.html)"
66.249.68.193 - - [11/Sep/2026:13:10:17 -0400] "GET /wp-content/uploads/elementor/css/post-1208.css?ver=1788480000 HTTP/1.1" 200 38297 "https://heredit.mx/?a=pancreatic-pancreas-cancer-symptoms-causes-risk-stock-vector-royalty-cc-4Ok6aPiE" "Mozilla/5.0 (Linux; Android 6.0.1; Nexus 5X Build/MMB29P) AppleWebKit/537.36 (KHTML, like Gecko) Chrome/153.0.8010.36 Mobile Safari/537.36 (compatible; Googlebot/2.1; +http://www.google.com/bot.html)"
199.250.222.155 - - [11/Sep/2026:13:11:35 -0400] "POST /wp-cron.php?doing_wp_cron=1789146695.6449708938598632812500 HTTP/1.1" 200 - "-" "WordPress/7.1; https://heredit.mx"
66.249.68.192 - - [11/Sep/2026:13:11:35 -0400] "GET /holodactylic=9151310&aSpvPpx=364761 HTTP/1.1" 404 123212 "-" "Mozilla/5.0 (Linux; Android 6.0.1; Nexus 5X Build/MMB29P) AppleWebKit/537.36 (KHTML, like Gecko) Chrome/153.0.8010.36 Mobile Safari/537.36 (compatible; Googlebot/2.1; +http://www.google.com/bot.html)"
178.73.232.160 - - [11/Sep/2026:13:12:43 -0400] "GET / HTTP/1.1" 200 59621 "http://www.heredit.mx.ventaspeninsula.mx/" "Mozilla/5.0 (Linux; Android 14; SM-S901B) AppleWebKit/537.36 (KHTML, like Gecko) Chrome/120.0.6099.280 Mobile Safari/537.36 OPR/80.4.4244.7786"
185.142.228.151 - - [11/Sep/2026:13:12:43 -0400] "GET / HTTP/1.1" 200 59621 "http://heredit.mx.ventaspeninsula.mx/" "Mozilla/5.0 (Macintosh; Intel Mac OS X 10_15_7) AppleWebKit/605.1.15 (KHTML, like Gecko) Version/17.3.1 Safari/605.1.1"
66.249.68.192 - - [11/Sep/2026:13:12:58 -0400] "GET /?a=blue-geode-cc-8dMZpOcx HTTP/1.1" 200 223643 "-" "Mozilla/5.0 (Linux; Android 6.0.1; Nexus 5X Build/MMB29P) AppleWebKit/537.36 (KHTML, like Gecko) Chrome/153.0.8010.36 Mobile Safari/537.36 (compatible; Googlebot/2.1; +http://www.google.com/bot.html)"
66.249.68.194 - - [11/Sep/2026:13:13:26 -0400] "GET /?a=universal-cycles-michelin-country-rock-26-tire-width-[07155]-cc-3NbRadsV HTTP/1.1" 301 - "-" "Mozilla/5.0 (Linux; Android 6.0.1; Nexus 5X Build/MMB29P) AppleWebKit/537.36 (KHTML, like Gecko) Chrome/153.0.8010.36 Mobile Safari/537.36 (compatible; Googlebot/2.1; +http://www.google.com/bot.html)"
66.249.68.192 - - [11/Sep/2026:13:13:27 -0400] "GET /?a=universal-cycles-michelin-country-rock-26-tire-width-%5B07155%5D-cc-3NbRadsV HTTP/1.1" 200 223859 "-" "Mozilla/5.0 (Linux; Android 6.0.1; Nexus 5X Build/MMB29P) AppleWebKit/537.36 (KHTML, like Gecko) Chrome/153.0.8010.36 Mobile Safari/537.36 (compatible; Googlebot/2.1; +http://www.google.com/bot.html)"
66.249.68.193 - - [11/Sep/2026:13:13:31 -0400] "GET /wp-content/uploads/elementor/css/post-1208.css?ver=1788480000 HTTP/1.1" 200 38297 "https://heredit.mx/?a=universal-cycles-michelin-country-rock-26-tire-width-%5B07155%5D-cc-3NbRadsV" "Mozilla/5.0 (Linux; Android 6.0.1; Nexus 5X Build/MMB29P) AppleWebKit/537.36 (KHTML, like Gecko) Chrome/153.0.8010.36 Mobile Safari/537.36 (compatible; Googlebot/2.1; +http://www.google.com/bot.html)"
66.249.68.192 - - [11/Sep/2026:13:13:34 -0400] "GET /wp-content/plugins/elementor/assets/js/shared-frontend-handlers.03caa53373b56d3bab67.bundle.min.js HTTP/1.1" 200 8481 "https://heredit.mx/?a=universal-cycles-michelin-country-rock-26-tire-width-%5B07155%5D-cc-3NbRadsV" "Mozilla/5.0 (Linux; Android 6.0.1; Nexus 5X Build/MMB29P) AppleWebKit/537.36 (KHTML, like Gecko) Chrome/153.0.8010.36 Mobile Safari/537.36 (compatible; Googlebot/2.1; +http://www.google.com/bot.html)"
199.250.222.155 - - [11/Sep/2026:13:13:54 -0400] "POST /wp-cron.php?doing_wp_cron=1789146834.7736749649047851562500 HTTP/1.1" 200 - "-" "WordPress/7.1; https://heredit.mx"
66.249.68.192 - - [11/Sep/2026:13:13:54 -0400] "GET /?a=pukas-original-sixtyniner-greece-save-35%-cc-7bzn7kFw HTTP/1.1" 301 - "-" "Mozilla/5.0 (Linux; Android 6.0.1; Nexus 5X Build/MMB29P) AppleWebKit/537.36 (KHTML, like Gecko) Chrome/153.0.8010.36 Mobile Safari/537.36 (compatible; Googlebot/2.1; +http://www.google.com/bot.html)"
66.249.68.192 - - [11/Sep/2026:13:13:55 -0400] "GET /?a=pukas-original-sixtyniner-greece-save-35%25-cc-7bzn7kFw HTTP/1.1" 200 223771 "-" "Mozilla/5.0 (Linux; Android 6.0.1; Nexus 5X Build/MMB29P) AppleWebKit/537.36 (KHTML, like Gecko) Chrome/153.0.8010.36 Mobile Safari/537.36 (compatible; Googlebot/2.1; +http://www.google.com/bot.html)"
66.249.68.192 - - [11/Sep/2026:13:13:58 -0400] "GET /wp-content/plugins/elementor-pro/assets/js/webpack-pro.runtime.min.js?ver=4.2.3 HTTP/1.1" 200 6242 "https://heredit.mx/?a=pukas-original-sixtyniner-greece-save-35%25-cc-7bzn7kFw" "Mozilla/5.0 (Linux; Android 6.0.1; Nexus 5X Build/MMB29P) AppleWebKit/537.36 (KHTML, like Gecko) Chrome/153.0.8010.36 Mobile Safari/537.36 (compatible; Googlebot/2.1; +http://www.google.com/bot.html)"
66.249.68.192 - - [11/Sep/2026:13:14:25 -0400] "GET /?a=pukas-original-sixtyniner-greece-save-35%-cc-7bzn7kFw HTTP/1.1" 301 - "-" "Mozilla/5.0 (Linux; Android 6.0.1; Nexus 5X Build/MMB29P) AppleWebKit/537.36 (KHTML, like Gecko) Chrome/153.0.8010.36 Mobile Safari/537.36 (compatible; GoogleOther)"
66.249.68.194 - - [11/Sep/2026:13:14:25 -0400] "GET /?a=pukas-original-sixtyniner-greece-save-35%25-cc-7bzn7kFw HTTP/1.1" 200 223771 "-" "Mozilla/5.0 (Linux; Android 6.0.1; Nexus 5X Build/MMB29P) AppleWebKit/537.36 (KHTML, like Gecko) Chrome/153.0.8010.36 Mobile Safari/537.36 (compatible; GoogleOther)"
66.249.68.192 - - [11/Sep/2026:13:14:53 -0400] "GET /?dilute%2F232130 HTTP/1.1" 200 223599 "-" "Mozilla/5.0 (Linux; Android 6.0.1; Nexus 5X Build/MMB29P) AppleWebKit/537.36 (KHTML, like Gecko) Chrome/153.0.8010.36 Mobile Safari/537.36 (compatible; Googlebot/2.1; +http://www.google.com/bot.html)"
199.250.222.155 - - [11/Sep/2026:13:15:43 -0400] "POST /wp-cron.php?doing_wp_cron=1789146943.7842719554901123046875 HTTP/1.1" 200 - "-" "WordPress/7.1; https://heredit.mx"
66.249.68.193 - - [11/Sep/2026:13:15:43 -0400] "GET /?a=seven-best-adult-coloring-book-apps-for-android-to-cc-KEwK18UQ HTTP/1.1" 200 223803 "-" "Mozilla/5.0 (Linux; Android 6.0.1; Nexus 5X Build/MMB29P) AppleWebKit/537.36 (KHTML, like Gecko) Chrome/153.0.8010.36 Mobile Safari/537.36 (compatible; Googlebot/2.1; +http://www.google.com/bot.html)"
199.250.222.155 - - [11/Sep/2026:13:16:39 -0400] "POST /wp-cron.php?doing_wp_cron=1789146999.4124760627746582031250 HTTP/1.1" 200 - "-" "WordPress/7.1; https://heredit.mx"
66.249.68.193 - - [11/Sep/2026:13:16:38 -0400] "GET /?a=seven-best-adult-coloring-book-apps-for-android-to-cc-KEwK18UQ HTTP/1.1" 200 223803 "-" "Mozilla/5.0 (Linux; Android 6.0.1; Nexus 5X Build/MMB29P) AppleWebKit/537.36 (KHTML, like Gecko) Chrome/153.0.8010.36 Mobile Safari/537.36 (compatible; GoogleOther)"
199.250.222.155 - - [11/Sep/2026:13:17:35 -0400] "POST /wp-cron.php?doing_wp_cron=1789147055.2583439350128173828125 HTTP/1.1" 200 - "-" "WordPress/7.1; https://heredit.mx"
66.249.68.194 - - [11/Sep/2026:13:17:34 -0400] "GET /?a=everest-cc-nQakO7T3 HTTP/1.1" 200 223631 "-" "Mozilla/5.0 (Linux; Android 6.0.1; Nexus 5X Build/MMB29P) AppleWebKit/537.36 (KHTML, like Gecko) Chrome/153.0.8010.36 Mobile Safari/537.36 (compatible; GoogleOther)"
66.249.68.192 - - [11/Sep/2026:13:17:40 -0400] "GET /wp-content/plugins/wpforms/assets/lib/jquery.inputmask.min.js?ver=5.0.9 HTTP/1.1" 200 117412 "https://heredit.mx/?a=everest-cc-nQakO7T3" "Mozilla/5.0 (Linux; Android 6.0.1; Nexus 5X Build/MMB29P) AppleWebKit/537.36 (KHTML, like Gecko) Chrome/153.0.8010.36 Mobile Safari/537.36 (compatible; GoogleOther)"
40.77.167.68 - - [11/Sep/2026:13:18:34 -0400] "GET /kuskite-232449-QUVyf/201873 HTTP/1.1" 404 123212 "-" "Mozilla/5.0 AppleWebKit/537.36 (KHTML, like Gecko; compatible; bingbot/2.0; +http://www.bing.com/bingbot.htm) Chrome/116.0.1938.76 Safari/537.36"
51.68.163.209 - - [11/Sep/2026:13:18:56 -0400] "GET /wp-content/plugins/wp-content-filter/wp-content-filter.php?k=woo2026 HTTP/1.1" 404 121299 "-" "Mozilla/5.0 (Windows NT 10.0; Win64; x64) AppleWebKit/537.36 (KHTML, like Gecko) Chrome/146.0.0.0 Safari/537.36"
51.68.163.209 - - [11/Sep/2026:13:18:56 -0400] "GET /wp-content/plugins/super-forms/assets/css/backend/hints.css HTTP/1.1" 404 123212 "-" "Mozilla/5.0 (Macintosh; Intel Mac OS X 10_15_7; rv:149.0) Gecko/20100101 Firefox/149.0"
51.68.163.209 - - [11/Sep/2026:13:18:56 -0400] "GET /wp-content/plugins/background-image-cropper/background-image-cropper.js HTTP/1.1" 404 123212 "-" "Mozilla/5.0 (Macintosh; Intel Mac OS X 10_15_7) AppleWebKit/537.36 (KHTML, like Gecko) Chrome/147.0.0.0 Safari/537.36"
40.77.167.68 - - [11/Sep/2026:13:18:57 -0400] "GET /bdhNhI/bibliographically103641/4WVSJKTKQs HTTP/1.1" 404 123212 "-" "Mozilla/5.0 AppleWebKit/537.36 (KHTML, like Gecko; compatible; bingbot/2.0; +http://www.bing.com/bingbot.htm) Chrome/116.0.1938.76 Safari/537.36"
51.68.163.209 - - [11/Sep/2026:13:18:58 -0400] "GET /wp-content/plugins/wp-content-filter/wp-content-filter.php?k=woo2026 HTTP/1.1" 404 121347 "-" "Mozilla/5.0 (Windows NT 10.0; Win64; x64) AppleWebKit/537.36 (KHTML, like Gecko) Chrome/147.0.0.0 Safari/537.36"
51.68.163.209 - - [11/Sep/2026:13:18:58 -0400] "GET /wp-content/plugins/super-forms/assets/css/backend/hints.css HTTP/1.1" 404 121347 "-" "Mozilla/5.0 (Macintosh; Intel Mac OS X 10_15_7) AppleWebKit/537.36 (KHTML, like Gecko) Chrome/147.0.0.0 Safari/537.36"
51.68.163.209 - - [11/Sep/2026:13:18:58 -0400] "GET /wp-content/plugins/background-image-cropper/background-image-cropper.js HTTP/1.1" 404 121347 "-" "Mozilla/5.0 (Windows NT 10.0; Win64; x64) AppleWebKit/537.36 (KHTML, like Gecko) Chrome/147.0.0.0 Safari/537.36"
40.77.167.68 - - [11/Sep/2026:13:19:25 -0400] "GET /ZOOvB/codding753753/?a=recamier-shampoo-c-j8QzgBIO HTTP/1.1" 404 121299 "-" "Mozilla/5.0 AppleWebKit/537.36 (KHTML, like Gecko; compatible; bingbot/2.0; +http://www.bing.com/bingbot.htm) Chrome/116.0.1938.76 Safari/537.36"
66.249.68.192 - - [11/Sep/2026:13:19:26 -0400] "GET /?a=creative-phoenix-mascot-concept-logo-design-stock-vector-royalty-cc-4jgjowUE HTTP/1.1" 200 223859 "-" "Mozilla/5.0 (Linux; Android 6.0.1; Nexus 5X Build/MMB29P) AppleWebKit/537.36 (KHTML, like Gecko) Chrome/153.0.8010.36 Mobile Safari/537.36 (compatible; Googlebot/2.1; +http://www.google.com/bot.html)"
199.250.222.155 - - [11/Sep/2026:13:20:15 -0400] "POST /wp-cron.php?doing_wp_cron=1789147215.5467419624328613281250 HTTP/1.1" 200 - "-" "WordPress/7.1; https://heredit.mx"
40.77.167.40 - - [11/Sep/2026:13:20:15 -0400] "GET /liquidable-389176-BLIdlGUa/?a=litter-robot-android-c-vE50BRcP HTTP/1.1" 404 121299 "-" "Mozilla/5.0 AppleWebKit/537.36 (KHTML, like Gecko; compatible; bingbot/2.0; +http://www.bing.com/bingbot.htm) Chrome/116.0.1938.76 Safari/537.36"
40.77.167.68 - - [11/Sep/2026:13:20:26 -0400] "GET /predeny-25146-lwPWIZN/5068393 HTTP/1.1" 404 123212 "-" "Mozilla/5.0 AppleWebKit/537.36 (KHTML, like Gecko; compatible; bingbot/2.0; +http://www.bing.com/bingbot.htm) Chrome/116.0.1938.76 Safari/537.36"
199.250.222.155 - - [11/Sep/2026:13:21:35 -0400] "POST /wp-cron.php?doing_wp_cron=1789147295.8407270908355712890625 HTTP/1.1" 200 - "-" "WordPress/7.1; https://heredit.mx"
40.77.167.155 - - [11/Sep/2026:13:21:35 -0400] "GET /anastomosis-563323-JVDsdax/?w=de-la-estupidez-a-la-locura-92705-pp-Yo3YADSo HTTP/1.1" 301 - "-" "Mozilla/5.0 AppleWebKit/537.36 (KHTML, like Gecko; compatible; bingbot/2.0; +http://www.bing.com/bingbot.htm) Chrome/116.0.1938.76 Safari/537.36"
66.249.68.193 - - [11/Sep/2026:13:22:19 -0400] "GET /?a=everest-cc-nQakO7T3 HTTP/1.1" 200 223631 "-" "Mozilla/5.0 (Linux; Android 6.0.1; Nexus 5X Build/MMB29P) AppleWebKit/537.36 (KHTML, like Gecko) Chrome/153.0.8010.36 Mobile Safari/537.36 (compatible; Googlebot/2.1; +http://www.google.com/bot.html)"
66.249.68.192 - - [11/Sep/2026:13:22:27 -0400] "GET /wp-content/plugins/premium-addons-for-elementor/assets/frontend/min-css/liquid-glass.min.css?ver=4.11.102 HTTP/1.1" 200 8405 "https://heredit.mx/?a=everest-cc-nQakO7T3" "Mozilla/5.0 (Linux; Android 6.0.1; Nexus 5X Build/MMB29P) AppleWebKit/537.36 (KHTML, like Gecko) Chrome/153.0.8010.36 Mobile Safari/537.36 (compatible; Googlebot/2.1; +http://www.google.com/bot.html)"
66.249.68.192 - - [11/Sep/2026:13:22:27 -0400] "GET /wp-content/plugins/elementor-pro/assets/lib/sticky/jquery.sticky.min.js?ver=4.2.3 HTTP/1.1" 200 3721 "https://heredit.mx/?a=everest-cc-nQakO7T3" "Mozilla/5.0 (Linux; Android 6.0.1; Nexus 5X Build/MMB29P) AppleWebKit/537.36 (KHTML, like Gecko) Chrome/153.0.8010.36 Mobile Safari/537.36 (compatible; Googlebot/2.1; +http://www.google.com/bot.html)"
66.249.68.193 - - [11/Sep/2026:13:22:27 -0400] "GET /wp-content/uploads/elementor/css/post-298.css?ver=1788480000 HTTP/1.1" 200 95402 "https://heredit.mx/?a=everest-cc-nQakO7T3" "Mozilla/5.0 (Linux; Android 6.0.1; Nexus 5X Build/MMB29P) AppleWebKit/537.36 (KHTML, like Gecko) Chrome/153.0.8010.36 Mobile Safari/537.36 (compatible; Googlebot/2.1; +http://www.google.com/bot.html)"
199.250.222.155 - - [11/Sep/2026:13:22:48 -0400] "POST /wp-cron.php?doing_wp_cron=1789147368.0605270862579345703125 HTTP/1.1" 200 - "-" "WordPress/7.1; https://heredit.mx"
66.249.68.192 - - [11/Sep/2026:13:22:47 -0400] "GET /?a=finsbury-platinum-liter-cc-NO7KzEC7 HTTP/1.1" 200 223695 "-" "Mozilla/5.0 (Linux; Android 6.0.1; Nexus 5X Build/MMB29P) AppleWebKit/537.36 (KHTML, like Gecko) Chrome/153.0.8010.36 Mobile Safari/537.36 (compatible; Googlebot/2.1; +http://www.google.com/bot.html)"
66.249.68.192 - - [11/Sep/2026:13:22:53 -0400] "GET /wp-content/plugins/elementor-pro/assets/css/widget-nav-menu.min.css?ver=4.2.3 HTTP/1.1" 200 27363 "https://heredit.mx/?a=finsbury-platinum-liter-cc-NO7KzEC7" "Mozilla/5.0 (Linux; Android 6.0.1; Nexus 5X Build/MMB29P) AppleWebKit/537.36 (KHTML, like Gecko) Chrome/153.0.8010.36 Mobile Safari/537.36 (compatible; Googlebot/2.1; +http://www.google.com/bot.html)"
66.249.68.192 - - [11/Sep/2026:13:22:53 -0400] "GET /wp-content/plugins/essential-addons-for-elementor-lite/assets/front-end/css/view/general.min.css?ver=6.8.3 HTTP/1.1" 200 7746 "https://heredit.mx/?a=finsbury-platinum-liter-cc-NO7KzEC7" "Mozilla/5.0 (Linux; Android 6.0.1; Nexus 5X Build/MMB29P) AppleWebKit/537.36 (KHTML, like Gecko) Chrome/153.0.8010.36 Mobile Safari/537.36 (compatible; Googlebot/2.1; +http://www.google.com/bot.html)"
66.249.68.192 - - [11/Sep/2026:13:22:53 -0400] "GET /sliders/desarrollos/index.html HTTP/1.1" 200 4010 "https://heredit.mx/?a=finsbury-platinum-liter-cc-NO7KzEC7" "Mozilla/5.0 (Linux; Android 6.0.1; Nexus 5X Build/MMB29P) AppleWebKit/537.36 (KHTML, like Gecko) Chrome/153.0.8010.36 Mobile Safari/537.36 (compatible; Googlebot/2.1; +http://www.google.com/bot.html)"
66.249.68.192 - - [11/Sep/2026:13:22:53 -0400] "GET /sliders/desarrollos/index.html HTTP/1.1" 200 4010 "https://heredit.mx/?a=finsbury-platinum-liter-cc-NO7KzEC7" "Mozilla/5.0 (Linux; Android 6.0.1; Nexus 5X Build/MMB29P) AppleWebKit/537.36 (KHTML, like Gecko) Chrome/153.0.8010.36 Mobile Safari/537.36 (compatible; Googlebot/2.1; +http://www.google.com/bot.html)"
66.249.68.192 - - [11/Sep/2026:13:22:54 -0400] "GET /wp-content/plugins/wpforms/assets/lib/jquery.inputmask.min.js?ver=5.0.9 HTTP/1.1" 200 117412 "https://heredit.mx/?a=finsbury-platinum-liter-cc-NO7KzEC7" "Mozilla/5.0 (Linux; Android 6.0.1; Nexus 5X Build/MMB29P) AppleWebKit/537.36 (KHTML, like Gecko) Chrome/153.0.8010.36 Mobile Safari/537.36 (compatible; Googlebot/2.1; +http://www.google.com/bot.html)"
40.77.167.235 - - [11/Sep/2026:13:22:59 -0400] "GET /predeny-25146-lwPWIZN/5068393 HTTP/1.1" 404 123212 "-" "Mozilla/5.0 AppleWebKit/537.36 (KHTML, like Gecko; compatible; bingbot/2.0; +http://www.bing.com/bingbot.htm) Chrome/116.0.1938.76 Safari/537.36"
40.77.167.40 - - [11/Sep/2026:13:23:04 -0400] "GET /liquidable-389176-BLIdlGUa/?a=litter-robot-android-c-vE50BRcP HTTP/1.1" 404 121299 "-" "Mozilla/5.0 AppleWebKit/537.36 (KHTML, like Gecko; compatible; bingbot/2.0; +http://www.bing.com/bingbot.htm) Chrome/116.0.1938.76 Safari/537.36"
66.249.68.193 - - [11/Sep/2026:13:23:15 -0400] "GET /?a=finsbury-platinum-liter-cc-NO7KzEC7 HTTP/1.1" 200 223695 "-" "Mozilla/5.0 (Linux; Android 6.0.1; Nexus 5X Build/MMB29P) AppleWebKit/537.36 (KHTML, like Gecko) Chrome/153.0.8010.36 Mobile Safari/537.36 (compatible; GoogleOther)"
199.250.222.155 - - [11/Sep/2026:13:23:42 -0400] "POST /wp-cron.php?doing_wp_cron=1789147422.4504230022430419921875 HTTP/1.1" 200 - "-" "WordPress/7.1; https://heredit.mx"
40.77.167.40 - - [11/Sep/2026:13:23:42 -0400] "GET /wp-sitemap-taxonomies-category-1.xml HTTP/1.1" 200 250 "-" "Mozilla/5.0 AppleWebKit/537.36 (KHTML, like Gecko; compatible; bingbot/2.0; +http://www.bing.com/bingbot.htm) Chrome/116.0.1938.76 Safari/537.36"
66.249.68.192 - - [11/Sep/2026:13:23:43 -0400] "GET /?a=custom-homecoming-arm-garter-for-high-school-guys-homecoming-cc-n2gQO6F3 HTTP/1.1" 200 223843 "-" "Mozilla/5.0 (Linux; Android 6.0.1; Nexus 5X Build/MMB29P) AppleWebKit/537.36 (KHTML, like Gecko) Chrome/153.0.8010.36 Mobile Safari/537.36 (compatible; Googlebot/2.1; +http://www.google.com/bot.html)"
66.249.68.192 - - [11/Sep/2026:13:23:50 -0400] "GET /wp-content/plugins/elementor-pro/assets/css/widget-slides.min.css?ver=4.2.3 HTTP/1.1" 200 2341 "https://heredit.mx/?a=custom-homecoming-arm-garter-for-high-school-guys-homecoming-cc-n2gQO6F3" "Mozilla/5.0 (Linux; Android 6.0.1; Nexus 5X Build/MMB29P) AppleWebKit/537.36 (KHTML, like Gecko) Chrome/153.0.8010.36 Mobile Safari/537.36 (compatible; Googlebot/2.1; +http://www.google.com/bot.html)"
66.249.68.192 - - [11/Sep/2026:13:23:51 -0400] "GET /sliders/descripcion/style.css HTTP/1.1" 200 1455 "https://heredit.mx/sliders/descripcion/index.html" "Mozilla/5.0 (Linux; Android 6.0.1; Nexus 5X Build/MMB29P) AppleWebKit/537.36 (KHTML, like Gecko) Chrome/153.0.8010.36 Mobile Safari/537.36 (compatible; Googlebot/2.1; +http://www.google.com/bot.html)"
66.249.68.192 - - [11/Sep/2026:13:23:51 -0400] "GET /sliders/desarrollos/script.js HTTP/1.1" 200 2537 "https://heredit.mx/sliders/desarrollos/index.html" "Mozilla/5.0 (Linux; Android 6.0.1; Nexus 5X Build/MMB29P) AppleWebKit/537.36 (KHTML, like Gecko) Chrome/153.0.8010.36 Mobile Safari/537.36 (compatible; Googlebot/2.1; +http://www.google.com/bot.html)"
199.250.222.155 - - [11/Sep/2026:13:24:55 -0400] "POST /wp-cron.php?doing_wp_cron=1789147495.2686550617218017578125 HTTP/1.1" 200 - "-" "WordPress/7.1; https://heredit.mx"
216.73.216.28 - - [11/Sep/2026:13:24:55 -0400] "GET /robots.txt HTTP/1.1" 200 267 "-" "Mozilla/5.0 AppleWebKit/537.36 (KHTML, like Gecko; compatible; ClaudeBot/1.0; +claudebot@anthropic.com)"
216.73.216.28 - - [11/Sep/2026:13:24:55 -0400] "GET /wp-sitemap.xml HTTP/1.1" 200 512 "-" "Mozilla/5.0 AppleWebKit/537.36 (KHTML, like Gecko; compatible; ClaudeBot/1.0; +claudebot@anthropic.com)"
66.249.68.193 - - [11/Sep/2026:13:25:07 -0400] "GET /?a=harry-potter-and-the-escape-from-gringotts-at-universal-cc-pNVqpdSx HTTP/1.1" 200 223823 "-" "Mozilla/5.0 (Linux; Android 6.0.1; Nexus 5X Build/MMB29P) AppleWebKit/537.36 (KHTML, like Gecko) Chrome/153.0.8010.36 Mobile Safari/537.36 (compatible; Googlebot/2.1; +http://www.google.com/bot.html)"
40.77.167.130 - - [11/Sep/2026:13:25:15 -0400] "GET /costumier-128314-BLasgG/?a=1-1362-1 HTTP/1.1" 301 - "-" "Mozilla/5.0 AppleWebKit/537.36 (KHTML, like Gecko; compatible; bingbot/2.0; +http://www.bing.com/bingbot.htm) Chrome/116.0.1938.76 Safari/537.36"
199.250.222.155 - - [11/Sep/2026:13:25:35 -0400] "POST /wp-cron.php?doing_wp_cron=1789147535.7336170673370361328125 HTTP/1.1" 200 - "-" "WordPress/7.1; https://heredit.mx"
66.249.68.192 - - [11/Sep/2026:13:25:35 -0400] "GET /?a=harry-potter-and-the-escape-from-gringotts-at-universal-cc-pNVqpdSx HTTP/1.1" 200 223823 "-" "Mozilla/5.0 (Linux; Android 6.0.1; Nexus 5X Build/MMB29P) AppleWebKit/537.36 (KHTML, like Gecko) Chrome/153.0.8010.36 Mobile Safari/537.36 (compatible; GoogleOther)"
52.167.144.206 - - [11/Sep/2026:13:25:50 -0400] "GET /?w=all%C3%B4-mon-coco-montr%C3%A9al-sale-save-52%25-pp-XwdnnxuE HTTP/1.1" 200 112757 "-" "Mozilla/5.0 AppleWebKit/537.36 (KHTML, like Gecko; compatible; bingbot/2.0; +http://www.bing.com/bingbot.htm) Chrome/116.0.1938.76 Safari/537.36"
199.250.222.155 - - [11/Sep/2026:13:26:30 -0400] "POST /wp-cron.php?doing_wp_cron=1789147590.8594639301300048828125 HTTP/1.1" 200 - "-" "WordPress/7.1; https://heredit.mx"
66.249.68.193 - - [11/Sep/2026:13:26:30 -0400] "GET /?a=yongki-komaladi-outdoor-sandal-pria-cc-nRqEE2T3 HTTP/1.1" 200 223743 "-" "Mozilla/5.0 (Linux; Android 6.0.1; Nexus 5X Build/MMB29P) AppleWebKit/537.36 (KHTML, like Gecko) Chrome/153.0.8010.36 Mobile Safari/537.36 (compatible; Googlebot/2.1; +http://www.google.com/bot.html)"
199.250.222.155 - - [11/Sep/2026:13:27:26 -0400] "POST /wp-cron.php?doing_wp_cron=1789147646.7203071117401123046875 HTTP/1.1" 200 - "-" "WordPress/7.1; https://heredit.mx"
66.249.68.194 - - [11/Sep/2026:13:27:26 -0400] "GET /?a=yongki-komaladi-outdoor-sandal-pria-cc-nRqEE2T3 HTTP/1.1" 200 223743 "-" "Mozilla/5.0 (Linux; Android 6.0.1; Nexus 5X Build/MMB29P) AppleWebKit/537.36 (KHTML, like Gecko) Chrome/153.0.8010.36 Mobile Safari/537.36 (compatible; GoogleOther)"
199.250.222.155 - - [11/Sep/2026:13:28:22 -0400] "POST /wp-cron.php?doing_wp_cron=1789147702.4085109233856201171875 HTTP/1.1" 200 - "-" "WordPress/7.1; https://heredit.mx"
66.249.68.193 - - [11/Sep/2026:13:28:21 -0400] "GET /?a=geoffrey-petit-basset-griffon-vendeen-set-of-blank-cc-wL2QNjfM HTTP/1.1" 200 223803 "-" "Mozilla/5.0 (Linux; Android 6.0.1; Nexus 5X Build/MMB29P) AppleWebKit/537.36 (KHTML, like Gecko) Chrome/153.0.8010.36 Mobile Safari/537.36 (compatible; Googlebot/2.1; +http://www.google.com/bot.html)"
199.250.222.155 - - [11/Sep/2026:13:28:31 -0400] "POST /wp-cron.php?doing_wp_cron=1789147711.7429211139678955078125 HTTP/1.1" 200 - "-" "WordPress/7.1; https://heredit.mx"
52.167.144.67 - - [11/Sep/2026:13:28:31 -0400] "GET /robots.txt HTTP/1.1" 200 267 "-" "Mozilla/5.0 AppleWebKit/537.36 (KHTML, like Gecko; compatible; bingbot/2.0; +http://www.bing.com/bingbot.htm) Chrome/116.0.1938.76 Safari/537.36"
52.167.144.192 - - [11/Sep/2026:13:28:43 -0400] "GET /aluminum-173254-qmYEhuD/ HTTP/1.1" 404 123212 "-" "Mozilla/5.0 AppleWebKit/537.36 (KHTML, like Gecko; compatible; bingbot/2.0; +http://www.bing.com/bingbot.htm) Chrome/116.0.1938.76 Safari/537.36"
200.68.167.35 - - [11/Sep/2026:13:28:53 -0400] "GET /?utm_source=ig&utm_medium=social&utm_content=link_in_bio&fbclid=PAcGRvZgJmZGlkFlDj4uRmjm9-o1J5lN0uI0mLjmhIXi5leHRuA2FlbQIxMQBzcnRjBmFwcF9pZA8xMjQwMjQ1NzQyODc0MTQAAad6gRSz7-Ecu1DnWgOhNAY0wMO2h8yzQGyxSk3Nkn-FcJWjAb2W5UyMQIH4Hg_aem_qt3490hy7imiLtT-zTSKqA HTTP/1.1" 200 391369 "https://l.instagram.com/" "Mozilla/5.0 (iPhone; CPU iPhone OS 26_6_2 like Mac OS X) AppleWebKit/605.1.15 (KHTML, like Gecko) Mobile/23G90 Instagram 444.0.0.31.65 (iPhone18,2; iOS 26_6_2; es_LA; es; scale=3.00; 1320x2868; IABMV/1; 1047335181) Safari/604.1"
200.68.167.35 - - [11/Sep/2026:13:28:54 -0400] "GET /wp-content/cache/min/1/wp-content/uploads/premium-addons-elementor/pafe-1208.css?ver=1789063679 HTTP/1.1" 200 53538 "https://heredit.mx/?utm_source=ig&utm_medium=social&utm_content=link_in_bio&fbclid=PAcGRvZgJmZGlkFlDj4uRmjm9-o1J5lN0uI0mLjmhIXi5leHRuA2FlbQIxMQBzcnRjBmFwcF9pZA8xMjQwMjQ1NzQyODc0MTQAAad6gRSz7-Ecu1DnWgOhNAY0wMO2h8yzQGyxSk3Nkn-FcJWjAb2W5UyMQIH4Hg_aem_qt3490hy7imiLtT-zTSKqA" "Mozilla/5.0 (iPhone; CPU iPhone OS 26_6_2 like Mac OS X) AppleWebKit/605.1.15 (KHTML, like Gecko) Mobile/23G90 Instagram 444.0.0.31.65 (iPhone18,2; iOS 26_6_2; es_LA; es; scale=3.00; 1320x2868; IABMV/1; 1047335181) Safari/604.1"
200.68.167.35 - - [11/Sep/2026:13:28:54 -0400] "GET /wp-content/cache/min/1/wp-content/themes/hello-elementor/assets/css/header-footer.css?ver=1789063679 HTTP/1.1" 200 7533 "https://heredit.mx/?utm_source=ig&utm_medium=social&utm_content=link_in_bio&fbclid=PAcGRvZgJmZGlkFlDj4uRmjm9-o1J5lN0uI0mLjmhIXi5leHRuA2FlbQIxMQBzcnRjBmFwcF9pZA8xMjQwMjQ1NzQyODc0MTQAAad6gRSz7-Ecu1DnWgOhNAY0wMO2h8yzQGyxSk3Nkn-FcJWjAb2W5UyMQIH4Hg_aem_qt3490hy7imiLtT-zTSKqA" "Mozilla/5.0 (iPhone; CPU iPhone OS 26_6_2 like Mac OS X) AppleWebKit/605.1.15 (KHTML, like Gecko) Mobile/23G90 Instagram 444.0.0.31.65 (iPhone18,2; iOS 26_6_2; es_LA; es; scale=3.00; 1320x2868; IABMV/1; 1047335181) Safari/604.1"
200.68.167.35 - - [11/Sep/2026:13:28:54 -0400] "GET /wp-content/cache/min/1/wp-content/themes/hello-elementor/assets/css/theme.css?ver=1789063679 HTTP/1.1" 200 5814 "https://heredit.mx/?utm_source=ig&utm_medium=social&utm_content=link_in_bio&fbclid=PAcGRvZgJmZGlkFlDj4uRmjm9-o1J5lN0uI0mLjmhIXi5leHRuA2FlbQIxMQBzcnRjBmFwcF9pZA8xMjQwMjQ1NzQyODc0MTQAAad6gRSz7-Ecu1DnWgOhNAY0wMO2h8yzQGyxSk3Nkn-FcJWjAb2W5UyMQIH4Hg_aem_qt3490hy7imiLtT-zTSKqA" "Mozilla/5.0 (iPhone; CPU iPhone OS 26_6_2 like Mac OS X) AppleWebKit/605.1.15 (KHTML, like Gecko) Mobile/23G90 Instagram 444.0.0.31.65 (iPhone18,2; iOS 26_6_2; es_LA; es; scale=3.00; 1320x2868; IABMV/1; 1047335181) Safari/604.1"
200.68.167.35 - - [11/Sep/2026:13:28:54 -0400] "GET /wp-content/plugins/elementor/assets/css/widget-image.min.css?ver=4.2.4 HTTP/1.1" 200 214 "https://heredit.mx/?utm_source=ig&utm_medium=social&utm_content=link_in_bio&fbclid=PAcGRvZgJmZGlkFlDj4uRmjm9-o1J5lN0uI0mLjmhIXi5leHRuA2FlbQIxMQBzcnRjBmFwcF9pZA8xMjQwMjQ1NzQyODc0MTQAAad6gRSz7-Ecu1DnWgOhNAY0wMO2h8yzQGyxSk3Nkn-FcJWjAb2W5UyMQIH4Hg_aem_qt3490hy7imiLtT-zTSKqA" "Mozilla/5.0 (iPhone; CPU iPhone OS 26_6_2 like Mac OS X) AppleWebKit/605.1.15 (KHTML, like Gecko) Mobile/23G90 Instagram 444.0.0.31.65 (iPhone18,2; iOS 26_6_2; es_LA; es; scale=3.00; 1320x2868; IABMV/1; 1047335181) Safari/604.1"
200.68.167.35 - - [11/Sep/2026:13:28:54 -0400] "GET /wp-content/cache/min/1/wp-content/uploads/elementor/css/post-7.css?ver=1789063679 HTTP/1.1" 200 3652 "https://heredit.mx/?utm_source=ig&utm_medium=social&utm_content=link_in_bio&fbclid=PAcGRvZgJmZGlkFlDj4uRmjm9-o1J5lN0uI0mLjmhIXi5leHRuA2FlbQIxMQBzcnRjBmFwcF9pZA8xMjQwMjQ1NzQyODc0MTQAAad6gRSz7-Ecu1DnWgOhNAY0wMO2h8yzQGyxSk3Nkn-FcJWjAb2W5UyMQIH4Hg_aem_qt3490hy7imiLtT-zTSKqA" "Mozilla/5.0 (iPhone; CPU iPhone OS 26_6_2 like Mac OS X) AppleWebKit/605.1.15 (KHTML, like Gecko) Mobile/23G90 Instagram 444.0.0.31.65 (iPhone18,2; iOS 26_6_2; es_LA; es; scale=3.00; 1320x2868; IABMV/1; 1047335181) Safari/604.1"
200.68.167.35 - - [11/Sep/2026:13:28:54 -0400] "GET /wp-content/plugins/elementor/assets/css/frontend.min.css?ver=4.2.4 HTTP/1.1" 200 54666 "https://heredit.mx/?utm_source=ig&utm_medium=social&utm_content=link_in_bio&fbclid=PAcGRvZgJmZGlkFlDj4uRmjm9-o1J5lN0uI0mLjmhIXi5leHRuA2FlbQIxMQBzcnRjBmFwcF9pZA8xMjQwMjQ1NzQyODc0MTQAAad6gRSz7-Ecu1DnWgOhNAY0wMO2h8yzQGyxSk3Nkn-FcJWjAb2W5UyMQIH4Hg_aem_qt3490hy7imiLtT-zTSKqA" "Mozilla/5.0 (iPhone; CPU iPhone OS 26_6_2 like Mac OS X) AppleWebKit/605.1.15 (KHTML, like Gecko) Mobile/23G90 Instagram 444.0.0.31.65 (iPhone18,2; iOS 26_6_2; es_LA; es; scale=3.00; 1320x2868; IABMV/1; 1047335181) Safari/604.1"
200.68.167.35 - - [11/Sep/2026:13:28:54 -0400] "GET /wp-content/cache/min/1/wp-content/themes/hello-elementor/assets/css/reset.css?ver=1789063679 HTTP/1.1" 200 5828 "https://heredit.mx/?utm_source=ig&utm_medium=social&utm_content=link_in_bio&fbclid=PAcGRvZgJmZGlkFlDj4uRmjm9-o1J5lN0uI0mLjmhIXi5leHRuA2FlbQIxMQBzcnRjBmFwcF9pZA8xMjQwMjQ1NzQyODc0MTQAAad6gRSz7-Ecu1DnWgOhNAY0wMO2h8yzQGyxSk3Nkn-FcJWjAb2W5UyMQIH4Hg_aem_qt3490hy7imiLtT-zTSKqA" "Mozilla/5.0 (iPhone; CPU iPhone OS 26_6_2 like Mac OS X) AppleWebKit/605.1.15 (KHTML, like Gecko) Mobile/23G90 Instagram 444.0.0.31.65 (iPhone18,2; iOS 26_6_2; es_LA; es; scale=3.00; 1320x2868; IABMV/1; 1047335181) Safari/604.1"
200.68.167.35 - - [11/Sep/2026:13:28:54 -0400] "GET /wp-content/plugins/elementor-pro/assets/css/widget-nav-menu.min.css?ver=4.2.3 HTTP/1.1" 200 27363 "https://heredit.mx/?utm_source=ig&utm_medium=social&utm_content=link_in_bio&fbclid=PAcGRvZgJmZGlkFlDj4uRmjm9-o1J5lN0uI0mLjmhIXi5leHRuA2FlbQIxMQBzcnRjBmFwcF9pZA8xMjQwMjQ1NzQyODc0MTQAAad6gRSz7-Ecu1DnWgOhNAY0wMO2h8yzQGyxSk3Nkn-FcJWjAb2W5UyMQIH4Hg_aem_qt3490hy7imiLtT-zTSKqA" "Mozilla/5.0 (iPhone; CPU iPhone OS 26_6_2 like Mac OS X) AppleWebKit/605.1.15 (KHTML, like Gecko) Mobile/23G90 Instagram 444.0.0.31.65 (iPhone18,2; iOS 26_6_2; es_LA; es; scale=3.00; 1320x2868; IABMV/1; 1047335181) Safari/604.1"
200.68.167.35 - - [11/Sep/2026:13:28:54 -0400] "GET /wp-content/plugins/elementor-pro/assets/css/modules/sticky.min.css?ver=4.2.3 HTTP/1.1" 200 162 "https://heredit.mx/?utm_source=ig&utm_medium=social&utm_content=link_in_bio&fbclid=PAcGRvZgJmZGlkFlDj4uRmjm9-o1J5lN0uI0mLjmhIXi5leHRuA2FlbQIxMQBzcnRjBmFwcF9pZA8xMjQwMjQ1NzQyODc0MTQAAad6gRSz7-Ecu1DnWgOhNAY0wMO2h8yzQGyxSk3Nkn-FcJWjAb2W5UyMQIH4Hg_aem_qt3490hy7imiLtT-zTSKqA" "Mozilla/5.0 (iPhone; CPU iPhone OS 26_6_2 like Mac OS X) AppleWebKit/605.1.15 (KHTML, like Gecko) Mobile/23G90 Instagram 444.0.0.31.65 (iPhone18,2; iOS 26_6_2; es_LA; es; scale=3.00; 1320x2868; IABMV/1; 1047335181) Safari/604.1"
200.68.167.35 - - [11/Sep/2026:13:28:54 -0400] "GET /wp-content/plugins/premium-addons-for-elementor/assets/frontend/min-css/liquid-glass.min.css?ver=4.11.102 HTTP/1.1" 200 8405 "https://heredit.mx/?utm_source=ig&utm_medium=social&utm_content=link_in_bio&fbclid=PAcGRvZgJmZGlkFlDj4uRmjm9-o1J5lN0uI0mLjmhIXi5leHRuA2FlbQIxMQBzcnRjBmFwcF9pZA8xMjQwMjQ1NzQyODc0MTQAAad6gRSz7-Ecu1DnWgOhNAY0wMO2h8yzQGyxSk3Nkn-FcJWjAb2W5UyMQIH4Hg_aem_qt3490hy7imiLtT-zTSKqA" "Mozilla/5.0 (iPhone; CPU iPhone OS 26_6_2 like Mac OS X) AppleWebKit/605.1.15 (KHTML, like Gecko) Mobile/23G90 Instagram 444.0.0.31.65 (iPhone18,2; iOS 26_6_2; es_LA; es; scale=3.00; 1320x2868; IABMV/1; 1047335181) Safari/604.1"
200.68.167.35 - - [11/Sep/2026:13:28:54 -0400] "GET /wp-content/cache/min/1/wp-includes/css/dashicons.min.css?ver=1789063679 HTTP/1.1" 200 59097 "https://heredit.mx/?utm_source=ig&utm_medium=social&utm_content=link_in_bio&fbclid=PAcGRvZgJmZGlkFlDj4uRmjm9-o1J5lN0uI0mLjmhIXi5leHRuA2FlbQIxMQBzcnRjBmFwcF9pZA8xMjQwMjQ1NzQyODc0MTQAAad6gRSz7-Ecu1DnWgOhNAY0wMO2h8yzQGyxSk3Nkn-FcJWjAb2W5UyMQIH4Hg_aem_qt3490hy7imiLtT-zTSKqA" "Mozilla/5.0 (iPhone; CPU iPhone OS 26_6_2 like Mac OS X) AppleWebKit/605.1.15 (KHTML, like Gecko) Mobile/23G90 Instagram 444.0.0.31.65 (iPhone18,2; iOS 26_6_2; es_LA; es; scale=3.00; 1320x2868; IABMV/1; 1047335181) Safari/604.1"
200.68.167.35 - - [11/Sep/2026:13:28:54 -0400] "GET /wp-content/cache/min/1/wp-content/plugins/elementor/assets/lib/font-awesome/css/all.min.css?ver=1789063679 HTTP/1.1" 200 60583 "https://heredit.mx/?utm_source=ig&utm_medium=social&utm_content=link_in_bio&fbclid=PAcGRvZgJmZGlkFlDj4uRmjm9-o1J5lN0uI0mLjmhIXi5leHRuA2FlbQIxMQBzcnRjBmFwcF9pZA8xMjQwMjQ1NzQyODc0MTQAAad6gRSz7-Ecu1DnWgOhNAY0wMO2h8yzQGyxSk3Nkn-FcJWjAb2W5UyMQIH4Hg_aem_qt3490hy7imiLtT-zTSKqA" "Mozilla/5.0 (iPhone; CPU iPhone OS 26_6_2 like Mac OS X) AppleWebKit/605.1.15 (KHTML, like Gecko) Mobile/23G90 Instagram 444.0.0.31.65 (iPhone18,2; iOS 26_6_2; es_LA; es; scale=3.00; 1320x2868; IABMV/1; 1047335181) Safari/604.1"
200.68.167.35 - - [11/Sep/2026:13:28:54 -0400] "GET /wp-content/plugins/elementor-pro/assets/css/modules/motion-fx.min.css?ver=4.2.3 HTTP/1.1" 200 778 "https://heredit.mx/?utm_source=ig&utm_medium=social&utm_content=link_in_bio&fbclid=PAcGRvZgJmZGlkFlDj4uRmjm9-o1J5lN0uI0mLjmhIXi5leHRuA2FlbQIxMQBzcnRjBmFwcF9pZA8xMjQwMjQ1NzQyODc0MTQAAad6gRSz7-Ecu1DnWgOhNAY0wMO2h8yzQGyxSk3Nkn-FcJWjAb2W5UyMQIH4Hg_aem_qt3490hy7imiLtT-zTSKqA" "Mozilla/5.0 (iPhone; CPU iPhone OS 26_6_2 like Mac OS X) AppleWebKit/605.1.15 (KHTML, like Gecko) Mobile/23G90 Instagram 444.0.0.31.65 (iPhone18,2; iOS 26_6_2; es_LA; es; scale=3.00; 1320x2868; IABMV/1; 1047335181) Safari/604.1"
200.68.167.35 - - [11/Sep/2026:13:28:54 -0400] "GET /wp-content/plugins/elementor/assets/lib/animations/styles/e-animation-grow.min.css?ver=4.2.4 HTTP/1.1" 200 198 "https://heredit.mx/?utm_source=ig&utm_medium=social&utm_content=link_in_bio&fbclid=PAcGRvZgJmZGlkFlDj4uRmjm9-o1J5lN0uI0mLjmhIXi5leHRuA2FlbQIxMQBzcnRjBmFwcF9pZA8xMjQwMjQ1NzQyODc0MTQAAad6gRSz7-Ecu1DnWgOhNAY0wMO2h8yzQGyxSk3Nkn-FcJWjAb2W5UyMQIH4Hg_aem_qt3490hy7imiLtT-zTSKqA" "Mozilla/5.0 (iPhone; CPU iPhone OS 26_6_2 like Mac OS X) AppleWebKit/605.1.15 (KHTML, like Gecko) Mobile/23G90 Instagram 444.0.0.31.65 (iPhone18,2; iOS 26_6_2; es_LA; es; scale=3.00; 1320x2868; IABMV/1; 1047335181) Safari/604.1"
200.68.167.35 - - [11/Sep/2026:13:28:54 -0400] "GET /wp-content/plugins/elementor/assets/lib/animations/styles/fadeIn.min.css?ver=4.2.4 HTTP/1.1" 200 77 "https://heredit.mx/?utm_source=ig&utm_medium=social&utm_content=link_in_bio&fbclid=PAcGRvZgJmZGlkFlDj4uRmjm9-o1J5lN0uI0mLjmhIXi5leHRuA2FlbQIxMQBzcnRjBmFwcF9pZA8xMjQwMjQ1NzQyODc0MTQAAad6gRSz7-Ecu1DnWgOhNAY0wMO2h8yzQGyxSk3Nkn-FcJWjAb2W5UyMQIH4Hg_aem_qt3490hy7imiLtT-zTSKqA" "Mozilla/5.0 (iPhone; CPU iPhone OS 26_6_2 like Mac OS X) AppleWebKit/605.1.15 (KHTML, like Gecko) Mobile/23G90 Instagram 444.0.0.31.65 (iPhone18,2; iOS 26_6_2; es_LA; es; scale=3.00; 1320x2868; IABMV/1; 1047335181) Safari/604.1"
200.68.167.35 - - [11/Sep/2026:13:28:54 -0400] "GET /wp-content/plugins/elementor/assets/css/widget-heading.min.css?ver=4.2.4 HTTP/1.1" 200 560 "https://heredit.mx/?utm_source=ig&utm_medium=social&utm_content=link_in_bio&fbclid=PAcGRvZgJmZGlkFlDj4uRmjm9-o1J5lN0uI0mLjmhIXi5leHRuA2FlbQIxMQBzcnRjBmFwcF9pZA8xMjQwMjQ1NzQyODc0MTQAAad6gRSz7-Ecu1DnWgOhNAY0wMO2h8yzQGyxSk3Nkn-FcJWjAb2W5UyMQIH4Hg_aem_qt3490hy7imiLtT-zTSKqA" "Mozilla/5.0 (iPhone; CPU iPhone OS 26_6_2 like Mac OS X) AppleWebKit/605.1.15 (KHTML, like Gecko) Mobile/23G90 Instagram 444.0.0.31.65 (iPhone18,2; iOS 26_6_2; es_LA; es; scale=3.00; 1320x2868; IABMV/1; 1047335181) Safari/604.1"
200.68.167.35 - - [11/Sep/2026:13:28:54 -0400] "GET /wp-content/plugins/elementor/assets/css/widget-social-icons.min.css?ver=4.2.4 HTTP/1.1" 200 5110 "https://heredit.mx/?utm_source=ig&utm_medium=social&utm_content=link_in_bio&fbclid=PAcGRvZgJmZGlkFlDj4uRmjm9-o1J5lN0uI0mLjmhIXi5leHRuA2FlbQIxMQBzcnRjBmFwcF9pZA8xMjQwMjQ1NzQyODc0MTQAAad6gRSz7-Ecu1DnWgOhNAY0wMO2h8yzQGyxSk3Nkn-FcJWjAb2W5UyMQIH4Hg_aem_qt3490hy7imiLtT-zTSKqA" "Mozilla/5.0 (iPhone; CPU iPhone OS 26_6_2 like Mac OS X) AppleWebKit/605.1.15 (KHTML, like Gecko) Mobile/23G90 Instagram 444.0.0.31.65 (iPhone18,2; iOS 26_6_2; es_LA; es; scale=3.00; 1320x2868; IABMV/1; 1047335181) Safari/604.1"
200.68.167.35 - - [11/Sep/2026:13:28:54 -0400] "GET /wp-content/plugins/elementor/assets/css/conditionals/apple-webkit.min.css?ver=4.2.4 HTTP/1.1" 200 6713 "https://heredit.mx/?utm_source=ig&utm_medium=social&utm_content=link_in_bio&fbclid=PAcGRvZgJmZGlkFlDj4uRmjm9-o1J5lN0uI0mLjmhIXi5leHRuA2FlbQIxMQBzcnRjBmFwcF9pZA8xMjQwMjQ1NzQyODc0MTQAAad6gRSz7-Ecu1DnWgOhNAY0wMO2h8yzQGyxSk3Nkn-FcJWjAb2W5UyMQIH4Hg_aem_qt3490hy7imiLtT-zTSKqA" "Mozilla/5.0 (iPhone; CPU iPhone OS 26_6_2 like Mac OS X) AppleWebKit/605.1.15 (KHTML, like Gecko) Mobile/23G90 Instagram 444.0.0.31.65 (iPhone18,2; iOS 26_6_2; es_LA; es; scale=3.00; 1320x2868; IABMV/1; 1047335181) Safari/604.1"
200.68.167.35 - - [11/Sep/2026:13:28:54 -0400] "GET /wp-content/plugins/elementor/assets/lib/animations/styles/slideInRight.min.css?ver=4.2.4 HTTP/1.1" 200 155 "https://heredit.mx/?utm_source=ig&utm_medium=social&utm_content=link_in_bio&fbclid=PAcGRvZgJmZGlkFlDj4uRmjm9-o1J5lN0uI0mLjmhIXi5leHRuA2FlbQIxMQBzcnRjBmFwcF9pZA8xMjQwMjQ1NzQyODc0MTQAAad6gRSz7-Ecu1DnWgOhNAY0wMO2h8yzQGyxSk3Nkn-FcJWjAb2W5UyMQIH4Hg_aem_qt3490hy7imiLtT-zTSKqA" "Mozilla/5.0 (iPhone; CPU iPhone OS 26_6_2 like Mac OS X) AppleWebKit/605.1.15 (KHTML, like Gecko) Mobile/23G90 Instagram 444.0.0.31.65 (iPhone18,2; iOS 26_6_2; es_LA; es; scale=3.00; 1320x2868; IABMV/1; 1047335181) Safari/604.1"
200.68.167.35 - - [11/Sep/2026:13:28:54 -0400] "GET /wp-content/plugins/elementor-pro/assets/css/conditionals/popup.min.css?ver=4.2.3 HTTP/1.1" 200 995 "https://heredit.mx/?utm_source=ig&utm_medium=social&utm_content=link_in_bio&fbclid=PAcGRvZgJmZGlkFlDj4uRmjm9-o1J5lN0uI0mLjmhIXi5leHRuA2FlbQIxMQBzcnRjBmFwcF9pZA8xMjQwMjQ1NzQyODc0MTQAAad6gRSz7-Ecu1DnWgOhNAY0wMO2h8yzQGyxSk3Nkn-FcJWjAb2W5UyMQIH4Hg_aem_qt3490hy7imiLtT-zTSKqA" "Mozilla/5.0 (iPhone; CPU iPhone OS 26_6_2 like Mac OS X) AppleWebKit/605.1.15 (KHTML, like Gecko) Mobile/23G90 Instagram 444.0.0.31.65 (iPhone18,2; iOS 26_6_2; es_LA; es; scale=3.00; 1320x2868; IABMV/1; 1047335181) Safari/604.1"
200.68.167.35 - - [11/Sep/2026:13:28:54 -0400] "GET /wp-content/plugins/essential-addons-for-elementor-lite/assets/front-end/css/view/general.min.css?ver=6.8.3 HTTP/1.1" 200 7746 "https://heredit.mx/?utm_source=ig&utm_medium=social&utm_content=link_in_bio&fbclid=PAcGRvZgJmZGlkFlDj4uRmjm9-o1J5lN0uI0mLjmhIXi5leHRuA2FlbQIxMQBzcnRjBmFwcF9pZA8xMjQwMjQ1NzQyODc0MTQAAad6gRSz7-Ecu1DnWgOhNAY0wMO2h8yzQGyxSk3Nkn-FcJWjAb2W5UyMQIH4Hg_aem_qt3490hy7imiLtT-zTSKqA" "Mozilla/5.0 (iPhone; CPU iPhone OS 26_6_2 like Mac OS X) AppleWebKit/605.1.15 (KHTML, like Gecko) Mobile/23G90 Instagram 444.0.0.31.65 (iPhone18,2; iOS 26_6_2; es_LA; es; scale=3.00; 1320x2868; IABMV/1; 1047335181) Safari/604.1"
200.68.167.35 - - [11/Sep/2026:13:28:54 -0400] "GET /wp-content/cache/min/1/wp-content/uploads/essential-addons-elementor/eael-298.css?ver=1789063679 HTTP/1.1" 200 14412 "https://heredit.mx/?utm_source=ig&utm_medium=social&utm_content=link_in_bio&fbclid=PAcGRvZgJmZGlkFlDj4uRmjm9-o1J5lN0uI0mLjmhIXi5leHRuA2FlbQIxMQBzcnRjBmFwcF9pZA8xMjQwMjQ1NzQyODc0MTQAAad6gRSz7-Ecu1DnWgOhNAY0wMO2h8yzQGyxSk3Nkn-FcJWjAb2W5UyMQIH4Hg_aem_qt3490hy7imiLtT-zTSKqA" "Mozilla/5.0 (iPhone; CPU iPhone OS 26_6_2 like Mac OS X) AppleWebKit/605.1.15 (KHTML, like Gecko) Mobile/23G90 Instagram 444.0.0.31.65 (iPhone18,2; iOS 26_6_2; es_LA; es; scale=3.00; 1320x2868; IABMV/1; 1047335181) Safari/604.1"
200.68.167.35 - - [11/Sep/2026:13:28:54 -0400] "GET /wp-content/plugins/elementor/assets/lib/animations/styles/fadeInDown.min.css?ver=4.2.4 HTTP/1.1" 200 137 "https://heredit.mx/?utm_source=ig&utm_medium=social&utm_content=link_in_bio&fbclid=PAcGRvZgJmZGlkFlDj4uRmjm9-o1J5lN0uI0mLjmhIXi5leHRuA2FlbQIxMQBzcnRjBmFwcF9pZA8xMjQwMjQ1NzQyODc0MTQAAad6gRSz7-Ecu1DnWgOhNAY0wMO2h8yzQGyxSk3Nkn-FcJWjAb2W5UyMQIH4Hg_aem_qt3490hy7imiLtT-zTSKqA" "Mozilla/5.0 (iPhone; CPU iPhone OS 26_6_2 like Mac OS X) AppleWebKit/605.1.15 (KHTML, like Gecko) Mobile/23G90 Instagram 444.0.0.31.65 (iPhone18,2; iOS 26_6_2; es_LA; es; scale=3.00; 1320x2868; IABMV/1; 1047335181) Safari/604.1"
200.68.167.35 - - [11/Sep/2026:13:28:54 -0400] "GET /wp-content/cache/min/1/wp-content/plugins/elementor/assets/lib/swiper/v8/css/swiper.min.css?ver=1789063679 HTTP/1.1" 200 16223 "https://heredit.mx/?utm_source=ig&utm_medium=social&utm_content=link_in_bio&fbclid=PAcGRvZgJmZGlkFlDj4uRmjm9-o1J5lN0uI0mLjmhIXi5leHRuA2FlbQIxMQBzcnRjBmFwcF9pZA8xMjQwMjQ1NzQyODc0MTQAAad6gRSz7-Ecu1DnWgOhNAY0wMO2h8yzQGyxSk3Nkn-FcJWjAb2W5UyMQIH4Hg_aem_qt3490hy7imiLtT-zTSKqA" "Mozilla/5.0 (iPhone; CPU iPhone OS 26_6_2 like Mac OS X) AppleWebKit/605.1.15 (KHTML, like Gecko) Mobile/23G90 Instagram 444.0.0.31.65 (iPhone18,2; iOS 26_6_2; es_LA; es; scale=3.00; 1320x2868; IABMV/1; 1047335181) Safari/604.1"
200.68.167.35 - - [11/Sep/2026:13:28:54 -0400] "GET /wp-content/plugins/elementor/assets/css/conditionals/e-swiper.min.css?ver=4.2.4 HTTP/1.1" 200 5486 "https://heredit.mx/?utm_source=ig&utm_medium=social&utm_content=link_in_bio&fbclid=PAcGRvZgJmZGlkFlDj4uRmjm9-o1J5lN0uI0mLjmhIXi5leHRuA2FlbQIxMQBzcnRjBmFwcF9pZA8xMjQwMjQ1NzQyODc0MTQAAad6gRSz7-Ecu1DnWgOhNAY0wMO2h8yzQGyxSk3Nkn-FcJWjAb2W5UyMQIH4Hg_aem_qt3490hy7imiLtT-zTSKqA" "Mozilla/5.0 (iPhone; CPU iPhone OS 26_6_2 like Mac OS X) AppleWebKit/605.1.15 (KHTML, like Gecko) Mobile/23G90 Instagram 444.0.0.31.65 (iPhone18,2; iOS 26_6_2; es_LA; es; scale=3.00; 1320x2868; IABMV/1; 1047335181) Safari/604.1"
200.68.167.35 - - [11/Sep/2026:13:28:54 -0400] "GET /wp-content/plugins/elementor-pro/assets/css/widget-testimonial-carousel.min.css?ver=4.2.3 HTTP/1.1" 200 19691 "https://heredit.mx/?utm_source=ig&utm_medium=social&utm_content=link_in_bio&fbclid=PAcGRvZgJmZGlkFlDj4uRmjm9-o1J5lN0uI0mLjmhIXi5leHRuA2FlbQIxMQBzcnRjBmFwcF9pZA8xMjQwMjQ1NzQyODc0MTQAAad6gRSz7-Ecu1DnWgOhNAY0wMO2h8yzQGyxSk3Nkn-FcJWjAb2W5UyMQIH4Hg_aem_qt3490hy7imiLtT-zTSKqA" "Mozilla/5.0 (iPhone; CPU iPhone OS 26_6_2 like Mac OS X) AppleWebKit/605.1.15 (KHTML, like Gecko) Mobile/23G90 Instagram 444.0.0.31.65 (iPhone18,2; iOS 26_6_2; es_LA; es; scale=3.00; 1320x2868; IABMV/1; 1047335181) Safari/604.1"
200.68.167.35 - - [11/Sep/2026:13:28:54 -0400] "GET /wp-content/plugins/elementor-pro/assets/css/widget-carousel-module-base.min.css?ver=4.2.3 HTTP/1.1" 200 3846 "https://heredit.mx/?utm_source=ig&utm_medium=social&utm_content=link_in_bio&fbclid=PAcGRvZgJmZGlkFlDj4uRmjm9-o1J5lN0uI0mLjmhIXi5leHRuA2FlbQIxMQBzcnRjBmFwcF9pZA8xMjQwMjQ1NzQyODc0MTQAAad6gRSz7-Ecu1DnWgOhNAY0wMO2h8yzQGyxSk3Nkn-FcJWjAb2W5UyMQIH4Hg_aem_qt3490hy7imiLtT-zTSKqA" "Mozilla/5.0 (iPhone; CPU iPhone OS 26_6_2 like Mac OS X) AppleWebKit/605.1.15 (KHTML, like Gecko) Mobile/23G90 Instagram 444.0.0.31.65 (iPhone18,2; iOS 26_6_2; es_LA; es; scale=3.00; 1320x2868; IABMV/1; 1047335181) Safari/604.1"
200.68.167.35 - - [11/Sep/2026:13:28:54 -0400] "GET /wp-content/plugins/elementor/assets/css/widget-divider.min.css?ver=4.2.4 HTTP/1.1" 200 4258 "https://heredit.mx/?utm_source=ig&utm_medium=social&utm_content=link_in_bio&fbclid=PAcGRvZgJmZGlkFlDj4uRmjm9-o1J5lN0uI0mLjmhIXi5leHRuA2FlbQIxMQBzcnRjBmFwcF9pZA8xMjQwMjQ1NzQyODc0MTQAAad6gRSz7-Ecu1DnWgOhNAY0wMO2h8yzQGyxSk3Nkn-FcJWjAb2W5UyMQIH4Hg_aem_qt3490hy7imiLtT-zTSKqA" "Mozilla/5.0 (iPhone; CPU iPhone OS 26_6_2 like Mac OS X) AppleWebKit/605.1.15 (KHTML, like Gecko) Mobile/23G90 Instagram 444.0.0.31.65 (iPhone18,2; iOS 26_6_2; es_LA; es; scale=3.00; 1320x2868; IABMV/1; 1047335181) Safari/604.1"
200.68.167.35 - - [11/Sep/2026:13:28:54 -0400] "GET /wp-content/plugins/elementor/assets/css/widget-google_maps.min.css?ver=4.2.4 HTTP/1.1" 200 261 "https://heredit.mx/?utm_source=ig&utm_medium=social&utm_content=link_in_bio&fbclid=PAcGRvZgJmZGlkFlDj4uRmjm9-o1J5lN0uI0mLjmhIXi5leHRuA2FlbQIxMQBzcnRjBmFwcF9pZA8xMjQwMjQ1NzQyODc0MTQAAad6gRSz7-Ecu1DnWgOhNAY0wMO2h8yzQGyxSk3Nkn-FcJWjAb2W5UyMQIH4Hg_aem_qt3490hy7imiLtT-zTSKqA" "Mozilla/5.0 (iPhone; CPU iPhone OS 26_6_2 like Mac OS X) AppleWebKit/605.1.15 (KHTML, like Gecko) Mobile/23G90 Instagram 444.0.0.31.65 (iPhone18,2; iOS 26_6_2; es_LA; es; scale=3.00; 1320x2868; IABMV/1; 1047335181) Safari/604.1"
200.68.167.35 - - [11/Sep/2026:13:28:54 -0400] "GET /wp-content/plugins/elementor/assets/css/widget-spacer.min.css?ver=4.2.4 HTTP/1.1" 200 1793 "https://heredit.mx/?utm_source=ig&utm_medium=social&utm_content=link_in_bio&fbclid=PAcGRvZgJmZGlkFlDj4uRmjm9-o1J5lN0uI0mLjmhIXi5leHRuA2FlbQIxMQBzcnRjBmFwcF9pZA8xMjQwMjQ1NzQyODc0MTQAAad6gRSz7-Ecu1DnWgOhNAY0wMO2h8yzQGyxSk3Nkn-FcJWjAb2W5UyMQIH4Hg_aem_qt3490hy7imiLtT-zTSKqA" "Mozilla/5.0 (iPhone; CPU iPhone OS 26_6_2 like Mac OS X) AppleWebKit/605.1.15 (KHTML, like Gecko) Mobile/23G90 Instagram 444.0.0.31.65 (iPhone18,2; iOS 26_6_2; es_LA; es; scale=3.00; 1320x2868; IABMV/1; 1047335181) Safari/604.1"
200.68.167.35 - - [11/Sep/2026:13:28:54 -0400] "GET /wp-content/plugins/elementor-pro/assets/css/widget-slides.min.css?ver=4.2.3 HTTP/1.1" 200 2341 "https://heredit.mx/?utm_source=ig&utm_medium=social&utm_content=link_in_bio&fbclid=PAcGRvZgJmZGlkFlDj4uRmjm9-o1J5lN0uI0mLjmhIXi5leHRuA2FlbQIxMQBzcnRjBmFwcF9pZA8xMjQwMjQ1NzQyODc0MTQAAad6gRSz7-Ecu1DnWgOhNAY0wMO2h8yzQGyxSk3Nkn-FcJWjAb2W5UyMQIH4Hg_aem_qt3490hy7imiLtT-zTSKqA" "Mozilla/5.0 (iPhone; CPU iPhone OS 26_6_2 like Mac OS X) AppleWebKit/605.1.15 (KHTML, like Gecko) Mobile/23G90 Instagram 444.0.0.31.65 (iPhone18,2; iOS 26_6_2; es_LA; es; scale=3.00; 1320x2868; IABMV/1; 1047335181) Safari/604.1"
200.68.167.35 - - [11/Sep/2026:13:28:54 -0400] "GET /wp-content/plugins/wpforms/assets/css/frontend/modern/wpforms-full.min.css?ver=1.10.2.1 HTTP/1.1" 200 167602 "https://heredit.mx/?utm_source=ig&utm_medium=social&utm_content=link_in_bio&fbclid=PAcGRvZgJmZGlkFlDj4uRmjm9-o1J5lN0uI0mLjmhIXi5leHRuA2FlbQIxMQBzcnRjBmFwcF9pZA8xMjQwMjQ1NzQyODc0MTQAAad6gRSz7-Ecu1DnWgOhNAY0wMO2h8yzQGyxSk3Nkn-FcJWjAb2W5UyMQIH4Hg_aem_qt3490hy7imiLtT-zTSKqA" "Mozilla/5.0 (iPhone; CPU iPhone OS 26_6_2 like Mac OS X) AppleWebKit/605.1.15 (KHTML, like Gecko) Mobile/23G90 Instagram 444.0.0.31.65 (iPhone18,2; iOS 26_6_2; es_LA; es; scale=3.00; 1320x2868; IABMV/1; 1047335181) Safari/604.1"
200.68.167.35 - - [11/Sep/2026:13:28:54 -0400] "GET /wp-content/plugins/wpforms/assets/pro/css/frontend/modern/wpforms-full.min.css?ver=1.10.2.1 HTTP/1.1" 200 87485 "https://heredit.mx/?utm_source=ig&utm_medium=social&utm_content=link_in_bio&fbclid=PAcGRvZgJmZGlkFlDj4uRmjm9-o1J5lN0uI0mLjmhIXi5leHRuA2FlbQIxMQBzcnRjBmFwcF9pZA8xMjQwMjQ1NzQyODc0MTQAAad6gRSz7-Ecu1DnWgOhNAY0wMO2h8yzQGyxSk3Nkn-FcJWjAb2W5UyMQIH4Hg_aem_qt3490hy7imiLtT-zTSKqA" "Mozilla/5.0 (iPhone; CPU iPhone OS 26_6_2 like Mac OS X) AppleWebKit/605.1.15 (KHTML, like Gecko) Mobile/23G90 Instagram 444.0.0.31.65 (iPhone18,2; iOS 26_6_2; es_LA; es; scale=3.00; 1320x2868; IABMV/1; 1047335181) Safari/604.1"
200.68.167.35 - - [11/Sep/2026:13:28:54 -0400] "GET /wp-content/cache/min/1/wp-content/uploads/elementor/css/post-298.css?ver=1789063679 HTTP/1.1" 200 91218 "https://heredit.mx/?utm_source=ig&utm_medium=social&utm_content=link_in_bio&fbclid=PAcGRvZgJmZGlkFlDj4uRmjm9-o1J5lN0uI0mLjmhIXi5leHRuA2FlbQIxMQBzcnRjBmFwcF9pZA8xMjQwMjQ1NzQyODc0MTQAAad6gRSz7-Ecu1DnWgOhNAY0wMO2h8yzQGyxSk3Nkn-FcJWjAb2W5UyMQIH4Hg_aem_qt3490hy7imiLtT-zTSKqA" "Mozilla/5.0 (iPhone; CPU iPhone OS 26_6_2 like Mac OS X) AppleWebKit/605.1.15 (KHTML, like Gecko) Mobile/23G90 Instagram 444.0.0.31.65 (iPhone18,2; iOS 26_6_2; es_LA; es; scale=3.00; 1320x2868; IABMV/1; 1047335181) Safari/604.1"
200.68.167.35 - - [11/Sep/2026:13:28:54 -0400] "GET /wp-content/cache/min/1/wp-content/uploads/elementor/css/post-1208.css?ver=1789063679 HTTP/1.1" 200 36816 "https://heredit.mx/?utm_source=ig&utm_medium=social&utm_content=link_in_bio&fbclid=PAcGRvZgJmZGlkFlDj4uRmjm9-o1J5lN0uI0mLjmhIXi5leHRuA2FlbQIxMQBzcnRjBmFwcF9pZA8xMjQwMjQ1NzQyODc0MTQAAad6gRSz7-Ecu1DnWgOhNAY0wMO2h8yzQGyxSk3Nkn-FcJWjAb2W5UyMQIH4Hg_aem_qt3490hy7imiLtT-zTSKqA" "Mozilla/5.0 (iPhone; CPU iPhone OS 26_6_2 like Mac OS X) AppleWebKit/605.1.15 (KHTML, like Gecko) Mobile/23G90 Instagram 444.0.0.31.65 (iPhone18,2; iOS 26_6_2; es_LA; es; scale=3.00; 1320x2868; IABMV/1; 1047335181) Safari/604.1"
200.68.167.35 - - [11/Sep/2026:13:28:54 -0400] "GET /wp-content/cache/min/1/wp-content/uploads/elementor/css/post-48.css?ver=1789063679 HTTP/1.1" 200 44617 "https://heredit.mx/?utm_source=ig&utm_medium=social&utm_content=link_in_bio&fbclid=PAcGRvZgJmZGlkFlDj4uRmjm9-o1J5lN0uI0mLjmhIXi5leHRuA2FlbQIxMQBzcnRjBmFwcF9pZA8xMjQwMjQ1NzQyODc0MTQAAad6gRSz7-Ecu1DnWgOhNAY0wMO2h8yzQGyxSk3Nkn-FcJWjAb2W5UyMQIH4Hg_aem_qt3490hy7imiLtT-zTSKqA" "Mozilla/5.0 (iPhone; CPU iPhone OS 26_6_2 like Mac OS X) AppleWebKit/605.1.15 (KHTML, like Gecko) Mobile/23G90 Instagram 444.0.0.31.65 (iPhone18,2; iOS 26_6_2; es_LA; es; scale=3.00; 1320x2868; IABMV/1; 1047335181) Safari/604.1"
200.68.167.35 - - [11/Sep/2026:13:28:54 -0400] "GET /wp-content/cache/min/1/wp-content/uploads/elementor/css/post-1738.css?ver=1789063679 HTTP/1.1" 200 1603 "https://heredit.mx/?utm_source=ig&utm_medium=social&utm_content=link_in_bio&fbclid=PAcGRvZgJmZGlkFlDj4uRmjm9-o1J5lN0uI0mLjmhIXi5leHRuA2FlbQIxMQBzcnRjBmFwcF9pZA8xMjQwMjQ1NzQyODc0MTQAAad6gRSz7-Ecu1DnWgOhNAY0wMO2h8yzQGyxSk3Nkn-FcJWjAb2W5UyMQIH4Hg_aem_qt3490hy7imiLtT-zTSKqA" "Mozilla/5.0 (iPhone; CPU iPhone OS 26_6_2 like Mac OS X) AppleWebKit/605.1.15 (KHTML, like Gecko) Mobile/23G90 Instagram 444.0.0.31.65 (iPhone18,2; iOS 26_6_2; es_LA; es; scale=3.00; 1320x2868; IABMV/1; 1047335181) Safari/604.1"
200.68.167.35 - - [11/Sep/2026:13:28:54 -0400] "GET /wp-content/uploads/2024/05/Times.ttf HTTP/1.1" 200 150644 "https://heredit.mx/?utm_source=ig&utm_medium=social&utm_content=link_in_bio&fbclid=PAcGRvZgJmZGlkFlDj4uRmjm9-o1J5lN0uI0mLjmhIXi5leHRuA2FlbQIxMQBzcnRjBmFwcF9pZA8xMjQwMjQ1NzQyODc0MTQAAad6gRSz7-Ecu1DnWgOhNAY0wMO2h8yzQGyxSk3Nkn-FcJWjAb2W5UyMQIH4Hg_aem_qt3490hy7imiLtT-zTSKqA" "Mozilla/5.0 (iPhone; CPU iPhone OS 26_6_2 like Mac OS X) AppleWebKit/605.1.15 (KHTML, like Gecko) Mobile/23G90 Instagram 444.0.0.31.65 (iPhone18,2; iOS 26_6_2; es_LA; es; scale=3.00; 1320x2868; IABMV/1; 1047335181) Safari/604.1"
200.68.167.35 - - [11/Sep/2026:13:28:54 -0400] "GET /wp-content/plugins/wpforms/assets/pro/css/fields/layout.min.css?ver=1.10.2.1 HTTP/1.1" 200 41126 "https://heredit.mx/?utm_source=ig&utm_medium=social&utm_content=link_in_bio&fbclid=PAcGRvZgJmZGlkFlDj4uRmjm9-o1J5lN0uI0mLjmhIXi5leHRuA2FlbQIxMQBzcnRjBmFwcF9pZA8xMjQwMjQ1NzQyODc0MTQAAad6gRSz7-Ecu1DnWgOhNAY0wMO2h8yzQGyxSk3Nkn-FcJWjAb2W5UyMQIH4Hg_aem_qt3490hy7imiLtT-zTSKqA" "Mozilla/5.0 (iPhone; CPU iPhone OS 26_6_2 like Mac OS X) AppleWebKit/605.1.15 (KHTML, like Gecko) Mobile/23G90 Instagram 444.0.0.31.65 (iPhone18,2; iOS 26_6_2; es_LA; es; scale=3.00; 1320x2868; IABMV/1; 1047335181) Safari/604.1"
200.68.167.35 - - [11/Sep/2026:13:28:54 -0400] "GET /wp-content/plugins/wpforms/assets/pro/css/fields/layout-screen-small.min.css?ver=1.10.2.1 HTTP/1.1" 200 1664 "https://heredit.mx/?utm_source=ig&utm_medium=social&utm_content=link_in_bio&fbclid=PAcGRvZgJmZGlkFlDj4uRmjm9-o1J5lN0uI0mLjmhIXi5leHRuA2FlbQIxMQBzcnRjBmFwcF9pZA8xMjQwMjQ1NzQyODc0MTQAAad6gRSz7-Ecu1DnWgOhNAY0wMO2h8yzQGyxSk3Nkn-FcJWjAb2W5UyMQIH4Hg_aem_qt3490hy7imiLtT-zTSKqA" "Mozilla/5.0 (iPhone; CPU iPhone OS 26_6_2 like Mac OS X) AppleWebKit/605.1.15 (KHTML, like Gecko) Mobile/23G90 Instagram 444.0.0.31.65 (iPhone18,2; iOS 26_6_2; es_LA; es; scale=3.00; 1320x2868; IABMV/1; 1047335181) Safari/604.1"
