199.250.222.155 - - [11/Sep/2026:10:57:50 -0400] "POST /wp-cron.php?doing_wp_cron=1789138670.3996679782867431640625 HTTP/1.1" 200 - "-" "WordPress/7.1; https://heredit.mx"
66.249.68.192 - - [11/Sep/2026:10:57:49 -0400] "GET /?a=biosculpture-poster-cc-jQKaZZfO HTTP/1.1" 200 223679 "-" "Mozilla/5.0 (Linux; Android 6.0.1; Nexus 5X Build/MMB29P) AppleWebKit/537.36 (KHTML, like Gecko) Chrome/153.0.8010.36 Mobile Safari/537.36 (compatible; Googlebot/2.1; +http://www.google.com/bot.html)"
199.250.222.155 - - [11/Sep/2026:10:58:41 -0400] "POST /wp-cron.php?doing_wp_cron=1789138721.7608280181884765625000 HTTP/1.1" 200 - "-" "WordPress/7.1; https://heredit.mx"
66.249.68.193 - - [11/Sep/2026:10:58:41 -0400] "GET /?a=ellie-mae-designs-k113-baby-shoes-sewing-pattern-infant-cc-3vQQMKfV HTTP/1.1" 200 223823 "-" "Mozilla/5.0 (Linux; Android 6.0.1; Nexus 5X Build/MMB29P) AppleWebKit/537.36 (KHTML, like Gecko) Chrome/153.0.8010.36 Mobile Safari/537.36 (compatible; GoogleOther)"
66.249.68.192 - - [11/Sep/2026:10:58:56 -0400] "GET /wp-content/plugins/elementor/assets/css/widget-heading.min.css?ver=4.2.4 HTTP/1.1" 200 560 "https://heredit.mx/?a=ellie-mae-designs-k113-baby-shoes-sewing-pattern-infant-cc-3vQQMKfV" "Mozilla/5.0 (Linux; Android 6.0.1; Nexus 5X Build/MMB29P) AppleWebKit/537.36 (KHTML, like Gecko) Chrome/153.0.8010.36 Mobile Safari/537.36 (compatible; GoogleOther)"
199.250.222.155 - - [11/Sep/2026:10:59:33 -0400] "POST /wp-cron.php?doing_wp_cron=1789138773.1643679141998291015625 HTTP/1.1" 200 - "-" "WordPress/7.1; https://heredit.mx"
66.249.68.193 - - [11/Sep/2026:10:59:32 -0400] "GET /?a=biosculpture-poster-cc-jQKaZZfO HTTP/1.1" 200 223679 "-" "Mozilla/5.0 (Linux; Android 6.0.1; Nexus 5X Build/MMB29P) AppleWebKit/537.36 (KHTML, like Gecko) Chrome/153.0.8010.36 Mobile Safari/537.36 (compatible; GoogleOther)"
40.77.167.77 - - [11/Sep/2026:10:59:38 -0400] "GET /lyrichord/chiotilla702408.html HTTP/1.1" 404 123212 "-" "Mozilla/5.0 AppleWebKit/537.36 (KHTML, like Gecko; compatible; bingbot/2.0; +http://www.bing.com/bingbot.htm) Chrome/116.0.1938.76 Safari/537.36"
66.249.68.192 - - [11/Sep/2026:10:59:43 -0400] "GET /sliders/desarrollos/style.css HTTP/1.1" 200 5112 "https://heredit.mx/sliders/desarrollos/index.html" "Mozilla/5.0 (Linux; Android 6.0.1; Nexus 5X Build/MMB29P) AppleWebKit/537.36 (KHTML, like Gecko) Chrome/153.0.8010.36 Mobile Safari/537.36 (compatible; GoogleOther)"
66.249.68.193 - - [11/Sep/2026:10:59:43 -0400] "GET /sliders/desarrollos/style.css HTTP/1.1" 200 5112 "https://heredit.mx/sliders/desarrollos/index.html" "Mozilla/5.0 (Linux; Android 6.0.1; Nexus 5X Build/MMB29P) AppleWebKit/537.36 (KHTML, like Gecko) Chrome/153.0.8010.36 Mobile Safari/537.36 (compatible; GoogleOther)"
66.249.68.194 - - [11/Sep/2026:11:00:24 -0400] "GET /?a=ellie-mae-designs-k113-baby-shoes-sewing-pattern-infant-cc-3vQQMKfV HTTP/1.1" 200 223823 "-" "Mozilla/5.0 (Linux; Android 6.0.1; Nexus 5X Build/MMB29P) AppleWebKit/537.36 (KHTML, like Gecko) Chrome/153.0.8010.36 Mobile Safari/537.36 (compatible; GoogleOther)"
66.249.68.192 - - [11/Sep/2026:11:00:38 -0400] "GET /wp-includes/js/wp-util.min.js?ver=7.1 HTTP/1.1" 200 1431 "https://heredit.mx/?a=ellie-mae-designs-k113-baby-shoes-sewing-pattern-infant-cc-3vQQMKfV" "Mozilla/5.0 (Linux; Android 6.0.1; Nexus 5X Build/MMB29P) AppleWebKit/537.36 (KHTML, like Gecko) Chrome/153.0.8010.36 Mobile Safari/537.36 (compatible; GoogleOther)"
199.250.222.155 - - [11/Sep/2026:11:01:16 -0400] "POST /wp-cron.php?doing_wp_cron=1789138875.9818050861358642578125 HTTP/1.1" 200 - "-" "WordPress/7.1; https://heredit.mx"
66.249.68.193 - - [11/Sep/2026:11:01:15 -0400] "GET /?a=sneak-peek-cowboy-chicken-rotisserie-chicken-eatery-opening-thursday-cc-ZdGGQRHv HTTP/1.1" 200 223875 "-" "Mozilla/5.0 (Linux; Android 6.0.1; Nexus 5X Build/MMB29P) AppleWebKit/537.36 (KHTML, like Gecko) Chrome/153.0.8010.36 Mobile Safari/537.36 (compatible; GoogleOther)"
199.250.222.155 - - [11/Sep/2026:11:02:28 -0400] "POST /wp-cron.php?doing_wp_cron=1789138948.4099459648132324218750 HTTP/1.1" 200 - "-" "WordPress/7.1; https://heredit.mx"
52.203.68.145 - - [11/Sep/2026:11:02:27 -0400] "GET /?a=10-pieces-small-notepad-holder-set-pocket-notebook-x-cc-ZPvnMaiv HTTP/1.1" 200 223811 "-" "Mozilla/5.0 AppleWebKit/537.36 (KHTML, like Gecko; compatible; Amazonbot/0.1; +https://developer.amazon.com/support/amazonbot) Chrome/119.0.6045.214 Safari/537.36"
66.249.68.192 - - [11/Sep/2026:11:03:24 -0400] "GET /?a=%D0%91%D0%BE%D1%82%D0%B8%D0%BD%D0%BA%D0%B8-timberland-stormbucks-chelsea-%D1%87%D0%B5%D1%80%D0%BD%D1%8B%D0%B9-%E2%80%93-%D0%BA%D1%83%D0%BF%D0%B8%D1%82%D1%8C-%D0%BF%D0%BE-%D0%B2%D1%8B%D0%B3%D0%BE%D0%B4%D0%BD%D1%8B%D0%BC-cc-zJEOQPcG HTTP/1.1" 200 224231 "-" "Mozilla/5.0 (Linux; Android 6.0.1; Nexus 5X Build/MMB29P) AppleWebKit/537.36 (KHTML, like Gecko) Chrome/153.0.8010.36 Mobile Safari/537.36 (compatible; Googlebot/2.1; +http://www.google.com/bot.html)"
66.249.68.193 - - [11/Sep/2026:11:03:31 -0400] "GET /wp-content/plugins/wpforms/assets/lib/jquery.validate.min.js?ver=1.21.0 HTTP/1.1" 200 25308 "https://heredit.mx/?a=%D0%91%D0%BE%D1%82%D0%B8%D0%BD%D0%BA%D0%B8-timberland-stormbucks-chelsea-%D1%87%D0%B5%D1%80%D0%BD%D1%8B%D0%B9-%E2%80%93-%D0%BA%D1%83%D0%BF%D0%B8%D1%82%D1%8C-%D0%BF%D0%BE-%D0%B2%D1%8B%D0%B3%D0%BE%D0%B4%D0%BD%D1%8B%D0%BC-cc-zJEOQPcG" "Mozilla/5.0 (Linux; Android 6.0.1; Nexus 5X Build/MMB29P) AppleWebKit/537.36 (KHTML, like Gecko) Chrome/153.0.8010.36 Mobile Safari/537.36 (compatible; Googlebot/2.1; +http://www.google.com/bot.html)"
8.217.145.188 - - [11/Sep/2026:11:03:45 -0400] "GET / HTTP/1.1" 200 391369 "-" "Mozilla/5.0 (Windows NT 10.0; Win64; x64) AppleWebKit/537.36 (KHTML, like Gecko) Chrome/120.0.0.0 Safari/537.36"
8.217.145.188 - - [11/Sep/2026:11:03:49 -0400] "GET / HTTP/1.1" 200 391369 "-" "Mozilla/5.0 (Windows NT 10.0; Win64; x64) AppleWebKit/537.36 (KHTML, like Gecko) Chrome/120.0.0.0 Safari/537.36"
66.249.68.192 - - [11/Sep/2026:11:03:49 -0400] "GET /?a=%D0%91%D0%BE%D1%82%D0%B8%D0%BD%D0%BA%D0%B8-timberland-stormbucks-chelsea-%D1%87%D0%B5%D1%80%D0%BD%D1%8B%D0%B9-%E2%80%93-%D0%BA%D1%83%D0%BF%D0%B8%D1%82%D1%8C-%D0%BF%D0%BE-%D0%B2%D1%8B%D0%B3%D0%BE%D0%B4%D0%BD%D1%8B%D0%BC-cc-zJEOQPcG HTTP/1.1" 200 224231 "-" "Mozilla/5.0 (Linux; Android 6.0.1; Nexus 5X Build/MMB29P) AppleWebKit/537.36 (KHTML, like Gecko) Chrome/153.0.8010.36 Mobile Safari/537.36 (compatible; GoogleOther)"
199.250.222.155 - - [11/Sep/2026:11:05:07 -0400] "POST /wp-cron.php?doing_wp_cron=1789139107.0023128986358642578125 HTTP/1.1" 200 - "-" "WordPress/7.1; https://heredit.mx"
66.249.66.204 - - [11/Sep/2026:11:05:06 -0400] "GET /?a=beka-street-lights-off-58%-shipping-free-cc-vxzbE8uP HTTP/1.1" 301 - "-" "Mozilla/5.0 (Linux; Android 6.0.1; Nexus 5X Build/MMB29P) AppleWebKit/537.36 (KHTML, like Gecko) Chrome/153.0.8010.36 Mobile Safari/537.36 (compatible; Googlebot/2.1; +http://www.google.com/bot.html)"
66.249.68.192 - - [11/Sep/2026:11:05:07 -0400] "GET /?a=beka-street-lights-off-58%25-shipping-free-cc-vxzbE8uP HTTP/1.1" 200 223767 "-" "Mozilla/5.0 (Linux; Android 6.0.1; Nexus 5X Build/MMB29P) AppleWebKit/537.36 (KHTML, like Gecko) Chrome/153.0.8010.36 Mobile Safari/537.36 (compatible; Googlebot/2.1; +http://www.google.com/bot.html)"
192.178.11.161 - - [11/Sep/2026:11:05:29 -0400] "GET / HTTP/1.1" 200 59621 "-" "Mozilla/5.0 (Linux; Android 6.0.1; Nexus 5X Build/MMB29P) AppleWebKit/537.36 (KHTML, like Gecko) Chrome/153.0.8010.36 Mobile Safari/537.36 (compatible; Google-Adwords-Instant-Mobile; +http://www.google.com/mobile/adsbot.html)"
192.178.11.162 - - [11/Sep/2026:11:05:29 -0400] "GET / HTTP/1.1" 200 59621 "-" "Mozilla/5.0 (Linux; Android 6.0.1; Nexus 5X Build/MMB29P) AppleWebKit/537.36 (KHTML, like Gecko) Chrome/153.0.8010.36 Mobile Safari/537.36 (compatible; Google-Adwords-Instant-Mobile; +http://www.google.com/mobile/adsbot.html)"
66.249.68.193 - - [11/Sep/2026:11:05:32 -0400] "GET /?a=beka-street-lights-off-58%-shipping-free-cc-vxzbE8uP HTTP/1.1" 301 - "-" "Mozilla/5.0 (Linux; Android 6.0.1; Nexus 5X Build/MMB29P) AppleWebKit/537.36 (KHTML, like Gecko) Chrome/153.0.8010.36 Mobile Safari/537.36 (compatible; GoogleOther)"
66.249.68.193 - - [11/Sep/2026:11:05:33 -0400] "GET /?a=beka-street-lights-off-58%25-shipping-free-cc-vxzbE8uP HTTP/1.1" 200 223767 "-" "Mozilla/5.0 (Linux; Android 6.0.1; Nexus 5X Build/MMB29P) AppleWebKit/537.36 (KHTML, like Gecko) Chrome/153.0.8010.36 Mobile Safari/537.36 (compatible; GoogleOther)"
74.125.150.192 - - [11/Sep/2026:11:05:51 -0400] "GET / HTTP/1.1" 200 59621 "-" "Mozilla/5.0 (Linux; Android 6.0.1; Nexus 5X Build/MMB29P) AppleWebKit/537.36 (KHTML, like Gecko) Chrome/153.0.8010.36 Mobile Safari/537.36 (compatible; AdsBot-Google-Mobile; +http://www.google.com/mobile/adsbot.html)"
74.125.150.192 - - [11/Sep/2026:11:05:54 -0400] "GET /wp-content/cache/min/1/wp-content/themes/hello-elementor/assets/css/header-footer.css?ver=1789063679 HTTP/1.1" 200 7533 "https://heredit.mx/" "AdsBot-Google (+http://www.google.com/adsbot.html)"
74.125.150.192 - - [11/Sep/2026:11:05:54 -0400] "GET /wp-content/plugins/elementor-pro/assets/css/modules/motion-fx.min.css?ver=4.2.3 HTTP/1.1" 200 778 "https://heredit.mx/" "AdsBot-Google (+http://www.google.com/adsbot.html)"
74.125.150.192 - - [11/Sep/2026:11:05:54 -0400] "GET /wp-content/plugins/elementor/assets/css/widget-google_maps.min.css?ver=4.2.4 HTTP/1.1" 200 261 "https://heredit.mx/" "AdsBot-Google (+http://www.google.com/adsbot.html)"
74.125.150.192 - - [11/Sep/2026:11:05:54 -0400] "GET /wp-content/plugins/elementor-pro/assets/css/widget-testimonial-carousel.min.css?ver=4.2.3 HTTP/1.1" 200 19691 "https://heredit.mx/" "AdsBot-Google (+http://www.google.com/adsbot.html)"
74.125.150.192 - - [11/Sep/2026:11:05:55 -0400] "GET /wp-content/cache/min/1/wp-content/uploads/elementor/css/post-48.css?ver=1789063679 HTTP/1.1" 200 44617 "https://heredit.mx/" "AdsBot-Google (+http://www.google.com/adsbot.html)"
74.125.150.192 - - [11/Sep/2026:11:05:55 -0400] "GET /wp-content/plugins/elementor/assets/css/widget-image.min.css?ver=4.2.4 HTTP/1.1" 200 214 "https://heredit.mx/" "AdsBot-Google (+http://www.google.com/adsbot.html)"
74.125.150.192 - - [11/Sep/2026:11:05:55 -0400] "GET /wp-content/plugins/elementor/assets/css/widget-divider.min.css?ver=4.2.4 HTTP/1.1" 200 4258 "https://heredit.mx/" "AdsBot-Google (+http://www.google.com/adsbot.html)"
74.125.150.192 - - [11/Sep/2026:11:05:55 -0400] "GET /wp-content/plugins/elementor/assets/css/conditionals/e-swiper.min.css?ver=4.2.4 HTTP/1.1" 200 5486 "https://heredit.mx/" "AdsBot-Google (+http://www.google.com/adsbot.html)"
74.125.150.192 - - [11/Sep/2026:11:05:55 -0400] "GET /wp-content/plugins/elementor/assets/lib/animations/styles/fadeInDown.min.css?ver=4.2.4 HTTP/1.1" 200 137 "https://heredit.mx/" "AdsBot-Google (+http://www.google.com/adsbot.html)"
74.125.150.192 - - [11/Sep/2026:11:05:55 -0400] "GET /wp-content/plugins/elementor/assets/lib/animations/styles/fadeIn.min.css?ver=4.2.4 HTTP/1.1" 200 77 "https://heredit.mx/" "AdsBot-Google (+http://www.google.com/adsbot.html)"
74.125.150.192 - - [11/Sep/2026:11:05:56 -0400] "GET /wp-content/cache/min/1/wp-content/plugins/elementor/assets/lib/swiper/v8/css/swiper.min.css?ver=1789063679 HTTP/1.1" 200 16223 "https://heredit.mx/" "AdsBot-Google (+http://www.google.com/adsbot.html)"
74.125.150.192 - - [11/Sep/2026:11:05:56 -0400] "GET /wp-content/plugins/elementor/assets/css/conditionals/apple-webkit.min.css?ver=4.2.4 HTTP/1.1" 200 6713 "https://heredit.mx/" "AdsBot-Google (+http://www.google.com/adsbot.html)"
74.125.150.192 - - [11/Sep/2026:11:05:56 -0400] "GET /wp-content/plugins/essential-addons-for-elementor-lite/assets/front-end/css/view/general.min.css?ver=6.8.3 HTTP/1.1" 200 7746 "https://heredit.mx/" "AdsBot-Google (+http://www.google.com/adsbot.html)"
74.125.150.192 - - [11/Sep/2026:11:05:56 -0400] "GET /wp-content/uploads/2024/06/ProximaNova-Light.ttf HTTP/1.1" 200 132104 "https://heredit.mx/" "AdsBot-Google (+http://www.google.com/adsbot.html)"
74.125.150.192 - - [11/Sep/2026:11:05:56 -0400] "GET /wp-content/plugins/elementor-pro/assets/css/widget-slides.min.css?ver=4.2.3 HTTP/1.1" 200 2341 "https://heredit.mx/" "AdsBot-Google (+http://www.google.com/adsbot.html)"
74.125.150.192 - - [11/Sep/2026:11:05:56 -0400] "GET /wp-content/plugins/elementor/assets/css/widget-spacer.min.css?ver=4.2.4 HTTP/1.1" 200 1793 "https://heredit.mx/" "AdsBot-Google (+http://www.google.com/adsbot.html)"
74.125.150.192 - - [11/Sep/2026:11:05:56 -0400] "GET /wp-content/uploads/2024/05/Didot-Bold.ttf HTTP/1.1" 200 53944 "https://heredit.mx/" "AdsBot-Google (+http://www.google.com/adsbot.html)"
66.249.68.192 - - [11/Sep/2026:11:05:58 -0400] "GET /?a=eat-your-worries-canvas-art-print-by-steven-rhodes-cc-MMOPGOU2 HTTP/1.1" 200 223803 "-" "Mozilla/5.0 (Linux; Android 6.0.1; Nexus 5X Build/MMB29P) AppleWebKit/537.36 (KHTML, like Gecko) Chrome/153.0.8010.36 Mobile Safari/537.36 (compatible; GoogleOther)"
66.249.68.192 - - [11/Sep/2026:11:06:24 -0400] "GET /?a=eat-your-worries-canvas-art-print-by-steven-rhodes-cc-MMOPGOU2 HTTP/1.1" 200 223803 "-" "Mozilla/5.0 (Linux; Android 6.0.1; Nexus 5X Build/MMB29P) AppleWebKit/537.36 (KHTML, like Gecko) Chrome/153.0.8010.36 Mobile Safari/537.36 (compatible; Googlebot/2.1; +http://www.google.com/bot.html)"
199.250.222.155 - - [11/Sep/2026:11:07:20 -0400] "POST /wp-cron.php?doing_wp_cron=1789139240.6449201107025146484375 HTTP/1.1" 200 - "-" "WordPress/7.1; https://heredit.mx"
44.251.135.208 - - [11/Sep/2026:11:07:20 -0400] "GET /robots.txt HTTP/1.1" 200 267 "-" "Mozilla/5.0 (compatible; wpbot/1.4; +https://forms.gle/ajBaxygz9jSR8p8G9)"
44.251.135.208 - - [11/Sep/2026:11:07:20 -0400] "GET / HTTP/1.1" 200 59621 "-" "Mozilla/5.0 (compatible; wpbot/1.4; +https://forms.gle/ajBaxygz9jSR8p8G9)"
199.250.222.155 - - [11/Sep/2026:11:08:07 -0400] "POST /wp-cron.php?doing_wp_cron=1789139287.1829140186309814453125 HTTP/1.1" 200 - "-" "WordPress/7.1; https://heredit.mx"
66.249.68.194 - - [11/Sep/2026:11:08:06 -0400] "GET /?a=seiko-prospex-srpf07k1-samurai-watchcharts-cc-KwvZOzcQ HTTP/1.1" 200 223771 "-" "Mozilla/5.0 (Linux; Android 6.0.1; Nexus 5X Build/MMB29P) AppleWebKit/537.36 (KHTML, like Gecko) Chrome/153.0.8010.36 Mobile Safari/537.36 (compatible; Googlebot/2.1; +http://www.google.com/bot.html)"
66.249.68.192 - - [11/Sep/2026:11:08:18 -0400] "GET /sliders/descripcion/style.css HTTP/1.1" 200 1455 "https://heredit.mx/sliders/descripcion/index.html" "Mozilla/5.0 (Linux; Android 6.0.1; Nexus 5X Build/MMB29P) AppleWebKit/537.36 (KHTML, like Gecko) Chrome/153.0.8010.36 Mobile Safari/537.36 (compatible; Googlebot/2.1; +http://www.google.com/bot.html)"
40.77.167.77 - - [11/Sep/2026:11:08:25 -0400] "GET /GsNw/eggler397802/?a=10-1291-1 HTTP/1.1" 404 121299 "-" "Mozilla/5.0 AppleWebKit/537.36 (KHTML, like Gecko; compatible; bingbot/2.0; +http://www.bing.com/bingbot.htm) Chrome/116.0.1938.76 Safari/537.36"
199.250.222.155 - - [11/Sep/2026:11:09:32 -0400] "POST /wp-cron.php?doing_wp_cron=1789139371.9767210483551025390625 HTTP/1.1" 200 - "-" "WordPress/7.1; https://heredit.mx"
40.77.167.151 - - [11/Sep/2026:11:09:31 -0400] "GET /GsNw/eggler397802/?a=10-1291-1 HTTP/1.1" 404 121299 "-" "Mozilla/5.0 AppleWebKit/537.36 (KHTML, like Gecko; compatible; bingbot/2.0; +http://www.bing.com/bingbot.htm) Chrome/116.0.1938.76 Safari/537.36"
199.250.222.155 - - [11/Sep/2026:11:11:32 -0400] "POST /wp-cron.php?doing_wp_cron=1789139492.4229600429534912109375 HTTP/1.1" 200 - "-" "WordPress/7.1; https://heredit.mx"
66.249.68.192 - - [11/Sep/2026:11:11:32 -0400] "GET /?a=mattifying-primer-%E2%80%93-100%-pure-cc-2KL5MbTw HTTP/1.1" 301 - "-" "Mozilla/5.0 (Linux; Android 6.0.1; Nexus 5X Build/MMB29P) AppleWebKit/537.36 (KHTML, like Gecko) Chrome/153.0.8010.36 Mobile Safari/537.36 (compatible; GoogleOther)"
66.249.68.192 - - [11/Sep/2026:11:11:32 -0400] "GET /?a=mattifying-primer-%E2%80%93-100%25-pure-cc-2KL5MbTw HTTP/1.1" 200 223743 "-" "Mozilla/5.0 (Linux; Android 6.0.1; Nexus 5X Build/MMB29P) AppleWebKit/537.36 (KHTML, like Gecko) Chrome/153.0.8010.36 Mobile Safari/537.36 (compatible; GoogleOther)"
66.249.68.192 - - [11/Sep/2026:11:11:58 -0400] "GET /?a=weeyi-denim-cuisine-tablier-de-cuisine-avec-bandouli%C3%A8re-en-cc-pZ4RmnSx HTTP/1.1" 200 223847 "-" "Mozilla/5.0 (Linux; Android 6.0.1; Nexus 5X Build/MMB29P) AppleWebKit/537.36 (KHTML, like Gecko) Chrome/153.0.8010.36 Mobile Safari/537.36 (compatible; Googlebot/2.1; +http://www.google.com/bot.html)"
66.249.68.194 - - [11/Sep/2026:11:12:02 -0400] "GET /wp-content/plugins/elementor-pro/assets/css/widget-testimonial-carousel.min.css?ver=4.2.3 HTTP/1.1" 200 19691 "https://heredit.mx/?a=weeyi-denim-cuisine-tablier-de-cuisine-avec-bandouli%C3%A8re-en-cc-pZ4RmnSx" "Mozilla/5.0 (Linux; Android 6.0.1; Nexus 5X Build/MMB29P) AppleWebKit/537.36 (KHTML, like Gecko) Chrome/153.0.8010.36 Mobile Safari/537.36 (compatible; Googlebot/2.1; +http://www.google.com/bot.html)"
66.249.68.194 - - [11/Sep/2026:11:12:03 -0400] "GET /wp-content/plugins/elementor-pro/assets/js/frontend.min.js?ver=4.2.3 HTTP/1.1" 200 23939 "https://heredit.mx/?a=weeyi-denim-cuisine-tablier-de-cuisine-avec-bandouli%C3%A8re-en-cc-pZ4RmnSx" "Mozilla/5.0 (Linux; Android 6.0.1; Nexus 5X Build/MMB29P) AppleWebKit/537.36 (KHTML, like Gecko) Chrome/153.0.8010.36 Mobile Safari/537.36 (compatible; Googlebot/2.1; +http://www.google.com/bot.html)"
66.249.68.192 - - [11/Sep/2026:11:12:06 -0400] "GET /sliders/descripcion/style.css HTTP/1.1" 200 1455 "https://heredit.mx/sliders/descripcion/index.html" "Mozilla/5.0 (Linux; Android 6.0.1; Nexus 5X Build/MMB29P) AppleWebKit/537.36 (KHTML, like Gecko) Chrome/153.0.8010.36 Mobile Safari/537.36 (compatible; Googlebot/2.1; +http://www.google.com/bot.html)"
66.249.68.192 - - [11/Sep/2026:11:12:24 -0400] "GET /?a=hellblazer-omnibus-hc-2020-dc-black-label-by-garth-cc-RBqLyYf7 HTTP/1.1" 200 223803 "-" "Mozilla/5.0 (Linux; Android 6.0.1; Nexus 5X Build/MMB29P) AppleWebKit/537.36 (KHTML, like Gecko) Chrome/153.0.8010.36 Mobile Safari/537.36 (compatible; GoogleOther)"
199.250.222.155 - - [11/Sep/2026:11:14:07 -0400] "POST /wp-cron.php?doing_wp_cron=1789139647.2230730056762695312500 HTTP/1.1" 200 - "-" "WordPress/7.1; https://heredit.mx"
66.249.68.192 - - [11/Sep/2026:11:14:06 -0400] "GET /?a=1-24-model-car-moon-equipped-vw-type2-micro-cc-pya8P3Fx HTTP/1.1" 200 223775 "-" "Mozilla/5.0 (Linux; Android 6.0.1; Nexus 5X Build/MMB29P) AppleWebKit/537.36 (KHTML, like Gecko) Chrome/153.0.8010.36 Mobile Safari/537.36 (compatible; GoogleOther)"
199.250.222.155 - - [11/Sep/2026:11:14:32 -0400] "POST /wp-cron.php?doing_wp_cron=1789139672.8667058944702148437500 HTTP/1.1" 200 - "-" "WordPress/7.1; https://heredit.mx"
66.249.68.192 - - [11/Sep/2026:11:14:32 -0400] "GET /?a=1-24-model-car-moon-equipped-vw-type2-micro-cc-pya8P3Fx HTTP/1.1" 200 223775 "-" "Mozilla/5.0 (Linux; Android 6.0.1; Nexus 5X Build/MMB29P) AppleWebKit/537.36 (KHTML, like Gecko) Chrome/153.0.8010.36 Mobile Safari/537.36 (compatible; Googlebot/2.1; +http://www.google.com/bot.html)"
40.77.167.5 - - [11/Sep/2026:11:14:58 -0400] "GET /?w=windshield-mounting-panel-for-em2-pp-ye6vB5Sb HTTP/1.1" 301 - "-" "Mozilla/5.0 AppleWebKit/537.36 (KHTML, like Gecko; compatible; bingbot/2.0; +http://www.bing.com/bingbot.htm) Chrome/116.0.1938.76 Safari/537.36"
66.249.68.192 - - [11/Sep/2026:11:14:58 -0400] "GET /?a=opruiming-tenis-easy-rosa-cc-1Yz4KYFm HTTP/1.1" 200 223703 "-" "Mozilla/5.0 (Linux; Android 6.0.1; Nexus 5X Build/MMB29P) AppleWebKit/537.36 (KHTML, like Gecko) Chrome/153.0.8010.36 Mobile Safari/537.36 (compatible; Googlebot/2.1; +http://www.google.com/bot.html)"
40.77.167.151 - - [11/Sep/2026:11:15:08 -0400] "GET /?w=windshield-mounting-panel-for-em2-pp-ye6vB5Sb HTTP/1.1" 200 112757 "-" "Mozilla/5.0 AppleWebKit/537.36 (KHTML, like Gecko; compatible; bingbot/2.0; +http://www.bing.com/bingbot.htm) Chrome/116.0.1938.76 Safari/537.36"
66.249.68.192 - - [11/Sep/2026:11:15:49 -0400] "GET /?ubDAtWB%2Fastoop739498%2F8UnpUBV HTTP/1.1" 200 223659 "-" "Mozilla/5.0 (Linux; Android 6.0.1; Nexus 5X Build/MMB29P) AppleWebKit/537.36 (KHTML, like Gecko) Chrome/153.0.8010.36 Mobile Safari/537.36 (compatible; GoogleOther)"
66.249.68.192 - - [11/Sep/2026:11:15:57 -0400] "GET /wp-content/uploads/essential-addons-elementor/eael-298.js?ver=1788480000 HTTP/1.1" 200 6552 "https://heredit.mx/?ubDAtWB%2Fastoop739498%2F8UnpUBV" "Mozilla/5.0 (Linux; Android 6.0.1; Nexus 5X Build/MMB29P) AppleWebKit/537.36 (KHTML, like Gecko) Chrome/153.0.8010.36 Mobile Safari/537.36 (compatible; GoogleOther)"
66.249.68.192 - - [11/Sep/2026:11:15:57 -0400] "GET /sliders/cercanias/index.html HTTP/1.1" 200 2926 "https://heredit.mx/?ubDAtWB%2Fastoop739498%2F8UnpUBV" "Mozilla/5.0 (Linux; Android 6.0.1; Nexus 5X Build/MMB29P) AppleWebKit/537.36 (KHTML, like Gecko) Chrome/153.0.8010.36 Mobile Safari/537.36 (compatible; GoogleOther)"
199.250.222.155 - - [11/Sep/2026:11:16:41 -0400] "POST /wp-cron.php?doing_wp_cron=1789139801.0768599510192871093750 HTTP/1.1" 200 - "-" "WordPress/7.1; https://heredit.mx"
66.249.68.192 - - [11/Sep/2026:11:16:40 -0400] "GET /?a=buds-organics-bco-happy-baby-head-to-toe-cleanser-cc-ALn6OMiw HTTP/1.1" 200 223799 "-" "Mozilla/5.0 (Linux; Android 6.0.1; Nexus 5X Build/MMB29P) AppleWebKit/537.36 (KHTML, like Gecko) Chrome/153.0.8010.36 Mobile Safari/537.36 (compatible; Googlebot/2.1; +http://www.google.com/bot.html)"
34.24.237.65 - - [11/Sep/2026:11:16:44 -0400] "GET /.git/config HTTP/1.1" 406 300 "-" "-"
199.250.222.155 - - [11/Sep/2026:11:17:32 -0400] "POST /wp-cron.php?doing_wp_cron=1789139852.4794390201568603515625 HTTP/1.1" 200 - "-" "WordPress/7.1; https://heredit.mx"
66.249.68.192 - - [11/Sep/2026:11:17:32 -0400] "GET /?a=texture-camo-background-modern-army-camouflage-stock-vector-royalty-cc-gQpmYks8 HTTP/1.1" 200 223871 "-" "Mozilla/5.0 (Linux; Android 6.0.1; Nexus 5X Build/MMB29P) AppleWebKit/537.36 (KHTML, like Gecko) Chrome/153.0.8010.36 Mobile Safari/537.36 (compatible; GoogleOther)"
66.249.68.192 - - [11/Sep/2026:11:17:41 -0400] "GET /wp-content/plugins/elementor/assets/js/webpack.runtime.min.js?ver=4.2.4 HTTP/1.1" 200 5819 "https://heredit.mx/?a=texture-camo-background-modern-army-camouflage-stock-vector-royalty-cc-gQpmYks8" "Mozilla/5.0 (Linux; Android 6.0.1; Nexus 5X Build/MMB29P) AppleWebKit/537.36 (KHTML, like Gecko) Chrome/153.0.8010.36 Mobile Safari/537.36 (compatible; GoogleOther)"
199.250.222.155 - - [11/Sep/2026:11:19:15 -0400] "POST /wp-cron.php?doing_wp_cron=1789139955.2474238872528076171875 HTTP/1.1" 200 - "-" "WordPress/7.1; https://heredit.mx"
66.249.68.193 - - [11/Sep/2026:11:19:14 -0400] "GET /?a=texture-camo-background-modern-army-camouflage-stock-vector-royalty-cc-gQpmYks8 HTTP/1.1" 200 223871 "-" "Mozilla/5.0 (Linux; Android 6.0.1; Nexus 5X Build/MMB29P) AppleWebKit/537.36 (KHTML, like Gecko) Chrome/153.0.8010.36 Mobile Safari/537.36 (compatible; Googlebot/2.1; +http://www.google.com/bot.html)"
66.249.68.193 - - [11/Sep/2026:11:19:27 -0400] "GET /wp-content/plugins/elementor-pro/assets/js/frontend.min.js?ver=4.2.3 HTTP/1.1" 200 23939 "https://heredit.mx/?a=texture-camo-background-modern-army-camouflage-stock-vector-royalty-cc-gQpmYks8" "Mozilla/5.0 (Linux; Android 6.0.1; Nexus 5X Build/MMB29P) AppleWebKit/537.36 (KHTML, like Gecko) Chrome/153.0.8010.36 Mobile Safari/537.36 (compatible; Googlebot/2.1; +http://www.google.com/bot.html)"
199.250.222.155 - - [11/Sep/2026:11:20:06 -0400] "POST /wp-cron.php?doing_wp_cron=1789140006.6685030460357666015625 HTTP/1.1" 200 - "-" "WordPress/7.1; https://heredit.mx"
66.249.68.193 - - [11/Sep/2026:11:20:06 -0400] "GET /?a=buds-organics-bco-happy-baby-head-to-toe-cleanser-cc-ALn6OMiw HTTP/1.1" 200 223799 "-" "Mozilla/5.0 (Linux; Android 6.0.1; Nexus 5X Build/MMB29P) AppleWebKit/537.36 (KHTML, like Gecko) Chrome/153.0.8010.36 Mobile Safari/537.36 (compatible; GoogleOther)"
199.250.222.155 - - [11/Sep/2026:11:20:28 -0400] "POST /wp-cron.php?doing_wp_cron=1789140028.2403869628906250000000 HTTP/1.1" 200 - "-" "WordPress/7.1; https://heredit.mx"
52.200.142.199 - - [11/Sep/2026:11:20:27 -0400] "GET /?a=artstation-old-chinese-house-pbr-2018-cc-2MeeGgfw HTTP/1.1" 200 223751 "-" "Mozilla/5.0 AppleWebKit/537.36 (KHTML, like Gecko; compatible; Amazonbot/0.1; +https://developer.amazon.com/support/amazonbot) Chrome/119.0.6045.214 Safari/537.36"
199.250.222.155 - - [11/Sep/2026:11:21:49 -0400] "POST /wp-cron.php?doing_wp_cron=1789140109.4687850475311279296875 HTTP/1.1" 200 - "-" "WordPress/7.1; https://heredit.mx"
66.249.68.192 - - [11/Sep/2026:11:21:49 -0400] "GET /?a=1971-dodge-dart-demon-los-angeles-california-hemmings-cc-Z0NGwrSv HTTP/1.1" 200 223815 "-" "Mozilla/5.0 (Linux; Android 6.0.1; Nexus 5X Build/MMB29P) AppleWebKit/537.36 (KHTML, like Gecko) Chrome/153.0.8010.36 Mobile Safari/537.36 (compatible; Googlebot/2.1; +http://www.google.com/bot.html)"
52.167.144.17 - - [11/Sep/2026:11:21:58 -0400] "GET /?w=esquire-theater-by-brian-gregory-pp-ye2jeXSb HTTP/1.1" 301 - "-" "Mozilla/5.0 AppleWebKit/537.36 (KHTML, like Gecko; compatible; bingbot/2.0; +http://www.bing.com/bingbot.htm) Chrome/116.0.1938.76 Safari/537.36"
40.77.167.14 - - [11/Sep/2026:11:22:08 -0400] "GET /?w=esquire-theater-by-brian-gregory-pp-ye2jeXSb HTTP/1.1" 200 112757 "-" "Mozilla/5.0 AppleWebKit/537.36 (KHTML, like Gecko; compatible; bingbot/2.0; +http://www.bing.com/bingbot.htm) Chrome/116.0.1938.76 Safari/537.36"
199.250.222.155 - - [11/Sep/2026:11:22:41 -0400] "POST /wp-cron.php?doing_wp_cron=1789140161.2873311042785644531250 HTTP/1.1" 200 - "-" "WordPress/7.1; https://heredit.mx"
66.249.68.193 - - [11/Sep/2026:11:22:40 -0400] "GET /?a=smoky-mountain-autumn-daylily-oakes-daylilies-cc-rGVmeF8 HTTP/1.1" 200 223779 "-" "Mozilla/5.0 (Linux; Android 6.0.1; Nexus 5X Build/MMB29P) AppleWebKit/537.36 (KHTML, like Gecko) Chrome/153.0.8010.36 Mobile Safari/537.36 (compatible; Googlebot/2.1; +http://www.google.com/bot.html)"
66.249.68.193 - - [11/Sep/2026:11:22:45 -0400] "GET /wp-content/uploads/2024/06/instagram.svg HTTP/1.1" 200 3561 "https://heredit.mx/?a=smoky-mountain-autumn-daylily-oakes-daylilies-cc-rGVmeF8" "Mozilla/5.0 (Linux; Android 6.0.1; Nexus 5X Build/MMB29P) AppleWebKit/537.36 (KHTML, like Gecko) Chrome/153.0.8010.36 Mobile Safari/537.36 (compatible; Googlebot/2.1; +http://www.google.com/bot.html)"
66.249.68.192 - - [11/Sep/2026:11:22:45 -0400] "GET /wp-content/uploads/elementor/css/post-7.css?ver=1788480000 HTTP/1.1" 200 4160 "https://heredit.mx/?a=smoky-mountain-autumn-daylily-oakes-daylilies-cc-rGVmeF8" "Mozilla/5.0 (Linux; Android 6.0.1; Nexus 5X Build/MMB29P) AppleWebKit/537.36 (KHTML, like Gecko) Chrome/153.0.8010.36 Mobile Safari/537.36 (compatible; Googlebot/2.1; +http://www.google.com/bot.html)"
199.250.222.155 - - [11/Sep/2026:11:23:32 -0400] "POST /wp-cron.php?doing_wp_cron=1789140212.2086191177368164062500 HTTP/1.1" 200 - "-" "WordPress/7.1; https://heredit.mx"
66.249.68.192 - - [11/Sep/2026:11:23:31 -0400] "GET /?a=smoky-mountain-autumn-daylily-oakes-daylilies-cc-rGVmeF8 HTTP/1.1" 200 223779 "-" "Mozilla/5.0 (Linux; Android 6.0.1; Nexus 5X Build/MMB29P) AppleWebKit/537.36 (KHTML, like Gecko) Chrome/153.0.8010.36 Mobile Safari/537.36 (compatible; GoogleOther)"
200.56.126.246 - - [11/Sep/2026:11:25:06 -0400] "GET /wp-content/plugins/elementor/assets/js/frontend-modules.min.js?ver=4.2.4 HTTP/1.1" 200 50602 "-" "Mozilla/5.0 (Windows NT 10.0; Win64; x64) AppleWebKit/537.36 (KHTML, like Gecko) Chrome/152.0.0.0 Safari/537.36"
200.56.126.246 - - [11/Sep/2026:11:25:06 -0400] "GET /wp-includes/js/jquery/jquery.min.js?ver=3.7.1 HTTP/1.1" 200 87553 "-" "Mozilla/5.0 (Windows NT 10.0; Win64; x64) AppleWebKit/537.36 (KHTML, like Gecko) Chrome/152.0.0.0 Safari/537.36"
200.56.126.246 - - [11/Sep/2026:11:25:06 -0400] "GET /wp-includes/js/jquery/ui/core.min.js?ver=1.14.2 HTTP/1.1" 200 18674 "-" "Mozilla/5.0 (Windows NT 10.0; Win64; x64) AppleWebKit/537.36 (KHTML, like Gecko) Chrome/152.0.0.0 Safari/537.36"
200.56.126.246 - - [11/Sep/2026:11:25:06 -0400] "GET /wp-includes/js/jquery/jquery-migrate.min.js?ver=3.4.1 HTTP/1.1" 200 13577 "-" "Mozilla/5.0 (Windows NT 10.0; Win64; x64) AppleWebKit/537.36 (KHTML, like Gecko) Chrome/152.0.0.0 Safari/537.36"
200.56.126.246 - - [11/Sep/2026:11:25:06 -0400] "GET /wp-content/plugins/elementor/assets/js/webpack.runtime.min.js?ver=4.2.4 HTTP/1.1" 200 5819 "-" "Mozilla/5.0 (Windows NT 10.0; Win64; x64) AppleWebKit/537.36 (KHTML, like Gecko) Chrome/152.0.0.0 Safari/537.36"
200.56.126.246 - - [11/Sep/2026:11:25:06 -0400] "GET /wp-content/plugins/premium-addons-for-elementor/assets/frontend/min-js/headroom.min.js?ver=4.11.102 HTTP/1.1" 200 4267 "-" "Mozilla/5.0 (Windows NT 10.0; Win64; x64) AppleWebKit/537.36 (KHTML, like Gecko) Chrome/152.0.0.0 Safari/537.36"
200.56.126.246 - - [11/Sep/2026:11:25:06 -0400] "GET /wp-content/plugins/wpforms/assets/lib/mailcheck.min.js?ver=1.1.2 HTTP/1.1" 200 4014 "-" "Mozilla/5.0 (Windows NT 10.0; Win64; x64) AppleWebKit/537.36 (KHTML, like Gecko) Chrome/152.0.0.0 Safari/537.36"
200.56.126.246 - - [11/Sep/2026:11:25:06 -0400] "GET /wp-content/plugins/wpforms/assets/lib/punycode.min.js?ver=1.0.0 HTTP/1.1" 200 1713 "-" "Mozilla/5.0 (Windows NT 10.0; Win64; x64) AppleWebKit/537.36 (KHTML, like Gecko) Chrome/152.0.0.0 Safari/537.36"
200.56.126.246 - - [11/Sep/2026:11:25:06 -0400] "GET /wp-content/plugins/wpforms/assets/js/share/utils.min.js?ver=1.10.2.1 HTTP/1.1" 200 1490 "-" "Mozilla/5.0 (Windows NT 10.0; Win64; x64) AppleWebKit/537.36 (KHTML, like Gecko) Chrome/152.0.0.0 Safari/537.36"
200.56.126.246 - - [11/Sep/2026:11:25:06 -0400] "GET /wp-content/plugins/wpforms/assets/js/frontend/wpforms-modern.min.js?ver=1.10.2.1 HTTP/1.1" 200 6005 "-" "Mozilla/5.0 (Windows NT 10.0; Win64; x64) AppleWebKit/537.36 (KHTML, like Gecko) Chrome/152.0.0.0 Safari/537.36"
200.56.126.246 - - [11/Sep/2026:11:25:06 -0400] "GET /wp-content/plugins/wpforms/assets/js/frontend/fields/address.min.js?ver=1.10.2.1 HTTP/1.1" 200 1826 "-" "Mozilla/5.0 (Windows NT 10.0; Win64; x64) AppleWebKit/537.36 (KHTML, like Gecko) Chrome/152.0.0.0 Safari/537.36"
200.56.126.246 - - [11/Sep/2026:11:25:06 -0400] "GET /wp-content/plugins/wp-rocket/assets/js/lazyload/16.1/lazyload.min.js HTTP/1.1" 200 7890 "-" "Mozilla/5.0 (Windows NT 10.0; Win64; x64) AppleWebKit/537.36 (KHTML, like Gecko) Chrome/152.0.0.0 Safari/537.36"
200.56.126.246 - - [11/Sep/2026:11:25:06 -0400] "GET /wp-content/cache/min/1/wp-content/themes/hello-elementor/assets/js/hello-frontend.js?ver=1788886264 HTTP/1.1" 200 1829 "-" "Mozilla/5.0 (Windows NT 10.0; Win64; x64) AppleWebKit/537.36 (KHTML, like Gecko) Chrome/152.0.0.0 Safari/537.36"
200.56.126.246 - - [11/Sep/2026:11:25:06 -0400] "GET /wp-content/plugins/elementor/assets/lib/dialog/dialog.min.js?ver=4.9.3 HTTP/1.1" 200 11622 "-" "Mozilla/5.0 (Windows NT 10.0; Win64; x64) AppleWebKit/537.36 (KHTML, like Gecko) Chrome/152.0.0.0 Safari/537.36"
200.56.126.246 - - [11/Sep/2026:11:25:06 -0400] "GET /wp-content/cache/min/1/wp-content/uploads/essential-addons-elementor/eael-298.js?ver=1788886264 HTTP/1.1" 200 6551 "-" "Mozilla/5.0 (Windows NT 10.0; Win64; x64) AppleWebKit/537.36 (KHTML, like Gecko) Chrome/152.0.0.0 Safari/537.36"
200.56.126.246 - - [11/Sep/2026:11:25:06 -0400] "GET /wp-content/plugins/premium-addons-for-elementor/assets/frontend/min-js/premium-nav-menu.min.js?ver=4.11.102 HTTP/1.1" 200 11050 "-" "Mozilla/5.0 (Windows NT 10.0; Win64; x64) AppleWebKit/537.36 (KHTML, like Gecko) Chrome/152.0.0.0 Safari/537.36"
200.56.126.246 - - [11/Sep/2026:11:25:06 -0400] "GET /wp-content/plugins/elementor-pro/assets/lib/sticky/jquery.sticky.min.js?ver=4.2.3 HTTP/1.1" 200 3721 "-" "Mozilla/5.0 (Windows NT 10.0; Win64; x64) AppleWebKit/537.36 (KHTML, like Gecko) Chrome/152.0.0.0 Safari/537.36"
200.56.126.246 - - [11/Sep/2026:11:25:06 -0400] "GET /wp-content/plugins/elementor-pro/assets/lib/smartmenus/jquery.smartmenus.min.js?ver=1.2.1 HTTP/1.1" 200 24109 "-" "Mozilla/5.0 (Windows NT 10.0; Win64; x64) AppleWebKit/537.36 (KHTML, like Gecko) Chrome/152.0.0.0 Safari/537.36"
200.56.126.246 - - [11/Sep/2026:11:25:07 -0400] "GET /wp-content/plugins/essential-addons-for-elementor-lite/assets/front-end/js/view/general.min.js?ver=6.8.3 HTTP/1.1" 200 11874 "-" "Mozilla/5.0 (Windows NT 10.0; Win64; x64) AppleWebKit/537.36 (KHTML, like Gecko) Chrome/152.0.0.0 Safari/537.36"
200.56.126.246 - - [11/Sep/2026:11:25:07 -0400] "GET /wp-includes/js/imagesloaded.min.js?ver=5.0.0 HTTP/1.1" 200 5520 "-" "Mozilla/5.0 (Windows NT 10.0; Win64; x64) AppleWebKit/537.36 (KHTML, like Gecko) Chrome/152.0.0.0 Safari/537.36"
200.56.126.246 - - [11/Sep/2026:11:25:07 -0400] "GET /wp-content/plugins/premium-addons-for-elementor/assets/frontend/min-js/elements-handler.min.js?ver=4.11.102 HTTP/1.1" 200 179 "-" "Mozilla/5.0 (Windows NT 10.0; Win64; x64) AppleWebKit/537.36 (KHTML, like Gecko) Chrome/152.0.0.0 Safari/537.36"
200.56.126.246 - - [11/Sep/2026:11:25:07 -0400] "GET /wp-content/plugins/premium-addons-for-elementor/assets/frontend/min-js/premium-wrap-link.min.js?ver=4.11.102 HTTP/1.1" 200 689 "-" "Mozilla/5.0 (Windows NT 10.0; Win64; x64) AppleWebKit/537.36 (KHTML, like Gecko) Chrome/152.0.0.0 Safari/537.36"
200.56.126.246 - - [11/Sep/2026:11:25:07 -0400] "GET /wp-content/plugins/premium-addons-for-elementor/assets/frontend/min-js/lottie.min.js?ver=4.11.102 HTTP/1.1" 200 257697 "-" "Mozilla/5.0 (Windows NT 10.0; Win64; x64) AppleWebKit/537.36 (KHTML, like Gecko) Chrome/152.0.0.0 Safari/537.36"
200.56.126.246 - - [11/Sep/2026:11:25:07 -0400] "GET /wp-content/plugins/elementor/assets/lib/swiper/v8/swiper.min.js?ver=8.4.5 HTTP/1.1" 200 143709 "-" "Mozilla/5.0 (Windows NT 10.0; Win64; x64) AppleWebKit/537.36 (KHTML, like Gecko) Chrome/152.0.0.0 Safari/537.36"
200.56.126.246 - - [11/Sep/2026:11:25:07 -0400] "GET /wp-includes/js/dist/hooks.min.js?ver=f0f188028580e8dc1255 HTTP/1.1" 200 5107 "-" "Mozilla/5.0 (Windows NT 10.0; Win64; x64) AppleWebKit/537.36 (KHTML, like Gecko) Chrome/152.0.0.0 Safari/537.36"
200.56.126.246 - - [11/Sep/2026:11:25:07 -0400] "GET /wp-content/plugins/elementor-pro/assets/js/webpack-pro.runtime.min.js?ver=4.2.3 HTTP/1.1" 200 6242 "-" "Mozilla/5.0 (Windows NT 10.0; Win64; x64) AppleWebKit/537.36 (KHTML, like Gecko) Chrome/152.0.0.0 Safari/537.36"
200.56.126.246 - - [11/Sep/2026:11:25:07 -0400] "GET /wp-includes/js/dist/i18n.min.js?ver=1dfe7db3940c23ea9216 HTTP/1.1" 200 5791 "-" "Mozilla/5.0 (Windows NT 10.0; Win64; x64) AppleWebKit/537.36 (KHTML, like Gecko) Chrome/152.0.0.0 Safari/537.36"
200.56.126.246 - - [11/Sep/2026:11:25:07 -0400] "GET /wp-content/plugins/elementor-pro/assets/js/frontend.min.js?ver=4.2.3 HTTP/1.1" 200 23939 "-" "Mozilla/5.0 (Windows NT 10.0; Win64; x64) AppleWebKit/537.36 (KHTML, like Gecko) Chrome/152.0.0.0 Safari/537.36"
200.56.126.246 - - [11/Sep/2026:11:25:07 -0400] "GET /wp-content/plugins/elementor-pro/assets/js/elements-handlers.min.js?ver=4.2.3 HTTP/1.1" 200 43922 "-" "Mozilla/5.0 (Windows NT 10.0; Win64; x64) AppleWebKit/537.36 (KHTML, like Gecko) Chrome/152.0.0.0 Safari/537.36"
200.56.126.246 - - [11/Sep/2026:11:25:07 -0400] "GET /wp-content/plugins/elementor/assets/js/frontend.min.js?ver=4.2.4 HTTP/1.1" 200 32098 "-" "Mozilla/5.0 (Windows NT 10.0; Win64; x64) AppleWebKit/537.36 (KHTML, like Gecko) Chrome/152.0.0.0 Safari/537.36"
200.56.126.246 - - [11/Sep/2026:11:25:07 -0400] "GET /wp-includes/js/underscore.min.js?ver=1.13.8 HTTP/1.1" 200 19012 "-" "Mozilla/5.0 (Windows NT 10.0; Win64; x64) AppleWebKit/537.36 (KHTML, like Gecko) Chrome/152.0.0.0 Safari/537.36"
200.56.126.246 - - [11/Sep/2026:11:25:07 -0400] "GET /wp-includes/js/wp-util.min.js?ver=7.1 HTTP/1.1" 200 1431 "-" "Mozilla/5.0 (Windows NT 10.0; Win64; x64) AppleWebKit/537.36 (KHTML, like Gecko) Chrome/152.0.0.0 Safari/537.36"
200.56.126.246 - - [11/Sep/2026:11:25:07 -0400] "GET /wp-content/plugins/wpforms/assets/js/frontend/wpforms.min.js?ver=1.10.2.1 HTTP/1.1" 200 54683 "-" "Mozilla/5.0 (Windows NT 10.0; Win64; x64) AppleWebKit/537.36 (KHTML, like Gecko) Chrome/152.0.0.0 Safari/537.36"
200.56.126.246 - - [11/Sep/2026:11:25:07 -0400] "GET /wp-content/plugins/wpforms/assets/js/integrations/elementor/frontend.min.js?ver=1.10.2.1 HTTP/1.1" 200 1485 "-" "Mozilla/5.0 (Windows NT 10.0; Win64; x64) AppleWebKit/537.36 (KHTML, like Gecko) Chrome/152.0.0.0 Safari/537.36"
200.56.126.246 - - [11/Sep/2026:11:25:07 -0400] "GET /wp-content/plugins/wpforms/assets/pro/js/frontend/fields/phone.min.js?ver=1.10.2.1 HTTP/1.1" 200 4995 "-" "Mozilla/5.0 (Windows NT 10.0; Win64; x64) AppleWebKit/537.36 (KHTML, like Gecko) Chrome/152.0.0.0 Safari/537.36"
200.56.126.246 - - [11/Sep/2026:11:25:07 -0400] "GET /wp-content/plugins/wpforms/assets/lib/jquery.validate.min.js?ver=1.21.0 HTTP/1.1" 200 25308 "-" "Mozilla/5.0 (Windows NT 10.0; Win64; x64) AppleWebKit/537.36 (KHTML, like Gecko) Chrome/152.0.0.0 Safari/537.36"
200.56.126.246 - - [11/Sep/2026:11:25:07 -0400] "GET /wp-content/plugins/wpforms/assets/lib/jquery.inputmask.min.js?ver=5.0.9 HTTP/1.1" 200 117412 "-" "Mozilla/5.0 (Windows NT 10.0; Win64; x64) AppleWebKit/537.36 (KHTML, like Gecko) Chrome/152.0.0.0 Safari/537.36"
200.56.126.246 - - [11/Sep/2026:11:25:07 -0400] "GET /wp-content/plugins/wpforms/assets/pro/lib/intl-tel-input/intlTelInputWithUtils.min.js?ver=28.0.4 HTTP/1.1" 200 311657 "-" "Mozilla/5.0 (Windows NT 10.0; Win64; x64) AppleWebKit/537.36 (KHTML, like Gecko) Chrome/152.0.0.0 Safari/537.36"
52.167.144.195 - - [11/Sep/2026:11:25:20 -0400] "GET /?a=delta-perf-adj-g-delta-grey-perforated-adjustable-cap-cc-RZ0OJYT7 HTTP/1.1" 200 223815 "-" "Mozilla/5.0 AppleWebKit/537.36 (KHTML, like Gecko; compatible; bingbot/2.0; +http://www.bing.com/bingbot.htm) Chrome/116.0.1938.76 Safari/537.36"
199.250.222.155 - - [11/Sep/2026:11:26:10 -0400] "POST /wp-cron.php?doing_wp_cron=1789140370.0520660877227783203125 HTTP/1.1" 200 - "-" "WordPress/7.1; https://heredit.mx"
66.249.68.193 - - [11/Sep/2026:11:26:09 -0400] "GET /?a=samsung-galaxy-buds-skin-galactic-by-decalgirl-collective-cc-Q2JrjjfD HTTP/1.1" 200 223831 "-" "Mozilla/5.0 (Linux; Android 6.0.1; Nexus 5X Build/MMB29P) AppleWebKit/537.36 (KHTML, like Gecko) Chrome/153.0.8010.36 Mobile Safari/537.36 (compatible; GoogleOther)"
66.249.68.193 - - [11/Sep/2026:11:26:15 -0400] "GET /wp-content/uploads/essential-addons-elementor/eael-298.css?ver=1788480000 HTTP/1.1" 200 14460 "https://heredit.mx/?a=samsung-galaxy-buds-skin-galactic-by-decalgirl-collective-cc-Q2JrjjfD" "Mozilla/5.0 (Linux; Android 6.0.1; Nexus 5X Build/MMB29P) AppleWebKit/537.36 (KHTML, like Gecko) Chrome/153.0.8010.36 Mobile Safari/537.36 (compatible; GoogleOther)"
66.249.68.193 - - [11/Sep/2026:11:26:15 -0400] "GET /wp-content/plugins/essential-addons-for-elementor-lite/assets/front-end/js/view/general.min.js?ver=6.8.3 HTTP/1.1" 200 11874 "https://heredit.mx/?a=samsung-galaxy-buds-skin-galactic-by-decalgirl-collective-cc-Q2JrjjfD" "Mozilla/5.0 (Linux; Android 6.0.1; Nexus 5X Build/MMB29P) AppleWebKit/537.36 (KHTML, like Gecko) Chrome/153.0.8010.36 Mobile Safari/537.36 (compatible; GoogleOther)"
66.249.68.193 - - [11/Sep/2026:11:26:16 -0400] "GET /sliders/amenidades/interiores-mob.html HTTP/1.1" 200 3463 "https://heredit.mx/?a=samsung-galaxy-buds-skin-galactic-by-decalgirl-collective-cc-Q2JrjjfD" "Mozilla/5.0 (Linux; Android 6.0.1; Nexus 5X Build/MMB29P) AppleWebKit/537.36 (KHTML, like Gecko) Chrome/153.0.8010.36 Mobile Safari/537.36 (compatible; GoogleOther)"
199.250.222.155 - - [11/Sep/2026:11:26:34 -0400] "POST /wp-cron.php?doing_wp_cron=1789140394.6654610633850097656250 HTTP/1.1" 200 - "-" "WordPress/7.1; https://heredit.mx"
58.65.195.214 - - [11/Sep/2026:11:26:34 -0400] "POST /xmlrpc.php HTTP/1.1" 200 415 "-" "Jetpack by WordPress.com"
58.65.195.214 - - [11/Sep/2026:11:26:45 -0400] "POST /xmlrpc.php HTTP/1.1" 200 415 "-" "Jetpack by WordPress.com (Jetpack 12.1; WordPress 6.4)"
199.250.222.155 - - [11/Sep/2026:11:26:58 -0400] "POST /wp-cron.php?doing_wp_cron=1789140418.0239369869232177734375 HTTP/1.1" 200 - "-" "WordPress/7.1; https://heredit.mx"
66.249.68.192 - - [11/Sep/2026:11:26:57 -0400] "GET /?a=dewitt-academia-double-fuseau-gmt2-poetic-white-%E2%80%93-royal-cc-kYAomNUN HTTP/1.1" 200 223843 "-" "Mozilla/5.0 (Linux; Android 6.0.1; Nexus 5X Build/MMB29P) AppleWebKit/537.36 (KHTML, like Gecko) Chrome/153.0.8010.36 Mobile Safari/537.36 (compatible; Googlebot/2.1; +http://www.google.com/bot.html)"
66.249.68.194 - - [11/Sep/2026:11:27:02 -0400] "GET /wp-content/plugins/elementor-pro/assets/css/widget-slides.min.css?ver=4.2.3 HTTP/1.1" 200 2341 "https://heredit.mx/?a=dewitt-academia-double-fuseau-gmt2-poetic-white-%E2%80%93-royal-cc-kYAomNUN" "Mozilla/5.0 (Linux; Android 6.0.1; Nexus 5X Build/MMB29P) AppleWebKit/537.36 (KHTML, like Gecko) Chrome/153.0.8010.36 Mobile Safari/537.36 (compatible; Googlebot/2.1; +http://www.google.com/bot.html)"
199.250.222.155 - - [11/Sep/2026:11:27:49 -0400] "POST /wp-cron.php?doing_wp_cron=1789140469.1870489120483398437500 HTTP/1.1" 200 - "-" "WordPress/7.1; https://heredit.mx"
66.249.68.192 - - [11/Sep/2026:11:27:48 -0400] "GET /?a=dewitt-academia-double-fuseau-gmt2-poetic-white-%E2%80%93-royal-cc-kYAomNUN HTTP/1.1" 200 223843 "-" "Mozilla/5.0 (Linux; Android 6.0.1; Nexus 5X Build/MMB29P) AppleWebKit/537.36 (KHTML, like Gecko) Chrome/153.0.8010.36 Mobile Safari/537.36 (compatible; GoogleOther)"
199.250.222.155 - - [11/Sep/2026:11:28:40 -0400] "POST /wp-cron.php?doing_wp_cron=1789140520.6118099689483642578125 HTTP/1.1" 200 - "-" "WordPress/7.1; https://heredit.mx"
66.249.68.192 - - [11/Sep/2026:11:28:40 -0400] "GET /?a=blue-road-sign-with-white-arrow-pointing-right-on-cc-owjNJiv HTTP/1.1" 200 223795 "-" "Mozilla/5.0 (Linux; Android 6.0.1; Nexus 5X Build/MMB29P) AppleWebKit/537.36 (KHTML, like Gecko) Chrome/153.0.8010.36 Mobile Safari/537.36 (compatible; GoogleOther)"
66.249.68.194 - - [11/Sep/2026:11:28:42 -0400] "GET /wp-content/plugins/elementor-pro/assets/css/modules/motion-fx.min.css?ver=4.2.3 HTTP/1.1" 200 778 "https://heredit.mx/?a=blue-road-sign-with-white-arrow-pointing-right-on-cc-owjNJiv" "Mozilla/5.0 (Linux; Android 6.0.1; Nexus 5X Build/MMB29P) AppleWebKit/537.36 (KHTML, like Gecko) Chrome/153.0.8010.36 Mobile Safari/537.36 (compatible; GoogleOther)"
66.249.68.193 - - [11/Sep/2026:11:28:44 -0400] "GET /wp-content/plugins/wpforms/assets/pro/lib/intl-tel-input/intlTelInputWithUtils.min.js?ver=28.0.4 HTTP/1.1" 200 311657 "https://heredit.mx/?a=blue-road-sign-with-white-arrow-pointing-right-on-cc-owjNJiv" "Mozilla/5.0 (Linux; Android 6.0.1; Nexus 5X Build/MMB29P) AppleWebKit/537.36 (KHTML, like Gecko) Chrome/153.0.8010.36 Mobile Safari/537.36 (compatible; GoogleOther)"
199.250.222.155 - - [11/Sep/2026:11:29:32 -0400] "POST /wp-cron.php?doing_wp_cron=1789140571.9921278953552246093750 HTTP/1.1" 200 - "-" "WordPress/7.1; https://heredit.mx"
66.249.68.192 - - [11/Sep/2026:11:29:31 -0400] "GET /?a=armani-exchange-brown-leather-foldable-wristlet-clutch-cc-D3MdKMTn HTTP/1.1" 200 223819 "-" "Mozilla/5.0 (Linux; Android 6.0.1; Nexus 5X Build/MMB29P) AppleWebKit/537.36 (KHTML, like Gecko) Chrome/153.0.8010.36 Mobile Safari/537.36 (compatible; Googlebot/2.1; +http://www.google.com/bot.html)"
66.249.68.192 - - [11/Sep/2026:11:29:37 -0400] "GET /wp-content/plugins/wpforms/assets/js/frontend/fields/address.min.js?ver=1.10.2.1 HTTP/1.1" 200 1826 "https://heredit.mx/?a=armani-exchange-brown-leather-foldable-wristlet-clutch-cc-D3MdKMTn" "Mozilla/5.0 (Linux; Android 6.0.1; Nexus 5X Build/MMB29P) AppleWebKit/537.36 (KHTML, like Gecko) Chrome/153.0.8010.36 Mobile Safari/537.36 (compatible; Googlebot/2.1; +http://www.google.com/bot.html)"
66.249.68.193 - - [11/Sep/2026:11:29:37 -0400] "GET /wp-content/uploads/2024/06/icon-food.svg HTTP/1.1" 200 584 "https://heredit.mx/sliders/amenidades/interiores-mob.html" "Mozilla/5.0 (Linux; Android 6.0.1; Nexus 5X Build/MMB29P) AppleWebKit/537.36 (KHTML, like Gecko) Chrome/153.0.8010.36 Mobile Safari/537.36 (compatible; Googlebot/2.1; +http://www.google.com/bot.html)"
66.249.68.192 - - [11/Sep/2026:11:30:24 -0400] "GET /?a=hydraulic-adjustable-variable-flow-control-valve-w-relief-30-cc-xeA7LxU0 HTTP/1.1" 200 223843 "-" "Mozilla/5.0 (Linux; Android 6.0.1; Nexus 5X Build/MMB29P) AppleWebKit/537.36 (KHTML, like Gecko) Chrome/153.0.8010.36 Mobile Safari/537.36 (compatible; Googlebot/2.1; +http://www.google.com/bot.html)"
66.249.68.192 - - [11/Sep/2026:11:31:14 -0400] "GET /?a=men-s-motorcycle-biker-denim-jacket-stand-collar-zipper-cc-nOLbY2t3 HTTP/1.1" 200 223823 "-" "Mozilla/5.0 (Linux; Android 6.0.1; Nexus 5X Build/MMB29P) AppleWebKit/537.36 (KHTML, like Gecko) Chrome/153.0.8010.36 Mobile Safari/537.36 (compatible; Googlebot/2.1; +http://www.google.com/bot.html)"
66.249.68.192 - - [11/Sep/2026:11:31:25 -0400] "GET /wp-content/themes/hello-elementor/assets/css/reset.css?ver=3.5.1 HTTP/1.1" 200 5829 "https://heredit.mx/?a=men-s-motorcycle-biker-denim-jacket-stand-collar-zipper-cc-nOLbY2t3" "Mozilla/5.0 (Linux; Android 6.0.1; Nexus 5X Build/MMB29P) AppleWebKit/537.36 (KHTML, like Gecko) Chrome/153.0.8010.36 Mobile Safari/537.36 (compatible; Googlebot/2.1; +http://www.google.com/bot.html)"
66.249.68.192 - - [11/Sep/2026:11:31:26 -0400] "GET /sliders/cercanias/index-mob.html HTTP/1.1" 200 2734 "https://heredit.mx/?a=men-s-motorcycle-biker-denim-jacket-stand-collar-zipper-cc-nOLbY2t3" "Mozilla/5.0 (Linux; Android 6.0.1; Nexus 5X Build/MMB29P) AppleWebKit/537.36 (KHTML, like Gecko) Chrome/153.0.8010.36 Mobile Safari/537.36 (compatible; Googlebot/2.1; +http://www.google.com/bot.html)"
66.249.68.192 - - [11/Sep/2026:11:31:26 -0400] "GET /sliders/descripcion/script.js HTTP/1.1" 200 2123 "https://heredit.mx/sliders/descripcion/index.html" "Mozilla/5.0 (Linux; Android 6.0.1; Nexus 5X Build/MMB29P) AppleWebKit/537.36 (KHTML, like Gecko) Chrome/153.0.8010.36 Mobile Safari/537.36 (compatible; Googlebot/2.1; +http://www.google.com/bot.html)"
66.249.68.192 - - [11/Sep/2026:11:31:28 -0400] "GET /wp-content/plugins/elementor-pro/assets/js/nav-menu.dc8790fd04afa5b6c0a3.bundle.min.js HTTP/1.1" 200 5038 "https://heredit.mx/?a=men-s-motorcycle-biker-denim-jacket-stand-collar-zipper-cc-nOLbY2t3" "Mozilla/5.0 (Linux; Android 6.0.1; Nexus 5X Build/MMB29P) AppleWebKit/537.36 (KHTML, like Gecko) Chrome/153.0.8010.36 Mobile Safari/537.36 (compatible; Googlebot/2.1; +http://www.google.com/bot.html)"
66.249.68.192 - - [11/Sep/2026:11:32:06 -0400] "GET /?choroiditis%2F509037 HTTP/1.1" 200 223619 "-" "Mozilla/5.0 (Linux; Android 6.0.1; Nexus 5X Build/MMB29P) AppleWebKit/537.36 (KHTML, like Gecko) Chrome/153.0.8010.36 Mobile Safari/537.36 (compatible; GoogleOther)"
199.250.222.155 - - [11/Sep/2026:11:32:34 -0400] "POST /wp-cron.php?doing_wp_cron=1789140754.9044470787048339843750 HTTP/1.1" 200 - "-" "WordPress/7.1; https://heredit.mx"
162.55.94.175 - - [11/Sep/2026:11:32:34 -0400] "GET /index.php?pickup/M991730 HTTP/1.1" 301 - "-" "Mozilla/5.0 (Macintosh; Intel Mac OS X 10_15_7) AppleWebKit/605.1.15 (KHTML, like Gecko) Version/16.0 Safari/605.1.15"
162.55.94.175 - - [11/Sep/2026:11:32:35 -0400] "GET /?pickup%2FM991730 HTTP/1.1" 200 223689 "https://heredit.mx/index.php?pickup/M991730" "Mozilla/5.0 (Macintosh; Intel Mac OS X 10_15_7) AppleWebKit/605.1.15 (KHTML, like Gecko) Version/16.0 Safari/605.1.15"
199.250.222.155 - - [11/Sep/2026:11:32:58 -0400] "POST /wp-cron.php?doing_wp_cron=1789140778.9443159103393554687500 HTTP/1.1" 200 - "-" "WordPress/7.1; https://heredit.mx"
66.249.68.192 - - [11/Sep/2026:11:32:58 -0400] "GET /?a=werewolf-cat-lykoi-kitten-age-months-stock-photo-by-cc-LoEMZjf8 HTTP/1.1" 200 223807 "-" "Mozilla/5.0 (Linux; Android 6.0.1; Nexus 5X Build/MMB29P) AppleWebKit/537.36 (KHTML, like Gecko) Chrome/153.0.8010.36 Mobile Safari/537.36 (compatible; Googlebot/2.1; +http://www.google.com/bot.html)"
199.250.222.155 - - [11/Sep/2026:11:33:48 -0400] "POST /wp-cron.php?doing_wp_cron=1789140828.9741210937500000000000 HTTP/1.1" 200 - "-" "WordPress/7.1; https://heredit.mx"
66.249.68.193 - - [11/Sep/2026:11:33:48 -0400] "GET /?a=werewolf-cat-lykoi-kitten-age-months-stock-photo-by-cc-LoEMZjf8 HTTP/1.1" 200 223807 "-" "Mozilla/5.0 (Linux; Android 6.0.1; Nexus 5X Build/MMB29P) AppleWebKit/537.36 (KHTML, like Gecko) Chrome/153.0.8010.36 Mobile Safari/537.36 (compatible; GoogleOther)"
66.249.68.194 - - [11/Sep/2026:11:34:40 -0400] "GET /?a=williams-sonoma-parisian-bistro-woven-side-chair-aptdeco-cc-6Be4q5So HTTP/1.1" 200 223827 "-" "Mozilla/5.0 (Linux; Android 6.0.1; Nexus 5X Build/MMB29P) AppleWebKit/537.36 (KHTML, like Gecko) Chrome/153.0.8010.36 Mobile Safari/537.36 (compatible; GoogleOther)"
66.249.68.194 - - [11/Sep/2026:11:36:24 -0400] "GET /?a=williams-sonoma-parisian-bistro-woven-side-chair-aptdeco-cc-6Be4q5So HTTP/1.1" 200 223827 "-" "Mozilla/5.0 (Linux; Android 6.0.1; Nexus 5X Build/MMB29P) AppleWebKit/537.36 (KHTML, like Gecko) Chrome/153.0.8010.36 Mobile Safari/537.36 (compatible; Googlebot/2.1; +http://www.google.com/bot.html)"
199.250.222.155 - - [11/Sep/2026:11:36:34 -0400] "POST /wp-cron.php?doing_wp_cron=1789140994.8664450645446777343750 HTTP/1.1" 200 - "-" "WordPress/7.1; https://heredit.mx"
40.77.167.77 - - [11/Sep/2026:11:36:34 -0400] "GET /wvEGy/fipenny20310/?a=ninth-air-force-c-vvVBOPuP HTTP/1.1" 404 121299 "-" "Mozilla/5.0 AppleWebKit/537.36 (KHTML, like Gecko; compatible; bingbot/2.0; +http://www.bing.com/bingbot.htm) Chrome/116.0.1938.76 Safari/537.36"
40.77.167.1 - - [11/Sep/2026:11:36:46 -0400] "GET /costumier-128314-BLasgG/?a=4-695-1 HTTP/1.1" 404 121299 "-" "Mozilla/5.0 AppleWebKit/537.36 (KHTML, like Gecko; compatible; bingbot/2.0; +http://www.bing.com/bingbot.htm) Chrome/116.0.1938.76 Safari/537.36"
66.249.68.194 - - [11/Sep/2026:11:37:14 -0400] "GET /?a=seiko-prospex-srpf07k1-samurai-watchcharts-cc-KwvZOzcQ HTTP/1.1" 200 223771 "-" "Mozilla/5.0 (Linux; Android 6.0.1; Nexus 5X Build/MMB29P) AppleWebKit/537.36 (KHTML, like Gecko) Chrome/153.0.8010.36 Mobile Safari/537.36 (compatible; GoogleOther)"
