66.249.68.193 - - [11/Sep/2026:11:38:18 -0400] "GET /sliders/desarrollos/script.js HTTP/1.1" 200 2537 "https://heredit.mx/sliders/desarrollos/index.html" "Mozilla/5.0 (Linux; Android 6.0.1; Nexus 5X Build/MMB29P) AppleWebKit/537.36 (KHTML, like Gecko) Chrome/153.0.8010.36 Mobile Safari/537.36 (compatible; Googlebot/2.1; +http://www.google.com/bot.html)"
114.119.142.14 - - [11/Sep/2026:11:38:38 -0400] "GET /thankyou-page HTTP/1.1" 200 41529 "https://heredit.mx/thankyou-page" "Mozilla/5.0 (Linux; Android 7.0;) AppleWebKit/537.36 (HTML, like Gecko) Mobile Safari/537.36 (compatible; PetalBot;+https://webmaster.petalsearch.com/site/petalbot)"
199.250.222.155 - - [11/Sep/2026:11:38:57 -0400] "POST /wp-cron.php?doing_wp_cron=1789141137.3419649600982666015625 HTTP/1.1" 200 - "-" "WordPress/7.1; https://heredit.mx"
66.249.68.192 - - [11/Sep/2026:11:38:56 -0400] "GET /?a=02-cerny-en-laonnois-chemin-des-dames-le-cimetiere-cc-3N62rwsV HTTP/1.1" 200 223803 "-" "Mozilla/5.0 (Linux; Android 6.0.1; Nexus 5X Build/MMB29P) AppleWebKit/537.36 (KHTML, like Gecko) Chrome/153.0.8010.36 Mobile Safari/537.36 (compatible; Googlebot/2.1; +http://www.google.com/bot.html)"
66.249.68.194 - - [11/Sep/2026:11:39:22 -0400] "GET /?a=mattifying-primer-%E2%80%93-100%-pure-cc-2KL5MbTw HTTP/1.1" 301 - "-" "Mozilla/5.0 (Linux; Android 6.0.1; Nexus 5X Build/MMB29P) AppleWebKit/537.36 (KHTML, like Gecko) Chrome/153.0.8010.36 Mobile Safari/537.36 (compatible; Googlebot/2.1; +http://www.google.com/bot.html)"
199.250.222.155 - - [11/Sep/2026:11:39:42 -0400] "POST /wp-cron.php?doing_wp_cron=1789141182.0949931144714355468750 HTTP/1.1" 200 - "-" "WordPress/7.1; https://heredit.mx"
66.249.68.192 - - [11/Sep/2026:11:39:41 -0400] "GET /?a=mattifying-primer-%E2%80%93-100%25-pure-cc-2KL5MbTw HTTP/1.1" 200 223743 "-" "Mozilla/5.0 (Linux; Android 6.0.1; Nexus 5X Build/MMB29P) AppleWebKit/537.36 (KHTML, like Gecko) Chrome/153.0.8010.36 Mobile Safari/537.36 (compatible; Googlebot/2.1; +http://www.google.com/bot.html)"
95.108.213.177 - - [11/Sep/2026:11:39:56 -0400] "GET /robots.txt HTTP/1.1" 200 267 "-" "Mozilla/5.0 (compatible; YandexBot/3.0; +http://yandex.com/bots)"
66.249.68.192 - - [11/Sep/2026:11:39:56 -0400] "GET /?a=hellblazer-omnibus-hc-2020-dc-black-label-by-garth-cc-RBqLyYf7 HTTP/1.1" 200 223803 "-" "Mozilla/5.0 (Linux; Android 6.0.1; Nexus 5X Build/MMB29P) AppleWebKit/537.36 (KHTML, like Gecko) Chrome/153.0.8010.36 Mobile Safari/537.36 (compatible; Googlebot/2.1; +http://www.google.com/bot.html)"
5.255.231.81 - - [11/Sep/2026:11:39:57 -0400] "GET /Aequi=85&dvrUMre=192399 HTTP/1.1" 404 123212 "-" "Mozilla/5.0 (compatible; YandexBot/3.0; +http://yandex.com/bots)"
66.249.68.192 - - [11/Sep/2026:11:40:13 -0400] "GET /wp-content/uploads/essential-addons-elementor/eael-298.js?ver=1788480000 HTTP/1.1" 200 6552 "https://heredit.mx/?a=hellblazer-omnibus-hc-2020-dc-black-label-by-garth-cc-RBqLyYf7" "Mozilla/5.0 (Linux; Android 6.0.1; Nexus 5X Build/MMB29P) AppleWebKit/537.36 (KHTML, like Gecko) Chrome/153.0.8010.36 Mobile Safari/537.36 (compatible; Googlebot/2.1; +http://www.google.com/bot.html)"
66.249.68.193 - - [11/Sep/2026:11:40:13 -0400] "GET /sliders/desarrollos/index.html HTTP/1.1" 200 4010 "https://heredit.mx/?a=hellblazer-omnibus-hc-2020-dc-black-label-by-garth-cc-RBqLyYf7" "Mozilla/5.0 (Linux; Android 6.0.1; Nexus 5X Build/MMB29P) AppleWebKit/537.36 (KHTML, like Gecko) Chrome/153.0.8010.36 Mobile Safari/537.36 (compatible; Googlebot/2.1; +http://www.google.com/bot.html)"
66.249.68.194 - - [11/Sep/2026:11:40:13 -0400] "GET /sliders/desarrollos/index.html HTTP/1.1" 200 4010 "https://heredit.mx/?a=hellblazer-omnibus-hc-2020-dc-black-label-by-garth-cc-RBqLyYf7" "Mozilla/5.0 (Linux; Android 6.0.1; Nexus 5X Build/MMB29P) AppleWebKit/537.36 (KHTML, like Gecko) Chrome/153.0.8010.36 Mobile Safari/537.36 (compatible; Googlebot/2.1; +http://www.google.com/bot.html)"
66.249.68.192 - - [11/Sep/2026:11:40:15 -0400] "GET /wp-content/uploads/2024/06/icon-coffee.svg HTTP/1.1" 200 509 "https://heredit.mx/sliders/amenidades/interiores.html" "Mozilla/5.0 (Linux; Android 6.0.1; Nexus 5X Build/MMB29P) AppleWebKit/537.36 (KHTML, like Gecko) Chrome/153.0.8010.36 Mobile Safari/537.36 (compatible; Googlebot/2.1; +http://www.google.com/bot.html)"
66.249.68.192 - - [11/Sep/2026:11:40:15 -0400] "GET /sliders/cards/style.css HTTP/1.1" 200 5055 "https://heredit.mx/sliders/cards/index.html" "Mozilla/5.0 (Linux; Android 6.0.1; Nexus 5X Build/MMB29P) AppleWebKit/537.36 (KHTML, like Gecko) Chrome/153.0.8010.36 Mobile Safari/537.36 (compatible; Googlebot/2.1; +http://www.google.com/bot.html)"
66.249.68.192 - - [11/Sep/2026:11:40:23 -0400] "GET /?a=armani-exchange-brown-leather-foldable-wristlet-clutch-cc-D3MdKMTn HTTP/1.1" 200 223819 "-" "Mozilla/5.0 (Linux; Android 6.0.1; Nexus 5X Build/MMB29P) AppleWebKit/537.36 (KHTML, like Gecko) Chrome/153.0.8010.36 Mobile Safari/537.36 (compatible; GoogleOther)"
66.249.68.192 - - [11/Sep/2026:11:40:27 -0400] "GET /sliders/cercanias/index.html HTTP/1.1" 200 2926 "https://heredit.mx/?a=armani-exchange-brown-leather-foldable-wristlet-clutch-cc-D3MdKMTn" "Mozilla/5.0 (Linux; Android 6.0.1; Nexus 5X Build/MMB29P) AppleWebKit/537.36 (KHTML, like Gecko) Chrome/153.0.8010.36 Mobile Safari/537.36 (compatible; GoogleOther)"
66.249.68.192 - - [11/Sep/2026:11:40:48 -0400] "GET /?a=buy-ac-led-display-temperature-controller-thermostat-with-attach-cc-BGKy72io HTTP/1.1" 200 223859 "-" "Mozilla/5.0 (Linux; Android 6.0.1; Nexus 5X Build/MMB29P) AppleWebKit/537.36 (KHTML, like Gecko) Chrome/153.0.8010.36 Mobile Safari/537.36 (compatible; Googlebot/2.1; +http://www.google.com/bot.html)"
52.167.144.228 - - [11/Sep/2026:11:41:01 -0400] "GET /?a=pigeon-baby-wipes-with-lanolin-70-sheets-tisu-basah-cc-zAbGAEfG HTTP/1.1" 200 223807 "-" "Mozilla/5.0 AppleWebKit/537.36 (KHTML, like Gecko; compatible; bingbot/2.0; +http://www.bing.com/bingbot.htm) Chrome/116.0.1938.76 Safari/537.36"
66.249.68.192 - - [11/Sep/2026:11:41:13 -0400] "GET /?a=buy-ac-led-display-temperature-controller-thermostat-with-attach-cc-BGKy72io HTTP/1.1" 200 223859 "-" "Mozilla/5.0 (Linux; Android 6.0.1; Nexus 5X Build/MMB29P) AppleWebKit/537.36 (KHTML, like Gecko) Chrome/153.0.8010.36 Mobile Safari/537.36 (compatible; GoogleOther)"
199.250.222.155 - - [11/Sep/2026:11:41:40 -0400] "POST /wp-cron.php?doing_wp_cron=1789141300.0620710849761962890625 HTTP/1.1" 200 - "-" "WordPress/7.1; https://heredit.mx"
66.249.68.192 - - [11/Sep/2026:11:41:39 -0400] "GET /?a=olaian-900-7-decathlon-surfboard-review-insanely-fun-perfect-cc-PGwZOZt8 HTTP/1.1" 200 223843 "-" "Mozilla/5.0 (Linux; Android 6.0.1; Nexus 5X Build/MMB29P) AppleWebKit/537.36 (KHTML, like Gecko) Chrome/153.0.8010.36 Mobile Safari/537.36 (compatible; Googlebot/2.1; +http://www.google.com/bot.html)"
66.249.68.192 - - [11/Sep/2026:11:42:22 -0400] "GET /?a=olaian-900-7-decathlon-surfboard-review-insanely-fun-perfect-cc-PGwZOZt8 HTTP/1.1" 200 223843 "-" "Mozilla/5.0 (Linux; Android 6.0.1; Nexus 5X Build/MMB29P) AppleWebKit/537.36 (KHTML, like Gecko) Chrome/153.0.8010.36 Mobile Safari/537.36 (compatible; GoogleOther)"
40.77.167.1 - - [11/Sep/2026:11:42:41 -0400] "GET /?a=1739-puffin-ln-50117308-first-weber-realtors-cc-AzpnoMtw HTTP/1.1" 200 223779 "-" "Mozilla/5.0 AppleWebKit/537.36 (KHTML, like Gecko; compatible; bingbot/2.0; +http://www.bing.com/bingbot.htm) Chrome/116.0.1938.76 Safari/537.36"
66.249.68.193 - - [11/Sep/2026:11:43:13 -0400] "GET /?a=wilson-a2000-spin-control-sr32-sierra-romero-12-fastpitch-cc-ndnpO0U3 HTTP/1.1" 200 223831 "-" "Mozilla/5.0 (Linux; Android 6.0.1; Nexus 5X Build/MMB29P) AppleWebKit/537.36 (KHTML, like Gecko) Chrome/153.0.8010.36 Mobile Safari/537.36 (compatible; Googlebot/2.1; +http://www.google.com/bot.html)"
66.249.68.192 - - [11/Sep/2026:11:43:18 -0400] "GET /wp-content/uploads/elementor/css/post-48.css?ver=1788480000 HTTP/1.1" 200 45412 "https://heredit.mx/?a=wilson-a2000-spin-control-sr32-sierra-romero-12-fastpitch-cc-ndnpO0U3" "Mozilla/5.0 (Linux; Android 6.0.1; Nexus 5X Build/MMB29P) AppleWebKit/537.36 (KHTML, like Gecko) Chrome/153.0.8010.36 Mobile Safari/537.36 (compatible; Googlebot/2.1; +http://www.google.com/bot.html)"
66.249.68.193 - - [11/Sep/2026:11:43:18 -0400] "GET /wp-content/plugins/elementor/assets/lib/font-awesome/css/all.min.css?ver=4.11.102 HTTP/1.1" 200 59344 "https://heredit.mx/?a=wilson-a2000-spin-control-sr32-sierra-romero-12-fastpitch-cc-ndnpO0U3" "Mozilla/5.0 (Linux; Android 6.0.1; Nexus 5X Build/MMB29P) AppleWebKit/537.36 (KHTML, like Gecko) Chrome/153.0.8010.36 Mobile Safari/537.36 (compatible; Googlebot/2.1; +http://www.google.com/bot.html)"
66.249.68.192 - - [11/Sep/2026:11:43:18 -0400] "GET /wp-content/plugins/wpforms/assets/js/frontend/wpforms-modern.min.js?ver=1.10.2.1 HTTP/1.1" 200 6005 "https://heredit.mx/?a=wilson-a2000-spin-control-sr32-sierra-romero-12-fastpitch-cc-ndnpO0U3" "Mozilla/5.0 (Linux; Android 6.0.1; Nexus 5X Build/MMB29P) AppleWebKit/537.36 (KHTML, like Gecko) Chrome/153.0.8010.36 Mobile Safari/537.36 (compatible; Googlebot/2.1; +http://www.google.com/bot.html)"
66.249.68.192 - - [11/Sep/2026:11:43:20 -0400] "GET /sliders/desarrollos/index.html HTTP/1.1" 200 4010 "https://heredit.mx/?a=wilson-a2000-spin-control-sr32-sierra-romero-12-fastpitch-cc-ndnpO0U3" "Mozilla/5.0 (Linux; Android 6.0.1; Nexus 5X Build/MMB29P) AppleWebKit/537.36 (KHTML, like Gecko) Chrome/153.0.8010.36 Mobile Safari/537.36 (compatible; Googlebot/2.1; +http://www.google.com/bot.html)"
66.249.68.192 - - [11/Sep/2026:11:43:20 -0400] "GET /sliders/desarrollos/index.html HTTP/1.1" 200 4010 "https://heredit.mx/?a=wilson-a2000-spin-control-sr32-sierra-romero-12-fastpitch-cc-ndnpO0U3" "Mozilla/5.0 (Linux; Android 6.0.1; Nexus 5X Build/MMB29P) AppleWebKit/537.36 (KHTML, like Gecko) Chrome/153.0.8010.36 Mobile Safari/537.36 (compatible; Googlebot/2.1; +http://www.google.com/bot.html)"
66.249.68.193 - - [11/Sep/2026:11:43:20 -0400] "GET /sliders/desarrollos/script.js HTTP/1.1" 200 2537 "https://heredit.mx/sliders/desarrollos/index.html" "Mozilla/5.0 (Linux; Android 6.0.1; Nexus 5X Build/MMB29P) AppleWebKit/537.36 (KHTML, like Gecko) Chrome/153.0.8010.36 Mobile Safari/537.36 (compatible; Googlebot/2.1; +http://www.google.com/bot.html)"
66.249.68.193 - - [11/Sep/2026:11:43:20 -0400] "GET /sliders/desarrollos/script.js HTTP/1.1" 200 2537 "https://heredit.mx/sliders/desarrollos/index.html" "Mozilla/5.0 (Linux; Android 6.0.1; Nexus 5X Build/MMB29P) AppleWebKit/537.36 (KHTML, like Gecko) Chrome/153.0.8010.36 Mobile Safari/537.36 (compatible; Googlebot/2.1; +http://www.google.com/bot.html)"
66.249.68.193 - - [11/Sep/2026:11:44:06 -0400] "GET /?a=banjo-isolated-stock-vector-by-%C2%A9moodbringer-70079979-cc-b6Gg1MI7 HTTP/1.1" 200 223823 "-" "Mozilla/5.0 (Linux; Android 6.0.1; Nexus 5X Build/MMB29P) AppleWebKit/537.36 (KHTML, like Gecko) Chrome/153.0.8010.36 Mobile Safari/537.36 (compatible; Googlebot/2.1; +http://www.google.com/bot.html)"
199.250.222.155 - - [11/Sep/2026:11:44:42 -0400] "POST /wp-cron.php?doing_wp_cron=1789141482.0684280395507812500000 HTTP/1.1" 200 - "-" "WordPress/7.1; https://heredit.mx"
52.167.144.216 - - [11/Sep/2026:11:44:41 -0400] "GET /?w=george-mildred-yootha-joyce-carlton-vintage-pal-vhs-pp-PRGGnkIG HTTP/1.1" 301 - "-" "Mozilla/5.0 AppleWebKit/537.36 (KHTML, like Gecko; compatible; bingbot/2.0; +http://www.bing.com/bingbot.htm) Chrome/116.0.1938.76 Safari/537.36"
52.167.144.228 - - [11/Sep/2026:11:44:52 -0400] "GET /?w=george-mildred-yootha-joyce-carlton-vintage-pal-vhs-pp-PRGGnkIG HTTP/1.1" 200 112757 "-" "Mozilla/5.0 AppleWebKit/537.36 (KHTML, like Gecko; compatible; bingbot/2.0; +http://www.bing.com/bingbot.htm) Chrome/116.0.1938.76 Safari/537.36"
66.249.68.193 - - [11/Sep/2026:11:45:21 -0400] "GET /?a=banjo-isolated-stock-vector-by-%C2%A9moodbringer-70079979-cc-b6Gg1MI7 HTTP/1.1" 200 223823 "-" "Mozilla/5.0 (Linux; Android 6.0.1; Nexus 5X Build/MMB29P) AppleWebKit/537.36 (KHTML, like Gecko) Chrome/153.0.8010.36 Mobile Safari/537.36 (compatible; GoogleOther)"
66.249.68.192 - - [11/Sep/2026:11:45:27 -0400] "GET /wp-content/plugins/elementor-pro/assets/js/frontend.min.js?ver=4.2.3 HTTP/1.1" 200 23939 "https://heredit.mx/?a=banjo-isolated-stock-vector-by-%C2%A9moodbringer-70079979-cc-b6Gg1MI7" "Mozilla/5.0 (Linux; Android 6.0.1; Nexus 5X Build/MMB29P) AppleWebKit/537.36 (KHTML, like Gecko) Chrome/153.0.8010.36 Mobile Safari/537.36 (compatible; GoogleOther)"
199.250.222.155 - - [11/Sep/2026:11:45:48 -0400] "POST /wp-cron.php?doing_wp_cron=1789141548.4892721176147460937500 HTTP/1.1" 200 - "-" "WordPress/7.1; https://heredit.mx"
66.249.68.192 - - [11/Sep/2026:11:45:48 -0400] "GET /?a=vw-windshield-wiper-linkage-febi-bilstein-5c7955601-fcp-euro-cc-gweV2PH8 HTTP/1.1" 200 223843 "-" "Mozilla/5.0 (Linux; Android 6.0.1; Nexus 5X Build/MMB29P) AppleWebKit/537.36 (KHTML, like Gecko) Chrome/153.0.8010.36 Mobile Safari/537.36 (compatible; Googlebot/2.1; +http://www.google.com/bot.html)"
66.249.68.192 - - [11/Sep/2026:11:45:53 -0400] "GET /wp-content/plugins/wpforms/assets/lib/punycode.min.js?ver=1.0.0 HTTP/1.1" 200 1713 "https://heredit.mx/?a=vw-windshield-wiper-linkage-febi-bilstein-5c7955601-fcp-euro-cc-gweV2PH8" "Mozilla/5.0 (Linux; Android 6.0.1; Nexus 5X Build/MMB29P) AppleWebKit/537.36 (KHTML, like Gecko) Chrome/153.0.8010.36 Mobile Safari/537.36 (compatible; Googlebot/2.1; +http://www.google.com/bot.html)"
51.68.107.154 - - [11/Sep/2026:11:46:26 -0400] "GET /robots.txt HTTP/1.1" 200 267 "-" "Mozilla/5.0 (compatible; MJ12bot/v2.0.5; http://mj12bot.com/)"
51.68.107.154 - - [11/Sep/2026:11:46:26 -0400] "GET / HTTP/1.1" 200 59621 "-" "Mozilla/5.0 (compatible; MJ12bot/v2.0.5; http://mj12bot.com/)"
199.250.222.155 - - [11/Sep/2026:11:46:39 -0400] "POST /wp-cron.php?doing_wp_cron=1789141599.9086968898773193359375 HTTP/1.1" 200 - "-" "WordPress/7.1; https://heredit.mx"
66.249.68.192 - - [11/Sep/2026:11:46:39 -0400] "GET /?a=vw-windshield-wiper-linkage-febi-bilstein-5c7955601-fcp-euro-cc-gweV2PH8 HTTP/1.1" 200 223843 "-" "Mozilla/5.0 (Linux; Android 6.0.1; Nexus 5X Build/MMB29P) AppleWebKit/537.36 (KHTML, like Gecko) Chrome/153.0.8010.36 Mobile Safari/537.36 (compatible; GoogleOther)"
66.249.68.192 - - [11/Sep/2026:11:46:58 -0400] "GET /?a=food-for-future-vegan-big-classic-burger-reviews-abillion-cc-voemapsP HTTP/1.1" 200 223831 "-" "Mozilla/5.0 (Linux; Android 6.0.1; Nexus 5X Build/MMB29P) AppleWebKit/537.36 (KHTML, like Gecko) Chrome/153.0.8010.36 Mobile Safari/537.36 (compatible; Googlebot/2.1; +http://www.google.com/bot.html)"
199.250.222.155 - - [11/Sep/2026:11:47:34 -0400] "POST /wp-cron.php?doing_wp_cron=1789141654.8667409420013427734375 HTTP/1.1" 200 - "-" "WordPress/7.1; https://heredit.mx"
66.249.68.192 - - [11/Sep/2026:11:47:34 -0400] "GET /?a=food-for-future-vegan-big-classic-burger-reviews-abillion-cc-voemapsP HTTP/1.1" 200 223831 "-" "Mozilla/5.0 (Linux; Android 6.0.1; Nexus 5X Build/MMB29P) AppleWebKit/537.36 (KHTML, like Gecko) Chrome/153.0.8010.36 Mobile Safari/537.36 (compatible; GoogleOther)"
40.77.167.152 - - [11/Sep/2026:11:47:39 -0400] "GET /QLdIcA/predeny14091/9hdbk3Za HTTP/1.1" 404 123212 "-" "Mozilla/5.0 AppleWebKit/537.36 (KHTML, like Gecko; compatible; bingbot/2.0; +http://www.bing.com/bingbot.htm) Chrome/116.0.1938.76 Safari/537.36"
52.167.144.165 - - [11/Sep/2026:11:47:47 -0400] "GET /codding-514063-aGwiOsi/index.php?a=lifted-ram-1500-c-z6DoVYHG HTTP/1.1" 301 - "-" "Mozilla/5.0 AppleWebKit/537.36 (KHTML, like Gecko; compatible; bingbot/2.0; +http://www.bing.com/bingbot.htm) Chrome/116.0.1938.76 Safari/537.36"
66.249.68.193 - - [11/Sep/2026:11:48:09 -0400] "GET /?a=the-xaryu-bodyweight-program-cc-oNneY1Iv HTTP/1.1" 200 223715 "-" "Mozilla/5.0 (Linux; Android 6.0.1; Nexus 5X Build/MMB29P) AppleWebKit/537.36 (KHTML, like Gecko) Chrome/153.0.8010.36 Mobile Safari/537.36 (compatible; GoogleOther)"
66.249.68.193 - - [11/Sep/2026:11:48:15 -0400] "GET /wp-content/plugins/elementor-pro/assets/js/frontend.min.js?ver=4.2.3 HTTP/1.1" 200 23939 "https://heredit.mx/?a=the-xaryu-bodyweight-program-cc-oNneY1Iv" "Mozilla/5.0 (Linux; Android 6.0.1; Nexus 5X Build/MMB29P) AppleWebKit/537.36 (KHTML, like Gecko) Chrome/153.0.8010.36 Mobile Safari/537.36 (compatible; GoogleOther)"
199.250.222.155 - - [11/Sep/2026:11:48:45 -0400] "POST /wp-cron.php?doing_wp_cron=1789141725.5678169727325439453125 HTTP/1.1" 200 - "-" "WordPress/7.1; https://heredit.mx"
66.249.68.192 - - [11/Sep/2026:11:48:45 -0400] "GET /?a=the-xaryu-bodyweight-program-cc-oNneY1Iv HTTP/1.1" 200 223715 "-" "Mozilla/5.0 (Linux; Android 6.0.1; Nexus 5X Build/MMB29P) AppleWebKit/537.36 (KHTML, like Gecko) Chrome/153.0.8010.36 Mobile Safari/537.36 (compatible; Googlebot/2.1; +http://www.google.com/bot.html)"
18.232.36.1 - - [11/Sep/2026:11:49:20 -0400] "GET /?a=artstation-assassin-s-creed-valhalla-saxons-cc-nKwPa7C3 HTTP/1.1" 200 223775 "-" "Mozilla/5.0 AppleWebKit/537.36 (KHTML, like Gecko; compatible; Amazonbot/0.1; +https://developer.amazon.com/support/amazonbot) Chrome/119.0.6045.214 Safari/537.36"
66.249.68.192 - - [11/Sep/2026:11:49:20 -0400] "GET /?a=samsung-galaxy-buds-skin-galactic-by-decalgirl-collective-cc-Q2JrjjfD HTTP/1.1" 200 223831 "-" "Mozilla/5.0 (Linux; Android 6.0.1; Nexus 5X Build/MMB29P) AppleWebKit/537.36 (KHTML, like Gecko) Chrome/153.0.8010.36 Mobile Safari/537.36 (compatible; Googlebot/2.1; +http://www.google.com/bot.html)"
199.250.222.155 - - [11/Sep/2026:11:49:39 -0400] "POST /wp-cron.php?doing_wp_cron=1789141779.7279369831085205078125 HTTP/1.1" 200 - "-" "WordPress/7.1; https://heredit.mx"
52.167.144.165 - - [11/Sep/2026:11:49:39 -0400] "GET /bibliographically-371931-UStHSPsaX/ HTTP/1.1" 404 123212 "-" "Mozilla/5.0 AppleWebKit/537.36 (KHTML, like Gecko; compatible; bingbot/2.0; +http://www.bing.com/bingbot.htm) Chrome/116.0.1938.76 Safari/537.36"
66.249.68.193 - - [11/Sep/2026:11:51:06 -0400] "GET /?a=kingart-studio-acrylic-painting-set-espresso-wood-case-set-cc-G61kM7tN HTTP/1.1" 200 223835 "-" "Mozilla/5.0 (Linux; Android 6.0.1; Nexus 5X Build/MMB29P) AppleWebKit/537.36 (KHTML, like Gecko) Chrome/153.0.8010.36 Mobile Safari/537.36 (compatible; GoogleOther)"
66.249.68.193 - - [11/Sep/2026:11:51:12 -0400] "GET /wp-content/uploads/2024/06/icon-wine.svg HTTP/1.1" 200 525 "https://heredit.mx/sliders/amenidades/interiores-mob.html" "Mozilla/5.0 (Linux; Android 6.0.1; Nexus 5X Build/MMB29P) AppleWebKit/537.36 (KHTML, like Gecko) Chrome/153.0.8010.36 Mobile Safari/537.36 (compatible; GoogleOther)"
66.249.68.192 - - [11/Sep/2026:11:51:12 -0400] "GET /wp-content/uploads/2024/06/icon-wine.svg HTTP/1.1" 200 525 "https://heredit.mx/sliders/amenidades/interiores.html" "Mozilla/5.0 (Linux; Android 6.0.1; Nexus 5X Build/MMB29P) AppleWebKit/537.36 (KHTML, like Gecko) Chrome/153.0.8010.36 Mobile Safari/537.36 (compatible; GoogleOther)"
199.250.222.155 - - [11/Sep/2026:11:51:42 -0400] "POST /wp-cron.php?doing_wp_cron=1789141902.4689710140228271484375 HTTP/1.1" 200 - "-" "WordPress/7.1; https://heredit.mx"
66.249.68.192 - - [11/Sep/2026:11:51:42 -0400] "GET /?a=pasadena-parrot-print-painting-of-parrots-wall-decor-%E2%80%93-cc-zLdLObhG HTTP/1.1" 200 223839 "-" "Mozilla/5.0 (Linux; Android 6.0.1; Nexus 5X Build/MMB29P) AppleWebKit/537.36 (KHTML, like Gecko) Chrome/153.0.8010.36 Mobile Safari/537.36 (compatible; Googlebot/2.1; +http://www.google.com/bot.html)"
66.249.68.192 - - [11/Sep/2026:11:51:52 -0400] "GET /wp-content/uploads/2024/06/icon-food.svg HTTP/1.1" 200 584 "https://heredit.mx/sliders/amenidades/interiores.html" "Mozilla/5.0 (Linux; Android 6.0.1; Nexus 5X Build/MMB29P) AppleWebKit/537.36 (KHTML, like Gecko) Chrome/153.0.8010.36 Mobile Safari/537.36 (compatible; Googlebot/2.1; +http://www.google.com/bot.html)"
199.250.222.155 - - [11/Sep/2026:11:52:36 -0400] "POST /wp-cron.php?doing_wp_cron=1789141956.8842558860778808593750 HTTP/1.1" 200 - "-" "WordPress/7.1; https://heredit.mx"
66.249.68.193 - - [11/Sep/2026:11:52:36 -0400] "GET /?a=sketch-your-face-with-pencil-by-dimensihenda-fiverr-cc-kovR8EhN HTTP/1.1" 200 223807 "-" "Mozilla/5.0 (Linux; Android 6.0.1; Nexus 5X Build/MMB29P) AppleWebKit/537.36 (KHTML, like Gecko) Chrome/153.0.8010.36 Mobile Safari/537.36 (compatible; Googlebot/2.1; +http://www.google.com/bot.html)"
66.249.68.192 - - [11/Sep/2026:11:52:40 -0400] "GET /wp-content/uploads/2024/06/linkedin.svg HTTP/1.1" 200 850 "https://heredit.mx/?a=sketch-your-face-with-pencil-by-dimensihenda-fiverr-cc-kovR8EhN" "Mozilla/5.0 (Linux; Android 6.0.1; Nexus 5X Build/MMB29P) AppleWebKit/537.36 (KHTML, like Gecko) Chrome/153.0.8010.36 Mobile Safari/537.36 (compatible; Googlebot/2.1; +http://www.google.com/bot.html)"
66.249.68.192 - - [11/Sep/2026:11:52:41 -0400] "GET /sliders/cards/style.css HTTP/1.1" 200 5055 "https://heredit.mx/sliders/cards/index.html" "Mozilla/5.0 (Linux; Android 6.0.1; Nexus 5X Build/MMB29P) AppleWebKit/537.36 (KHTML, like Gecko) Chrome/153.0.8010.36 Mobile Safari/537.36 (compatible; Googlebot/2.1; +http://www.google.com/bot.html)"
66.249.68.192 - - [11/Sep/2026:11:52:54 -0400] "GET /?a=sketch-your-face-with-pencil-by-dimensihenda-fiverr-cc-kovR8EhN HTTP/1.1" 200 223807 "-" "Mozilla/5.0 (Linux; Android 6.0.1; Nexus 5X Build/MMB29P) AppleWebKit/537.36 (KHTML, like Gecko) Chrome/153.0.8010.36 Mobile Safari/537.36 (compatible; GoogleOther)"
216.73.216.28 - - [11/Sep/2026:11:53:39 -0400] "GET /robots.txt HTTP/1.1" 200 267 "-" "Mozilla/5.0 AppleWebKit/537.36 (KHTML, like Gecko; compatible; ClaudeBot/1.0; +claudebot@anthropic.com)"
216.73.216.28 - - [11/Sep/2026:11:53:40 -0400] "GET /wp-content/maintenance/assets/timer.js HTTP/1.1" 200 1282 "-" "Mozilla/5.0 AppleWebKit/537.36 (KHTML, like Gecko; compatible; ClaudeBot/1.0; +claudebot@anthropic.com)"
40.77.167.25 - - [11/Sep/2026:11:53:42 -0400] "GET /?w=george-mildred-yootha-joyce-carlton-vintage-pal-vhs-pp-3g1ljxhz HTTP/1.1" 200 112757 "-" "Mozilla/5.0 AppleWebKit/537.36 (KHTML, like Gecko; compatible; bingbot/2.0; +http://www.bing.com/bingbot.htm) Chrome/116.0.1938.76 Safari/537.36"
66.249.68.192 - - [11/Sep/2026:11:54:03 -0400] "GET /?a=maxfli-performance-series-low-resistance-translucent-golf-tees-%E2%80%93-cc-NqN8Lrh7 HTTP/1.1" 200 223879 "-" "Mozilla/5.0 (Linux; Android 6.0.1; Nexus 5X Build/MMB29P) AppleWebKit/537.36 (KHTML, like Gecko) Chrome/153.0.8010.36 Mobile Safari/537.36 (compatible; GoogleOther)"
66.249.68.192 - - [11/Sep/2026:11:54:08 -0400] "GET /wp-content/uploads/essential-addons-elementor/eael-298.css?ver=1788480000 HTTP/1.1" 200 14460 "https://heredit.mx/?a=maxfli-performance-series-low-resistance-translucent-golf-tees-%E2%80%93-cc-NqN8Lrh7" "Mozilla/5.0 (Linux; Android 6.0.1; Nexus 5X Build/MMB29P) AppleWebKit/537.36 (KHTML, like Gecko) Chrome/153.0.8010.36 Mobile Safari/537.36 (compatible; GoogleOther)"
66.249.68.193 - - [11/Sep/2026:11:54:09 -0400] "GET /wp-content/plugins/premium-addons-for-elementor/assets/frontend/min-js/headroom.min.js?ver=4.11.102 HTTP/1.1" 200 4267 "https://heredit.mx/?a=maxfli-performance-series-low-resistance-translucent-golf-tees-%E2%80%93-cc-NqN8Lrh7" "Mozilla/5.0 (Linux; Android 6.0.1; Nexus 5X Build/MMB29P) AppleWebKit/537.36 (KHTML, like Gecko) Chrome/153.0.8010.36 Mobile Safari/537.36 (compatible; GoogleOther)"
66.249.68.192 - - [11/Sep/2026:11:54:10 -0400] "GET /wp-content/plugins/elementor-pro/assets/css/widget-testimonial-carousel.min.css?ver=4.2.3 HTTP/1.1" 200 19691 "https://heredit.mx/?a=maxfli-performance-series-low-resistance-translucent-golf-tees-%E2%80%93-cc-NqN8Lrh7" "Mozilla/5.0 (Linux; Android 6.0.1; Nexus 5X Build/MMB29P) AppleWebKit/537.36 (KHTML, like Gecko) Chrome/153.0.8010.36 Mobile Safari/537.36 (compatible; GoogleOther)"
66.249.68.193 - - [11/Sep/2026:11:54:10 -0400] "GET /wp-content/plugins/elementor/assets/js/webpack.runtime.min.js?ver=4.2.4 HTTP/1.1" 200 5819 "https://heredit.mx/?a=maxfli-performance-series-low-resistance-translucent-golf-tees-%E2%80%93-cc-NqN8Lrh7" "Mozilla/5.0 (Linux; Android 6.0.1; Nexus 5X Build/MMB29P) AppleWebKit/537.36 (KHTML, like Gecko) Chrome/153.0.8010.36 Mobile Safari/537.36 (compatible; GoogleOther)"
66.249.68.192 - - [11/Sep/2026:11:54:12 -0400] "GET /wp-content/plugins/premium-addons-for-elementor/assets/frontend/min-js/lottie.min.js?ver=4.11.102 HTTP/1.1" 200 257697 "https://heredit.mx/?a=maxfli-performance-series-low-resistance-translucent-golf-tees-%E2%80%93-cc-NqN8Lrh7" "Mozilla/5.0 (Linux; Android 6.0.1; Nexus 5X Build/MMB29P) AppleWebKit/537.36 (KHTML, like Gecko) Chrome/153.0.8010.36 Mobile Safari/537.36 (compatible; GoogleOther)"
66.249.68.192 - - [11/Sep/2026:11:54:19 -0400] "GET /wp-content/plugins/elementor-pro/assets/js/webpack-pro.runtime.min.js?ver=4.2.3 HTTP/1.1" 200 6242 "https://heredit.mx/?a=maxfli-performance-series-low-resistance-translucent-golf-tees-%E2%80%93-cc-NqN8Lrh7" "Mozilla/5.0 (Linux; Android 6.0.1; Nexus 5X Build/MMB29P) AppleWebKit/537.36 (KHTML, like Gecko) Chrome/153.0.8010.36 Mobile Safari/537.36 (compatible; GoogleOther)"
66.249.68.192 - - [11/Sep/2026:11:54:19 -0400] "GET /sliders/amenidades/script.js HTTP/1.1" 200 2513 "https://heredit.mx/sliders/amenidades/interiores-mob.html" "Mozilla/5.0 (Linux; Android 6.0.1; Nexus 5X Build/MMB29P) AppleWebKit/537.36 (KHTML, like Gecko) Chrome/153.0.8010.36 Mobile Safari/537.36 (compatible; GoogleOther)"
199.250.222.155 - - [11/Sep/2026:11:54:34 -0400] "POST /wp-cron.php?doing_wp_cron=1789142074.5066111087799072265625 HTTP/1.1" 200 - "-" "WordPress/7.1; https://heredit.mx"
40.77.167.1 - - [11/Sep/2026:11:54:34 -0400] "GET /marshlike-625002-Fgvbv/?a=giovanni-raspini-rolo-t-bar-armando-poggi-cc-eaMEVoFQ HTTP/1.1" 301 - "-" "Mozilla/5.0 AppleWebKit/537.36 (KHTML, like Gecko; compatible; bingbot/2.0; +http://www.bing.com/bingbot.htm) Chrome/116.0.1938.76 Safari/537.36"
216.73.216.28 - - [11/Sep/2026:11:54:54 -0400] "GET /wp-content/maintenance/assets/styles.css HTTP/1.1" 200 2884 "-" "Mozilla/5.0 AppleWebKit/537.36 (KHTML, like Gecko; compatible; ClaudeBot/1.0; +claudebot@anthropic.com)"
216.73.216.28 - - [11/Sep/2026:11:54:55 -0400] "GET /wp-content/maintenance/assets/images/twitter.svg HTTP/1.1" 200 952 "-" "Mozilla/5.0 AppleWebKit/537.36 (KHTML, like Gecko; compatible; ClaudeBot/1.0; +claudebot@anthropic.com)"
216.73.216.28 - - [11/Sep/2026:11:55:06 -0400] "GET /wp-content/maintenance/assets/images/instagram.svg HTTP/1.1" 200 962 "-" "Mozilla/5.0 AppleWebKit/537.36 (KHTML, like Gecko; compatible; ClaudeBot/1.0; +claudebot@anthropic.com)"
199.250.222.155 - - [11/Sep/2026:11:56:25 -0400] "POST /wp-cron.php?doing_wp_cron=1789142185.6801519393920898437500 HTTP/1.1" 200 - "-" "WordPress/7.1; https://heredit.mx"
66.249.68.192 - - [11/Sep/2026:11:56:25 -0400] "GET /?a=13-olympia-avenue-old-orchard-beach-me-western-maine-cc-gQpY1Bt8 HTTP/1.1" 200 223811 "-" "Mozilla/5.0 (Linux; Android 6.0.1; Nexus 5X Build/MMB29P) AppleWebKit/537.36 (KHTML, like Gecko) Chrome/153.0.8010.36 Mobile Safari/537.36 (compatible; Googlebot/2.1; +http://www.google.com/bot.html)"
199.250.222.155 - - [11/Sep/2026:11:56:43 -0400] "POST /wp-cron.php?doing_wp_cron=1789142203.3642830848693847656250 HTTP/1.1" 200 - "-" "WordPress/7.1; https://heredit.mx"
66.249.68.193 - - [11/Sep/2026:11:56:42 -0400] "GET /?a=artstation-planet-cc-nKkQYxt3 HTTP/1.1" 200 223671 "-" "Mozilla/5.0 (Linux; Android 6.0.1; Nexus 5X Build/MMB29P) AppleWebKit/537.36 (KHTML, like Gecko) Chrome/153.0.8010.36 Mobile Safari/537.36 (compatible; GoogleOther)"
216.73.216.28 - - [11/Sep/2026:11:57:00 -0400] "GET /wp-content/maintenance/assets/images/facebook.svg HTTP/1.1" 200 424 "-" "Mozilla/5.0 AppleWebKit/537.36 (KHTML, like Gecko; compatible; ClaudeBot/1.0; +claudebot@anthropic.com)"
199.250.222.155 - - [11/Sep/2026:11:58:14 -0400] "POST /wp-cron.php?doing_wp_cron=1789142294.7387061119079589843750 HTTP/1.1" 200 - "-" "WordPress/7.1; https://heredit.mx"
66.249.68.192 - - [11/Sep/2026:11:58:14 -0400] "GET /?a=t%C3%AAnis-ortop%C3%A9dico-turim-frete-gr%C3%A1tis-promo%C3%87%C3%83o-cc-g8Bajvi8 HTTP/1.1" 200 223839 "-" "Mozilla/5.0 (Linux; Android 6.0.1; Nexus 5X Build/MMB29P) AppleWebKit/537.36 (KHTML, like Gecko) Chrome/153.0.8010.36 Mobile Safari/537.36 (compatible; GoogleOther)"
199.250.222.155 - - [11/Sep/2026:11:58:50 -0400] "POST /wp-cron.php?doing_wp_cron=1789142330.1673579216003417968750 HTTP/1.1" 200 - "-" "WordPress/7.1; https://heredit.mx"
66.249.68.193 - - [11/Sep/2026:11:58:49 -0400] "GET /?a=blue-road-sign-with-white-arrow-pointing-right-on-cc-owjNJiv HTTP/1.1" 200 223795 "-" "Mozilla/5.0 (Linux; Android 6.0.1; Nexus 5X Build/MMB29P) AppleWebKit/537.36 (KHTML, like Gecko) Chrome/153.0.8010.36 Mobile Safari/537.36 (compatible; Googlebot/2.1; +http://www.google.com/bot.html)"
66.249.68.192 - - [11/Sep/2026:11:59:07 -0400] "GET /?a=airport-backdrop-for-rent-by-charles-stewart-cc-8GVnzatx HTTP/1.1" 200 223779 "-" "Mozilla/5.0 (Linux; Android 6.0.1; Nexus 5X Build/MMB29P) AppleWebKit/537.36 (KHTML, like Gecko) Chrome/153.0.8010.36 Mobile Safari/537.36 (compatible; GoogleOther)"
199.250.222.155 - - [11/Sep/2026:11:59:31 -0400] "POST /wp-cron.php?doing_wp_cron=1789142371.3323149681091308593750 HTTP/1.1" 200 - "-" "WordPress/7.1; https://heredit.mx"
52.167.144.175 - - [11/Sep/2026:11:59:31 -0400] "GET /IdDs/fipenny504145/ HTTP/1.1" 404 123212 "-" "Mozilla/5.0 AppleWebKit/537.36 (KHTML, like Gecko; compatible; bingbot/2.0; +http://www.bing.com/bingbot.htm) Chrome/116.0.1938.76 Safari/537.36"
52.167.144.175 - - [11/Sep/2026:11:59:31 -0400] "GET /kral-99739-TxqiMC/ HTTP/1.1" 404 123212 "-" "Mozilla/5.0 AppleWebKit/537.36 (KHTML, like Gecko; compatible; bingbot/2.0; +http://www.bing.com/bingbot.htm) Chrome/116.0.1938.76 Safari/537.36"
40.77.167.67 - - [11/Sep/2026:11:59:43 -0400] "GET /?w=playmobil-superset-vesm%C3%ADrna-policajn%C3%A1-v%C3%A4znica-70009-pp-RWeNRLUA HTTP/1.1" 301 - "-" "Mozilla/5.0 AppleWebKit/537.36 (KHTML, like Gecko; compatible; bingbot/2.0; +http://www.bing.com/bingbot.htm) Chrome/116.0.1938.76 Safari/537.36"
52.167.144.175 - - [11/Sep/2026:11:59:54 -0400] "GET /?w=playmobil-superset-vesm%C3%ADrna-policajn%C3%A1-v%C3%A4znica-70009-pp-RWeNRLUA HTTP/1.1" 200 112757 "-" "Mozilla/5.0 AppleWebKit/537.36 (KHTML, like Gecko; compatible; bingbot/2.0; +http://www.bing.com/bingbot.htm) Chrome/116.0.1938.76 Safari/537.36"
66.249.68.192 - - [11/Sep/2026:12:00:56 -0400] "GET /?a=kingart-studio-acrylic-painting-set-espresso-wood-case-set-cc-G61kM7tN HTTP/1.1" 200 223835 "-" "Mozilla/5.0 (Linux; Android 6.0.1; Nexus 5X Build/MMB29P) AppleWebKit/537.36 (KHTML, like Gecko) Chrome/153.0.8010.36 Mobile Safari/537.36 (compatible; Googlebot/2.1; +http://www.google.com/bot.html)"
66.249.68.192 - - [11/Sep/2026:12:01:35 -0400] "GET /wp-content/plugins/wpforms/assets/pro/css/fields/layout-screen-small.min.css?ver=1.10.2.1 HTTP/1.1" 200 1664 "https://heredit.mx/?a=seiko-prospex-srpf07k1-samurai-watchcharts-cc-KwvZOzcQ" "Mozilla/5.0 (Linux; Android 6.0.1; Nexus 5X Build/MMB29P) AppleWebKit/537.36 (KHTML, like Gecko) Chrome/153.0.8010.36 Mobile Safari/537.36 (compatible; GoogleOther)"
199.250.222.155 - - [11/Sep/2026:12:02:25 -0400] "POST /wp-cron.php?doing_wp_cron=1789142545.1260230541229248046875 HTTP/1.1" 200 - "-" "WordPress/7.1; https://heredit.mx"
66.249.68.194 - - [11/Sep/2026:12:02:24 -0400] "GET /?a=pasadena-parrot-print-painting-of-parrots-wall-decor-%E2%80%93-cc-zLdLObhG HTTP/1.1" 200 223839 "-" "Mozilla/5.0 (Linux; Android 6.0.1; Nexus 5X Build/MMB29P) AppleWebKit/537.36 (KHTML, like Gecko) Chrome/153.0.8010.36 Mobile Safari/537.36 (compatible; GoogleOther)"
66.249.68.193 - - [11/Sep/2026:12:02:28 -0400] "GET /wp-content/uploads/essential-addons-elementor/eael-298.js?ver=1788480000 HTTP/1.1" 200 6552 "https://heredit.mx/?a=pasadena-parrot-print-painting-of-parrots-wall-decor-%E2%80%93-cc-zLdLObhG" "Mozilla/5.0 (Linux; Android 6.0.1; Nexus 5X Build/MMB29P) AppleWebKit/537.36 (KHTML, like Gecko) Chrome/153.0.8010.36 Mobile Safari/537.36 (compatible; GoogleOther)"
199.250.222.155 - - [11/Sep/2026:12:03:21 -0400] "POST /wp-cron.php?doing_wp_cron=1789142601.6755259037017822265625 HTTP/1.1" 200 - "-" "WordPress/7.1; https://heredit.mx"
66.249.68.193 - - [11/Sep/2026:12:03:21 -0400] "GET /?a=attorney-and-law-firm-logo-design-from-top-logo-cc-p3oedRfx HTTP/1.1" 200 223791 "-" "Mozilla/5.0 (Linux; Android 6.0.1; Nexus 5X Build/MMB29P) AppleWebKit/537.36 (KHTML, like Gecko) Chrome/153.0.8010.36 Mobile Safari/537.36 (compatible; GoogleOther)"
199.250.222.155 - - [11/Sep/2026:12:04:13 -0400] "POST /wp-cron.php?doing_wp_cron=1789142653.7789289951324462890625 HTTP/1.1" 200 - "-" "WordPress/7.1; https://heredit.mx"
52.167.144.166 - - [11/Sep/2026:12:04:13 -0400] "GET /?a=compra-ferplast-aseo-home-gatos-magix-45-5x55-5x41-cc-vzBwEQiP HTTP/1.1" 200 223803 "-" "Mozilla/5.0 AppleWebKit/537.36 (KHTML, like Gecko; compatible; bingbot/2.0; +http://www.bing.com/bingbot.htm) Chrome/116.0.1938.76 Safari/537.36"
66.249.68.194 - - [11/Sep/2026:12:05:25 -0400] "GET /?a=string-art-template-string-art-pattern-diy-string-art-cc-J42M8xF5 HTTP/1.1" 200 223815 "-" "Mozilla/5.0 (Linux; Android 6.0.1; Nexus 5X Build/MMB29P) AppleWebKit/537.36 (KHTML, like Gecko) Chrome/99.0.4844.84 Mobile Safari/537.36 (compatible; Googlebot/2.1; +http://www.google.com/bot.html)"
199.250.222.155 - - [11/Sep/2026:12:05:28 -0400] "POST /wp-cron.php?doing_wp_cron=1789142728.2350630760192871093750 HTTP/1.1" 200 - "-" "WordPress/7.1; https://heredit.mx"
66.249.68.192 - - [11/Sep/2026:12:05:27 -0400] "GET /?a=string-art-template-string-art-pattern-diy-string-art-cc-J42M8xF5 HTTP/1.1" 200 223815 "-" "Mozilla/5.0 (compatible; Googlebot/2.1; +http://www.google.com/bot.html)"
52.167.144.189 - - [11/Sep/2026:12:08:14 -0400] "GET /?a=t%C3%A9l%C3%A9carte-amour-fou-parfum-graffiti-naf-naf-50-u-cc-qgm7yqSd HTTP/1.1" 200 223819 "-" "Mozilla/5.0 AppleWebKit/537.36 (KHTML, like Gecko; compatible; bingbot/2.0; +http://www.bing.com/bingbot.htm) Chrome/116.0.1938.76 Safari/537.36"
94.26.106.239 - - [11/Sep/2026:12:08:20 -0400] "GET / HTTP/1.1" 200 391369 "-" "Mozilla/5.0 (compatible; Googlebot/2.1; +http://www.google.com/bot.html)"
66.249.68.192 - - [11/Sep/2026:12:08:49 -0400] "GET /?lyrichord=25204016&yHXB8gaO7p=295848 HTTP/1.1" 200 223711 "-" "Mozilla/5.0 (Linux; Android 6.0.1; Nexus 5X Build/MMB29P) AppleWebKit/537.36 (KHTML, like Gecko) Chrome/153.0.8010.36 Mobile Safari/537.36 (compatible; GoogleOther)"
199.250.222.155 - - [11/Sep/2026:12:10:18 -0400] "POST /wp-cron.php?doing_wp_cron=1789143018.8467218875885009765625 HTTP/1.1" 200 - "-" "WordPress/7.1; https://heredit.mx"
66.249.68.193 - - [11/Sep/2026:12:10:18 -0400] "GET /?a=all-white-blue-heeler-online-1692693463-cc-xBQq5Yh0 HTTP/1.1" 200 223759 "-" "Mozilla/5.0 (Linux; Android 6.0.1; Nexus 5X Build/MMB29P) AppleWebKit/537.36 (KHTML, like Gecko) Chrome/153.0.8010.36 Mobile Safari/537.36 (compatible; GoogleOther)"
66.249.68.192 - - [11/Sep/2026:12:10:22 -0400] "GET /wp-content/plugins/essential-addons-for-elementor-lite/assets/front-end/js/view/general.min.js?ver=6.8.3 HTTP/1.1" 200 11874 "https://heredit.mx/?a=all-white-blue-heeler-online-1692693463-cc-xBQq5Yh0" "Mozilla/5.0 (Linux; Android 6.0.1; Nexus 5X Build/MMB29P) AppleWebKit/537.36 (KHTML, like Gecko) Chrome/153.0.8010.36 Mobile Safari/537.36 (compatible; GoogleOther)"
199.250.222.155 - - [11/Sep/2026:12:10:54 -0400] "POST /wp-cron.php?doing_wp_cron=1789143054.2346909046173095703125 HTTP/1.1" 200 - "-" "WordPress/7.1; https://heredit.mx"
66.249.68.192 - - [11/Sep/2026:12:10:53 -0400] "GET /?a=garbage-garbage-waste-trash-heap-on-recycle-dump-canstock-cc-jdYqRAsO HTTP/1.1" 200 223831 "-" "Mozilla/5.0 (Linux; Android 6.0.1; Nexus 5X Build/MMB29P) AppleWebKit/537.36 (KHTML, like Gecko) Chrome/153.0.8010.36 Mobile Safari/537.36 (compatible; Googlebot/2.1; +http://www.google.com/bot.html)"
66.249.68.194 - - [11/Sep/2026:12:11:11 -0400] "GET /?a=garbage-garbage-waste-trash-heap-on-recycle-dump-canstock-cc-jdYqRAsO HTTP/1.1" 200 223831 "-" "Mozilla/5.0 (Linux; Android 6.0.1; Nexus 5X Build/MMB29P) AppleWebKit/537.36 (KHTML, like Gecko) Chrome/153.0.8010.36 Mobile Safari/537.36 (compatible; GoogleOther)"
199.250.222.155 - - [11/Sep/2026:12:12:05 -0400] "POST /wp-cron.php?doing_wp_cron=1789143125.1070060729980468750000 HTTP/1.1" 200 - "-" "WordPress/7.1; https://heredit.mx"
66.249.68.194 - - [11/Sep/2026:12:12:04 -0400] "GET /?a=dmc-prism-jumbo-pack-of-105-embroidery-floss-cc-3PzOGmFV HTTP/1.1" 200 223779 "-" "Mozilla/5.0 (Linux; Android 6.0.1; Nexus 5X Build/MMB29P) AppleWebKit/537.36 (KHTML, like Gecko) Chrome/153.0.8010.36 Mobile Safari/537.36 (compatible; Googlebot/2.1; +http://www.google.com/bot.html)"
66.249.68.192 - - [11/Sep/2026:12:12:22 -0400] "GET /?a=dmc-prism-jumbo-pack-of-105-embroidery-floss-cc-3PzOGmFV HTTP/1.1" 200 223779 "-" "Mozilla/5.0 (Linux; Android 6.0.1; Nexus 5X Build/MMB29P) AppleWebKit/537.36 (KHTML, like Gecko) Chrome/153.0.8010.36 Mobile Safari/537.36 (compatible; GoogleOther)"
199.250.222.155 - - [11/Sep/2026:12:12:40 -0400] "POST /wp-cron.php?doing_wp_cron=1789143160.6138710975646972656250 HTTP/1.1" 200 - "-" "WordPress/7.1; https://heredit.mx"
66.249.68.192 - - [11/Sep/2026:12:12:40 -0400] "GET /?a=jeans-para-dama-al-por-mayor-cc-oMQmQ1Tv HTTP/1.1" 200 223715 "-" "Mozilla/5.0 (Linux; Android 6.0.1; Nexus 5X Build/MMB29P) AppleWebKit/537.36 (KHTML, like Gecko) Chrome/153.0.8010.36 Mobile Safari/537.36 (compatible; Googlebot/2.1; +http://www.google.com/bot.html)"
66.249.68.192 - - [11/Sep/2026:12:12:47 -0400] "GET /wp-content/plugins/elementor/assets/css/widget-social-icons.min.css?ver=4.2.4 HTTP/1.1" 200 5110 "https://heredit.mx/?a=jeans-para-dama-al-por-mayor-cc-oMQmQ1Tv" "Mozilla/5.0 (Linux; Android 6.0.1; Nexus 5X Build/MMB29P) AppleWebKit/537.36 (KHTML, like Gecko) Chrome/153.0.8010.36 Mobile Safari/537.36 (compatible; Googlebot/2.1; +http://www.google.com/bot.html)"
66.249.68.192 - - [11/Sep/2026:12:12:47 -0400] "GET /wp-content/plugins/wpforms/assets/pro/css/fields/layout.min.css?ver=1.10.2.1 HTTP/1.1" 200 41126 "https://heredit.mx/?a=jeans-para-dama-al-por-mayor-cc-oMQmQ1Tv" "Mozilla/5.0 (Linux; Android 6.0.1; Nexus 5X Build/MMB29P) AppleWebKit/537.36 (KHTML, like Gecko) Chrome/153.0.8010.36 Mobile Safari/537.36 (compatible; Googlebot/2.1; +http://www.google.com/bot.html)"
66.249.68.192 - - [11/Sep/2026:12:12:48 -0400] "GET /wp-content/plugins/elementor-pro/assets/lib/sticky/jquery.sticky.min.js?ver=4.2.3 HTTP/1.1" 200 3721 "https://heredit.mx/?a=jeans-para-dama-al-por-mayor-cc-oMQmQ1Tv" "Mozilla/5.0 (Linux; Android 6.0.1; Nexus 5X Build/MMB29P) AppleWebKit/537.36 (KHTML, like Gecko) Chrome/153.0.8010.36 Mobile Safari/537.36 (compatible; Googlebot/2.1; +http://www.google.com/bot.html)"
66.249.68.192 - - [11/Sep/2026:12:12:48 -0400] "GET /wp-content/plugins/premium-addons-for-elementor/assets/frontend/min-js/lottie.min.js?ver=4.11.102 HTTP/1.1" 200 257697 "https://heredit.mx/?a=jeans-para-dama-al-por-mayor-cc-oMQmQ1Tv" "Mozilla/5.0 (Linux; Android 6.0.1; Nexus 5X Build/MMB29P) AppleWebKit/537.36 (KHTML, like Gecko) Chrome/153.0.8010.36 Mobile Safari/537.36 (compatible; Googlebot/2.1; +http://www.google.com/bot.html)"
66.249.68.192 - - [11/Sep/2026:12:12:57 -0400] "GET /?a=jeans-para-dama-al-por-mayor-cc-oMQmQ1Tv HTTP/1.1" 200 223715 "-" "Mozilla/5.0 (Linux; Android 6.0.1; Nexus 5X Build/MMB29P) AppleWebKit/537.36 (KHTML, like Gecko) Chrome/153.0.8010.36 Mobile Safari/537.36 (compatible; GoogleOther)"
199.250.222.155 - - [11/Sep/2026:12:13:32 -0400] "POST /wp-cron.php?doing_wp_cron=1789143212.7626030445098876953125 HTTP/1.1" 200 - "-" "WordPress/7.1; https://heredit.mx"
66.249.68.192 - - [11/Sep/2026:12:13:32 -0400] "GET /?a=is-there-ketchup-on-that-t-shirt-%E2%80%93-overdrivememes-cc-50wozMun HTTP/1.1" 200 223819 "-" "Mozilla/5.0 (Linux; Android 6.0.1; Nexus 5X Build/MMB29P) AppleWebKit/537.36 (KHTML, like Gecko) Chrome/153.0.8010.36 Mobile Safari/537.36 (compatible; Googlebot/2.1; +http://www.google.com/bot.html)"
66.249.68.193 - - [11/Sep/2026:12:14:09 -0400] "GET /?a=is-there-ketchup-on-that-t-shirt-%E2%80%93-overdrivememes-cc-50wozMun HTTP/1.1" 200 223819 "-" "Mozilla/5.0 (Linux; Android 6.0.1; Nexus 5X Build/MMB29P) AppleWebKit/537.36 (KHTML, like Gecko) Chrome/153.0.8010.36 Mobile Safari/537.36 (compatible; GoogleOther)"
114.119.151.108 - - [11/Sep/2026:12:14:21 -0400] "GET /?liquidable=800783&b3ZsSR7eqA=479046 HTTP/1.1" 200 223827 "https://heredit.mx/?liquidable=800783&b3ZsSR7eqA=479046" "Mozilla/5.0 (Linux; Android 7.0;) AppleWebKit/537.36 (HTML, like Gecko) Mobile Safari/537.36 (compatible; PetalBot;+https://webmaster.petalsearch.com/site/petalbot)"
199.250.222.155 - - [11/Sep/2026:12:14:43 -0400] "POST /wp-cron.php?doing_wp_cron=1789143283.5633950233459472656250 HTTP/1.1" 200 - "-" "WordPress/7.1; https://heredit.mx"
66.249.68.192 - - [11/Sep/2026:12:14:43 -0400] "GET /?a=ins-soft-wooden-message-board-decorative-room-postcard-photo-cc-1e5wvgim HTTP/1.1" 200 223843 "-" "Mozilla/5.0 (Linux; Android 6.0.1; Nexus 5X Build/MMB29P) AppleWebKit/537.36 (KHTML, like Gecko) Chrome/153.0.8010.36 Mobile Safari/537.36 (compatible; Googlebot/2.1; +http://www.google.com/bot.html)"
66.249.68.192 - - [11/Sep/2026:12:14:46 -0400] "GET /wp-content/plugins/elementor/assets/css/widget-image.min.css?ver=4.2.4 HTTP/1.1" 200 214 "https://heredit.mx/?a=ins-soft-wooden-message-board-decorative-room-postcard-photo-cc-1e5wvgim" "Mozilla/5.0 (Linux; Android 6.0.1; Nexus 5X Build/MMB29P) AppleWebKit/537.36 (KHTML, like Gecko) Chrome/153.0.8010.36 Mobile Safari/537.36 (compatible; Googlebot/2.1; +http://www.google.com/bot.html)"
66.249.68.192 - - [11/Sep/2026:12:14:46 -0400] "GET /wp-includes/js/dist/i18n.min.js?ver=1dfe7db3940c23ea9216 HTTP/1.1" 200 5791 "https://heredit.mx/?a=ins-soft-wooden-message-board-decorative-room-postcard-photo-cc-1e5wvgim" "Mozilla/5.0 (Linux; Android 6.0.1; Nexus 5X Build/MMB29P) AppleWebKit/537.36 (KHTML, like Gecko) Chrome/153.0.8010.36 Mobile Safari/537.36 (compatible; Googlebot/2.1; +http://www.google.com/bot.html)"
66.249.68.192 - - [11/Sep/2026:12:14:46 -0400] "GET /wp-content/plugins/wpforms/assets/pro/lib/intl-tel-input/intlTelInputWithUtils.min.js?ver=28.0.4 HTTP/1.1" 200 311657 "https://heredit.mx/?a=ins-soft-wooden-message-board-decorative-room-postcard-photo-cc-1e5wvgim" "Mozilla/5.0 (Linux; Android 6.0.1; Nexus 5X Build/MMB29P) AppleWebKit/537.36 (KHTML, like Gecko) Chrome/153.0.8010.36 Mobile Safari/537.36 (compatible; Googlebot/2.1; +http://www.google.com/bot.html)"
66.249.68.193 - - [11/Sep/2026:12:15:18 -0400] "GET /?a=antler-chandelier-laura-ashley-c-67g50ho HTTP/1.1" 200 223715 "-" "Mozilla/5.0 (Linux; Android 6.0.1; Nexus 5X Build/MMB29P) AppleWebKit/537.36 (KHTML, like Gecko) Chrome/153.0.8010.36 Mobile Safari/537.36 (compatible; Googlebot/2.1; +http://www.google.com/bot.html)"
66.249.68.192 - - [11/Sep/2026:12:15:24 -0400] "GET /wp-content/plugins/wpforms/assets/css/frontend/modern/wpforms-full.min.css?ver=1.10.2.1 HTTP/1.1" 200 167602 "https://heredit.mx/?a=antler-chandelier-laura-ashley-c-67g50ho" "Mozilla/5.0 (Linux; Android 6.0.1; Nexus 5X Build/MMB29P) AppleWebKit/537.36 (KHTML, like Gecko) Chrome/153.0.8010.36 Mobile Safari/537.36 (compatible; Googlebot/2.1; +http://www.google.com/bot.html)"
199.250.222.155 - - [11/Sep/2026:12:15:54 -0400] "POST /wp-cron.php?doing_wp_cron=1789143354.3468298912048339843750 HTTP/1.1" 200 - "-" "WordPress/7.1; https://heredit.mx"
66.249.68.192 - - [11/Sep/2026:12:15:53 -0400] "GET /?a=antler-chandelier-laura-ashley-c-67g50ho HTTP/1.1" 200 223715 "-" "Mozilla/5.0 (Linux; Android 6.0.1; Nexus 5X Build/MMB29P) AppleWebKit/537.36 (KHTML, like Gecko) Chrome/153.0.8010.36 Mobile Safari/537.36 (compatible; GoogleOther)"
52.167.144.159 - - [11/Sep/2026:12:16:06 -0400] "GET /?a=pelena-p%C3%ABr-bebe-13-18kg-pampers-68cp-cc-KLKM18IQ HTTP/1.1" 200 223759 "-" "Mozilla/5.0 AppleWebKit/537.36 (KHTML, like Gecko; compatible; bingbot/2.0; +http://www.bing.com/bingbot.htm) Chrome/116.0.1938.76 Safari/537.36"
199.250.222.155 - - [11/Sep/2026:12:16:29 -0400] "POST /wp-cron.php?doing_wp_cron=1789143389.7240738868713378906250 HTTP/1.1" 200 - "-" "WordPress/7.1; https://heredit.mx"
66.249.68.192 - - [11/Sep/2026:12:16:29 -0400] "GET /?a=ins-soft-wooden-message-board-decorative-room-postcard-photo-cc-1e5wvgim HTTP/1.1" 200 223843 "-" "Mozilla/5.0 (Linux; Android 6.0.1; Nexus 5X Build/MMB29P) AppleWebKit/537.36 (KHTML, like Gecko) Chrome/153.0.8010.36 Mobile Safari/537.36 (compatible; GoogleOther)"
66.249.68.193 - - [11/Sep/2026:12:16:38 -0400] "GET /wp-content/uploads/2024/06/icon-laptop.svg HTTP/1.1" 200 429 "https://heredit.mx/sliders/amenidades/interiores.html" "Mozilla/5.0 (Linux; Android 6.0.1; Nexus 5X Build/MMB29P) AppleWebKit/537.36 (KHTML, like Gecko) Chrome/153.0.8010.36 Mobile Safari/537.36 (compatible; GoogleOther)"
66.249.68.193 - - [11/Sep/2026:12:16:38 -0400] "GET /sliders/cercanias/style-mob.css HTTP/1.1" 200 2540 "https://heredit.mx/sliders/cercanias/index-mob.html" "Mozilla/5.0 (Linux; Android 6.0.1; Nexus 5X Build/MMB29P) AppleWebKit/537.36 (KHTML, like Gecko) Chrome/153.0.8010.36 Mobile Safari/537.36 (compatible; GoogleOther)"
66.249.68.192 - - [11/Sep/2026:12:16:46 -0400] "GET /wp-content/plugins/elementor-pro/assets/js/nav-menu.dc8790fd04afa5b6c0a3.bundle.min.js HTTP/1.1" 200 5038 "https://heredit.mx/?a=ins-soft-wooden-message-board-decorative-room-postcard-photo-cc-1e5wvgim" "Mozilla/5.0 (Linux; Android 6.0.1; Nexus 5X Build/MMB29P) AppleWebKit/537.36 (KHTML, like Gecko) Chrome/153.0.8010.36 Mobile Safari/537.36 (compatible; GoogleOther)"
199.250.222.155 - - [11/Sep/2026:12:17:42 -0400] "POST /wp-cron.php?doing_wp_cron=1789143462.5358889102935791015625 HTTP/1.1" 200 - "-" "WordPress/7.1; https://heredit.mx"
5.255.231.110 - - [11/Sep/2026:12:17:42 -0400] "GET /robots.txt HTTP/1.1" 200 267 "-" "Mozilla/5.0 (compatible; YandexBot/3.0; +http://yandex.com/bots)"
95.108.213.124 - - [11/Sep/2026:12:17:43 -0400] "GET /?a=relaxed-fit-up-lifted-its-fate-cc-kOxyZgTN HTTP/1.1" 200 223723 "-" "Mozilla/5.0 (compatible; YandexBot/3.0; +http://yandex.com/bots)"
216.73.216.28 - - [11/Sep/2026:12:18:10 -0400] "GET /wp-sitemap.xml HTTP/1.1" 200 512 "-" "Mozilla/5.0 AppleWebKit/537.36 (KHTML, like Gecko; compatible; ClaudeBot/1.0; +claudebot@anthropic.com)"
199.250.222.155 - - [11/Sep/2026:12:18:34 -0400] "POST /wp-cron.php?doing_wp_cron=1789143514.9786341190338134765625 HTTP/1.1" 200 - "-" "WordPress/7.1; https://heredit.mx"
66.249.68.194 - - [11/Sep/2026:12:18:34 -0400] "GET /?a=govee-flow-pro-light-bars-review-cc-KGVk6vCQ HTTP/1.1" 200 223731 "-" "Mozilla/5.0 (Linux; Android 6.0.1; Nexus 5X Build/MMB29P) AppleWebKit/537.36 (KHTML, like Gecko) Chrome/153.0.8010.36 Mobile Safari/537.36 (compatible; Googlebot/2.1; +http://www.google.com/bot.html)"
66.249.68.192 - - [11/Sep/2026:12:18:40 -0400] "GET /sliders/descripcion/style.css HTTP/1.1" 200 1455 "https://heredit.mx/sliders/descripcion/index.html" "Mozilla/5.0 (Linux; Android 6.0.1; Nexus 5X Build/MMB29P) AppleWebKit/537.36 (KHTML, like Gecko) Chrome/153.0.8010.36 Mobile Safari/537.36 (compatible; Googlebot/2.1; +http://www.google.com/bot.html)"
66.249.68.192 - - [11/Sep/2026:12:18:52 -0400] "GET /?a=stranger-things-cake-topper-printable-%E2%80%93-pimpyourworld-cc-01Qn8xi1 HTTP/1.1" 200 223835 "-" "Mozilla/5.0 (Linux; Android 6.0.1; Nexus 5X Build/MMB29P) AppleWebKit/537.36 (KHTML, like Gecko) Chrome/153.0.8010.36 Mobile Safari/537.36 (compatible; Googlebot/2.1; +http://www.google.com/bot.html)"
66.249.68.193 - - [11/Sep/2026:12:19:10 -0400] "GET /?a=surv%C3%AAtement-homme-lacoste-store-save-50%-cc-drMRLeh2 HTTP/1.1" 301 - "-" "Mozilla/5.0 (Linux; Android 6.0.1; Nexus 5X Build/MMB29P) AppleWebKit/537.36 (KHTML, like Gecko) Chrome/153.0.8010.36 Mobile Safari/537.36 (compatible; Googlebot/2.1; +http://www.google.com/bot.html)"
66.249.68.193 - - [11/Sep/2026:12:19:11 -0400] "GET /?a=surv%C3%AAtement-homme-lacoste-store-save-50%25-cc-drMRLeh2 HTTP/1.1" 200 223779 "-" "Mozilla/5.0 (Linux; Android 6.0.1; Nexus 5X Build/MMB29P) AppleWebKit/537.36 (KHTML, like Gecko) Chrome/153.0.8010.36 Mobile Safari/537.36 (compatible; Googlebot/2.1; +http://www.google.com/bot.html)"
199.250.222.155 - - [11/Sep/2026:12:19:46 -0400] "POST /wp-cron.php?doing_wp_cron=1789143586.8050730228424072265625 HTTP/1.1" 200 - "-" "WordPress/7.1; https://heredit.mx"
66.249.68.192 - - [11/Sep/2026:12:19:46 -0400] "GET /?a=buah-set-tokyo-ghoul-re-kaneki-ken-sasaki-haise-cc-n2B8p2U3 HTTP/1.1" 200 223791 "-" "Mozilla/5.0 (Linux; Android 6.0.1; Nexus 5X Build/MMB29P) AppleWebKit/537.36 (KHTML, like Gecko) Chrome/153.0.8010.36 Mobile Safari/537.36 (compatible; GoogleOther)"
66.249.68.193 - - [11/Sep/2026:12:20:04 -0400] "GET /?a=sasha-banks-legit-boss-svg-file-wwe-svg-file-cc-gM77xeT8 HTTP/1.1" 200 223779 "-" "Mozilla/5.0 (Linux; Android 6.0.1; Nexus 5X Build/MMB29P) AppleWebKit/537.36 (KHTML, like Gecko) Chrome/153.0.8010.36 Mobile Safari/537.36 (compatible; Googlebot/2.1; +http://www.google.com/bot.html)"
52.167.144.159 - - [11/Sep/2026:12:20:05 -0400] "GET /?a=eifell-tower-cake-topper-birthday-cake-topper-paris-cake-cc-DxKek4Tn HTTP/1.1" 200 223827 "-" "Mozilla/5.0 AppleWebKit/537.36 (KHTML, like Gecko; compatible; bingbot/2.0; +http://www.bing.com/bingbot.htm) Chrome/116.0.1938.76 Safari/537.36"
199.250.222.155 - - [11/Sep/2026:12:20:39 -0400] "POST /wp-cron.php?doing_wp_cron=1789143639.8002049922943115234375 HTTP/1.1" 200 - "-" "WordPress/7.1; https://heredit.mx"
66.249.68.192 - - [11/Sep/2026:12:20:39 -0400] "GET /pickup/L863887/?a=the-rebel-bottom-womens-cheeky-bikini-bottom-beauty-the-cc-6B8pjjHo HTTP/1.1" 404 121299 "-" "Mozilla/5.0 (Linux; Android 6.0.1; Nexus 5X Build/MMB29P) AppleWebKit/537.36 (KHTML, like Gecko) Chrome/153.0.8010.36 Mobile Safari/537.36 (compatible; Googlebot/2.1; +http://www.google.com/bot.html)"
