66.249.68.192 - - [11/Sep/2026:12:20:57 -0400] "GET /pickup/L863887/?a=the-rebel-bottom-womens-cheeky-bikini-bottom-beauty-the-cc-6B8pjjHo HTTP/1.1" 404 121299 "-" "Mozilla/5.0 (Linux; Android 6.0.1; Nexus 5X Build/MMB29P) AppleWebKit/537.36 (KHTML, like Gecko) Chrome/153.0.8010.36 Mobile Safari/537.36 (compatible; GoogleOther)"
52.167.144.20 - - [11/Sep/2026:12:20:59 -0400] "GET /marshlike-625002-Fgvbv/?a=today-uk-49s-combinations-c-LdLa75I8 HTTP/1.1" 301 - "-" "Mozilla/5.0 AppleWebKit/537.36 (KHTML, like Gecko; compatible; bingbot/2.0; +http://www.bing.com/bingbot.htm) Chrome/116.0.1938.76 Safari/537.36"
66.249.68.194 - - [11/Sep/2026:12:21:17 -0400] "GET /?a=dogbane-beetle-on-dogbane-philadelphia-pennsylvania-by-doug-wechsler-cc-ZDD6AGHv HTTP/1.1" 200 223875 "-" "Mozilla/5.0 (Linux; Android 6.0.1; Nexus 5X Build/MMB29P) AppleWebKit/537.36 (KHTML, like Gecko) Chrome/153.0.8010.36 Mobile Safari/537.36 (compatible; Googlebot/2.1; +http://www.google.com/bot.html)"
199.250.222.155 - - [11/Sep/2026:12:21:38 -0400] "POST /wp-cron.php?doing_wp_cron=1789143698.5042979717254638671875 HTTP/1.1" 200 - "-" "WordPress/7.1; https://heredit.mx"
40.77.167.123 - - [11/Sep/2026:12:21:38 -0400] "GET /?w=oakdale-9-piece-dining-set-costco-pp-6Bz7LDHX HTTP/1.1" 200 112757 "-" "Mozilla/5.0 AppleWebKit/537.36 (KHTML, like Gecko; compatible; bingbot/2.0; +http://www.bing.com/bingbot.htm) Chrome/116.0.1938.76 Safari/537.36"
66.249.68.192 - - [11/Sep/2026:12:21:49 -0400] "GET /?a=gunshow-beard-club-mug-cc-zQEN5VCG HTTP/1.1" 200 223691 "-" "Mozilla/5.0 (Linux; Android 6.0.1; Nexus 5X Build/MMB29P) AppleWebKit/537.36 (KHTML, like Gecko) Chrome/153.0.8010.36 Mobile Safari/537.36 (compatible; Googlebot/2.1; +http://www.google.com/bot.html)"
46.163.38.77 - - [11/Sep/2026:12:22:12 -0400] "GET /readme.html HTTP/1.1" 200 7407 "-" "Mozilla/5.0 (Windows NT 10.0; Win64; x64) AppleWebKit/537.36 (KHTML, like Gecko) Chrome/151.0.0.0 Safari/537.36"
199.250.222.155 - - [11/Sep/2026:12:22:44 -0400] "POST /wp-cron.php?doing_wp_cron=1789143764.5942111015319824218750 HTTP/1.1" 200 - "-" "WordPress/7.1; https://heredit.mx"
93.103.212.124 - - [11/Sep/2026:12:22:44 -0400] "GET /wp-json/ HTTP/1.1" 200 327342 "-" "Mozilla/5.0 (Windows NT 10.0; Win64; x64) AppleWebKit/537.36 (KHTML, like Gecko) Chrome/151.0.0.0 Safari/537.36"
93.103.212.124 - - [11/Sep/2026:12:22:45 -0400] "GET / HTTP/1.1" 301 - "-" "Mozilla/5.0 (Windows NT 10.0; Win64; x64) AppleWebKit/537.36 (KHTML, like Gecko) Chrome/151.0.0.0 Safari/537.36"
93.103.212.124 - - [11/Sep/2026:12:22:46 -0400] "GET / HTTP/1.1" 200 59621 "-" "Mozilla/5.0 (Windows NT 10.0; Win64; x64) AppleWebKit/537.36 (KHTML, like Gecko) Chrome/151.0.0.0 Safari/537.36"
93.103.212.124 - - [11/Sep/2026:12:22:46 -0400] "GET /wp-json/wp/v2/users?_fields=slug&per_page=100&page=1 HTTP/1.1" 200 28 "-" "Mozilla/5.0 (Windows NT 10.0; Win64; x64) AppleWebKit/537.36 (KHTML, like Gecko) Chrome/151.0.0.0 Safari/537.36"
93.103.212.124 - - [11/Sep/2026:12:22:47 -0400] "GET /?rest_route=/wp/v2/users&_fields=slug&per_page=100&page=1 HTTP/1.1" 200 28 "-" "Mozilla/5.0 (Windows NT 10.0; Win64; x64) AppleWebKit/537.36 (KHTML, like Gecko) Chrome/151.0.0.0 Safari/537.36"
93.103.212.124 - - [11/Sep/2026:12:22:47 -0400] "GET /feed/ HTTP/1.1" 200 1910 "-" "Mozilla/5.0 (Windows NT 10.0; Win64; x64) AppleWebKit/537.36 (KHTML, like Gecko) Chrome/151.0.0.0 Safari/537.36"
93.103.212.124 - - [11/Sep/2026:12:22:47 -0400] "GET /feed/atom/ HTTP/1.1" 200 1774 "-" "Mozilla/5.0 (Windows NT 10.0; Win64; x64) AppleWebKit/537.36 (KHTML, like Gecko) Chrome/151.0.0.0 Safari/537.36"
93.103.212.124 - - [11/Sep/2026:12:22:48 -0400] "GET /rss/ HTTP/1.1" 301 - "-" "Mozilla/5.0 (Windows NT 10.0; Win64; x64) AppleWebKit/537.36 (KHTML, like Gecko) Chrome/151.0.0.0 Safari/537.36"
93.103.212.124 - - [11/Sep/2026:12:22:48 -0400] "GET /feed/ HTTP/1.1" 200 1910 "-" "Mozilla/5.0 (Windows NT 10.0; Win64; x64) AppleWebKit/537.36 (KHTML, like Gecko) Chrome/151.0.0.0 Safari/537.36"
93.103.212.124 - - [11/Sep/2026:12:22:48 -0400] "GET /wp-sitemap-users-1.xml HTTP/1.1" 301 - "-" "Mozilla/5.0 (Windows NT 10.0; Win64; x64) AppleWebKit/537.36 (KHTML, like Gecko) Chrome/151.0.0.0 Safari/537.36"
93.103.212.124 - - [11/Sep/2026:12:22:49 -0400] "GET /wp-sitemap-users-1.xml HTTP/1.1" 200 250 "-" "Mozilla/5.0 (Windows NT 10.0; Win64; x64) AppleWebKit/537.36 (KHTML, like Gecko) Chrome/151.0.0.0 Safari/537.36"
93.103.212.124 - - [11/Sep/2026:12:22:49 -0400] "GET /author-sitemap.xml HTTP/1.1" 404 121347 "-" "Mozilla/5.0 (Windows NT 10.0; Win64; x64) AppleWebKit/537.36 (KHTML, like Gecko) Chrome/151.0.0.0 Safari/537.36"
93.103.212.124 - - [11/Sep/2026:12:22:50 -0400] "GET /sitemap.xml HTTP/1.1" 200 512 "-" "Mozilla/5.0 (Windows NT 10.0; Win64; x64) AppleWebKit/537.36 (KHTML, like Gecko) Chrome/151.0.0.0 Safari/537.36"
46.163.38.77 - - [11/Sep/2026:12:22:13 -0400] "GET /wp-json/ HTTP/1.1" 200 212968 "-" "Mozilla/5.0 (Windows NT 10.0; Win64; x64) AppleWebKit/537.36 (KHTML, like Gecko) Chrome/151.0.0.0 Safari/537.36"
93.103.212.124 - - [11/Sep/2026:12:22:50 -0400] "GET /wp-json/wp/v2/posts?per_page=20&_embed=author&_fields=_embedded HTTP/1.1" 200 4 "-" "Mozilla/5.0 (Windows NT 10.0; Win64; x64) AppleWebKit/537.36 (KHTML, like Gecko) Chrome/151.0.0.0 Safari/537.36"
93.103.212.124 - - [11/Sep/2026:12:22:51 -0400] "GET /wp-json/oembed/1.0/embed?url=https%3A%2F%2Fheredit.mx.ventaspeninsula.mx&format=json HTTP/1.1" 404 73 "-" "Mozilla/5.0 (Windows NT 10.0; Win64; x64) AppleWebKit/537.36 (KHTML, like Gecko) Chrome/151.0.0.0 Safari/537.36"
93.103.212.124 - - [11/Sep/2026:12:22:51 -0400] "POST /graphql HTTP/1.1" 404 121347 "-" "Mozilla/5.0 (Windows NT 10.0; Win64; x64) AppleWebKit/537.36 (KHTML, like Gecko) Chrome/151.0.0.0 Safari/537.36"
93.103.212.124 - - [11/Sep/2026:12:22:52 -0400] "POST /api/graphql HTTP/1.1" 404 121347 "-" "Mozilla/5.0 (Windows NT 10.0; Win64; x64) AppleWebKit/537.36 (KHTML, like Gecko) Chrome/151.0.0.0 Safari/537.36"
93.103.212.124 - - [11/Sep/2026:12:22:53 -0400] "GET /?rest_route=/wp/v2/users&_jsonp=callback&per_page=100&_fields=id,slug HTTP/1.1" 200 49 "-" "Mozilla/5.0 (Windows NT 10.0; Win64; x64) AppleWebKit/537.36 (KHTML, like Gecko) Chrome/151.0.0.0 Safari/537.36"
93.103.212.124 - - [11/Sep/2026:12:22:53 -0400] "GET /wp-json/wp/v2/users?_jsonp=callback&per_page=100&_fields=id,slug HTTP/1.1" 200 49 "-" "Mozilla/5.0 (Windows NT 10.0; Win64; x64) AppleWebKit/537.36 (KHTML, like Gecko) Chrome/151.0.0.0 Safari/537.36"
93.103.212.124 - - [11/Sep/2026:12:22:53 -0400] "GET /author-sitemap.xml HTTP/1.1" 404 121347 "-" "Mozilla/5.0 (Windows NT 10.0; Win64; x64) AppleWebKit/537.36 (KHTML, like Gecko) Chrome/151.0.0.0 Safari/537.36"
93.103.212.124 - - [11/Sep/2026:12:22:54 -0400] "GET /sitemap_index.xml HTTP/1.1" 404 121347 "-" "Mozilla/5.0 (Windows NT 10.0; Win64; x64) AppleWebKit/537.36 (KHTML, like Gecko) Chrome/151.0.0.0 Safari/537.36"
93.103.212.124 - - [11/Sep/2026:12:22:55 -0400] "GET /wp-sitemap-users-1.xml HTTP/1.1" 301 - "-" "Mozilla/5.0 (Windows NT 10.0; Win64; x64) AppleWebKit/537.36 (KHTML, like Gecko) Chrome/151.0.0.0 Safari/537.36"
46.122.64.172 - - [11/Sep/2026:12:22:56 -0400] "GET /wp-sitemap-users-1.xml HTTP/1.1" 200 250 "-" "Mozilla/5.0 (Windows NT 10.0; Win64; x64) AppleWebKit/537.36 (KHTML, like Gecko) Chrome/151.0.0.0 Safari/537.36"
66.249.68.194 - - [11/Sep/2026:12:23:00 -0400] "GET /?a=gunshow-beard-club-mug-cc-zQEN5VCG HTTP/1.1" 200 223691 "-" "Mozilla/5.0 (Linux; Android 6.0.1; Nexus 5X Build/MMB29P) AppleWebKit/537.36 (KHTML, like Gecko) Chrome/153.0.8010.36 Mobile Safari/537.36 (compatible; GoogleOther)"
66.249.68.192 - - [11/Sep/2026:12:24:12 -0400] "GET /?a=bal%C3%B3n-de-baloncesto-scottie-pippen-chicago-bulls-autografiado-con-cc-EgQ2kdHD HTTP/1.1" 200 223875 "-" "Mozilla/5.0 (Linux; Android 6.0.1; Nexus 5X Build/MMB29P) AppleWebKit/537.36 (KHTML, like Gecko) Chrome/153.0.8010.36 Mobile Safari/537.36 (compatible; Googlebot/2.1; +http://www.google.com/bot.html)"
199.250.222.155 - - [11/Sep/2026:12:24:30 -0400] "POST /wp-cron.php?doing_wp_cron=1789143870.2169458866119384765625 HTTP/1.1" 200 - "-" "WordPress/7.1; https://heredit.mx"
66.249.68.193 - - [11/Sep/2026:12:24:29 -0400] "GET /?a=yenia-gonzalez-phone-number-address-age-contact-info-public-cc-833awVtx HTTP/1.1" 200 223839 "-" "Mozilla/5.0 (Linux; Android 6.0.1; Nexus 5X Build/MMB29P) AppleWebKit/537.36 (KHTML, like Gecko) Chrome/153.0.8010.36 Mobile Safari/537.36 (compatible; Googlebot/2.1; +http://www.google.com/bot.html)"
66.249.68.193 - - [11/Sep/2026:12:24:47 -0400] "GET /?a=yenia-gonzalez-phone-number-address-age-contact-info-public-cc-833awVtx HTTP/1.1" 200 223839 "-" "Mozilla/5.0 (Linux; Android 6.0.1; Nexus 5X Build/MMB29P) AppleWebKit/537.36 (KHTML, like Gecko) Chrome/153.0.8010.36 Mobile Safari/537.36 (compatible; GoogleOther)"
66.249.68.192 - - [11/Sep/2026:12:25:23 -0400] "GET /?a=bal%C3%B3n-de-baloncesto-scottie-pippen-chicago-bulls-autografiado-con-cc-EgQ2kdHD HTTP/1.1" 200 223875 "-" "Mozilla/5.0 (Linux; Android 6.0.1; Nexus 5X Build/MMB29P) AppleWebKit/537.36 (KHTML, like Gecko) Chrome/153.0.8010.36 Mobile Safari/537.36 (compatible; GoogleOther)"
199.250.222.155 - - [11/Sep/2026:12:25:57 -0400] "POST /wp-cron.php?doing_wp_cron=1789143957.4588179588317871093750 HTTP/1.1" 200 - "-" "WordPress/7.1; https://heredit.mx"
66.249.68.192 - - [11/Sep/2026:12:25:57 -0400] "GET /?a=skandinavische-zinngef%C3%A4%C3%9Fe-aus-der-mitte-des-jahrhunderts-von-estrid-cc-y0xVZOto HTTP/1.1" 200 223895 "-" "Mozilla/5.0 (Linux; Android 6.0.1; Nexus 5X Build/MMB29P) AppleWebKit/537.36 (KHTML, like Gecko) Chrome/153.0.8010.36 Mobile Safari/537.36 (compatible; GoogleOther)"
52.167.144.195 - - [11/Sep/2026:12:26:17 -0400] "GET /wp-sitemap.xml HTTP/1.1" 200 512 "-" "Mozilla/5.0 AppleWebKit/537.36 (KHTML, like Gecko; compatible; bingbot/2.0; +http://www.bing.com/bingbot.htm) Chrome/116.0.1938.76 Safari/537.36"
199.250.222.155 - - [11/Sep/2026:12:26:32 -0400] "POST /wp-cron.php?doing_wp_cron=1789143992.8495979309082031250000 HTTP/1.1" 200 - "-" "WordPress/7.1; https://heredit.mx"
66.249.68.192 - - [11/Sep/2026:12:26:32 -0400] "GET /?a=skandinavische-zinngef%C3%A4%C3%9Fe-aus-der-mitte-des-jahrhunderts-von-estrid-cc-y0xVZOto HTTP/1.1" 200 223895 "-" "Mozilla/5.0 (Linux; Android 6.0.1; Nexus 5X Build/MMB29P) AppleWebKit/537.36 (KHTML, like Gecko) Chrome/153.0.8010.36 Mobile Safari/537.36 (compatible; Googlebot/2.1; +http://www.google.com/bot.html)"
199.250.222.155 - - [11/Sep/2026:12:27:10 -0400] "POST /wp-cron.php?doing_wp_cron=1789144030.6136069297790527343750 HTTP/1.1" 200 - "-" "WordPress/7.1; https://heredit.mx"
66.249.68.194 - - [11/Sep/2026:12:27:10 -0400] "GET /?a=cheap-%3Ezara-oversize-hoodie-big-sale-off-72%25-cc-EYdbNduD HTTP/1.1" 200 223785 "-" "Mozilla/5.0 (Linux; Android 6.0.1; Nexus 5X Build/MMB29P) AppleWebKit/537.36 (KHTML, like Gecko) Chrome/153.0.8010.36 Mobile Safari/537.36 (compatible; Googlebot/2.1; +http://www.google.com/bot.html)"
199.250.222.155 - - [11/Sep/2026:12:27:09 -0400] "POST /wp-admin/admin-ajax.php?action=rocket_partial_preload&nonce=310e9adf9e HTTP/1.1" 200 - "-" "WordPress/7.1; https://heredit.mx"
199.250.222.155 - - [11/Sep/2026:12:27:11 -0400] "POST /wp-admin/admin-ajax.php?action=rocket_rucss_warmup_resource_fetcher&nonce=8e40612058 HTTP/1.1" 200 - "-" "WordPress/7.1; https://heredit.mx"
199.250.222.155 - - [11/Sep/2026:12:27:11 -0400] "POST /wp-admin/admin-ajax.php?action=rocket_saas_warmup&nonce=418081bf08 HTTP/1.1" 200 - "-" "WordPress/7.1; https://heredit.mx"
199.250.222.155 - - [11/Sep/2026:12:27:13 -0400] "POST /wp-admin/admin-ajax.php?action=rocket_rucss_warmup_resource_fetcher&nonce=8e40612058 HTTP/1.1" 200 - "-" "WordPress/7.1; https://heredit.mx"
199.250.222.155 - - [11/Sep/2026:12:27:12 -0400] "POST /wp-admin/admin-ajax.php?action=rocket_saas_warmup&nonce=418081bf08 HTTP/1.1" 200 - "-" "WordPress/7.1; https://heredit.mx"
199.250.222.155 - - [11/Sep/2026:12:27:10 -0400] "GET /politica-privacidad/ HTTP/1.1" 200 16384 "-" "WP Rocket/Preload"
199.250.222.155 - - [11/Sep/2026:12:27:12 -0400] "GET /category/sin-categoria/ HTTP/1.1" 200 16384 "-" "WP Rocket/Preload"
66.249.68.192 - - [11/Sep/2026:12:27:43 -0400] "GET /?a=pin-on-loc-hairstyles-cc-DYb1g4sn HTTP/1.1" 200 223687 "-" "Mozilla/5.0 (Linux; Android 6.0.1; Nexus 5X Build/MMB29P) AppleWebKit/537.36 (KHTML, like Gecko) Chrome/153.0.8010.36 Mobile Safari/537.36 (compatible; Googlebot/2.1; +http://www.google.com/bot.html)"
199.250.222.155 - - [11/Sep/2026:12:28:19 -0400] "POST /wp-cron.php?doing_wp_cron=1789144099.3680338859558105468750 HTTP/1.1" 200 - "-" "WordPress/7.1; https://heredit.mx"
66.249.68.193 - - [11/Sep/2026:12:28:18 -0400] "GET /?a=pin-on-loc-hairstyles-cc-DYb1g4sn HTTP/1.1" 200 223687 "-" "Mozilla/5.0 (Linux; Android 6.0.1; Nexus 5X Build/MMB29P) AppleWebKit/537.36 (KHTML, like Gecko) Chrome/153.0.8010.36 Mobile Safari/537.36 (compatible; GoogleOther)"
66.249.68.192 - - [11/Sep/2026:12:28:54 -0400] "GET /?a=new-cornwell-ctg5000ang-1-2%E2%80%9D-drive-digital-torque-wrench-cc-j5a13zFO HTTP/1.1" 200 223847 "-" "Mozilla/5.0 (Linux; Android 6.0.1; Nexus 5X Build/MMB29P) AppleWebKit/537.36 (KHTML, like Gecko) Chrome/153.0.8010.36 Mobile Safari/537.36 (compatible; Googlebot/2.1; +http://www.google.com/bot.html)"
66.249.68.192 - - [11/Sep/2026:12:29:29 -0400] "GET /?a=new-cornwell-ctg5000ang-1-2%E2%80%9D-drive-digital-torque-wrench-cc-j5a13zFO HTTP/1.1" 200 223847 "-" "Mozilla/5.0 (Linux; Android 6.0.1; Nexus 5X Build/MMB29P) AppleWebKit/537.36 (KHTML, like Gecko) Chrome/153.0.8010.36 Mobile Safari/537.36 (compatible; GoogleOther)"
52.167.144.216 - - [11/Sep/2026:12:29:31 -0400] "GET /caesuric-179927-MRhtaFfSP/?w=hot-tools-turbo-ionic-dryer-p-maRpl9iy HTTP/1.1" 301 - "-" "Mozilla/5.0 AppleWebKit/537.36 (KHTML, like Gecko; compatible; bingbot/2.0; +http://www.bing.com/bingbot.htm) Chrome/116.0.1938.76 Safari/537.36"
114.119.142.14 - - [11/Sep/2026:12:29:56 -0400] "GET /?impolitical=086&nkJtHBHf=382321 HTTP/1.1" 200 223803 "https://heredit.mx/?impolitical=086&nkJtHBHf=382321" "Mozilla/5.0 (Linux; Android 7.0;) AppleWebKit/537.36 (HTML, like Gecko) Mobile Safari/537.36 (compatible; PetalBot;+https://webmaster.petalsearch.com/site/petalbot)"
66.249.68.193 - - [11/Sep/2026:12:30:04 -0400] "GET /?a=old-vintage-motocross-bikes-stock-video-footage-by-%C2%A9smproduction-cc-p2Qe44ix HTTP/1.1" 200 223871 "-" "Mozilla/5.0 (Linux; Android 6.0.1; Nexus 5X Build/MMB29P) AppleWebKit/537.36 (KHTML, like Gecko) Chrome/153.0.8010.36 Mobile Safari/537.36 (compatible; Googlebot/2.1; +http://www.google.com/bot.html)"
199.250.222.155 - - [11/Sep/2026:12:30:40 -0400] "POST /wp-cron.php?doing_wp_cron=1789144240.6980290412902832031250 HTTP/1.1" 200 - "-" "WordPress/7.1; https://heredit.mx"
66.249.68.192 - - [11/Sep/2026:12:30:40 -0400] "GET /?a=old-vintage-motocross-bikes-stock-video-footage-by-%C2%A9smproduction-cc-p2Qe44ix HTTP/1.1" 200 223871 "-" "Mozilla/5.0 (Linux; Android 6.0.1; Nexus 5X Build/MMB29P) AppleWebKit/537.36 (KHTML, like Gecko) Chrome/153.0.8010.36 Mobile Safari/537.36 (compatible; GoogleOther)"
66.249.68.194 - - [11/Sep/2026:12:31:18 -0400] "GET /?a=artstation-planet-cc-nKkQYxt3 HTTP/1.1" 200 223671 "-" "Mozilla/5.0 (Linux; Android 6.0.1; Nexus 5X Build/MMB29P) AppleWebKit/537.36 (KHTML, like Gecko) Chrome/153.0.8010.36 Mobile Safari/537.36 (compatible; Googlebot/2.1; +http://www.google.com/bot.html)"
66.249.68.192 - - [11/Sep/2026:12:31:39 -0400] "GET /wp-content/plugins/elementor/assets/css/conditionals/dialog.min.css?ver=4.2.4 HTTP/1.1" 200 16528 "https://heredit.mx/?a=artstation-planet-cc-nKkQYxt3" "Mozilla/5.0 (Linux; Android 6.0.1; Nexus 5X Build/MMB29P) AppleWebKit/537.36 (KHTML, like Gecko) Chrome/153.0.8010.36 Mobile Safari/537.36 (compatible; Googlebot/2.1; +http://www.google.com/bot.html)"
199.250.222.155 - - [11/Sep/2026:12:31:51 -0400] "POST /wp-cron.php?doing_wp_cron=1789144311.4875590801239013671875 HTTP/1.1" 200 - "-" "WordPress/7.1; https://heredit.mx"
66.249.68.192 - - [11/Sep/2026:12:31:50 -0400] "GET /?a=attorney-and-law-firm-logo-design-from-top-logo-cc-p3oedRfx HTTP/1.1" 200 223791 "-" "Mozilla/5.0 (Linux; Android 6.0.1; Nexus 5X Build/MMB29P) AppleWebKit/537.36 (KHTML, like Gecko) Chrome/153.0.8010.36 Mobile Safari/537.36 (compatible; Googlebot/2.1; +http://www.google.com/bot.html)"
66.249.68.192 - - [11/Sep/2026:12:32:00 -0400] "GET /sliders/amenidades/script.js HTTP/1.1" 200 2513 "https://heredit.mx/sliders/amenidades/interiores.html" "Mozilla/5.0 (Linux; Android 6.0.1; Nexus 5X Build/MMB29P) AppleWebKit/537.36 (KHTML, like Gecko) Chrome/153.0.8010.36 Mobile Safari/537.36 (compatible; Googlebot/2.1; +http://www.google.com/bot.html)"
66.249.68.192 - - [11/Sep/2026:12:32:26 -0400] "GET /?a=all-white-blue-heeler-online-1692693463-cc-xBQq5Yh0 HTTP/1.1" 200 223759 "-" "Mozilla/5.0 (Linux; Android 6.0.1; Nexus 5X Build/MMB29P) AppleWebKit/537.36 (KHTML, like Gecko) Chrome/153.0.8010.36 Mobile Safari/537.36 (compatible; Googlebot/2.1; +http://www.google.com/bot.html)"
66.249.68.192 - - [11/Sep/2026:12:32:32 -0400] "GET /sliders/descripcion/style.css HTTP/1.1" 200 1455 "https://heredit.mx/sliders/descripcion/index.html" "Mozilla/5.0 (Linux; Android 6.0.1; Nexus 5X Build/MMB29P) AppleWebKit/537.36 (KHTML, like Gecko) Chrome/153.0.8010.36 Mobile Safari/537.36 (compatible; Googlebot/2.1; +http://www.google.com/bot.html)"
199.250.222.155 - - [11/Sep/2026:12:33:02 -0400] "POST /wp-cron.php?doing_wp_cron=1789144382.6170420646667480468750 HTTP/1.1" 200 - "-" "WordPress/7.1; https://heredit.mx"
66.249.68.192 - - [11/Sep/2026:12:33:02 -0400] "GET /?a=02-cerny-en-laonnois-chemin-des-dames-le-cimetiere-cc-3N62rwsV HTTP/1.1" 200 223803 "-" "Mozilla/5.0 (Linux; Android 6.0.1; Nexus 5X Build/MMB29P) AppleWebKit/537.36 (KHTML, like Gecko) Chrome/153.0.8010.36 Mobile Safari/537.36 (compatible; GoogleOther)"
199.250.222.155 - - [11/Sep/2026:12:34:51 -0400] "POST /wp-cron.php?doing_wp_cron=1789144491.4106600284576416015625 HTTP/1.1" 200 - "-" "WordPress/7.1; https://heredit.mx"
40.77.167.57 - - [11/Sep/2026:12:34:51 -0400] "GET /?w=geneva-on-the-lake-firehouse-by-alice-terrill-pp-De0PvaC4 HTTP/1.1" 301 - "-" "Mozilla/5.0 AppleWebKit/537.36 (KHTML, like Gecko; compatible; bingbot/2.0; +http://www.bing.com/bingbot.htm) Chrome/116.0.1938.76 Safari/537.36"
40.77.167.57 - - [11/Sep/2026:12:35:01 -0400] "GET /concamerated-485565-GouiauSPy/38932485 HTTP/1.1" 301 - "-" "Mozilla/5.0 AppleWebKit/537.36 (KHTML, like Gecko; compatible; bingbot/2.0; +http://www.bing.com/bingbot.htm) Chrome/116.0.1938.76 Safari/537.36"
40.77.167.57 - - [11/Sep/2026:12:35:01 -0400] "GET /predeny-674751-SqdsWZcs/?a=nike-cortez-ultra-olive-c-V3g0Z2SD HTTP/1.1" 301 - "-" "Mozilla/5.0 AppleWebKit/537.36 (KHTML, like Gecko; compatible; bingbot/2.0; +http://www.bing.com/bingbot.htm) Chrome/116.0.1938.76 Safari/537.36"
40.77.167.241 - - [11/Sep/2026:12:35:03 -0400] "GET /?w=geneva-on-the-lake-firehouse-by-alice-terrill-pp-De0PvaC4 HTTP/1.1" 200 112757 "-" "Mozilla/5.0 AppleWebKit/537.36 (KHTML, like Gecko; compatible; bingbot/2.0; +http://www.bing.com/bingbot.htm) Chrome/116.0.1938.76 Safari/537.36"
40.77.167.241 - - [11/Sep/2026:12:35:03 -0400] "GET /iCWvON/chiotilla60159/4DDB7O3IsOh/?a=red-satin-and-african-print-dress-boubou-cc-bwPER4T7 HTTP/1.1" 404 121299 "-" "Mozilla/5.0 AppleWebKit/537.36 (KHTML, like Gecko; compatible; bingbot/2.0; +http://www.bing.com/bingbot.htm) Chrome/116.0.1938.76 Safari/537.36"
66.249.68.193 - - [11/Sep/2026:12:35:11 -0400] "GET /?a=cataldi-madonna-montepulciano-cerasuolo-shoprite-wines-spirits-of-clifton-cc-kOjKKkFN HTTP/1.1" 200 223895 "-" "Mozilla/5.0 (Linux; Android 6.0.1; Nexus 5X Build/MMB29P) AppleWebKit/537.36 (KHTML, like Gecko) Chrome/153.0.8010.36 Mobile Safari/537.36 (compatible; Googlebot/2.1; +http://www.google.com/bot.html)"
66.249.68.192 - - [11/Sep/2026:12:35:17 -0400] "GET /wp-content/plugins/wpforms/assets/css/frontend/modern/wpforms-full.min.css?ver=1.10.2.1 HTTP/1.1" 200 167602 "https://heredit.mx/?a=cataldi-madonna-montepulciano-cerasuolo-shoprite-wines-spirits-of-clifton-cc-kOjKKkFN" "Mozilla/5.0 (Linux; Android 6.0.1; Nexus 5X Build/MMB29P) AppleWebKit/537.36 (KHTML, like Gecko) Chrome/153.0.8010.36 Mobile Safari/537.36 (compatible; Googlebot/2.1; +http://www.google.com/bot.html)"
199.250.222.155 - - [11/Sep/2026:12:35:29 -0400] "POST /wp-cron.php?doing_wp_cron=1789144529.2715940475463867187500 HTTP/1.1" 200 - "-" "WordPress/7.1; https://heredit.mx"
66.249.68.192 - - [11/Sep/2026:12:35:28 -0400] "GET /?a=13-olympia-avenue-old-orchard-beach-me-western-maine-cc-gQpY1Bt8 HTTP/1.1" 200 223811 "-" "Mozilla/5.0 (Linux; Android 6.0.1; Nexus 5X Build/MMB29P) AppleWebKit/537.36 (KHTML, like Gecko) Chrome/153.0.8010.36 Mobile Safari/537.36 (compatible; GoogleOther)"
66.249.68.192 - - [11/Sep/2026:12:36:23 -0400] "GET /?a=city-under-the-mountain-signed-cc-QpM0MkID HTTP/1.1" 200 223723 "-" "Mozilla/5.0 (Linux; Android 6.0.1; Nexus 5X Build/MMB29P) AppleWebKit/537.36 (KHTML, like Gecko) Chrome/153.0.8010.36 Mobile Safari/537.36 (compatible; Googlebot/2.1; +http://www.google.com/bot.html)"
66.249.68.192 - - [11/Sep/2026:12:36:27 -0400] "GET /wp-content/plugins/elementor/assets/css/widget-heading.min.css?ver=4.2.4 HTTP/1.1" 200 560 "https://heredit.mx/?a=city-under-the-mountain-signed-cc-QpM0MkID" "Mozilla/5.0 (Linux; Android 6.0.1; Nexus 5X Build/MMB29P) AppleWebKit/537.36 (KHTML, like Gecko) Chrome/153.0.8010.36 Mobile Safari/537.36 (compatible; Googlebot/2.1; +http://www.google.com/bot.html)"
66.249.68.192 - - [11/Sep/2026:12:36:28 -0400] "GET /wp-content/plugins/wpforms/assets/js/frontend/wpforms.min.js?ver=1.10.2.1 HTTP/1.1" 200 54683 "https://heredit.mx/?a=city-under-the-mountain-signed-cc-QpM0MkID" "Mozilla/5.0 (Linux; Android 6.0.1; Nexus 5X Build/MMB29P) AppleWebKit/537.36 (KHTML, like Gecko) Chrome/153.0.8010.36 Mobile Safari/537.36 (compatible; Googlebot/2.1; +http://www.google.com/bot.html)"
66.249.68.192 - - [11/Sep/2026:12:36:29 -0400] "GET /wp-content/uploads/2024/06/local-bar.svg HTTP/1.1" 200 460 "https://heredit.mx/sliders/amenidades/interiores.html" "Mozilla/5.0 (Linux; Android 6.0.1; Nexus 5X Build/MMB29P) AppleWebKit/537.36 (KHTML, like Gecko) Chrome/153.0.8010.36 Mobile Safari/537.36 (compatible; Googlebot/2.1; +http://www.google.com/bot.html)"
199.250.222.155 - - [11/Sep/2026:12:36:41 -0400] "POST /wp-cron.php?doing_wp_cron=1789144601.7420461177825927734375 HTTP/1.1" 200 - "-" "WordPress/7.1; https://heredit.mx"
66.249.68.192 - - [11/Sep/2026:12:36:41 -0400] "GET /?a=city-under-the-mountain-signed-cc-QpM0MkID HTTP/1.1" 200 223723 "-" "Mozilla/5.0 (Linux; Android 6.0.1; Nexus 5X Build/MMB29P) AppleWebKit/537.36 (KHTML, like Gecko) Chrome/153.0.8010.36 Mobile Safari/537.36 (compatible; GoogleOther)"
40.77.167.241 - - [11/Sep/2026:12:36:56 -0400] "GET /iCWvON/chiotilla60159/4DDB7O3IsOh/?a=red-satin-and-african-print-dress-boubou-cc-bwPER4T7 HTTP/1.1" 404 121299 "-" "Mozilla/5.0 AppleWebKit/537.36 (KHTML, like Gecko; compatible; bingbot/2.0; +http://www.bing.com/bingbot.htm) Chrome/116.0.1938.76 Safari/537.36"
66.249.68.194 - - [11/Sep/2026:12:36:59 -0400] "GET /?a=geometric-sun-moon-head-neck-inlay-stickers-for-acoustic-cc-br31BBC7 HTTP/1.1" 200 223827 "-" "Mozilla/5.0 (Linux; Android 6.0.1; Nexus 5X Build/MMB29P) AppleWebKit/537.36 (KHTML, like Gecko) Chrome/153.0.8010.36 Mobile Safari/537.36 (compatible; Googlebot/2.1; +http://www.google.com/bot.html)"
66.249.68.194 - - [11/Sep/2026:12:37:04 -0400] "GET /wp-content/plugins/elementor/assets/css/widget-google_maps.min.css?ver=4.2.4 HTTP/1.1" 200 261 "https://heredit.mx/?a=geometric-sun-moon-head-neck-inlay-stickers-for-acoustic-cc-br31BBC7" "Mozilla/5.0 (Linux; Android 6.0.1; Nexus 5X Build/MMB29P) AppleWebKit/537.36 (KHTML, like Gecko) Chrome/153.0.8010.36 Mobile Safari/537.36 (compatible; Googlebot/2.1; +http://www.google.com/bot.html)"
66.249.68.193 - - [11/Sep/2026:12:37:04 -0400] "GET /wp-content/plugins/elementor-pro/assets/css/widget-nav-menu.min.css?ver=4.2.3 HTTP/1.1" 200 27363 "https://heredit.mx/?a=geometric-sun-moon-head-neck-inlay-stickers-for-acoustic-cc-br31BBC7" "Mozilla/5.0 (Linux; Android 6.0.1; Nexus 5X Build/MMB29P) AppleWebKit/537.36 (KHTML, like Gecko) Chrome/153.0.8010.36 Mobile Safari/537.36 (compatible; Googlebot/2.1; +http://www.google.com/bot.html)"
66.249.68.194 - - [11/Sep/2026:12:37:18 -0400] "GET /?a=pantal%C3%93n-cocina-blanco-cc-ZPLZorhv HTTP/1.1" 200 223703 "-" "Mozilla/5.0 (Linux; Android 6.0.1; Nexus 5X Build/MMB29P) AppleWebKit/537.36 (KHTML, like Gecko) Chrome/153.0.8010.36 Mobile Safari/537.36 (compatible; GoogleOther)"
199.250.222.155 - - [11/Sep/2026:12:37:35 -0400] "POST /wp-cron.php?doing_wp_cron=1789144655.8558850288391113281250 HTTP/1.1" 200 - "-" "WordPress/7.1; https://heredit.mx"
66.249.68.192 - - [11/Sep/2026:12:37:35 -0400] "GET /?a=tnt-angus-beef-patties-with-seasoning-ounce-size-60-cc-qgQqjMFd HTTP/1.1" 200 223807 "-" "Mozilla/5.0 (Linux; Android 6.0.1; Nexus 5X Build/MMB29P) AppleWebKit/537.36 (KHTML, like Gecko) Chrome/153.0.8010.36 Mobile Safari/537.36 (compatible; Googlebot/2.1; +http://www.google.com/bot.html)"
66.249.68.192 - - [11/Sep/2026:12:37:39 -0400] "GET /wp-content/uploads/2024/06/icon-coffee.svg HTTP/1.1" 200 509 "https://heredit.mx/sliders/amenidades/interiores-mob.html" "Mozilla/5.0 (Linux; Android 6.0.1; Nexus 5X Build/MMB29P) AppleWebKit/537.36 (KHTML, like Gecko) Chrome/153.0.8010.36 Mobile Safari/537.36 (compatible; Googlebot/2.1; +http://www.google.com/bot.html)"
66.249.68.194 - - [11/Sep/2026:12:37:39 -0400] "GET /wp-content/uploads/2024/06/icon-coffee.svg HTTP/1.1" 200 509 "https://heredit.mx/sliders/amenidades/interiores.html" "Mozilla/5.0 (Linux; Android 6.0.1; Nexus 5X Build/MMB29P) AppleWebKit/537.36 (KHTML, like Gecko) Chrome/153.0.8010.36 Mobile Safari/537.36 (compatible; Googlebot/2.1; +http://www.google.com/bot.html)"
66.249.68.192 - - [11/Sep/2026:12:37:55 -0400] "GET /?a=tnt-angus-beef-patties-with-seasoning-ounce-size-60-cc-qgQqjMFd HTTP/1.1" 200 223807 "-" "Mozilla/5.0 (Linux; Android 6.0.1; Nexus 5X Build/MMB29P) AppleWebKit/537.36 (KHTML, like Gecko) Chrome/153.0.8010.36 Mobile Safari/537.36 (compatible; GoogleOther)"
40.77.167.241 - - [11/Sep/2026:12:37:55 -0400] "GET /GsNw/eggler397802/?a=wolf-heritage-double-winder-with-storage-in-brushed-metal-cc-GKgV1LsN HTTP/1.1" 404 121299 "-" "Mozilla/5.0 AppleWebKit/537.36 (KHTML, like Gecko; compatible; bingbot/2.0; +http://www.bing.com/bingbot.htm) Chrome/116.0.1938.76 Safari/537.36"
66.249.68.193 - - [11/Sep/2026:12:39:24 -0400] "GET /?a=kensington-hooded-lifaloft-insulated-winter-jacket-hh-workwear-us-cc-7304wJSw HTTP/1.1" 200 223863 "-" "Mozilla/5.0 (Linux; Android 6.0.1; Nexus 5X Build/MMB29P) AppleWebKit/537.36 (KHTML, like Gecko) Chrome/153.0.8010.36 Mobile Safari/537.36 (compatible; Googlebot/2.1; +http://www.google.com/bot.html)"
52.167.144.216 - - [11/Sep/2026:12:39:55 -0400] "GET /wp-content/plugins/wpforms/wpforms.php HTTP/1.1" 200 - "-" "Mozilla/5.0 AppleWebKit/537.36 (KHTML, like Gecko; compatible; bingbot/2.0; +http://www.bing.com/bingbot.htm) Chrome/116.0.1938.76 Safari/537.36"
199.250.222.155 - - [11/Sep/2026:12:41:17 -0400] "POST /wp-cron.php?doing_wp_cron=1789144877.3135778903961181640625 HTTP/1.1" 200 - "-" "WordPress/7.1; https://heredit.mx"
66.249.68.194 - - [11/Sep/2026:12:41:16 -0400] "GET /?a=govee-flow-pro-light-bars-review-cc-KGVk6vCQ HTTP/1.1" 200 223731 "-" "Mozilla/5.0 (Linux; Android 6.0.1; Nexus 5X Build/MMB29P) AppleWebKit/537.36 (KHTML, like Gecko) Chrome/153.0.8010.36 Mobile Safari/537.36 (compatible; GoogleOther)"
66.249.68.194 - - [11/Sep/2026:12:42:11 -0400] "GET /?a=engelbert-schmid-standard-french-horn-bell-flare-special-order-cc-7QLeLOtw HTTP/1.1" 200 223851 "-" "Mozilla/5.0 (Linux; Android 6.0.1; Nexus 5X Build/MMB29P) AppleWebKit/537.36 (KHTML, like Gecko) Chrome/153.0.8010.36 Mobile Safari/537.36 (compatible; Googlebot/2.1; +http://www.google.com/bot.html)"
199.250.222.155 - - [11/Sep/2026:12:42:27 -0400] "POST /wp-cron.php?doing_wp_cron=1789144947.7961399555206298828125 HTTP/1.1" 200 - "-" "WordPress/7.1; https://heredit.mx"
5.255.231.32 - - [11/Sep/2026:12:42:27 -0400] "GET /robots.txt HTTP/1.1" 200 267 "-" "Mozilla/5.0 (compatible; YandexBot/3.0; +http://yandex.com/bots)"
199.250.222.155 - - [11/Sep/2026:12:42:28 -0400] "POST /wp-cron.php?doing_wp_cron=1789144948.8847548961639404296875 HTTP/1.1" 200 - "-" "WordPress/7.1; https://heredit.mx"
87.250.224.106 - - [11/Sep/2026:12:42:28 -0400] "GET /kuichua=9812180&sxUxchC=360681 HTTP/1.1" 404 123212 "-" "Mozilla/5.0 (compatible; YandexBot/3.0; +http://yandex.com/bots)"
199.250.222.155 - - [11/Sep/2026:12:44:56 -0400] "POST /wp-cron.php?doing_wp_cron=1789145096.3731670379638671875000 HTTP/1.1" 200 - "-" "WordPress/7.1; https://heredit.mx"
66.249.68.194 - - [11/Sep/2026:12:44:55 -0400] "GET /?a=8bit-pixelart-fire-background-stock-vector-royalty-free-183511010-cc-6LvpnRSo HTTP/1.1" 200 223863 "-" "Mozilla/5.0 (Linux; Android 6.0.1; Nexus 5X Build/MMB29P) AppleWebKit/537.36 (KHTML, like Gecko) Chrome/153.0.8010.36 Mobile Safari/537.36 (compatible; Googlebot/2.1; +http://www.google.com/bot.html)"
199.250.222.155 - - [11/Sep/2026:12:45:52 -0400] "POST /wp-cron.php?doing_wp_cron=1789145152.1208679676055908203125 HTTP/1.1" 200 - "-" "WordPress/7.1; https://heredit.mx"
66.249.68.192 - - [11/Sep/2026:12:45:51 -0400] "GET /?a=science-and-knowledge-seamless-pattern-science-and-knowledge-seamless-cc-ed7ZZ6iQ HTTP/1.1" 200 223879 "-" "Mozilla/5.0 (Linux; Android 6.0.1; Nexus 5X Build/MMB29P) AppleWebKit/537.36 (KHTML, like Gecko) Chrome/153.0.8010.36 Mobile Safari/537.36 (compatible; GoogleOther)"
66.249.68.192 - - [11/Sep/2026:12:45:59 -0400] "GET /wp-content/uploads/2024/06/icon-washed.svg HTTP/1.1" 200 2936 "https://heredit.mx/sliders/cards/index.html" "Mozilla/5.0 (Linux; Android 6.0.1; Nexus 5X Build/MMB29P) AppleWebKit/537.36 (KHTML, like Gecko) Chrome/153.0.8010.36 Mobile Safari/537.36 (compatible; GoogleOther)"
52.167.144.169 - - [11/Sep/2026:12:46:25 -0400] "GET /kral-758529-kYVFBaWeB/?a=vans-sk8-hi-black-white-men-s-vn000d5ib8c-us-cc-zPDe30uG HTTP/1.1" 301 - "-" "Mozilla/5.0 AppleWebKit/537.36 (KHTML, like Gecko; compatible; bingbot/2.0; +http://www.bing.com/bingbot.htm) Chrome/116.0.1938.76 Safari/537.36"
199.250.222.155 - - [11/Sep/2026:12:46:38 -0400] "POST /wp-cron.php?doing_wp_cron=1789145198.8323431015014648437500 HTTP/1.1" 200 - "-" "WordPress/7.1; https://heredit.mx"
52.167.144.193 - - [11/Sep/2026:12:46:38 -0400] "GET /concamerated-185100-hiByPS/?a=lisa-goddard-delicious-dishes-for-you-and-your-dog-cc-aZqpkrFa HTTP/1.1" 404 121299 "-" "Mozilla/5.0 AppleWebKit/537.36 (KHTML, like Gecko; compatible; bingbot/2.0; +http://www.bing.com/bingbot.htm) Chrome/116.0.1938.76 Safari/537.36"
52.167.144.174 - - [11/Sep/2026:12:46:39 -0400] "GET /menorrhoeic=7499801556&xK7t6unspM=76531/?a=size-chart-png-c-5BnGVQun HTTP/1.1" 301 - "-" "Mozilla/5.0 AppleWebKit/537.36 (KHTML, like Gecko; compatible; bingbot/2.0; +http://www.bing.com/bingbot.htm) Chrome/116.0.1938.76 Safari/537.36"
66.249.68.193 - - [11/Sep/2026:12:47:15 -0400] "GET /?a=buah-set-tokyo-ghoul-re-kaneki-ken-sasaki-haise-cc-n2B8p2U3 HTTP/1.1" 200 223791 "-" "Mozilla/5.0 (Linux; Android 6.0.1; Nexus 5X Build/MMB29P) AppleWebKit/537.36 (KHTML, like Gecko) Chrome/153.0.8010.36 Mobile Safari/537.36 (compatible; Googlebot/2.1; +http://www.google.com/bot.html)"
199.250.222.155 - - [11/Sep/2026:12:47:44 -0400] "POST /wp-cron.php?doing_wp_cron=1789145264.0301420688629150390625 HTTP/1.1" 200 - "-" "WordPress/7.1; https://heredit.mx"
66.249.68.192 - - [11/Sep/2026:12:47:43 -0400] "GET /?a=sasha-banks-legit-boss-svg-file-wwe-svg-file-cc-gM77xeT8 HTTP/1.1" 200 223779 "-" "Mozilla/5.0 (Linux; Android 6.0.1; Nexus 5X Build/MMB29P) AppleWebKit/537.36 (KHTML, like Gecko) Chrome/153.0.8010.36 Mobile Safari/537.36 (compatible; GoogleOther)"
66.249.68.194 - - [11/Sep/2026:12:47:58 -0400] "GET /wp-content/uploads/2024/06/icon-coffee.svg HTTP/1.1" 200 509 "https://heredit.mx/sliders/amenidades/interiores-mob.html" "Mozilla/5.0 (Linux; Android 6.0.1; Nexus 5X Build/MMB29P) AppleWebKit/537.36 (KHTML, like Gecko) Chrome/153.0.8010.36 Mobile Safari/537.36 (compatible; GoogleOther)"
66.249.68.193 - - [11/Sep/2026:12:47:58 -0400] "GET /wp-content/uploads/2024/06/icon-coffee.svg HTTP/1.1" 200 509 "https://heredit.mx/sliders/amenidades/interiores.html" "Mozilla/5.0 (Linux; Android 6.0.1; Nexus 5X Build/MMB29P) AppleWebKit/537.36 (KHTML, like Gecko) Chrome/153.0.8010.36 Mobile Safari/537.36 (compatible; GoogleOther)"
66.249.68.193 - - [11/Sep/2026:12:48:11 -0400] "GET /?a=dogbane-beetle-on-dogbane-philadelphia-pennsylvania-by-doug-wechsler-cc-ZDD6AGHv HTTP/1.1" 200 223875 "-" "Mozilla/5.0 (Linux; Android 6.0.1; Nexus 5X Build/MMB29P) AppleWebKit/537.36 (KHTML, like Gecko) Chrome/153.0.8010.36 Mobile Safari/537.36 (compatible; GoogleOther)"
66.249.68.193 - - [11/Sep/2026:12:48:36 -0400] "GET /wp-content/plugins/wpforms/assets/pro/css/fields/layout-screen-small.min.css?ver=1.10.2.1 HTTP/1.1" 200 1664 "https://heredit.mx/?a=dogbane-beetle-on-dogbane-philadelphia-pennsylvania-by-doug-wechsler-cc-ZDD6AGHv" "Mozilla/5.0 (Linux; Android 6.0.1; Nexus 5X Build/MMB29P) AppleWebKit/537.36 (KHTML, like Gecko) Chrome/153.0.8010.36 Mobile Safari/537.36 (compatible; GoogleOther)"
199.250.222.155 - - [11/Sep/2026:12:48:38 -0400] "POST /wp-cron.php?doing_wp_cron=1789145318.6715049743652343750000 HTTP/1.1" 200 - "-" "WordPress/7.1; https://heredit.mx"
87.250.224.112 - - [11/Sep/2026:12:48:38 -0400] "GET /?w=orient-30-ltrs-personal-air-cooler-cp3001h-white-pp-47j6YLHA HTTP/1.1" 200 112757 "-" "Mozilla/5.0 (compatible; YandexBot/3.0; +http://yandex.com/bots)"
66.249.68.194 - - [11/Sep/2026:12:49:07 -0400] "GET /?a=1970s-eight-drawer-teak-danish-modern-dresser-by-komfort-cc-gPJqREh8 HTTP/1.1" 200 223827 "-" "Mozilla/5.0 (Linux; Android 6.0.1; Nexus 5X Build/MMB29P) AppleWebKit/537.36 (KHTML, like Gecko) Chrome/153.0.8010.36 Mobile Safari/537.36 (compatible; GoogleOther)"
66.249.68.192 - - [11/Sep/2026:12:49:09 -0400] "GET /wp-includes/css/dashicons.min.css?ver=7.1 HTTP/1.1" 200 59004 "https://heredit.mx/?a=1970s-eight-drawer-teak-danish-modern-dresser-by-komfort-cc-gPJqREh8" "Mozilla/5.0 (Linux; Android 6.0.1; Nexus 5X Build/MMB29P) AppleWebKit/537.36 (KHTML, like Gecko) Chrome/153.0.8010.36 Mobile Safari/537.36 (compatible; GoogleOther)"
199.250.222.155 - - [11/Sep/2026:12:49:35 -0400] "POST /wp-cron.php?doing_wp_cron=1789145375.5509099960327148437500 HTTP/1.1" 200 - "-" "WordPress/7.1; https://heredit.mx"
66.249.68.192 - - [11/Sep/2026:12:49:35 -0400] "GET /?a=1970s-eight-drawer-teak-danish-modern-dresser-by-komfort-cc-gPJqREh8 HTTP/1.1" 200 223827 "-" "Mozilla/5.0 (Linux; Android 6.0.1; Nexus 5X Build/MMB29P) AppleWebKit/537.36 (KHTML, like Gecko) Chrome/153.0.8010.36 Mobile Safari/537.36 (compatible; Googlebot/2.1; +http://www.google.com/bot.html)"
66.249.68.194 - - [11/Sep/2026:12:50:32 -0400] "GET /?dipnoan=5174555523&MAHQwAKEU=639152 HTTP/1.1" 200 223707 "-" "Mozilla/5.0 (Linux; Android 6.0.1; Nexus 5X Build/MMB29P) AppleWebKit/537.36 (KHTML, like Gecko) Chrome/153.0.8010.36 Mobile Safari/537.36 (compatible; GoogleOther)"
66.249.68.192 - - [11/Sep/2026:12:55:15 -0400] "GET /?a=spider-v-20-mkii-20w-combo-guitar-amp-cc-yNB56Ato HTTP/1.1" 200 223751 "-" "Mozilla/5.0 (Linux; Android 6.0.1; Nexus 5X Build/MMB29P) AppleWebKit/537.36 (KHTML, like Gecko) Chrome/153.0.8010.36 Mobile Safari/537.36 (compatible; Googlebot/2.1; +http://www.google.com/bot.html)"
66.249.68.192 - - [11/Sep/2026:12:55:43 -0400] "GET /?a=berlin-sofa-set-cc-kPNpPoSN HTTP/1.1" 200 223663 "-" "Mozilla/5.0 (Linux; Android 6.0.1; Nexus 5X Build/MMB29P) AppleWebKit/537.36 (KHTML, like Gecko) Chrome/153.0.8010.36 Mobile Safari/537.36 (compatible; Googlebot/2.1; +http://www.google.com/bot.html)"
106.63.26.141 - - [11/Sep/2026:12:55:56 -0400] "GET / HTTP/1.1" 301 - "-" "Mozilla/5.0 (Macintosh; Intel Mac OS X 10_15_7) AppleWebKit/537.36 (KHTML, like Gecko) Chrome/120.0.0.0 Safari/537.36 Edg/120.0.0.0"
66.249.68.193 - - [11/Sep/2026:12:56:11 -0400] "GET /?a=berlin-sofa-set-cc-kPNpPoSN HTTP/1.1" 200 223663 "-" "Mozilla/5.0 (Linux; Android 6.0.1; Nexus 5X Build/MMB29P) AppleWebKit/537.36 (KHTML, like Gecko) Chrome/153.0.8010.36 Mobile Safari/537.36 (compatible; GoogleOther)"
199.250.222.155 - - [11/Sep/2026:12:56:39 -0400] "POST /wp-cron.php?doing_wp_cron=1789145798.9475519657135009765625 HTTP/1.1" 200 - "-" "WordPress/7.1; https://heredit.mx"
66.249.68.192 - - [11/Sep/2026:12:56:38 -0400] "GET /?a=the-romans-gods-emperors-and-dormice-by-marcia-williams-cc-oqQbO6Cv HTTP/1.1" 200 223823 "-" "Mozilla/5.0 (Linux; Android 6.0.1; Nexus 5X Build/MMB29P) AppleWebKit/537.36 (KHTML, like Gecko) Chrome/153.0.8010.36 Mobile Safari/537.36 (compatible; Googlebot/2.1; +http://www.google.com/bot.html)"
66.249.68.192 - - [11/Sep/2026:12:57:07 -0400] "GET /?aluminum=7709&sS6bM2gPeP=231499 HTTP/1.1" 200 223691 "-" "Mozilla/5.0 (Linux; Android 6.0.1; Nexus 5X Build/MMB29P) AppleWebKit/537.36 (KHTML, like Gecko) Chrome/153.0.8010.36 Mobile Safari/537.36 (compatible; GoogleOther)"
199.250.222.155 - - [11/Sep/2026:12:57:56 -0400] "POST /wp-cron.php?doing_wp_cron=1789145876.6713070869445800781250 HTTP/1.1" 200 - "-" "WordPress/7.1; https://heredit.mx"
66.249.68.192 - - [11/Sep/2026:12:57:56 -0400] "GET /?a=the-romans-gods-emperors-and-dormice-by-marcia-williams-cc-oqQbO6Cv HTTP/1.1" 200 223823 "-" "Mozilla/5.0 (Linux; Android 6.0.1; Nexus 5X Build/MMB29P) AppleWebKit/537.36 (KHTML, like Gecko) Chrome/153.0.8010.36 Mobile Safari/537.36 (compatible; GoogleOther)"
66.249.68.194 - - [11/Sep/2026:12:58:01 -0400] "GET /wp-content/plugins/elementor-pro/assets/css/modules/sticky.min.css?ver=4.2.3 HTTP/1.1" 200 162 "https://heredit.mx/?a=the-romans-gods-emperors-and-dormice-by-marcia-williams-cc-oqQbO6Cv" "Mozilla/5.0 (Linux; Android 6.0.1; Nexus 5X Build/MMB29P) AppleWebKit/537.36 (KHTML, like Gecko) Chrome/153.0.8010.36 Mobile Safari/537.36 (compatible; GoogleOther)"
66.249.68.192 - - [11/Sep/2026:12:58:02 -0400] "GET /wp-includes/js/jquery/jquery.min.js?ver=3.7.1 HTTP/1.1" 200 87553 "https://heredit.mx/?a=the-romans-gods-emperors-and-dormice-by-marcia-williams-cc-oqQbO6Cv" "Mozilla/5.0 (Linux; Android 6.0.1; Nexus 5X Build/MMB29P) AppleWebKit/537.36 (KHTML, like Gecko) Chrome/153.0.8010.36 Mobile Safari/537.36 (compatible; GoogleOther)"
66.249.68.193 - - [11/Sep/2026:12:58:02 -0400] "GET /wp-content/uploads/2024/06/instagram.svg HTTP/1.1" 200 3561 "https://heredit.mx/?a=the-romans-gods-emperors-and-dormice-by-marcia-williams-cc-oqQbO6Cv" "Mozilla/5.0 (Linux; Android 6.0.1; Nexus 5X Build/MMB29P) AppleWebKit/537.36 (KHTML, like Gecko) Chrome/153.0.8010.36 Mobile Safari/537.36 (compatible; GoogleOther)"
199.250.222.155 - - [11/Sep/2026:12:59:48 -0400] "POST /wp-cron.php?doing_wp_cron=1789145988.1517999172210693359375 HTTP/1.1" 200 - "-" "WordPress/7.1; https://heredit.mx"
66.249.68.194 - - [11/Sep/2026:12:59:47 -0400] "GET /?a=premium-infrared-outdoor-electric-ceiling-patio-heater-lamp-1500w-cc-4n0DNwfE HTTP/1.1" 200 223863 "-" "Mozilla/5.0 (Linux; Android 6.0.1; Nexus 5X Build/MMB29P) AppleWebKit/537.36 (KHTML, like Gecko) Chrome/153.0.8010.36 Mobile Safari/537.36 (compatible; GoogleOther)"
66.249.68.192 - - [11/Sep/2026:13:00:16 -0400] "GET /?a=ugadi-indian-festival-black-white-line-stock-vector-royalty-cc-dwqKqVh2 HTTP/1.1" 200 223839 "-" "Mozilla/5.0 (Linux; Android 6.0.1; Nexus 5X Build/MMB29P) AppleWebKit/537.36 (KHTML, like Gecko) Chrome/153.0.8010.36 Mobile Safari/537.36 (compatible; Googlebot/2.1; +http://www.google.com/bot.html)"
199.250.222.155 - - [11/Sep/2026:13:00:44 -0400] "POST /wp-cron.php?doing_wp_cron=1789146044.3880341053009033203125 HTTP/1.1" 200 - "-" "WordPress/7.1; https://heredit.mx"
66.249.68.193 - - [11/Sep/2026:13:00:43 -0400] "GET /?a=ugadi-indian-festival-black-white-line-stock-vector-royalty-cc-dwqKqVh2 HTTP/1.1" 200 223839 "-" "Mozilla/5.0 (Linux; Android 6.0.1; Nexus 5X Build/MMB29P) AppleWebKit/537.36 (KHTML, like Gecko) Chrome/153.0.8010.36 Mobile Safari/537.36 (compatible; GoogleOther)"
189.147.131.40 - - [11/Sep/2026:13:01:33 -0400] "GET / HTTP/1.1" 200 59621 "-" "Mozilla/5.0 (X11; Linux x86_64) AppleWebKit/537.36 (KHTML, like Gecko) Chrome/138.0.0.0 Safari/537.36"
189.147.131.40 - - [11/Sep/2026:13:01:34 -0400] "GET /wp-content/cache/min/1/wp-content/themes/hello-elementor/assets/css/reset.css?ver=1789063679 HTTP/1.1" 200 5828 "https://heredit.mx/" "Mozilla/5.0 (X11; Linux x86_64) AppleWebKit/537.36 (KHTML, like Gecko) Chrome/138.0.0.0 Safari/537.36"
189.147.131.40 - - [11/Sep/2026:13:01:34 -0400] "GET /wp-content/cache/min/1/wp-content/themes/hello-elementor/assets/css/theme.css?ver=1789063679 HTTP/1.1" 200 5814 "https://heredit.mx/" "Mozilla/5.0 (X11; Linux x86_64) AppleWebKit/537.36 (KHTML, like Gecko) Chrome/138.0.0.0 Safari/537.36"
189.147.131.40 - - [11/Sep/2026:13:01:34 -0400] "GET /wp-content/cache/min/1/wp-content/themes/hello-elementor/assets/css/header-footer.css?ver=1789063679 HTTP/1.1" 200 7533 "https://heredit.mx/" "Mozilla/5.0 (X11; Linux x86_64) AppleWebKit/537.36 (KHTML, like Gecko) Chrome/138.0.0.0 Safari/537.36"
189.147.131.40 - - [11/Sep/2026:13:01:34 -0400] "GET /wp-content/cache/min/1/wp-content/uploads/elementor/css/post-7.css?ver=1789063679 HTTP/1.1" 200 3652 "https://heredit.mx/" "Mozilla/5.0 (X11; Linux x86_64) AppleWebKit/537.36 (KHTML, like Gecko) Chrome/138.0.0.0 Safari/537.36"
189.147.131.40 - - [11/Sep/2026:13:01:34 -0400] "GET /wp-content/cache/min/1/wp-content/uploads/essential-addons-elementor/eael-298.css?ver=1789063679 HTTP/1.1" 200 14412 "https://heredit.mx/" "Mozilla/5.0 (X11; Linux x86_64) AppleWebKit/537.36 (KHTML, like Gecko) Chrome/138.0.0.0 Safari/537.36"
189.147.131.40 - - [11/Sep/2026:13:01:34 -0400] "GET /wp-content/cache/min/1/wp-content/plugins/elementor/assets/lib/swiper/v8/css/swiper.min.css?ver=1789063679 HTTP/1.1" 200 16223 "https://heredit.mx/" "Mozilla/5.0 (X11; Linux x86_64) AppleWebKit/537.36 (KHTML, like Gecko) Chrome/138.0.0.0 Safari/537.36"
189.147.131.40 - - [11/Sep/2026:13:01:34 -0400] "GET /wp-content/cache/min/1/wp-content/uploads/elementor/css/post-298.css?ver=1789063679 HTTP/1.1" 200 91218 "https://heredit.mx/" "Mozilla/5.0 (X11; Linux x86_64) AppleWebKit/537.36 (KHTML, like Gecko) Chrome/138.0.0.0 Safari/537.36"
189.147.131.40 - - [11/Sep/2026:13:01:34 -0400] "GET /wp-content/cache/min/1/wp-content/uploads/premium-addons-elementor/pafe-1208.css?ver=1789063679 HTTP/1.1" 200 53538 "https://heredit.mx/" "Mozilla/5.0 (X11; Linux x86_64) AppleWebKit/537.36 (KHTML, like Gecko) Chrome/138.0.0.0 Safari/537.36"
189.147.131.40 - - [11/Sep/2026:13:01:34 -0400] "GET /wp-content/cache/min/1/wp-content/plugins/elementor/assets/lib/font-awesome/css/all.min.css?ver=1789063679 HTTP/1.1" 200 60583 "https://heredit.mx/" "Mozilla/5.0 (X11; Linux x86_64) AppleWebKit/537.36 (KHTML, like Gecko) Chrome/138.0.0.0 Safari/537.36"
189.147.131.40 - - [11/Sep/2026:13:01:34 -0400] "GET /wp-content/cache/min/1/wp-includes/css/dashicons.min.css?ver=1789063679 HTTP/1.1" 200 59097 "https://heredit.mx/" "Mozilla/5.0 (X11; Linux x86_64) AppleWebKit/537.36 (KHTML, like Gecko) Chrome/138.0.0.0 Safari/537.36"
189.147.131.40 - - [11/Sep/2026:13:01:34 -0400] "GET /wp-content/cache/min/1/wp-content/uploads/elementor/css/post-1208.css?ver=1789063679 HTTP/1.1" 200 36816 "https://heredit.mx/" "Mozilla/5.0 (X11; Linux x86_64) AppleWebKit/537.36 (KHTML, like Gecko) Chrome/138.0.0.0 Safari/537.36"
189.147.131.40 - - [11/Sep/2026:13:01:34 -0400] "GET /wp-content/cache/min/1/wp-content/uploads/elementor/css/post-48.css?ver=1789063679 HTTP/1.1" 200 44617 "https://heredit.mx/" "Mozilla/5.0 (X11; Linux x86_64) AppleWebKit/537.36 (KHTML, like Gecko) Chrome/138.0.0.0 Safari/537.36"
189.147.131.40 - - [11/Sep/2026:13:01:34 -0400] "GET /wp-content/cache/min/1/wp-content/uploads/elementor/css/post-1738.css?ver=1789063679 HTTP/1.1" 200 1603 "https://heredit.mx/" "Mozilla/5.0 (X11; Linux x86_64) AppleWebKit/537.36 (KHTML, like Gecko) Chrome/138.0.0.0 Safari/537.36"
199.250.222.155 - - [11/Sep/2026:13:01:39 -0400] "POST /wp-cron.php?doing_wp_cron=1789146099.6401150226593017578125 HTTP/1.1" 200 - "-" "WordPress/7.1; https://heredit.mx"
66.249.68.192 - - [11/Sep/2026:13:01:39 -0400] "GET /?a=engelbert-schmid-standard-french-horn-bell-flare-special-order-cc-7QLeLOtw HTTP/1.1" 200 223851 "-" "Mozilla/5.0 (Linux; Android 6.0.1; Nexus 5X Build/MMB29P) AppleWebKit/537.36 (KHTML, like Gecko) Chrome/153.0.8010.36 Mobile Safari/537.36 (compatible; GoogleOther)"
66.249.68.192 - - [11/Sep/2026:13:01:42 -0400] "GET /wp-content/plugins/elementor/assets/lib/animations/styles/fadeInDown.min.css?ver=4.2.4 HTTP/1.1" 200 137 "https://heredit.mx/?a=engelbert-schmid-standard-french-horn-bell-flare-special-order-cc-7QLeLOtw" "Mozilla/5.0 (Linux; Android 6.0.1; Nexus 5X Build/MMB29P) AppleWebKit/537.36 (KHTML, like Gecko) Chrome/153.0.8010.36 Mobile Safari/537.36 (compatible; GoogleOther)"
199.250.222.155 - - [11/Sep/2026:13:03:29 -0400] "POST /wp-cron.php?doing_wp_cron=1789146209.3272480964660644531250 HTTP/1.1" 200 - "-" "WordPress/7.1; https://heredit.mx"
52.167.144.211 - - [11/Sep/2026:13:03:28 -0400] "GET /?w=the-godwhale-by-bass-sf-gateway-your-portal-to-pp-LGmwozsO HTTP/1.1" 200 112757 "-" "Mozilla/5.0 AppleWebKit/537.36 (KHTML, like Gecko; compatible; bingbot/2.0; +http://www.bing.com/bingbot.htm) Chrome/116.0.1938.76 Safari/537.36"
66.249.68.194 - - [11/Sep/2026:13:03:30 -0400] "GET /?a=maxfli-performance-series-low-resistance-translucent-golf-tees-%E2%80%93-cc-NqN8Lrh7 HTTP/1.1" 200 223879 "-" "Mozilla/5.0 (Linux; Android 6.0.1; Nexus 5X Build/MMB29P) AppleWebKit/537.36 (KHTML, like Gecko) Chrome/153.0.8010.36 Mobile Safari/537.36 (compatible; Googlebot/2.1; +http://www.google.com/bot.html)"
66.249.68.193 - - [11/Sep/2026:13:03:36 -0400] "GET /wp-content/plugins/elementor/assets/js/text-editor.45609661e409413f1cef.bundle.min.js HTTP/1.1" 200 1348 "https://heredit.mx/?a=maxfli-performance-series-low-resistance-translucent-golf-tees-%E2%80%93-cc-NqN8Lrh7" "Mozilla/5.0 (Linux; Android 6.0.1; Nexus 5X Build/MMB29P) AppleWebKit/537.36 (KHTML, like Gecko) Chrome/153.0.8010.36 Mobile Safari/537.36 (compatible; Googlebot/2.1; +http://www.google.com/bot.html)"
66.249.68.192 - - [11/Sep/2026:13:03:37 -0400] "GET /wp-content/plugins/elementor-pro/assets/js/slides.8e9b74f1b31471377df8.bundle.min.js HTTP/1.1" 200 3918 "https://heredit.mx/?a=maxfli-performance-series-low-resistance-translucent-golf-tees-%E2%80%93-cc-NqN8Lrh7" "Mozilla/5.0 (Linux; Android 6.0.1; Nexus 5X Build/MMB29P) AppleWebKit/537.36 (KHTML, like Gecko) Chrome/153.0.8010.36 Mobile Safari/537.36 (compatible; Googlebot/2.1; +http://www.google.com/bot.html)"
199.250.222.155 - - [11/Sep/2026:13:07:29 -0400] "POST /wp-cron.php?doing_wp_cron=1789146449.3979198932647705078125 HTTP/1.1" 200 - "-" "WordPress/7.1; https://heredit.mx"
52.167.144.229 - - [11/Sep/2026:13:07:29 -0400] "GET /sitemap.xml.gz HTTP/1.1" 301 - "-" "Mozilla/5.0 AppleWebKit/537.36 (KHTML, like Gecko; compatible; bingbot/2.0; +http://www.bing.com/bingbot.htm) Chrome/116.0.1938.76 Safari/537.36"
52.167.144.229 - - [11/Sep/2026:13:07:30 -0400] "GET /wp-sitemap.xml HTTP/1.1" 200 512 "-" "Mozilla/5.0 AppleWebKit/537.36 (KHTML, like Gecko; compatible; bingbot/2.0; +http://www.bing.com/bingbot.htm) Chrome/116.0.1938.76 Safari/537.36"
40.77.167.48 - - [11/Sep/2026:13:07:53 -0400] "GET /?a=b248aa-mesh-lined-smock-splint-arid-cc-35kbeEiV HTTP/1.1" 200 223743 "-" "Mozilla/5.0 AppleWebKit/537.36 (KHTML, like Gecko; compatible; bingbot/2.0; +http://www.bing.com/bingbot.htm) Chrome/116.0.1938.76 Safari/537.36"
199.250.222.155 - - [11/Sep/2026:13:08:45 -0400] "POST /wp-cron.php?doing_wp_cron=1789146525.8707890510559082031250 HTTP/1.1" 200 - "-" "WordPress/7.1; https://heredit.mx"
66.249.68.192 - - [11/Sep/2026:13:08:45 -0400] "GET /?dipnoan=5174555523&MAHQwAKEU=639152 HTTP/1.1" 200 223707 "-" "Mozilla/5.0 (Linux; Android 6.0.1; Nexus 5X Build/MMB29P) AppleWebKit/537.36 (KHTML, like Gecko) Chrome/153.0.8010.36 Mobile Safari/537.36 (compatible; Googlebot/2.1; +http://www.google.com/bot.html)"
66.249.68.192 - - [11/Sep/2026:13:08:52 -0400] "GET /wp-includes/js/dist/i18n.min.js?ver=1dfe7db3940c23ea9216 HTTP/1.1" 200 5791 "https://heredit.mx/?dipnoan=5174555523&MAHQwAKEU=639152" "Mozilla/5.0 (Linux; Android 6.0.1; Nexus 5X Build/MMB29P) AppleWebKit/537.36 (KHTML, like Gecko) Chrome/153.0.8010.36 Mobile Safari/537.36 (compatible; Googlebot/2.1; +http://www.google.com/bot.html)"
189.203.103.129 - - [11/Sep/2026:13:09:04 -0400] "GET /?gad_source=1&gad_campaignid=23930033416&gbraid=0AAAABDul9u6dwKrmIiuKYR_iZ8ONyV6Qc&gclid=EAIaIQobChMIio6r3Jq_lgMVd3J_AB1QPjijEAAYAiAAEgKYtvD_BwE HTTP/1.1" 200 147440 "-" "Mozilla/5.0 (iPhone; CPU iPhone OS 18_1_1 like Mac OS X) AppleWebKit/605.1.15 (KHTML, like Gecko) Version/18.1.1 Mobile/15E148 Safari/604.1"
52.167.144.229 - - [11/Sep/2026:13:09:14 -0400] "GET /concamerated-249945-XtqoRUi/index.php?a=avis-matelas-kipli- HTTP/1.1" 301 - "-" "Mozilla/5.0 AppleWebKit/537.36 (KHTML, like Gecko; compatible; bingbot/2.0; +http://www.bing.com/bingbot.htm) Chrome/116.0.1938.76 Safari/537.36"
52.167.144.229 - - [11/Sep/2026:13:09:15 -0400] "GET /concamerated-249945-XtqoRUi/?a=avis-matelas-kipli- HTTP/1.1" 404 121299 "-" "Mozilla/5.0 AppleWebKit/537.36 (KHTML, like Gecko; compatible; bingbot/2.0; +http://www.bing.com/bingbot.htm) Chrome/116.0.1938.76 Safari/537.36"
66.249.68.192 - - [11/Sep/2026:13:09:44 -0400] "GET /?a=spider-v-20-mkii-20w-combo-guitar-amp-cc-yNB56Ato HTTP/1.1" 200 223751 "-" "Mozilla/5.0 (Linux; Android 6.0.1; Nexus 5X Build/MMB29P) AppleWebKit/537.36 (KHTML, like Gecko) Chrome/153.0.8010.36 Mobile Safari/537.36 (compatible; GoogleOther)"
