/var/log/apache2/domlogs/vianto5
Edit: /var/log/apache2/domlogs/vianto5/heredit.mx.ventaspeninsula.mx-ssl_log (832637B)
199.250.222.155 - - [11/Sep/2026:08:15:40 -0400] "POST /wp-cron.php?doing_wp_cron=1789128940.7935459613800048828125 HTTP/1.1" 200 - "-" "WordPress/7.1; https://heredit.mx"
40.77.167.10 - - [11/Sep/2026:08:15:40 -0400] "GET /cliffless-725293-sSuSFtFnY/14294553757 HTTP/1.1" 301 - "-" "Mozilla/5.0 AppleWebKit/537.36 (KHTML, like Gecko; compatible; bingbot/2.0; +http://www.bing.com/bingbot.htm) Chrome/116.0.1938.76 Safari/537.36"
52.167.144.185 - - [11/Sep/2026:08:15:44 -0400] "GET /anastomosis-56608-WauTHr/?a=adult-greek-athena-goddess-costume-cosplay-for-women-fantasia-cc-YENz2phM HTTP/1.1" 404 121299 "-" "Mozilla/5.0 AppleWebKit/537.36 (KHTML, like Gecko; compatible; bingbot/2.0; +http://www.bing.com/bingbot.htm) Chrome/116.0.1938.76 Safari/537.36"
199.250.222.155 - - [11/Sep/2026:08:17:50 -0400] "POST /wp-cron.php?doing_wp_cron=1789129070.5085389614105224609375 HTTP/1.1" 200 - "-" "WordPress/7.1; https://heredit.mx"
66.249.68.192 - - [11/Sep/2026:08:17:50 -0400] "GET /?a=lila-ka%C5%9Fkorse-s%C4%B1f%C4%B1r-kol-bluz-pantolon-kad%C4%B1n-%C4%B0kili-tak%C4%B1m-cc-V1OKeMUD HTTP/1.1" 200 223895 "-" "Mozilla/5.0 (Linux; Android 6.0.1; Nexus 5X Build/MMB29P) AppleWebKit/537.36 (KHTML, like Gecko) Chrome/153.0.8010.36 Mobile Safari/537.36 (compatible; Googlebot/2.1; +http://www.google.com/bot.html)"
52.167.144.222 - - [11/Sep/2026:08:17:55 -0400] "GET /haikai-687260-hsMKhP/620794/?a=bragas-menstruales-mejores-marcas-c-Lpn55DC8 HTTP/1.1" 301 - "-" "Mozilla/5.0 AppleWebKit/537.36 (KHTML, like Gecko; compatible; bingbot/2.0; +http://www.bing.com/bingbot.htm) Chrome/116.0.1938.76 Safari/537.36"
52.167.144.221 - - [11/Sep/2026:08:18:12 -0400] "GET /dilute-564825-dmeVsIw/ HTTP/1.1" 404 123212 "-" "Mozilla/5.0 AppleWebKit/537.36 (KHTML, like Gecko; compatible; bingbot/2.0; +http://www.bing.com/bingbot.htm) Chrome/116.0.1938.76 Safari/537.36"
52.167.144.169 - - [11/Sep/2026:08:18:15 -0400] "GET /?a=redwing-30-tactical-multicam-arid-cc-RBOQeYI7 HTTP/1.1" 200 223735 "-" "Mozilla/5.0 AppleWebKit/537.36 (KHTML, like Gecko; compatible; bingbot/2.0; +http://www.bing.com/bingbot.htm) Chrome/116.0.1938.76 Safari/537.36"
66.249.68.192 - - [11/Sep/2026:08:18:26 -0400] "GET /wp-content/plugins/elementor/assets/lib/animations/styles/slideInRight.min.css?ver=4.2.4 HTTP/1.1" 200 155 "https://heredit.mx/?a=lila-ka%C5%9Fkorse-s%C4%B1f%C4%B1r-kol-bluz-pantolon-kad%C4%B1n-%C4%B0kili-tak%C4%B1m-cc-V1OKeMUD" "Mozilla/5.0 (Linux; Android 6.0.1; Nexus 5X Build/MMB29P) AppleWebKit/537.36 (KHTML, like Gecko) Chrome/153.0.8010.36 Mobile Safari/537.36 (compatible; Googlebot/2.1; +http://www.google.com/bot.html)"
52.167.144.222 - - [11/Sep/2026:08:22:15 -0400] "GET /coelomic-686439-WaWExWMS/?a=hoka-one-sizing-factory-sale-1692263115-cc-47pnxzHE HTTP/1.1" 301 - "-" "Mozilla/5.0 AppleWebKit/537.36 (KHTML, like Gecko; compatible; bingbot/2.0; +http://www.bing.com/bingbot.htm) Chrome/116.0.1938.76 Safari/537.36"
52.167.144.169 - - [11/Sep/2026:08:22:21 -0400] "GET /?w=sherando-high-school-herff-jones-virginia-pp-v0pp8Pcw HTTP/1.1" 200 112757 "-" "Mozilla/5.0 AppleWebKit/537.36 (KHTML, like Gecko; compatible; bingbot/2.0; +http://www.bing.com/bingbot.htm) Chrome/116.0.1938.76 Safari/537.36"
199.250.222.155 - - [11/Sep/2026:08:23:01 -0400] "POST /wp-cron.php?doing_wp_cron=1789129381.2936871051788330078125 HTTP/1.1" 200 - "-" "WordPress/7.1; https://heredit.mx"
52.167.144.185 - - [11/Sep/2026:08:23:00 -0400] "GET /counterfeiter-6098-CwSCD/?w=vectura-evo-mochila-para-port%C3%A1til-negro-mochilas-para-port%C3%A1til-pp-km6blzTn HTTP/1.1" 404 121299 "-" "Mozilla/5.0 AppleWebKit/537.36 (KHTML, like Gecko; compatible; bingbot/2.0; +http://www.bing.com/bingbot.htm) Chrome/116.0.1938.76 Safari/537.36"
199.250.222.155 - - [11/Sep/2026:08:23:55 -0400] "POST /wp-cron.php?doing_wp_cron=1789129435.2849559783935546875000 HTTP/1.1" 200 - "-" "WordPress/7.1; https://heredit.mx"
185.220.100.252 - - [11/Sep/2026:08:23:54 -0400] "POST /xmlrpc.php HTTP/1.1" 200 415 "-" "Mozilla/5.0 (Windows NT 10.0; Win64; x64) AppleWebKit/537.36 (KHTML, like Gecko) Chrome/114.0.0.0 Safari/537.36"
185.220.100.252 - - [11/Sep/2026:08:23:56 -0400] "POST /xmlrpc.php HTTP/1.1" 200 415 "-" "Mozilla/5.0 (Windows NT 10.0; Win64; x64) AppleWebKit/537.36 (KHTML, like Gecko) Chrome/114.0.0.0 Safari/537.36"
192.42.116.105 - - [11/Sep/2026:08:24:01 -0400] "POST /xmlrpc.php HTTP/1.1" 200 415 "-" "Mozilla/5.0 (Windows NT 10.0; Win64; x64) AppleWebKit/537.36 (KHTML, like Gecko) Chrome/114.0.0.0 Safari/537.36"
192.42.116.105 - - [11/Sep/2026:08:24:04 -0400] "POST /xmlrpc.php HTTP/1.1" 200 415 "-" "Mozilla/5.0 (Windows NT 10.0; Win64; x64) AppleWebKit/537.36 (KHTML, like Gecko) Chrome/114.0.0.0 Safari/537.36"
192.42.116.105 - - [11/Sep/2026:08:24:05 -0400] "POST /xmlrpc.php HTTP/1.1" 200 415 "-" "Mozilla/5.0 (Windows NT 10.0; Win64; x64) AppleWebKit/537.36 (KHTML, like Gecko) Chrome/114.0.0.0 Safari/537.36"
52.167.144.206 - - [11/Sep/2026:08:24:07 -0400] "GET /counterfeiter-6098-CwSCD/?w=vectura-evo-mochila-para-port%C3%A1til-negro-mochilas-para-port%C3%A1til-pp-km6blzTn HTTP/1.1" 404 121299 "-" "Mozilla/5.0 AppleWebKit/537.36 (KHTML, like Gecko; compatible; bingbot/2.0; +http://www.bing.com/bingbot.htm) Chrome/116.0.1938.76 Safari/537.36"
192.42.116.53 - - [11/Sep/2026:08:24:08 -0400] "POST /xmlrpc.php HTTP/1.1" 200 415 "-" "Mozilla/5.0 (Windows NT 10.0; Win64; x64) AppleWebKit/537.36 (KHTML, like Gecko) Chrome/114.0.0.0 Safari/537.36"
194.32.107.14 - - [11/Sep/2026:08:24:10 -0400] "POST /xmlrpc.php HTTP/1.1" 200 415 "-" "Mozilla/5.0 (Windows NT 10.0; Win64; x64) AppleWebKit/537.36 (KHTML, like Gecko) Chrome/114.0.0.0 Safari/537.36"
194.32.107.14 - - [11/Sep/2026:08:24:12 -0400] "POST /xmlrpc.php HTTP/1.1" 200 415 "-" "Mozilla/5.0 (Windows NT 10.0; Win64; x64) AppleWebKit/537.36 (KHTML, like Gecko) Chrome/114.0.0.0 Safari/537.36"
52.167.144.222 - - [11/Sep/2026:08:24:27 -0400] "GET /liquidable-552581-phtFgpAQ/?a=onyar-c-qeN2kAcd HTTP/1.1" 301 - "-" "Mozilla/5.0 AppleWebKit/537.36 (KHTML, like Gecko; compatible; bingbot/2.0; +http://www.bing.com/bingbot.htm) Chrome/116.0.1938.76 Safari/537.36"
199.250.222.155 - - [11/Sep/2026:08:26:29 -0400] "POST /wp-cron.php?doing_wp_cron=1789129589.7641611099243164062500 HTTP/1.1" 200 - "-" "WordPress/7.1; https://heredit.mx"
52.167.144.189 - - [11/Sep/2026:08:26:29 -0400] "GET /kuskite-660404-nmnYVcFw/?w=mens-shoe-size-compared-to-women-s-p-W3k962h7 HTTP/1.1" 404 121299 "-" "Mozilla/5.0 AppleWebKit/537.36 (KHTML, like Gecko; compatible; bingbot/2.0; +http://www.bing.com/bingbot.htm) Chrome/116.0.1938.76 Safari/537.36"
52.167.144.206 - - [11/Sep/2026:08:26:34 -0400] "GET /counterfeiter-6098-CwSCD/?w=vectura-evo-mochila-para-port%C3%A1til-negro-mochilas-para-port%C3%A1til-pp-km6blzTn HTTP/1.1" 404 121299 "-" "Mozilla/5.0 AppleWebKit/537.36 (KHTML, like Gecko; compatible; bingbot/2.0; +http://www.bing.com/bingbot.htm) Chrome/116.0.1938.76 Safari/537.36"
66.132.195.116 - - [11/Sep/2026:08:27:57 -0400] "GET / HTTP/1.1" 200 59619 "-" "Mozilla/5.0 (compatible; CensysInspect/1.1; +https://about.censys.io/)"
66.249.68.193 - - [11/Sep/2026:08:27:57 -0400] "GET /wp-content/uploads/2024/06/icon-laptop.svg HTTP/1.1" 200 429 "-" "Googlebot-Image/1.0"
199.250.222.155 - - [11/Sep/2026:08:28:02 -0400] "POST /wp-cron.php?doing_wp_cron=1789129681.9908719062805175781250 HTTP/1.1" 200 - "-" "WordPress/7.1; https://heredit.mx"
66.132.195.116 - - [11/Sep/2026:08:28:01 -0400] "GET /favicon.ico HTTP/1.1" 302 - "-" "Mozilla/5.0 (compatible; CensysInspect/1.1; +https://about.censys.io/)"
66.249.68.192 - - [11/Sep/2026:08:30:56 -0400] "GET /?a=yachts-racing-at-cowes-week-isle-of-wight-2010-cc-3VYDbKIV HTTP/1.1" 200 223787 "-" "Mozilla/5.0 (Linux; Android 6.0.1; Nexus 5X Build/MMB29P) AppleWebKit/537.36 (KHTML, like Gecko) Chrome/153.0.8010.36 Mobile Safari/537.36 (compatible; GoogleOther)"
66.249.68.194 - - [11/Sep/2026:08:31:05 -0400] "GET /wp-content/plugins/elementor/assets/css/conditionals/apple-webkit.min.css?ver=4.2.4 HTTP/1.1" 200 6713 "https://heredit.mx/?a=yachts-racing-at-cowes-week-isle-of-wight-2010-cc-3VYDbKIV" "Mozilla/5.0 (Linux; Android 6.0.1; Nexus 5X Build/MMB29P) AppleWebKit/537.36 (KHTML, like Gecko) Chrome/153.0.8010.36 Mobile Safari/537.36 (compatible; GoogleOther)"
66.249.68.193 - - [11/Sep/2026:08:31:06 -0400] "GET /wp-content/plugins/elementor/assets/css/conditionals/e-swiper.min.css?ver=4.2.4 HTTP/1.1" 200 5486 "https://heredit.mx/?a=yachts-racing-at-cowes-week-isle-of-wight-2010-cc-3VYDbKIV" "Mozilla/5.0 (Linux; Android 6.0.1; Nexus 5X Build/MMB29P) AppleWebKit/537.36 (KHTML, like Gecko) Chrome/153.0.8010.36 Mobile Safari/537.36 (compatible; GoogleOther)"
66.249.68.194 - - [11/Sep/2026:08:31:07 -0400] "GET /wp-content/uploads/elementor/css/post-48.css?ver=1788480000 HTTP/1.1" 200 45412 "https://heredit.mx/?a=yachts-racing-at-cowes-week-isle-of-wight-2010-cc-3VYDbKIV" "Mozilla/5.0 (Linux; Android 6.0.1; Nexus 5X Build/MMB29P) AppleWebKit/537.36 (KHTML, like Gecko) Chrome/153.0.8010.36 Mobile Safari/537.36 (compatible; GoogleOther)"
66.249.68.192 - - [11/Sep/2026:08:31:08 -0400] "GET /sliders/cercanias/index.html HTTP/1.1" 200 2926 "https://heredit.mx/?a=yachts-racing-at-cowes-week-isle-of-wight-2010-cc-3VYDbKIV" "Mozilla/5.0 (Linux; Android 6.0.1; Nexus 5X Build/MMB29P) AppleWebKit/537.36 (KHTML, like Gecko) Chrome/153.0.8010.36 Mobile Safari/537.36 (compatible; GoogleOther)"
66.249.68.192 - - [11/Sep/2026:08:31:12 -0400] "GET /wp-content/plugins/elementor/assets/js/text-editor.45609661e409413f1cef.bundle.min.js HTTP/1.1" 200 1348 "https://heredit.mx/?a=yachts-racing-at-cowes-week-isle-of-wight-2010-cc-3VYDbKIV" "Mozilla/5.0 (Linux; Android 6.0.1; Nexus 5X Build/MMB29P) AppleWebKit/537.36 (KHTML, like Gecko) Chrome/153.0.8010.36 Mobile Safari/537.36 (compatible; GoogleOther)"
199.250.222.155 - - [11/Sep/2026:08:32:07 -0400] "POST /wp-cron.php?doing_wp_cron=1789129927.9771170616149902343750 HTTP/1.1" 200 - "-" "WordPress/7.1; https://heredit.mx"
66.249.68.194 - - [11/Sep/2026:08:32:07 -0400] "GET /?a=1955-norton-dominator-88-99-for-sale-by-auction-cc-OnBAnbHw HTTP/1.1" 200 223791 "-" "Mozilla/5.0 (Linux; Android 6.0.1; Nexus 5X Build/MMB29P) AppleWebKit/537.36 (KHTML, like Gecko) Chrome/153.0.8010.36 Mobile Safari/537.36 (compatible; GoogleOther)"
66.249.68.192 - - [11/Sep/2026:08:32:20 -0400] "GET /sliders/desarrollos/script.js HTTP/1.1" 200 2537 "https://heredit.mx/sliders/desarrollos/index.html" "Mozilla/5.0 (Linux; Android 6.0.1; Nexus 5X Build/MMB29P) AppleWebKit/537.36 (KHTML, like Gecko) Chrome/153.0.8010.36 Mobile Safari/537.36 (compatible; GoogleOther)"
31.77.204.227 - - [11/Sep/2026:08:34:23 -0400] "GET / HTTP/1.0" 200 391369 "https://heredit.mx/" "Mozilla/5.0 (Windows NT 10.0; Win64; x64) AppleWebKit/537.36 (KHTML, like Gecko) Chrome/131.0.0.0 Safari/537.36"
199.250.222.155 - - [11/Sep/2026:08:35:30 -0400] "POST /wp-cron.php?doing_wp_cron=1789130130.3459999561309814453125 HTTP/1.1" 200 - "-" "WordPress/7.1; https://heredit.mx"
31.77.204.227 - - [11/Sep/2026:08:35:29 -0400] "POST /wp-admin/admin-ajax.php HTTP/1.0" 200 666 "https://heredit.mx/" "Mozilla/5.0 (Windows NT 10.0; Win64; x64) AppleWebKit/537.36 (KHTML, like Gecko) Chrome/131.0.0.0 Safari/537.36"
18.235.110.182 - - [11/Sep/2026:08:35:44 -0400] "GET / HTTP/1.1" 421 362 "-" "RecordedFuture Global Inventory Crawler"
52.167.144.198 - - [11/Sep/2026:08:36:45 -0400] "GET /?a=11am-hair-salon-11am-hair-salon-kerafill-ion-keratin-cc-xqanYqs0 HTTP/1.1" 200 223811 "-" "Mozilla/5.0 AppleWebKit/537.36 (KHTML, like Gecko; compatible; bingbot/2.0; +http://www.bing.com/bingbot.htm) Chrome/116.0.1938.76 Safari/537.36"
52.167.144.198 - - [11/Sep/2026:08:37:24 -0400] "GET /homograft-665300-xoxSCxdCYu/index.php?a=foodsaver-foodsaver-appareil-%C3%83%E2%82%AC-emballage-sous-vide-6-bar-cc-4yOASE HTTP/1.1" 301 - "-" "Mozilla/5.0 AppleWebKit/537.36 (KHTML, like Gecko; compatible; bingbot/2.0; +http://www.bing.com/bingbot.htm) Chrome/116.0.1938.76 Safari/537.36"
52.167.144.198 - - [11/Sep/2026:08:37:25 -0400] "GET /homograft-665300-xoxSCxdCYu/?a=foodsaver-foodsaver-appareil-%C3%83%E2%82%AC-emballage-sous-vide-6-bar-cc-4yOASE HTTP/1.1" 404 121299 "-" "Mozilla/5.0 AppleWebKit/537.36 (KHTML, like Gecko; compatible; bingbot/2.0; +http://www.bing.com/bingbot.htm) Chrome/116.0.1938.76 Safari/537.36"
66.249.68.193 - - [11/Sep/2026:08:39:16 -0400] "GET /?a=used-2010-toyota-rav4-ltd-in-columbus-ga-cc-3RMYjvCV HTTP/1.1" 200 223763 "-" "Mozilla/5.0 (Linux; Android 6.0.1; Nexus 5X Build/MMB29P) AppleWebKit/537.36 (KHTML, like Gecko) Chrome/153.0.8010.36 Mobile Safari/537.36 (compatible; Googlebot/2.1; +http://www.google.com/bot.html)"
176.232.126.175 - - [11/Sep/2026:08:43:47 -0400] "GET / HTTP/1.1" 200 59619 "-" "Mozilla/5.0 (Macintosh; Intel Mac OS X 10_15_7) AppleWebKit/537.36 (KHTML, like Gecko) Chrome/133.0.0.0 Safari/537.36"
176.232.126.175 - - [11/Sep/2026:08:43:48 -0400] "GET / HTTP/1.1" 200 59619 "-" "Mozilla/5.0 (Windows NT 10.0; Win64; x64) AppleWebKit/537.36 (KHTML, like Gecko) Chrome/104.0.0.0 Safari/537.36"
176.232.126.175 - - [11/Sep/2026:08:43:49 -0400] "GET / HTTP/1.1" 200 59619 "-" "Mozilla/5.0 (Macintosh; Intel Mac OS X 10_15_7) AppleWebKit/537.36 (KHTML, like Gecko) Chrome/131.0.0.0 Safari/537.36"
199.250.222.155 - - [11/Sep/2026:08:43:51 -0400] "POST /wp-cron.php?doing_wp_cron=1789130631.3555369377136230468750 HTTP/1.1" 200 - "-" "WordPress/7.1; https://heredit.mx"
176.232.126.175 - - [11/Sep/2026:08:43:51 -0400] "GET /wp-content/plugins/ninja-forms-uploads/readme.txt HTTP/1.1" 404 123212 "-" "Mozilla/5.0 (Macintosh; Intel Mac OS X 10_15_7) AppleWebKit/605.1.15 (KHTML, like Gecko) Version/18.0 Safari/605.1.15"
176.232.126.175 - - [11/Sep/2026:08:43:52 -0400] "GET /wp-content/plugins/advanced-custom-post-type/changelog.md HTTP/1.1" 404 123212 "-" "Mozilla/5.0 (Windows NT 10.0; Win64; x64) AppleWebKit/537.36 (KHTML, like Gecko) Chrome/101.0.4951.64 Safari/537.36 Edg/101.0.1210.47"
176.232.126.175 - - [11/Sep/2026:08:43:53 -0400] "GET /wp-content/plugins/payment-gateway-pix-for-woocommerce/README.txt HTTP/1.1" 404 123212 "-" "Mozilla/5.0 (Macintosh; Intel Mac OS X 10_15_7) AppleWebKit/605.1.15 (KHTML, like Gecko) Version/18.0 Safari/605.1.15"
176.232.126.175 - - [11/Sep/2026:08:43:55 -0400] "GET / HTTP/1.1" 200 59619 "-" "Mozilla/5.0 (iPhone; CPU iPhone OS 17_2 like Mac OS X) AppleWebKit/605.1.15 (KHTML, like Gecko) Version/17.2 Mobile/15E148 Safari/604.1"
176.232.126.175 - - [11/Sep/2026:08:43:56 -0400] "GET /wp-content/plugins/datalogics/README.txt HTTP/1.1" 404 123212 "-" "Mozilla/5.0 (Macintosh; Intel Mac OS X 10_15_7) AppleWebKit/605.1.15 (KHTML, like Gecko) Version/18.0 Safari/605.1.15"
176.232.126.175 - - [11/Sep/2026:08:43:58 -0400] "GET / HTTP/1.1" 200 59619 "-" "Mozilla/5.0 (Linux; Android 10; K) AppleWebKit/537.36 (KHTML, like Gecko) Chrome/131.0.0.0 Mobile Safari/537.36"
176.232.126.175 - - [11/Sep/2026:08:43:59 -0400] "GET /wp-content/wp-content/themes/truelysell/style.css HTTP/1.1" 404 123212 "-" "Mozilla/5.0 (Windows NT 10.0; Win64; x64) AppleWebKit/537.36 (KHTML, like Gecko) Chrome/101.0.4951.64 Safari/537.36 Edg/101.0.1210.47"
176.232.126.175 - - [11/Sep/2026:08:44:08 -0400] "GET /wp-content/plugins/woocommerce-wholesale-lead-capture/css/WWLCCustomFieldsControl.css HTTP/1.1" 404 123212 "-" "Mozilla/5.0 (Macintosh; Intel Mac OS X 10_15_7) AppleWebKit/537.36 (KHTML, like Gecko) Chrome/124.0.0.0 Safari/537.36"
176.232.126.175 - - [11/Sep/2026:08:44:11 -0400] "GET /wp-content/plugins/wedesigntech-ultimate-booking-addon/changelog.txt HTTP/1.1" 404 123212 "-" "Mozilla/5.0 (Windows NT 10.0; Win64; x64) AppleWebKit/537.36 (KHTML, like Gecko) Chrome/107.0.0.0 Safari/537.36"
176.232.126.175 - - [11/Sep/2026:08:44:21 -0400] "GET /wp-content/plugins/s2member/readme.txt HTTP/1.1" 404 123212 "-" "Mozilla/5.0 (Macintosh; Intel Mac OS X 10_15_7) AppleWebKit/537.36 (KHTML, like Gecko) Chrome/133.0.0.0 Safari/537.36"
176.232.126.175 - - [11/Sep/2026:08:44:25 -0400] "GET /wp-content/plugins/kalrav-ai-agent/readme.txt HTTP/1.1" 404 123212 "-" "Mozilla/5.0 (Macintosh; Intel Mac OS X 10_15_7) AppleWebKit/537.36 (KHTML, like Gecko) Chrome/124.0.0.0 Safari/537.36"
199.250.222.155 - - [11/Sep/2026:08:44:30 -0400] "POST /wp-cron.php?doing_wp_cron=1789130670.2059009075164794921875 HTTP/1.1" 200 - "-" "WordPress/7.1; https://heredit.mx"
176.232.126.175 - - [11/Sep/2026:08:44:29 -0400] "GET /wp-content/plugins/wpvivid-backuprestore/readme.txt HTTP/1.1" 404 123212 "-" "Mozilla/5.0 (Linux; Android 10; K) AppleWebKit/537.36 (KHTML, like Gecko) Chrome/131.0.0.0 Mobile Safari/537.36"
176.232.126.175 - - [11/Sep/2026:08:44:31 -0400] "GET /wp-content/plugins/cimy-user-extra-fields/readme.txt HTTP/1.1" 404 123212 "-" "Mozilla/5.0 (Macintosh; Intel Mac OS X 10_15_7) AppleWebKit/537.36 (KHTML, like Gecko) Chrome/131.0.0.0 Safari/537.36"
176.232.126.175 - - [11/Sep/2026:08:44:33 -0400] "GET /wp-content/plugins/profile-builder/readme.txt HTTP/1.1" 404 123212 "-" "Mozilla/5.0 (Macintosh; Intel Mac OS X 10_15_7) AppleWebKit/605.1.15 (KHTML, like Gecko) Version/18.0 Safari/605.1.15"
176.232.126.175 - - [11/Sep/2026:08:44:34 -0400] "GET /wp-content/plugins/lastudio-element-kit/readme.txt HTTP/1.1" 404 123212 "-" "Mozilla/5.0 (Macintosh; Intel Mac OS X 10_15_7) AppleWebKit/605.1.15 (KHTML, like Gecko) Version/18.0 Safari/605.1.15"
176.232.126.175 - - [11/Sep/2026:08:44:36 -0400] "GET /wp-content/plugins/login-customizer/readme.txt HTTP/1.1" 404 123212 "-" "Mozilla/5.0 (Linux; Android 10; K) AppleWebKit/537.36 (KHTML, like Gecko) Chrome/131.0.0.0 Mobile Safari/537.36"
176.232.126.175 - - [11/Sep/2026:08:44:39 -0400] "GET /wp-content/plugins/academy/readme.txt HTTP/1.1" 404 123212 "-" "Mozilla/5.0 (Linux; Android 12; Pixel 6) AppleWebKit/537.36 (KHTML, like Gecko) Chrome/99.0.4844.58 Mobile Safari/537.36"
176.232.126.175 - - [11/Sep/2026:08:44:40 -0400] "GET /wp-content/plugins/directorist-social-login/assets/public/css/main.css HTTP/1.1" 404 123212 "-" "Mozilla/5.0 (Windows NT 10.0; Win64; x64) AppleWebKit/537.36 (KHTML, like Gecko) Chrome/104.0.0.0 Safari/537.36"
176.232.126.175 - - [11/Sep/2026:08:44:44 -0400] "GET /wp-content/plugins/acf-frontend-form-element/readme.txt HTTP/1.1" 404 123212 "-" "Mozilla/5.0 (Linux; Android 10; K) AppleWebKit/537.36 (KHTML, like Gecko) Chrome/131.0.0.0 Mobile Safari/537.36"
176.232.126.175 - - [11/Sep/2026:08:44:46 -0400] "GET /wp-content/themes/workreap/style.css HTTP/1.1" 404 123212 "-" "Mozilla/5.0 (Linux; Android 10; K) AppleWebKit/537.36 (KHTML, like Gecko) Chrome/131.0.0.0 Mobile Safari/537.36"
176.232.126.175 - - [11/Sep/2026:08:44:48 -0400] "GET /wp-content/themes/energia/style.css HTTP/1.1" 404 123212 "-" "Mozilla/5.0 (Macintosh; Intel Mac OS X 10_15_7) AppleWebKit/537.36 (KHTML, like Gecko) Chrome/124.0.0.0 Safari/537.36"
176.232.126.175 - - [11/Sep/2026:08:44:50 -0400] "GET /wp-content/plugins/modular-connector/readme.txt HTTP/1.1" 404 123212 "-" "Mozilla/5.0 (Macintosh; Intel Mac OS X 10_15_7) AppleWebKit/537.36 (KHTML, like Gecko) Chrome/131.0.0.0 Safari/537.36"
176.232.126.175 - - [11/Sep/2026:08:44:52 -0400] "GET /wp-content/plugins/branda-white-labeling/readme.txt HTTP/1.1" 404 123212 "-" "Mozilla/5.0 (Windows NT 10.0; Win64; x64) AppleWebKit/537.36 (KHTML, like Gecko) Chrome/107.0.0.0 Safari/537.36"
176.232.126.175 - - [11/Sep/2026:08:44:54 -0400] "GET / HTTP/1.1" 200 59619 "-" "Mozilla/5.0 (Macintosh; Intel Mac OS X 10_15_7) AppleWebKit/537.36 (KHTML, like Gecko) Chrome/124.0.0.0 Safari/537.36"
176.232.126.175 - - [11/Sep/2026:08:44:55 -0400] "GET /wp-content/themes/doccure/style.css HTTP/1.1" 404 123212 "-" "Mozilla/5.0 (Macintosh; Intel Mac OS X 10_15_7) AppleWebKit/537.36 (KHTML, like Gecko) Chrome/124.0.0.0 Safari/537.36"
176.232.126.175 - - [11/Sep/2026:08:44:57 -0400] "GET /wp-content/plugins/fox-lms/README.txt HTTP/1.1" 404 123212 "-" "Mozilla/5.0 (Linux; Android 12; Pixel 6) AppleWebKit/537.36 (KHTML, like Gecko) Chrome/99.0.4844.58 Mobile Safari/537.36"
176.232.126.175 - - [11/Sep/2026:08:45:00 -0400] "GET /wp-content/plugins/flex-qr-code-generator/readme.txt HTTP/1.1" 404 123212 "-" "Mozilla/5.0 (iPhone; CPU iPhone OS 17_2 like Mac OS X) AppleWebKit/605.1.15 (KHTML, like Gecko) Version/17.2 Mobile/15E148 Safari/604.1"
52.167.144.217 - - [11/Sep/2026:08:45:00 -0400] "GET /?w=bosch-angle-grinder-gws-2200-9-8c1-0p0-pp-O4p7v1Iv HTTP/1.1" 301 - "-" "Mozilla/5.0 AppleWebKit/537.36 (KHTML, like Gecko; compatible; bingbot/2.0; +http://www.bing.com/bingbot.htm) Chrome/116.0.1938.76 Safari/537.36"
176.232.126.175 - - [11/Sep/2026:08:45:01 -0400] "GET /wp-content/plugins/wpdirectorykit/README.txt HTTP/1.1" 404 123212 "-" "Mozilla/5.0 (Windows NT 10.0; Win64; x64) AppleWebKit/537.36 (KHTML, like Gecko) Chrome/107.0.0.0 Safari/537.36"
176.232.126.175 - - [11/Sep/2026:08:45:03 -0400] "GET /wp-content/plugins/user-verification/readme.md HTTP/1.1" 404 123212 "-" "Mozilla/5.0 (iPhone; CPU iPhone OS 18_0 like Mac OS X) AppleWebKit/605.1.15 (KHTML, like Gecko) Version/18.0 Mobile/15E148 Safari/604.1"
176.232.126.175 - - [11/Sep/2026:08:45:05 -0400] "GET /wp-content/plugins/acf-extended/readme.txt HTTP/1.1" 404 123212 "-" "Mozilla/5.0 (Macintosh; Intel Mac OS X 10_15_7) AppleWebKit/537.36 (KHTML, like Gecko) Chrome/124.0.0.0 Safari/537.36"
176.232.126.175 - - [11/Sep/2026:08:45:07 -0400] "GET /wp-content/plugins/sneeit-framework/readme.txt HTTP/1.1" 404 123212 "-" "Mozilla/5.0 (Windows NT 10.0; Win64; x64) AppleWebKit/537.36 (KHTML, like Gecko) Chrome/104.0.0.0 Safari/537.36"
176.232.126.175 - - [11/Sep/2026:08:45:08 -0400] "GET /wp-content/plugins/waveplayer/readme.txt HTTP/1.1" 404 123212 "-" "Mozilla/5.0 (Macintosh; Intel Mac OS X 10_15_7) AppleWebKit/605.1.15 (KHTML, like Gecko) Version/18.0 Safari/605.1.15"
176.232.126.175 - - [11/Sep/2026:08:45:10 -0400] "GET /wp-content/plugins/ecab-taxi-booking-manager/readme.txt HTTP/1.1" 404 123212 "-" "Mozilla/5.0 (Macintosh; Intel Mac OS X 10_15_7) AppleWebKit/605.1.15 (KHTML, like Gecko) Version/18.0 Safari/605.1.15"
52.167.144.166 - - [11/Sep/2026:08:45:10 -0400] "GET /?w=bosch-angle-grinder-gws-2200-9-8c1-0p0-pp-O4p7v1Iv HTTP/1.1" 200 112757 "-" "Mozilla/5.0 AppleWebKit/537.36 (KHTML, like Gecko; compatible; bingbot/2.0; +http://www.bing.com/bingbot.htm) Chrome/116.0.1938.76 Safari/537.36"
176.232.126.175 - - [11/Sep/2026:08:45:12 -0400] "GET /wp-content/plugins/cpi-wp-migration/readme.txt HTTP/1.1" 404 123212 "-" "Mozilla/5.0 (iPhone; CPU iPhone OS 18_0 like Mac OS X) AppleWebKit/605.1.15 (KHTML, like Gecko) Version/18.0 Mobile/15E148 Safari/604.1"
176.232.126.175 - - [11/Sep/2026:08:45:13 -0400] "GET /wp-content/plugins/king-addons/readme.txt HTTP/1.1" 404 123212 "-" "Mozilla/5.0 (Windows NT 10.0; Win64; x64) AppleWebKit/537.36 (KHTML, like Gecko) Chrome/104.0.0.0 Safari/537.36"
66.249.68.194 - - [11/Sep/2026:08:45:14 -0400] "GET /?a=i-m-proof-mommy-can-t-resist-lawyers-funny-cc-YaLkPQCM HTTP/1.1" 200 223771 "-" "Mozilla/5.0 (Linux; Android 6.0.1; Nexus 5X Build/MMB29P) AppleWebKit/537.36 (KHTML, like Gecko) Chrome/153.0.8010.36 Mobile Safari/537.36 (compatible; Googlebot/2.1; +http://www.google.com/bot.html)"
176.232.126.175 - - [11/Sep/2026:08:45:15 -0400] "GET /wp-content/plugins/ai-engine/readme.txt HTTP/1.1" 404 123212 "-" "Mozilla/5.0 (Macintosh; Intel Mac OS X 10_15_7) AppleWebKit/605.1.15 (KHTML, like Gecko) Version/18.0 Safari/605.1.15"
176.232.126.175 - - [11/Sep/2026:08:45:16 -0400] "GET /wp-content/plugins/post-smtp/readme.txt HTTP/1.1" 404 123212 "-" "Mozilla/5.0 (Windows NT 10.0; Win64; x64) AppleWebKit/537.36 (KHTML, like Gecko) Chrome/101.0.4951.64 Safari/537.36 Edg/101.0.1210.47"
66.249.68.194 - - [11/Sep/2026:08:45:17 -0400] "GET /wp-content/uploads/elementor/css/post-1208.css?ver=1788480000 HTTP/1.1" 200 38297 "https://heredit.mx/?a=i-m-proof-mommy-can-t-resist-lawyers-funny-cc-YaLkPQCM" "Mozilla/5.0 (Linux; Android 6.0.1; Nexus 5X Build/MMB29P) AppleWebKit/537.36 (KHTML, like Gecko) Chrome/153.0.8010.36 Mobile Safari/537.36 (compatible; Googlebot/2.1; +http://www.google.com/bot.html)"
66.249.68.192 - - [11/Sep/2026:08:45:18 -0400] "GET /wp-content/plugins/wpforms/assets/js/frontend/fields/address.min.js?ver=1.10.2.1 HTTP/1.1" 200 1826 "https://heredit.mx/?a=i-m-proof-mommy-can-t-resist-lawyers-funny-cc-YaLkPQCM" "Mozilla/5.0 (Linux; Android 6.0.1; Nexus 5X Build/MMB29P) AppleWebKit/537.36 (KHTML, like Gecko) Chrome/153.0.8010.36 Mobile Safari/537.36 (compatible; Googlebot/2.1; +http://www.google.com/bot.html)"
176.232.126.175 - - [11/Sep/2026:08:45:18 -0400] "GET /wp-content/plugins/wc-designer-pro/changelog.txt HTTP/1.1" 404 123212 "-" "Mozilla/5.0 (Macintosh; Intel Mac OS X 10_15_7) AppleWebKit/537.36 (KHTML, like Gecko) Chrome/133.0.0.0 Safari/537.36"
176.232.126.175 - - [11/Sep/2026:08:45:19 -0400] "GET /wp-content/themes/miraculous/style.css HTTP/1.1" 404 123212 "-" "Mozilla/5.0 (Windows NT 10.0; Win64; x64) AppleWebKit/537.36 (KHTML, like Gecko) Chrome/104.0.0.0 Safari/537.36"
176.232.126.175 - - [11/Sep/2026:08:45:21 -0400] "GET /wp-content/plugins/uni-woo-custom-product-options-premium/readme.txt HTTP/1.1" 404 123212 "-" "Mozilla/5.0 (Linux; Android 12; Pixel 6) AppleWebKit/537.36 (KHTML, like Gecko) Chrome/99.0.4844.58 Mobile Safari/537.36"
176.232.126.175 - - [11/Sep/2026:08:45:22 -0400] "GET /wp-content/plugins/podlove-podcasting-plugin-for-wordpress/readme.txt HTTP/1.1" 404 123212 "-" "Mozilla/5.0 (Macintosh; Intel Mac OS X 10_15_7) AppleWebKit/537.36 (KHTML, like Gecko) Chrome/124.0.0.0 Safari/537.36"
176.232.126.175 - - [11/Sep/2026:08:45:24 -0400] "GET /wp-content/plugins/WooCommerce-Multi-Locations-Inventory-Management/readme.txt HTTP/1.1" 404 123212 "-" "Mozilla/5.0 (iPhone; CPU iPhone OS 17_2 like Mac OS X) AppleWebKit/605.1.15 (KHTML, like Gecko) Version/17.2 Mobile/15E148 Safari/604.1"
176.232.126.175 - - [11/Sep/2026:08:45:26 -0400] "GET /wp-content/plugins/wp-event-solution/readme.txt HTTP/1.1" 404 123212 "-" "Mozilla/5.0 (Linux; Android 10; K) AppleWebKit/537.36 (KHTML, like Gecko) Chrome/131.0.0.0 Mobile Safari/537.36"
199.250.222.155 - - [11/Sep/2026:08:45:28 -0400] "POST /wp-cron.php?doing_wp_cron=1789130728.0422639846801757812500 HTTP/1.1" 200 - "-" "WordPress/7.1; https://heredit.mx"
176.232.126.175 - - [11/Sep/2026:08:45:27 -0400] "GET /wp-content/themes/freeio/style.css HTTP/1.1" 404 123212 "-" "Mozilla/5.0 (Windows NT 10.0; Win64; x64) AppleWebKit/537.36 (KHTML, like Gecko) Chrome/107.0.0.0 Safari/537.36"
176.232.126.175 - - [11/Sep/2026:08:45:29 -0400] "GET /wp-content/themes/em4u/style.css HTTP/1.1" 404 123212 "-" "Mozilla/5.0 (Windows NT 10.0; Win64; x64) AppleWebKit/537.36 (KHTML, like Gecko) Chrome/101.0.4951.64 Safari/537.36 Edg/101.0.1210.47"
176.232.126.175 - - [11/Sep/2026:08:45:30 -0400] "GET /wp-content/plugins/wp-marketing-automations/readme.txt HTTP/1.1" 404 123212 "-" "Mozilla/5.0 (Linux; Android 12; Pixel 6) AppleWebKit/537.36 (KHTML, like Gecko) Chrome/99.0.4844.58 Mobile Safari/537.36"
176.232.126.175 - - [11/Sep/2026:08:45:32 -0400] "GET /wp-content/plugins/order-delivery-date/readme.txt HTTP/1.1" 404 123212 "-" "Mozilla/5.0 (Macintosh; Intel Mac OS X 10_15_7) AppleWebKit/537.36 (KHTML, like Gecko) Chrome/133.0.0.0 Safari/537.36"
176.232.126.175 - - [11/Sep/2026:08:45:35 -0400] "GET /wp-content/themes/noo-jobmonster/style.css HTTP/1.1" 404 123212 "-" "Mozilla/5.0 (Linux; Android 10; K) AppleWebKit/537.36 (KHTML, like Gecko) Chrome/131.0.0.0 Mobile Safari/537.36"
176.232.126.175 - - [11/Sep/2026:08:45:36 -0400] "GET /wp-content/themes/service-finder/style.css HTTP/1.1" 404 123212 "-" "Mozilla/5.0 (Linux; Android 10; K) AppleWebKit/537.36 (KHTML, like Gecko) Chrome/131.0.0.0 Mobile Safari/537.36"
176.232.126.175 - - [11/Sep/2026:08:45:38 -0400] "GET /wp-content/themes/litho/style.css HTTP/1.1" 404 123212 "-" "Mozilla/5.0 (iPhone; CPU iPhone OS 18_0 like Mac OS X) AppleWebKit/605.1.15 (KHTML, like Gecko) Version/18.0 Mobile/15E148 Safari/604.1"
176.232.126.175 - - [11/Sep/2026:08:45:39 -0400] "GET /wp-content/plugins/wp-registration/readme.txt HTTP/1.1" 404 123212 "-" "Mozilla/5.0 (iPhone; CPU iPhone OS 18_0 like Mac OS X) AppleWebKit/605.1.15 (KHTML, like Gecko) Version/18.0 Mobile/15E148 Safari/604.1"
176.232.126.175 - - [11/Sep/2026:08:45:41 -0400] "GET /wp-content/plugins/ht-contactform/readme.txt HTTP/1.1" 404 123212 "-" "Mozilla/5.0 (iPhone; CPU iPhone OS 18_0 like Mac OS X) AppleWebKit/605.1.15 (KHTML, like Gecko) Version/18.0 Mobile/15E148 Safari/604.1"
176.232.126.175 - - [11/Sep/2026:08:45:42 -0400] "GET /wp-content/themes/alone/style.css HTTP/1.1" 404 123212 "-" "Mozilla/5.0 (Windows NT 10.0; Win64; x64) AppleWebKit/537.36 (KHTML, like Gecko) Chrome/104.0.0.0 Safari/537.36"
104.239.116.145 - - [11/Sep/2026:08:45:56 -0400] "GET / HTTP/1.0" 200 391369 "https://heredit.mx/" "Mozilla/5.0 (Windows NT 10.0; Win64; x64) AppleWebKit/537.36 (KHTML, like Gecko) Chrome/129.0.0.0 Safari/537.36"
104.239.116.145 - - [11/Sep/2026:08:46:18 -0400] "POST /wp-admin/admin-ajax.php HTTP/1.0" 200 666 "https://heredit.mx/" "Mozilla/5.0 (Windows NT 10.0; Win64; x64) AppleWebKit/537.36 (KHTML, like Gecko) Chrome/129.0.0.0 Safari/537.36"
66.249.68.194 - - [11/Sep/2026:08:46:25 -0400] "GET /?a=i-m-proof-mommy-can-t-resist-lawyers-funny-cc-YaLkPQCM HTTP/1.1" 200 223771 "-" "Mozilla/5.0 (Linux; Android 6.0.1; Nexus 5X Build/MMB29P) AppleWebKit/537.36 (KHTML, like Gecko) Chrome/153.0.8010.36 Mobile Safari/537.36 (compatible; GoogleOther)"
66.249.68.193 - - [11/Sep/2026:08:46:29 -0400] "GET /wp-content/plugins/elementor-pro/assets/css/modules/motion-fx.min.css?ver=4.2.3 HTTP/1.1" 200 778 "https://heredit.mx/?a=i-m-proof-mommy-can-t-resist-lawyers-funny-cc-YaLkPQCM" "Mozilla/5.0 (Linux; Android 6.0.1; Nexus 5X Build/MMB29P) AppleWebKit/537.36 (KHTML, like Gecko) Chrome/153.0.8010.36 Mobile Safari/537.36 (compatible; GoogleOther)"
66.249.68.193 - - [11/Sep/2026:08:46:30 -0400] "GET /wp-content/plugins/elementor-pro/assets/lib/sticky/jquery.sticky.min.js?ver=4.2.3 HTTP/1.1" 200 3721 "https://heredit.mx/?a=i-m-proof-mommy-can-t-resist-lawyers-funny-cc-YaLkPQCM" "Mozilla/5.0 (Linux; Android 6.0.1; Nexus 5X Build/MMB29P) AppleWebKit/537.36 (KHTML, like Gecko) Chrome/153.0.8010.36 Mobile Safari/537.36 (compatible; GoogleOther)"
66.249.68.192 - - [11/Sep/2026:08:46:31 -0400] "GET /wp-content/plugins/premium-addons-for-elementor/assets/frontend/min-js/lottie.min.js?ver=4.11.102 HTTP/1.1" 200 257697 "https://heredit.mx/?a=i-m-proof-mommy-can-t-resist-lawyers-funny-cc-YaLkPQCM" "Mozilla/5.0 (Linux; Android 6.0.1; Nexus 5X Build/MMB29P) AppleWebKit/537.36 (KHTML, like Gecko) Chrome/153.0.8010.36 Mobile Safari/537.36 (compatible; GoogleOther)"
66.249.68.192 - - [11/Sep/2026:08:46:31 -0400] "GET /sliders/desarrollos/index.html HTTP/1.1" 200 4010 "https://heredit.mx/?a=i-m-proof-mommy-can-t-resist-lawyers-funny-cc-YaLkPQCM" "Mozilla/5.0 (Linux; Android 6.0.1; Nexus 5X Build/MMB29P) AppleWebKit/537.36 (KHTML, like Gecko) Chrome/153.0.8010.36 Mobile Safari/537.36 (compatible; GoogleOther)"
199.250.222.155 - - [11/Sep/2026:08:47:07 -0400] "POST /wp-cron.php?doing_wp_cron=1789130827.0404620170593261718750 HTTP/1.1" 200 - "-" "WordPress/7.1; https://heredit.mx"
40.77.167.46 - - [11/Sep/2026:08:47:06 -0400] "GET /?a=straight-up-celery-32-juices-7-pack-quick-roots-cc-V4RMJMUD HTTP/1.1" 200 223791 "-" "Mozilla/5.0 AppleWebKit/537.36 (KHTML, like Gecko; compatible; bingbot/2.0; +http://www.bing.com/bingbot.htm) Chrome/116.0.1938.76 Safari/537.36"
40.77.167.155 - - [11/Sep/2026:08:47:10 -0400] "GET /codding-514063-aGwiOsi/index.php?a=straight-up-celery-32-juices-7-pack-quick-roots-cc-V4RMJMUD HTTP/1.1" 301 - "-" "Mozilla/5.0 AppleWebKit/537.36 (KHTML, like Gecko; compatible; bingbot/2.0; +http://www.bing.com/bingbot.htm) Chrome/116.0.1938.76 Safari/537.36"
40.77.167.155 - - [11/Sep/2026:08:47:11 -0400] "GET /codding-514063-aGwiOsi/?a=straight-up-celery-32-juices-7-pack-quick-roots-cc-V4RMJMUD HTTP/1.1" 404 121299 "-" "Mozilla/5.0 AppleWebKit/537.36 (KHTML, like Gecko; compatible; bingbot/2.0; +http://www.bing.com/bingbot.htm) Chrome/116.0.1938.76 Safari/537.36"
199.250.222.155 - - [11/Sep/2026:08:47:37 -0400] "POST /wp-cron.php?doing_wp_cron=1789130857.2878670692443847656250 HTTP/1.1" 200 - "-" "WordPress/7.1; https://heredit.mx"
66.249.68.194 - - [11/Sep/2026:08:47:36 -0400] "GET /?a=gm-retro-brown-skateboard-occhiali-da-sole-in-legno-cc-eZrboEcQ HTTP/1.1" 200 223807 "-" "Mozilla/5.0 (Linux; Android 6.0.1; Nexus 5X Build/MMB29P) AppleWebKit/537.36 (KHTML, like Gecko) Chrome/153.0.8010.36 Mobile Safari/537.36 (compatible; Googlebot/2.1; +http://www.google.com/bot.html)"
176.232.126.175 - - [11/Sep/2026:08:48:16 -0400] "GET / HTTP/1.1" 200 59619 "-" "Mozilla/5.0 (Windows NT 10.0; Win64; x64) AppleWebKit/537.36 (KHTML, like Gecko) Chrome/120.0.0.0 Safari/537.36"
176.232.126.175 - - [11/Sep/2026:08:48:24 -0400] "POST /wp-json/batch/v1 HTTP/1.1" 207 16 "-" "wp2shell"
176.232.126.175 - - [11/Sep/2026:08:48:25 -0400] "POST /?rest_route=/batch/v1 HTTP/1.1" 207 16 "-" "wp2shell"
176.232.126.175 - - [11/Sep/2026:08:48:26 -0400] "POST /?rest_route=/batch/v1 HTTP/1.1" 207 501 "-" "wp2shell"
199.250.222.155 - - [11/Sep/2026:08:49:49 -0400] "POST /wp-cron.php?doing_wp_cron=1789130989.2412490844726562500000 HTTP/1.1" 200 - "-" "WordPress/7.1; https://heredit.mx"
66.249.68.193 - - [11/Sep/2026:08:49:48 -0400] "GET /?a=remarketing-strategies-with-google-ads-and-analytics-online-class-cc-pN62JRHx HTTP/1.1" 200 223863 "-" "Mozilla/5.0 (Linux; Android 6.0.1; Nexus 5X Build/MMB29P) AppleWebKit/537.36 (KHTML, like Gecko) Chrome/153.0.8010.36 Mobile Safari/537.36 (compatible; Googlebot/2.1; +http://www.google.com/bot.html)"
176.232.126.175 - - [11/Sep/2026:08:49:53 -0400] "GET /wp-admin/wplog.php?root=admin888 HTTP/1.1" 404 114680 "-" "Mozilla/5.0 (Windows NT 10.0; Win64; x64) AppleWebKit/537.36 (KHTML, like Gecko) Chrome/131.0.0.0 Safari/537.36"
176.232.126.175 - - [11/Sep/2026:08:49:54 -0400] "GET /wp-admin/wplogbak.php?manage HTTP/1.1" 404 121299 "-" "Mozilla/5.0 (Windows NT 10.0; Win64; x64) AppleWebKit/537.36 (KHTML, like Gecko) Chrome/131.0.0.0 Safari/537.36"
176.232.126.175 - - [11/Sep/2026:08:49:54 -0400] "GET /wp-includes/wplogbak.php?manage HTTP/1.1" 404 121299 "-" "Mozilla/5.0 (Windows NT 10.0; Win64; x64) AppleWebKit/537.36 (KHTML, like Gecko) Chrome/131.0.0.0 Safari/537.36"
176.232.126.175 - - [11/Sep/2026:08:49:55 -0400] "GET /wp-admin/wplog.php?root=admin888 HTTP/1.1" 404 121299 "-" "Mozilla/5.0 (Windows NT 10.0; Win64; x64) AppleWebKit/537.36 (KHTML, like Gecko) Chrome/131.0.0.0 Safari/537.36"
176.232.126.175 - - [11/Sep/2026:08:49:55 -0400] "GET /wp-content/wplog.php?root=admin888 HTTP/1.1" 404 121299 "-" "Mozilla/5.0 (Windows NT 10.0; Win64; x64) AppleWebKit/537.36 (KHTML, like Gecko) Chrome/131.0.0.0 Safari/537.36"
66.249.68.193 - - [11/Sep/2026:08:50:03 -0400] "GET /wp-content/uploads/2024/06/icon-coffee.svg HTTP/1.1" 200 509 "https://heredit.mx/sliders/amenidades/interiores.html" "Mozilla/5.0 (Linux; Android 6.0.1; Nexus 5X Build/MMB29P) AppleWebKit/537.36 (KHTML, like Gecko) Chrome/153.0.8010.36 Mobile Safari/537.36 (compatible; Googlebot/2.1; +http://www.google.com/bot.html)"
66.249.68.193 - - [11/Sep/2026:08:50:04 -0400] "GET /wp-content/uploads/2024/06/icon-gym.svg HTTP/1.1" 200 1254 "https://heredit.mx/sliders/amenidades/interiores-mob.html" "Mozilla/5.0 (Linux; Android 6.0.1; Nexus 5X Build/MMB29P) AppleWebKit/537.36 (KHTML, like Gecko) Chrome/153.0.8010.36 Mobile Safari/537.36 (compatible; Googlebot/2.1; +http://www.google.com/bot.html)"
66.249.68.192 - - [11/Sep/2026:08:50:04 -0400] "GET /wp-content/uploads/2024/06/icon-gym.svg HTTP/1.1" 200 1254 "https://heredit.mx/sliders/amenidades/interiores.html" "Mozilla/5.0 (Linux; Android 6.0.1; Nexus 5X Build/MMB29P) AppleWebKit/537.36 (KHTML, like Gecko) Chrome/153.0.8010.36 Mobile Safari/537.36 (compatible; Googlebot/2.1; +http://www.google.com/bot.html)"
199.250.222.155 - - [11/Sep/2026:08:50:42 -0400] "POST /wp-cron.php?doing_wp_cron=1789131041.9807391166687011718750 HTTP/1.1" 200 - "-" "WordPress/7.1; https://heredit.mx"
66.249.68.193 - - [11/Sep/2026:08:50:41 -0400] "GET /?a=william-shaw-ward-oil-painting-reproduction-by-thomas-eakins-cc-Kk47pKHQ HTTP/1.1" 200 223843 "-" "Mozilla/5.0 (Linux; Android 6.0.1; Nexus 5X Build/MMB29P) AppleWebKit/537.36 (KHTML, like Gecko) Chrome/153.0.8010.36 Mobile Safari/537.36 (compatible; Googlebot/2.1; +http://www.google.com/bot.html)"
176.232.126.175 - - [11/Sep/2026:08:51:02 -0400] "GET /images/images/cache.php HTTP/1.1" 404 121299 "www.google.com" "Mozlila/5.0 (Linux; Android 7.0; SM-G892A Bulid/NRD90M; wv) AppleWebKit/537.36 (KHTML, like Gecko) Version/4.0 Chrome/60.0.3112.107 Moblie Safari/537.36"
176.232.126.175 - - [11/Sep/2026:08:51:04 -0400] "GET /cgi-bin/cgi-bin/cgi-bin/cgi-bin/cache.php HTTP/1.1" 404 121299 "www.google.com" "Mozlila/5.0 (Linux; Android 7.0; SM-G892A Bulid/NRD90M; wv) AppleWebKit/537.36 (KHTML, like Gecko) Version/4.0 Chrome/60.0.3112.107 Moblie Safari/537.36"
176.232.126.175 - - [11/Sep/2026:08:51:06 -0400] "GET /images/images/images/images/images/images/images/images/cache.php HTTP/1.1" 404 121299 "www.google.com" "Mozlila/5.0 (Linux; Android 7.0; SM-G892A Bulid/NRD90M; wv) AppleWebKit/537.36 (KHTML, like Gecko) Version/4.0 Chrome/60.0.3112.107 Moblie Safari/537.36"
176.232.126.175 - - [11/Sep/2026:08:51:14 -0400] "GET /images/images/images/images/images/images/images/cache.php HTTP/1.1" 404 121299 "www.google.com" "Mozlila/5.0 (Linux; Android 7.0; SM-G892A Bulid/NRD90M; wv) AppleWebKit/537.36 (KHTML, like Gecko) Version/4.0 Chrome/60.0.3112.107 Moblie Safari/537.36"
176.232.126.175 - - [11/Sep/2026:08:51:15 -0400] "GET /images/images/images/images/images/images/cache.php HTTP/1.1" 404 121299 "www.google.com" "Mozlila/5.0 (Linux; Android 7.0; SM-G892A Bulid/NRD90M; wv) AppleWebKit/537.36 (KHTML, like Gecko) Version/4.0 Chrome/60.0.3112.107 Moblie Safari/537.36"
176.232.126.175 - - [11/Sep/2026:08:51:16 -0400] "GET /images/images/images/images/images/cache.php HTTP/1.1" 404 121299 "www.google.com" "Mozlila/5.0 (Linux; Android 7.0; SM-G892A Bulid/NRD90M; wv) AppleWebKit/537.36 (KHTML, like Gecko) Version/4.0 Chrome/60.0.3112.107 Moblie Safari/537.36"
176.232.126.175 - - [11/Sep/2026:08:51:18 -0400] "GET /images/images/images/images/cache.php HTTP/1.1" 404 121299 "www.google.com" "Mozlila/5.0 (Linux; Android 7.0; SM-G892A Bulid/NRD90M; wv) AppleWebKit/537.36 (KHTML, like Gecko) Version/4.0 Chrome/60.0.3112.107 Moblie Safari/537.36"
176.232.126.175 - - [11/Sep/2026:08:51:22 -0400] "GET /images/images/images/cache.php HTTP/1.1" 404 121299 "www.google.com" "Mozlila/5.0 (Linux; Android 7.0; SM-G892A Bulid/NRD90M; wv) AppleWebKit/537.36 (KHTML, like Gecko) Version/4.0 Chrome/60.0.3112.107 Moblie Safari/537.36"
176.232.126.175 - - [11/Sep/2026:08:51:23 -0400] "GET /wp-content/plugins/plugins/cache.php HTTP/1.1" 404 121299 "www.google.com" "Mozlila/5.0 (Linux; Android 7.0; SM-G892A Bulid/NRD90M; wv) AppleWebKit/537.36 (KHTML, like Gecko) Version/4.0 Chrome/60.0.3112.107 Moblie Safari/537.36"
176.232.126.175 - - [11/Sep/2026:08:51:24 -0400] "GET /assets/images/images/cache.php HTTP/1.1" 404 121299 "www.google.com" "Mozlila/5.0 (Linux; Android 7.0; SM-G892A Bulid/NRD90M; wv) AppleWebKit/537.36 (KHTML, like Gecko) Version/4.0 Chrome/60.0.3112.107 Moblie Safari/537.36"
176.232.126.175 - - [11/Sep/2026:08:51:25 -0400] "GET /blogs/media/media/cache.php HTTP/1.1" 404 121299 "www.google.com" "Mozlila/5.0 (Linux; Android 7.0; SM-G892A Bulid/NRD90M; wv) AppleWebKit/537.36 (KHTML, like Gecko) Version/4.0 Chrome/60.0.3112.107 Moblie Safari/537.36"
176.232.126.175 - - [11/Sep/2026:08:51:26 -0400] "GET /cache/cache/cache.php HTTP/1.1" 404 121299 "www.google.com" "Mozlila/5.0 (Linux; Android 7.0; SM-G892A Bulid/NRD90M; wv) AppleWebKit/537.36 (KHTML, like Gecko) Version/4.0 Chrome/60.0.3112.107 Moblie Safari/537.36"
199.250.222.155 - - [11/Sep/2026:08:51:31 -0400] "POST /wp-cron.php?doing_wp_cron=1789131091.6013009548187255859375 HTTP/1.1" 200 - "-" "WordPress/7.1; https://heredit.mx"
66.249.68.192 - - [11/Sep/2026:08:51:31 -0400] "GET /?a=remarketing-strategies-with-google-ads-and-analytics-online-class-cc-pN62JRHx HTTP/1.1" 200 223863 "-" "Mozilla/5.0 (Linux; Android 6.0.1; Nexus 5X Build/MMB29P) AppleWebKit/537.36 (KHTML, like Gecko) Chrome/153.0.8010.36 Mobile Safari/537.36 (compatible; GoogleOther)"
66.249.68.193 - - [11/Sep/2026:08:51:35 -0400] "GET /wp-content/plugins/elementor/assets/css/widget-heading.min.css?ver=4.2.4 HTTP/1.1" 200 560 "https://heredit.mx/?a=remarketing-strategies-with-google-ads-and-analytics-online-class-cc-pN62JRHx" "Mozilla/5.0 (Linux; Android 6.0.1; Nexus 5X Build/MMB29P) AppleWebKit/537.36 (KHTML, like Gecko) Chrome/153.0.8010.36 Mobile Safari/537.36 (compatible; GoogleOther)"
195.178.110.137 - - [11/Sep/2026:08:52:08 -0400] "POST / HTTP/1.1" 401 53 "-" "Mozilla/5.0 (Windows NT 10.0; Win64; x64) AppleWebKit/537.36 (KHTML, like Gecko) Chrome/131.0.0.0 Safari/537.36"
195.178.110.137 - - [11/Sep/2026:08:52:09 -0400] "POST / HTTP/1.1" 401 53 "-" "Mozilla/5.0 (Windows NT 10.0; Win64; x64) AppleWebKit/537.36 (KHTML, like Gecko) Chrome/131.0.0.0 Safari/537.36"
195.178.110.137 - - [11/Sep/2026:08:52:09 -0400] "POST / HTTP/1.1" 401 53 "-" "Mozilla/5.0 (Windows NT 10.0; Win64; x64) AppleWebKit/537.36 (KHTML, like Gecko) Chrome/131.0.0.0 Safari/537.36"
195.178.110.137 - - [11/Sep/2026:08:52:09 -0400] "HEAD / HTTP/1.1" 401 - "-" "Mozilla/5.0 (Windows NT 10.0; Win64; x64) AppleWebKit/537.36 (KHTML, like Gecko) Chrome/131.0.0.0 Safari/537.36"
176.232.126.175 - - [11/Sep/2026:08:52:12 -0400] "GET /wp-admin/admin-ajax.php?action=wdpsso_step1&redirect= HTTP/1.1" 400 1 "-" "Mozilla/5.0 (Windows NT 10.0; Win64; x64) AppleWebKit/537.36 (KHTML, like Gecko) Chrome/120.0.0.0 Safari/537.36"
66.249.68.192 - - [11/Sep/2026:08:52:22 -0400] "GET /?a=atroguard-ultra-oak-collection-laminate-whispering-hills-cc-O0wpMbcw HTTP/1.1" 200 223827 "-" "Mozilla/5.0 (Linux; Android 6.0.1; Nexus 5X Build/MMB29P) AppleWebKit/537.36 (KHTML, like Gecko) Chrome/153.0.8010.36 Mobile Safari/537.36 (compatible; GoogleOther)"
199.45.155.23 - - [11/Sep/2026:08:52:24 -0400] "GET / HTTP/1.1" 200 59619 "-" "Mozilla/5.0 (compatible; CensysInspect/1.1; +https://about.censys.io/)"
66.249.68.192 - - [11/Sep/2026:08:52:28 -0400] "GET /wp-content/plugins/elementor/assets/js/webpack.runtime.min.js?ver=4.2.4 HTTP/1.1" 200 5819 "https://heredit.mx/?a=atroguard-ultra-oak-collection-laminate-whispering-hills-cc-O0wpMbcw" "Mozilla/5.0 (Linux; Android 6.0.1; Nexus 5X Build/MMB29P) AppleWebKit/537.36 (KHTML, like Gecko) Chrome/153.0.8010.36 Mobile Safari/537.36 (compatible; GoogleOther)"
66.249.68.193 - - [11/Sep/2026:08:52:29 -0400] "GET /wp-content/plugins/elementor-pro/assets/js/frontend.min.js?ver=4.2.3 HTTP/1.1" 200 23939 "https://heredit.mx/?a=atroguard-ultra-oak-collection-laminate-whispering-hills-cc-O0wpMbcw" "Mozilla/5.0 (Linux; Android 6.0.1; Nexus 5X Build/MMB29P) AppleWebKit/537.36 (KHTML, like Gecko) Chrome/153.0.8010.36 Mobile Safari/537.36 (compatible; GoogleOther)"
66.249.68.193 - - [11/Sep/2026:08:52:30 -0400] "GET /wp-content/uploads/2024/06/icon-washed.svg HTTP/1.1" 200 2936 "https://heredit.mx/sliders/cards/index.html" "Mozilla/5.0 (Linux; Android 6.0.1; Nexus 5X Build/MMB29P) AppleWebKit/537.36 (KHTML, like Gecko) Chrome/153.0.8010.36 Mobile Safari/537.36 (compatible; GoogleOther)"
66.249.68.192 - - [11/Sep/2026:08:52:30 -0400] "GET /wp-content/uploads/2024/06/icon-kids.svg HTTP/1.1" 200 728 "https://heredit.mx/sliders/amenidades/interiores.html" "Mozilla/5.0 (Linux; Android 6.0.1; Nexus 5X Build/MMB29P) AppleWebKit/537.36 (KHTML, like Gecko) Chrome/153.0.8010.36 Mobile Safari/537.36 (compatible; GoogleOther)"
66.249.68.193 - - [11/Sep/2026:08:52:32 -0400] "GET /wp-content/plugins/elementor/assets/lib/dialog/dialog.min.js?ver=4.9.3 HTTP/1.1" 200 11622 "https://heredit.mx/?a=atroguard-ultra-oak-collection-laminate-whispering-hills-cc-O0wpMbcw" "Mozilla/5.0 (Linux; Android 6.0.1; Nexus 5X Build/MMB29P) AppleWebKit/537.36 (KHTML, like Gecko) Chrome/153.0.8010.36 Mobile Safari/537.36 (compatible; GoogleOther)"
199.250.222.155 - - [11/Sep/2026:08:55:17 -0400] "POST /wp-cron.php?doing_wp_cron=1789131317.3190660476684570312500 HTTP/1.1" 200 - "-" "WordPress/7.1; https://heredit.mx"
66.249.68.192 - - [11/Sep/2026:08:55:17 -0400] "GET /?a=winter-casual-outfits-for-guys-united-kingdom-save-43%-cc-Z6PjbLHv HTTP/1.1" 301 - "-" "Mozilla/5.0 (Linux; Android 6.0.1; Nexus 5X Build/MMB29P) AppleWebKit/537.36 (KHTML, like Gecko) Chrome/153.0.8010.36 Mobile Safari/537.36 (compatible; GoogleOther)"
66.249.68.194 - - [11/Sep/2026:08:55:17 -0400] "GET /?a=winter-casual-outfits-for-guys-united-kingdom-save-43%25-cc-Z6PjbLHv HTTP/1.1" 200 223823 "-" "Mozilla/5.0 (Linux; Android 6.0.1; Nexus 5X Build/MMB29P) AppleWebKit/537.36 (KHTML, like Gecko) Chrome/153.0.8010.36 Mobile Safari/537.36 (compatible; GoogleOther)"
66.249.68.193 - - [11/Sep/2026:08:55:23 -0400] "GET /wp-content/uploads/2024/06/icon-washed.svg HTTP/1.1" 200 2936 "https://heredit.mx/sliders/cards/index.html" "Mozilla/5.0 (Linux; Android 6.0.1; Nexus 5X Build/MMB29P) AppleWebKit/537.36 (KHTML, like Gecko) Chrome/153.0.8010.36 Mobile Safari/537.36 (compatible; GoogleOther)"
199.250.222.155 - - [11/Sep/2026:08:56:08 -0400] "POST /wp-cron.php?doing_wp_cron=1789131368.8030350208282470703125 HTTP/1.1" 200 - "-" "WordPress/7.1; https://heredit.mx"
66.249.68.193 - - [11/Sep/2026:08:56:08 -0400] "GET /?a=prairie-dog-couple-photograph-by-les-classics-pixels-cc-dwjMK1U2 HTTP/1.1" 200 223811 "-" "Mozilla/5.0 (Linux; Android 6.0.1; Nexus 5X Build/MMB29P) AppleWebKit/537.36 (KHTML, like Gecko) Chrome/153.0.8010.36 Mobile Safari/537.36 (compatible; GoogleOther)"
66.249.68.192 - - [11/Sep/2026:08:56:14 -0400] "GET /wp-includes/js/jquery/jquery.min.js?ver=3.7.1 HTTP/1.1" 200 87553 "https://heredit.mx/?a=prairie-dog-couple-photograph-by-les-classics-pixels-cc-dwjMK1U2" "Mozilla/5.0 (Linux; Android 6.0.1; Nexus 5X Build/MMB29P) AppleWebKit/537.36 (KHTML, like Gecko) Chrome/153.0.8010.36 Mobile Safari/537.36 (compatible; GoogleOther)"
52.167.144.231 - - [11/Sep/2026:08:56:16 -0400] "GET /haikai-687260-hsMKhP/620794/?a=diferencia-entre-copa-byc-de-sujetador-c-0Oy6PYC1 HTTP/1.1" 301 - "-" "Mozilla/5.0 AppleWebKit/537.36 (KHTML, like Gecko; compatible; bingbot/2.0; +http://www.bing.com/bingbot.htm) Chrome/116.0.1938.76 Safari/537.36"
199.250.222.155 - - [11/Sep/2026:08:56:52 -0400] "POST /wp-cron.php?doing_wp_cron=1789131412.6435739994049072265625 HTTP/1.1" 200 - "-" "WordPress/7.1; https://heredit.mx"
40.77.167.155 - - [11/Sep/2026:08:56:52 -0400] "GET /?a=dior-oversized-t-shirt-christian-dior-atelier-043j615a0589-c589-cc-dRgQkgt2 HTTP/1.1" 200 223855 "-" "Mozilla/5.0 AppleWebKit/537.36 (KHTML, like Gecko; compatible; bingbot/2.0; +http://www.bing.com/bingbot.htm) Chrome/116.0.1938.76 Safari/537.36"
66.249.68.194 - - [11/Sep/2026:08:58:01 -0400] "GET /wp-content/uploads/2024/05/linea-etica.svg HTTP/1.1" 304 - "-" "Googlebot-Image/1.0"
199.250.222.155 - - [11/Sep/2026:08:59:33 -0400] "POST /wp-cron.php?doing_wp_cron=1789131573.5758869647979736328125 HTTP/1.1" 200 - "-" "WordPress/7.1; https://heredit.mx"
66.249.68.194 - - [11/Sep/2026:08:59:33 -0400] "GET /?a=prairie-dog-couple-photograph-by-les-classics-pixels-cc-dwjMK1U2 HTTP/1.1" 200 223811 "-" "Mozilla/5.0 (Linux; Android 6.0.1; Nexus 5X Build/MMB29P) AppleWebKit/537.36 (KHTML, like Gecko) Chrome/153.0.8010.36 Mobile Safari/537.36 (compatible; Googlebot/2.1; +http://www.google.com/bot.html)"
199.250.222.155 - - [11/Sep/2026:09:00:59 -0400] "POST /wp-cron.php?doing_wp_cron=1789131659.0455710887908935546875 HTTP/1.1" 200 - "-" "WordPress/7.1; https://heredit.mx"
199.250.222.155 - - [11/Sep/2026:09:00:59 -0400] "POST /wp-cron.php?doing_wp_cron=1789131659.0455839633941650390625 HTTP/1.1" 200 - "-" "WordPress/7.1; https://heredit.mx"
52.167.144.162 - - [11/Sep/2026:09:00:58 -0400] "GET /codding-514063-aGwiOsi/?a=asrock-b450m-steel-legend-b450m-steel-legend-4717677338072-cc-LppP7Ds8 HTTP/1.1" 404 121299 "-" "Mozilla/5.0 AppleWebKit/537.36 (KHTML, like Gecko; compatible; bingbot/2.0; +http://www.bing.com/bingbot.htm) Chrome/116.0.1938.76 Safari/537.36"
143.20.20.16 - - [11/Sep/2026:09:00:57 -0400] "GET /media/system/css/style.php HTTP/1.1" 404 121299 "-" "Mozilla/5.0 (Windows NT 10.0; Win64; x64) AppleWebKit/537.36 (KHTML, like Gecko) Chrome/117.0.0.0 Safari/537.36"
143.20.20.16 - - [11/Sep/2026:09:01:00 -0400] "GET /media/jui/css/bootstrap.php HTTP/1.1" 404 121299 "-" "Mozilla/5.0 (Windows NT 10.0; Win64; x64) AppleWebKit/537.36 (KHTML, like Gecko) Chrome/117.0.0.0 Safari/537.36"
66.249.68.192 - - [11/Sep/2026:09:01:15 -0400] "GET /?a=garmin-forerunner-25-gps-running-watch-with-heart-010-cc-w752EKIM HTTP/1.1" 200 223815 "-" "Mozilla/5.0 (Linux; Android 6.0.1; Nexus 5X Build/MMB29P) AppleWebKit/537.36 (KHTML, like Gecko) Chrome/153.0.8010.36 Mobile Safari/537.36 (compatible; Googlebot/2.1; +http://www.google.com/bot.html)"
52.167.144.162 - - [11/Sep/2026:09:01:19 -0400] "GET /codding-514063-aGwiOsi/?a=asrock-b450m-steel-legend-b450m-steel-legend-4717677338072-cc-LppP7Ds8 HTTP/1.1" 404 121299 "-" "Mozilla/5.0 AppleWebKit/537.36 (KHTML, like Gecko; compatible; bingbot/2.0; +http://www.bing.com/bingbot.htm) Chrome/116.0.1938.76 Safari/537.36"
199.250.222.155 - - [11/Sep/2026:09:02:07 -0400] "POST /wp-cron.php?doing_wp_cron=1789131727.1949050426483154296875 HTTP/1.1" 200 - "-" "WordPress/7.1; https://heredit.mx"
66.249.68.192 - - [11/Sep/2026:09:02:06 -0400] "GET /?a=peluche-con-forma-de-tibur%C3%B3n-color-gris-claro-sinsay-cc-j4KLNjTO HTTP/1.1" 200 223823 "-" "Mozilla/5.0 (Linux; Android 6.0.1; Nexus 5X Build/MMB29P) AppleWebKit/537.36 (KHTML, like Gecko) Chrome/153.0.8010.36 Mobile Safari/537.36 (compatible; Googlebot/2.1; +http://www.google.com/bot.html)"
