34.125.52.138 - - [11/Sep/2026:15:50:48 -0400] "GET /wp-content/cache/min/1/wp-content/uploads/premium-addons-elementor/pafe-1208.css?ver=1789063679 HTTP/1.1" 200 53538 "https://heredit.mx/politica-privacidad/" "Mozilla/5.0 (X11; Linux x86_64) AppleWebKit/537.36 (KHTML, like Gecko) Chrome/153.0.0.0 Safari/537.36 PTST/260802.202201"
34.125.52.138 - - [11/Sep/2026:15:50:48 -0400] "GET /wp-content/plugins/elementor-pro/assets/css/modules/motion-fx.min.css?ver=4.2.3 HTTP/1.1" 200 778 "https://heredit.mx/politica-privacidad/" "Mozilla/5.0 (X11; Linux x86_64) AppleWebKit/537.36 (KHTML, like Gecko) Chrome/153.0.0.0 Safari/537.36 PTST/260802.202201"
34.125.52.138 - - [11/Sep/2026:15:50:48 -0400] "GET /wp-content/plugins/elementor/assets/lib/animations/styles/e-animation-grow.min.css?ver=4.2.4 HTTP/1.1" 200 198 "https://heredit.mx/politica-privacidad/" "Mozilla/5.0 (X11; Linux x86_64) AppleWebKit/537.36 (KHTML, like Gecko) Chrome/153.0.0.0 Safari/537.36 PTST/260802.202201"
34.125.52.138 - - [11/Sep/2026:15:50:48 -0400] "GET /wp-content/cache/min/1/wp-content/plugins/elementor/assets/lib/font-awesome/css/all.min.css?ver=1789063679 HTTP/1.1" 200 60583 "https://heredit.mx/politica-privacidad/" "Mozilla/5.0 (X11; Linux x86_64) AppleWebKit/537.36 (KHTML, like Gecko) Chrome/153.0.0.0 Safari/537.36 PTST/260802.202201"
34.125.52.138 - - [11/Sep/2026:15:50:49 -0400] "GET /wp-content/plugins/elementor/assets/lib/animations/styles/fadeIn.min.css?ver=4.2.4 HTTP/1.1" 200 77 "https://heredit.mx/politica-privacidad/" "Mozilla/5.0 (X11; Linux x86_64) AppleWebKit/537.36 (KHTML, like Gecko) Chrome/153.0.0.0 Safari/537.36 PTST/260802.202201"
34.125.52.138 - - [11/Sep/2026:15:50:49 -0400] "GET /wp-content/plugins/elementor/assets/css/widget-heading.min.css?ver=4.2.4 HTTP/1.1" 200 560 "https://heredit.mx/politica-privacidad/" "Mozilla/5.0 (X11; Linux x86_64) AppleWebKit/537.36 (KHTML, like Gecko) Chrome/153.0.0.0 Safari/537.36 PTST/260802.202201"
34.125.52.138 - - [11/Sep/2026:15:50:48 -0400] "GET /wp-content/cache/min/1/wp-includes/css/dashicons.min.css?ver=1789063679 HTTP/1.1" 200 59097 "https://heredit.mx/politica-privacidad/" "Mozilla/5.0 (X11; Linux x86_64) AppleWebKit/537.36 (KHTML, like Gecko) Chrome/153.0.0.0 Safari/537.36 PTST/260802.202201"
34.125.52.138 - - [11/Sep/2026:15:50:49 -0400] "GET /wp-content/plugins/elementor/assets/css/widget-social-icons.min.css?ver=4.2.4 HTTP/1.1" 200 5110 "https://heredit.mx/politica-privacidad/" "Mozilla/5.0 (X11; Linux x86_64) AppleWebKit/537.36 (KHTML, like Gecko) Chrome/153.0.0.0 Safari/537.36 PTST/260802.202201"
34.125.52.138 - - [11/Sep/2026:15:50:49 -0400] "GET /wp-content/plugins/elementor/assets/css/conditionals/apple-webkit.min.css?ver=4.2.4 HTTP/1.1" 200 6713 "https://heredit.mx/politica-privacidad/" "Mozilla/5.0 (X11; Linux x86_64) AppleWebKit/537.36 (KHTML, like Gecko) Chrome/153.0.0.0 Safari/537.36 PTST/260802.202201"
34.125.52.138 - - [11/Sep/2026:15:50:49 -0400] "GET /wp-content/plugins/elementor/assets/lib/animations/styles/slideInRight.min.css?ver=4.2.4 HTTP/1.1" 200 155 "https://heredit.mx/politica-privacidad/" "Mozilla/5.0 (X11; Linux x86_64) AppleWebKit/537.36 (KHTML, like Gecko) Chrome/153.0.0.0 Safari/537.36 PTST/260802.202201"
34.125.52.138 - - [11/Sep/2026:15:50:49 -0400] "GET /wp-content/plugins/elementor-pro/assets/css/conditionals/popup.min.css?ver=4.2.3 HTTP/1.1" 200 995 "https://heredit.mx/politica-privacidad/" "Mozilla/5.0 (X11; Linux x86_64) AppleWebKit/537.36 (KHTML, like Gecko) Chrome/153.0.0.0 Safari/537.36 PTST/260802.202201"
34.125.52.138 - - [11/Sep/2026:15:50:49 -0400] "GET /wp-content/cache/min/1/wp-content/uploads/elementor/css/post-3.css?ver=1789069999 HTTP/1.1" 200 2626 "https://heredit.mx/politica-privacidad/" "Mozilla/5.0 (X11; Linux x86_64) AppleWebKit/537.36 (KHTML, like Gecko) Chrome/153.0.0.0 Safari/537.36 PTST/260802.202201"
34.125.52.138 - - [11/Sep/2026:15:50:49 -0400] "GET /wp-content/cache/min/1/wp-content/uploads/elementor/css/post-1208.css?ver=1789063679 HTTP/1.1" 200 36816 "https://heredit.mx/politica-privacidad/" "Mozilla/5.0 (X11; Linux x86_64) AppleWebKit/537.36 (KHTML, like Gecko) Chrome/153.0.0.0 Safari/537.36 PTST/260802.202201"
34.125.52.138 - - [11/Sep/2026:15:50:49 -0400] "GET /wp-content/cache/min/1/wp-content/uploads/elementor/css/post-48.css?ver=1789063679 HTTP/1.1" 200 44617 "https://heredit.mx/politica-privacidad/" "Mozilla/5.0 (X11; Linux x86_64) AppleWebKit/537.36 (KHTML, like Gecko) Chrome/153.0.0.0 Safari/537.36 PTST/260802.202201"
34.125.52.138 - - [11/Sep/2026:15:50:49 -0400] "GET /wp-content/cache/min/1/wp-content/uploads/elementor/css/post-1738.css?ver=1789063679 HTTP/1.1" 200 1603 "https://heredit.mx/politica-privacidad/" "Mozilla/5.0 (X11; Linux x86_64) AppleWebKit/537.36 (KHTML, like Gecko) Chrome/153.0.0.0 Safari/537.36 PTST/260802.202201"
34.125.52.138 - - [11/Sep/2026:15:50:49 -0400] "GET /wp-content/plugins/essential-addons-for-elementor-lite/assets/front-end/css/view/general.min.css?ver=6.8.3 HTTP/1.1" 200 7746 "https://heredit.mx/politica-privacidad/" "Mozilla/5.0 (X11; Linux x86_64) AppleWebKit/537.36 (KHTML, like Gecko) Chrome/153.0.0.0 Safari/537.36 PTST/260802.202201"
34.125.52.138 - - [11/Sep/2026:15:50:49 -0400] "GET /wp-content/uploads/2024/05/GothamMedium.ttf HTTP/1.1" 200 55980 "https://heredit.mx/politica-privacidad/" "Mozilla/5.0 (X11; Linux x86_64) AppleWebKit/537.36 (KHTML, like Gecko) Chrome/153.0.0.0 Safari/537.36 PTST/260802.202201"
34.125.52.138 - - [11/Sep/2026:15:50:49 -0400] "GET /wp-content/uploads/2024/05/GothamLight.ttf HTTP/1.1" 200 56508 "https://heredit.mx/politica-privacidad/" "Mozilla/5.0 (X11; Linux x86_64) AppleWebKit/537.36 (KHTML, like Gecko) Chrome/153.0.0.0 Safari/537.36 PTST/260802.202201"
34.125.52.138 - - [11/Sep/2026:15:50:49 -0400] "GET /wp-content/uploads/2024/05/Didot-Bold.ttf HTTP/1.1" 200 53944 "https://heredit.mx/politica-privacidad/" "Mozilla/5.0 (X11; Linux x86_64) AppleWebKit/537.36 (KHTML, like Gecko) Chrome/153.0.0.0 Safari/537.36 PTST/260802.202201"
34.125.52.138 - - [11/Sep/2026:15:50:49 -0400] "GET /wp-content/plugins/wp-rocket/assets/js/lazyload/16.1/lazyload.min.js HTTP/1.1" 200 7890 "https://heredit.mx/politica-privacidad/" "Mozilla/5.0 (X11; Linux x86_64) AppleWebKit/537.36 (KHTML, like Gecko) Chrome/153.0.0.0 Safari/537.36 PTST/260802.202201"
34.125.52.138 - - [11/Sep/2026:15:50:49 -0400] "GET /wp-content/uploads/2024/06/ProximaNova-Semibold.ttf HTTP/1.1" 200 130760 "https://heredit.mx/politica-privacidad/" "Mozilla/5.0 (X11; Linux x86_64) AppleWebKit/537.36 (KHTML, like Gecko) Chrome/153.0.0.0 Safari/537.36 PTST/260802.202201"
34.125.52.138 - - [11/Sep/2026:15:50:49 -0400] "GET /wp-content/uploads/2024/05/Times.ttf HTTP/1.1" 200 150644 "https://heredit.mx/politica-privacidad/" "Mozilla/5.0 (X11; Linux x86_64) AppleWebKit/537.36 (KHTML, like Gecko) Chrome/153.0.0.0 Safari/537.36 PTST/260802.202201"
34.125.52.138 - - [11/Sep/2026:15:50:49 -0400] "GET /wp-content/uploads/2024/06/ProximaNova-Bold.ttf HTTP/1.1" 200 129556 "https://heredit.mx/politica-privacidad/" "Mozilla/5.0 (X11; Linux x86_64) AppleWebKit/537.36 (KHTML, like Gecko) Chrome/153.0.0.0 Safari/537.36 PTST/260802.202201"
34.125.52.138 - - [11/Sep/2026:15:50:50 -0400] "GET /wp-content/uploads/2024/06/ProximaNova-Regular.ttf HTTP/1.1" 200 130636 "https://heredit.mx/politica-privacidad/" "Mozilla/5.0 (X11; Linux x86_64) AppleWebKit/537.36 (KHTML, like Gecko) Chrome/153.0.0.0 Safari/537.36 PTST/260802.202201"
34.125.52.138 - - [11/Sep/2026:15:50:50 -0400] "GET /wp-content/uploads/2024/06/ProximaNova-Light.ttf HTTP/1.1" 200 132104 "https://heredit.mx/politica-privacidad/" "Mozilla/5.0 (X11; Linux x86_64) AppleWebKit/537.36 (KHTML, like Gecko) Chrome/153.0.0.0 Safari/537.36 PTST/260802.202201"
34.125.52.138 - - [11/Sep/2026:15:50:50 -0400] "GET /wp-content/uploads/2024/05/LogoHereditColor.png HTTP/1.1" 200 5133 "https://heredit.mx/politica-privacidad/" "Mozilla/5.0 (X11; Linux x86_64) AppleWebKit/537.36 (KHTML, like Gecko) Chrome/153.0.0.0 Safari/537.36 PTST/260802.202201"
34.125.52.138 - - [11/Sep/2026:15:50:49 -0400] "GET /wp-content/uploads/2024/06/SFProDisplay-Medium.ttf HTTP/1.1" 200 433584 "https://heredit.mx/politica-privacidad/" "Mozilla/5.0 (X11; Linux x86_64) AppleWebKit/537.36 (KHTML, like Gecko) Chrome/153.0.0.0 Safari/537.36 PTST/260802.202201"
34.125.52.138 - - [11/Sep/2026:15:50:49 -0400] "GET /wp-content/uploads/2024/05/fondo-heredit.png HTTP/1.1" 200 7300533 "https://heredit.mx/wp-content/cache/min/1/wp-content/uploads/elementor/css/post-3.css?ver=1789069999" "Mozilla/5.0 (X11; Linux x86_64) AppleWebKit/537.36 (KHTML, like Gecko) Chrome/153.0.0.0 Safari/537.36 PTST/260802.202201"
66.249.69.102 - - [11/Sep/2026:15:51:01 -0400] "GET /?a=consumer-lending-creditcore-loan-origination-software-cc-ZMq20dSv HTTP/1.1" 200 223815 "-" "Mozilla/5.0 (Linux; Android 6.0.1; Nexus 5X Build/MMB29P) AppleWebKit/537.36 (KHTML, like Gecko) Chrome/153.0.8010.36 Mobile Safari/537.36 (compatible; GoogleOther)"
34.125.52.138 - - [11/Sep/2026:15:51:03 -0400] "GET /wp-content/uploads/2024/05/HereditLogoCompleto-150x150.png HTTP/1.1" 200 2060 "https://heredit.mx/politica-privacidad/" "Mozilla/5.0 (X11; Linux x86_64) AppleWebKit/537.36 (KHTML, like Gecko) Chrome/153.0.0.0 Safari/537.36 PTST/260802.202201"
66.249.69.101 - - [11/Sep/2026:15:51:07 -0400] "GET /wp-content/uploads/elementor/css/post-298.css?ver=1788480000 HTTP/1.1" 200 95402 "https://heredit.mx/?a=consumer-lending-creditcore-loan-origination-software-cc-ZMq20dSv" "Mozilla/5.0 (Linux; Android 6.0.1; Nexus 5X Build/MMB29P) AppleWebKit/537.36 (KHTML, like Gecko) Chrome/153.0.8010.36 Mobile Safari/537.36 (compatible; GoogleOther)"
34.125.52.138 - - [11/Sep/2026:15:51:13 -0400] "GET /app-ads.txt HTTP/1.1" 404 123212 "https://heredit.mx/politica-privacidad/" "Mozilla/5.0 (X11; Linux x86_64) AppleWebKit/537.36 (KHTML, like Gecko) Chrome/153.0.0.0 Safari/537.36 PTST/260802.202201"
34.125.52.138 - - [11/Sep/2026:15:51:13 -0400] "GET /sellers.json HTTP/1.1" 404 123212 "https://heredit.mx/politica-privacidad/" "Mozilla/5.0 (X11; Linux x86_64) AppleWebKit/537.36 (KHTML, like Gecko) Chrome/153.0.0.0 Safari/537.36 PTST/260802.202201"
34.125.52.138 - - [11/Sep/2026:15:51:13 -0400] "GET /ads.txt HTTP/1.1" 404 123212 "https://heredit.mx/politica-privacidad/" "Mozilla/5.0 (X11; Linux x86_64) AppleWebKit/537.36 (KHTML, like Gecko) Chrome/153.0.0.0 Safari/537.36 PTST/260802.202201"
34.125.52.138 - - [11/Sep/2026:15:51:15 -0400] "GET /.well-known/assetlinks.json HTTP/1.1" 404 123212 "https://heredit.mx/politica-privacidad/" "Mozilla/5.0 (X11; Linux x86_64) AppleWebKit/537.36 (KHTML, like Gecko) Chrome/153.0.0.0 Safari/537.36 PTST/260802.202201"
34.125.52.138 - - [11/Sep/2026:15:51:15 -0400] "GET /.well-known/apple-app-site-association HTTP/1.1" 404 123212 "https://heredit.mx/politica-privacidad/" "Mozilla/5.0 (X11; Linux x86_64) AppleWebKit/537.36 (KHTML, like Gecko) Chrome/153.0.0.0 Safari/537.36 PTST/260802.202201"
34.125.52.138 - - [11/Sep/2026:15:51:15 -0400] "GET /llms.txt HTTP/1.1" 404 123212 "https://heredit.mx/politica-privacidad/" "Mozilla/5.0 (X11; Linux x86_64) AppleWebKit/537.36 (KHTML, like Gecko) Chrome/153.0.0.0 Safari/537.36 PTST/260802.202201"
34.125.52.138 - - [11/Sep/2026:15:51:16 -0400] "GET /dsrdelete.json HTTP/1.1" 404 123212 "https://heredit.mx/politica-privacidad/" "Mozilla/5.0 (X11; Linux x86_64) AppleWebKit/537.36 (KHTML, like Gecko) Chrome/153.0.0.0 Safari/537.36 PTST/260802.202201"
34.125.52.138 - - [11/Sep/2026:15:51:16 -0400] "GET /robots.txt HTTP/1.1" 200 267 "https://heredit.mx/politica-privacidad/" "Mozilla/5.0 (X11; Linux x86_64) AppleWebKit/537.36 (KHTML, like Gecko) Chrome/153.0.0.0 Safari/537.36 PTST/260802.202201"
34.125.52.138 - - [11/Sep/2026:15:51:17 -0400] "GET /.well-known/assetlinks.json HTTP/1.1" 404 123212 "https://heredit.mx/politica-privacidad/" "Mozilla/5.0 (X11; Linux x86_64) AppleWebKit/537.36 (KHTML, like Gecko) Chrome/153.0.0.0 Safari/537.36 PTST/260802.202201"
34.125.52.138 - - [11/Sep/2026:15:51:17 -0400] "GET /.well-known/apple-app-site-association HTTP/1.1" 404 123212 "https://heredit.mx/politica-privacidad/" "Mozilla/5.0 (X11; Linux x86_64) AppleWebKit/537.36 (KHTML, like Gecko) Chrome/153.0.0.0 Safari/537.36 PTST/260802.202201"
34.125.52.138 - - [11/Sep/2026:15:51:17 -0400] "GET /.well-known/related-website-set.json HTTP/1.1" 404 123212 "https://heredit.mx/politica-privacidad/" "Mozilla/5.0 (X11; Linux x86_64) AppleWebKit/537.36 (KHTML, like Gecko) Chrome/153.0.0.0 Safari/537.36 PTST/260802.202201"
34.125.52.138 - - [11/Sep/2026:15:51:17 -0400] "GET /.well-known/gpc.json HTTP/1.1" 404 123212 "https://heredit.mx/politica-privacidad/" "Mozilla/5.0 (X11; Linux x86_64) AppleWebKit/537.36 (KHTML, like Gecko) Chrome/153.0.0.0 Safari/537.36 PTST/260802.202201"
34.125.52.138 - - [11/Sep/2026:15:51:17 -0400] "GET /.well-known/privacy-sandbox-attestations.json HTTP/1.1" 404 123212 "https://heredit.mx/politica-privacidad/" "Mozilla/5.0 (X11; Linux x86_64) AppleWebKit/537.36 (KHTML, like Gecko) Chrome/153.0.0.0 Safari/537.36 PTST/260802.202201"
34.125.52.138 - - [11/Sep/2026:15:51:17 -0400] "GET /.well-known/web-identity HTTP/1.1" 404 123212 "https://heredit.mx/politica-privacidad/" "Mozilla/5.0 (X11; Linux x86_64) AppleWebKit/537.36 (KHTML, like Gecko) Chrome/153.0.0.0 Safari/537.36 PTST/260802.202201"
34.125.52.138 - - [11/Sep/2026:15:51:17 -0400] "GET /.well-known/passkey-endpoints HTTP/1.1" 404 123212 "https://heredit.mx/politica-privacidad/" "Mozilla/5.0 (X11; Linux x86_64) AppleWebKit/537.36 (KHTML, like Gecko) Chrome/153.0.0.0 Safari/537.36 PTST/260802.202201"
34.125.52.138 - - [11/Sep/2026:15:51:17 -0400] "GET /.well-known/ucp HTTP/1.1" 404 123212 "https://heredit.mx/politica-privacidad/" "Mozilla/5.0 (X11; Linux x86_64) AppleWebKit/537.36 (KHTML, like Gecko) Chrome/153.0.0.0 Safari/537.36 PTST/260802.202201"
34.125.52.138 - - [11/Sep/2026:15:51:17 -0400] "GET /.well-known/webauthn HTTP/1.1" 404 123212 "https://heredit.mx/politica-privacidad/" "Mozilla/5.0 (X11; Linux x86_64) AppleWebKit/537.36 (KHTML, like Gecko) Chrome/153.0.0.0 Safari/537.36 PTST/260802.202201"
34.125.52.138 - - [11/Sep/2026:15:51:17 -0400] "GET /.well-known/security.txt HTTP/1.1" 404 123212 "https://heredit.mx/politica-privacidad/" "Mozilla/5.0 (X11; Linux x86_64) AppleWebKit/537.36 (KHTML, like Gecko) Chrome/153.0.0.0 Safari/537.36 PTST/260802.202201"
34.125.52.138 - - [11/Sep/2026:15:51:17 -0400] "GET /.well-known/email-verification HTTP/1.1" 404 123212 "https://heredit.mx/politica-privacidad/" "Mozilla/5.0 (X11; Linux x86_64) AppleWebKit/537.36 (KHTML, like Gecko) Chrome/153.0.0.0 Safari/537.36 PTST/260802.202201"
34.125.52.138 - - [11/Sep/2026:15:51:17 -0400] "GET /.well-known/change-password HTTP/1.1" 404 123212 "https://heredit.mx/politica-privacidad/" "Mozilla/5.0 (X11; Linux x86_64) AppleWebKit/537.36 (KHTML, like Gecko) Chrome/153.0.0.0 Safari/537.36 PTST/260802.202201"
34.125.52.138 - - [11/Sep/2026:15:51:18 -0400] "GET /.well-known/resource-that-should-not-exist-whose-status-code-should-not-be-200/ HTTP/1.1" 404 123212 "https://heredit.mx/politica-privacidad/" "Mozilla/5.0 (X11; Linux x86_64) AppleWebKit/537.36 (KHTML, like Gecko) Chrome/153.0.0.0 Safari/537.36 PTST/260802.202201"
34.125.52.138 - - [11/Sep/2026:15:51:28 -0400] "GET /politica-privacidad/ HTTP/1.1" 200 45544 "-" "Mozilla/5.0 (X11; Linux x86_64) AppleWebKit/537.36 (KHTML like Gecko) Chrome/153.0.0.0 Safari/537.36 PTST/260802.202201"
34.125.52.138 - - [11/Sep/2026:15:51:28 -0400] "GET /wp-content/cache/min/1/wp-content/themes/hello-elementor/assets/css/reset.css?ver=1789063679 HTTP/1.1" 200 5828 "https://heredit.mx/politica-privacidad/" "Mozilla/5.0 (X11; Linux x86_64) AppleWebKit/537.36 (KHTML like Gecko) Chrome/153.0.0.0 Safari/537.36 PTST/260802.202201"
34.125.52.138 - - [11/Sep/2026:15:51:29 -0400] "GET /wp-content/cache/min/1/wp-content/themes/hello-elementor/assets/css/theme.css?ver=1789063679 HTTP/1.1" 200 5814 "https://heredit.mx/politica-privacidad/" "Mozilla/5.0 (X11; Linux x86_64) AppleWebKit/537.36 (KHTML like Gecko) Chrome/153.0.0.0 Safari/537.36 PTST/260802.202201"
34.125.52.138 - - [11/Sep/2026:15:51:29 -0400] "GET /wp-content/cache/min/1/wp-content/themes/hello-elementor/assets/css/header-footer.css?ver=1789063679 HTTP/1.1" 200 7533 "https://heredit.mx/politica-privacidad/" "Mozilla/5.0 (X11; Linux x86_64) AppleWebKit/537.36 (KHTML like Gecko) Chrome/153.0.0.0 Safari/537.36 PTST/260802.202201"
34.125.52.138 - - [11/Sep/2026:15:51:29 -0400] "GET /wp-content/plugins/elementor/assets/css/frontend.min.css?ver=4.2.4 HTTP/1.1" 200 54666 "https://heredit.mx/politica-privacidad/" "Mozilla/5.0 (X11; Linux x86_64) AppleWebKit/537.36 (KHTML like Gecko) Chrome/153.0.0.0 Safari/537.36 PTST/260802.202201"
34.125.52.138 - - [11/Sep/2026:15:51:29 -0400] "GET /wp-content/cache/min/1/wp-content/uploads/elementor/css/post-7.css?ver=1789063679 HTTP/1.1" 200 3652 "https://heredit.mx/politica-privacidad/" "Mozilla/5.0 (X11; Linux x86_64) AppleWebKit/537.36 (KHTML like Gecko) Chrome/153.0.0.0 Safari/537.36 PTST/260802.202201"
34.125.52.138 - - [11/Sep/2026:15:51:29 -0400] "GET /wp-content/plugins/elementor/assets/css/widget-image.min.css?ver=4.2.4 HTTP/1.1" 200 214 "https://heredit.mx/politica-privacidad/" "Mozilla/5.0 (X11; Linux x86_64) AppleWebKit/537.36 (KHTML like Gecko) Chrome/153.0.0.0 Safari/537.36 PTST/260802.202201"
34.125.52.138 - - [11/Sep/2026:15:51:29 -0400] "GET /wp-content/plugins/elementor-pro/assets/css/widget-nav-menu.min.css?ver=4.2.3 HTTP/1.1" 200 27363 "https://heredit.mx/politica-privacidad/" "Mozilla/5.0 (X11; Linux x86_64) AppleWebKit/537.36 (KHTML like Gecko) Chrome/153.0.0.0 Safari/537.36 PTST/260802.202201"
34.125.52.138 - - [11/Sep/2026:15:51:29 -0400] "GET /wp-content/plugins/elementor-pro/assets/css/modules/sticky.min.css?ver=4.2.3 HTTP/1.1" 200 162 "https://heredit.mx/politica-privacidad/" "Mozilla/5.0 (X11; Linux x86_64) AppleWebKit/537.36 (KHTML like Gecko) Chrome/153.0.0.0 Safari/537.36 PTST/260802.202201"
34.125.52.138 - - [11/Sep/2026:15:51:29 -0400] "GET /wp-content/plugins/premium-addons-for-elementor/assets/frontend/min-css/liquid-glass.min.css?ver=4.11.102 HTTP/1.1" 200 8405 "https://heredit.mx/politica-privacidad/" "Mozilla/5.0 (X11; Linux x86_64) AppleWebKit/537.36 (KHTML like Gecko) Chrome/153.0.0.0 Safari/537.36 PTST/260802.202201"
34.125.52.138 - - [11/Sep/2026:15:51:29 -0400] "GET /wp-content/plugins/elementor-pro/assets/css/modules/motion-fx.min.css?ver=4.2.3 HTTP/1.1" 200 778 "https://heredit.mx/politica-privacidad/" "Mozilla/5.0 (X11; Linux x86_64) AppleWebKit/537.36 (KHTML like Gecko) Chrome/153.0.0.0 Safari/537.36 PTST/260802.202201"
34.125.52.138 - - [11/Sep/2026:15:51:29 -0400] "GET /wp-content/plugins/elementor/assets/lib/animations/styles/e-animation-grow.min.css?ver=4.2.4 HTTP/1.1" 200 198 "https://heredit.mx/politica-privacidad/" "Mozilla/5.0 (X11; Linux x86_64) AppleWebKit/537.36 (KHTML like Gecko) Chrome/153.0.0.0 Safari/537.36 PTST/260802.202201"
34.125.52.138 - - [11/Sep/2026:15:51:29 -0400] "GET /wp-content/cache/min/1/wp-content/uploads/premium-addons-elementor/pafe-1208.css?ver=1789063679 HTTP/1.1" 200 53538 "https://heredit.mx/politica-privacidad/" "Mozilla/5.0 (X11; Linux x86_64) AppleWebKit/537.36 (KHTML like Gecko) Chrome/153.0.0.0 Safari/537.36 PTST/260802.202201"
34.125.52.138 - - [11/Sep/2026:15:51:29 -0400] "GET /wp-content/plugins/elementor/assets/lib/animations/styles/fadeIn.min.css?ver=4.2.4 HTTP/1.1" 200 77 "https://heredit.mx/politica-privacidad/" "Mozilla/5.0 (X11; Linux x86_64) AppleWebKit/537.36 (KHTML like Gecko) Chrome/153.0.0.0 Safari/537.36 PTST/260802.202201"
34.125.52.138 - - [11/Sep/2026:15:51:29 -0400] "GET /wp-content/plugins/elementor/assets/css/widget-heading.min.css?ver=4.2.4 HTTP/1.1" 200 560 "https://heredit.mx/politica-privacidad/" "Mozilla/5.0 (X11; Linux x86_64) AppleWebKit/537.36 (KHTML like Gecko) Chrome/153.0.0.0 Safari/537.36 PTST/260802.202201"
34.125.52.138 - - [11/Sep/2026:15:51:29 -0400] "GET /wp-content/plugins/elementor/assets/css/widget-social-icons.min.css?ver=4.2.4 HTTP/1.1" 200 5110 "https://heredit.mx/politica-privacidad/" "Mozilla/5.0 (X11; Linux x86_64) AppleWebKit/537.36 (KHTML like Gecko) Chrome/153.0.0.0 Safari/537.36 PTST/260802.202201"
34.125.52.138 - - [11/Sep/2026:15:51:29 -0400] "GET /wp-content/plugins/elementor/assets/css/conditionals/apple-webkit.min.css?ver=4.2.4 HTTP/1.1" 200 6713 "https://heredit.mx/politica-privacidad/" "Mozilla/5.0 (X11; Linux x86_64) AppleWebKit/537.36 (KHTML like Gecko) Chrome/153.0.0.0 Safari/537.36 PTST/260802.202201"
34.125.52.138 - - [11/Sep/2026:15:51:29 -0400] "GET /wp-content/cache/min/1/wp-includes/css/dashicons.min.css?ver=1789063679 HTTP/1.1" 200 59097 "https://heredit.mx/politica-privacidad/" "Mozilla/5.0 (X11; Linux x86_64) AppleWebKit/537.36 (KHTML like Gecko) Chrome/153.0.0.0 Safari/537.36 PTST/260802.202201"
34.125.52.138 - - [11/Sep/2026:15:51:29 -0400] "GET /wp-content/cache/min/1/wp-content/plugins/elementor/assets/lib/font-awesome/css/all.min.css?ver=1789063679 HTTP/1.1" 200 60583 "https://heredit.mx/politica-privacidad/" "Mozilla/5.0 (X11; Linux x86_64) AppleWebKit/537.36 (KHTML like Gecko) Chrome/153.0.0.0 Safari/537.36 PTST/260802.202201"
34.125.52.138 - - [11/Sep/2026:15:51:29 -0400] "GET /wp-content/plugins/elementor/assets/lib/animations/styles/slideInRight.min.css?ver=4.2.4 HTTP/1.1" 200 155 "https://heredit.mx/politica-privacidad/" "Mozilla/5.0 (X11; Linux x86_64) AppleWebKit/537.36 (KHTML like Gecko) Chrome/153.0.0.0 Safari/537.36 PTST/260802.202201"
34.125.52.138 - - [11/Sep/2026:15:51:29 -0400] "GET /wp-content/plugins/elementor-pro/assets/css/conditionals/popup.min.css?ver=4.2.3 HTTP/1.1" 200 995 "https://heredit.mx/politica-privacidad/" "Mozilla/5.0 (X11; Linux x86_64) AppleWebKit/537.36 (KHTML like Gecko) Chrome/153.0.0.0 Safari/537.36 PTST/260802.202201"
34.125.52.138 - - [11/Sep/2026:15:51:29 -0400] "GET /wp-content/cache/min/1/wp-content/uploads/elementor/css/post-3.css?ver=1789069999 HTTP/1.1" 200 2626 "https://heredit.mx/politica-privacidad/" "Mozilla/5.0 (X11; Linux x86_64) AppleWebKit/537.36 (KHTML like Gecko) Chrome/153.0.0.0 Safari/537.36 PTST/260802.202201"
34.125.52.138 - - [11/Sep/2026:15:51:29 -0400] "GET /wp-content/cache/min/1/wp-content/uploads/elementor/css/post-1208.css?ver=1789063679 HTTP/1.1" 200 36816 "https://heredit.mx/politica-privacidad/" "Mozilla/5.0 (X11; Linux x86_64) AppleWebKit/537.36 (KHTML like Gecko) Chrome/153.0.0.0 Safari/537.36 PTST/260802.202201"
34.125.52.138 - - [11/Sep/2026:15:51:29 -0400] "GET /wp-content/cache/min/1/wp-content/uploads/elementor/css/post-48.css?ver=1789063679 HTTP/1.1" 200 44617 "https://heredit.mx/politica-privacidad/" "Mozilla/5.0 (X11; Linux x86_64) AppleWebKit/537.36 (KHTML like Gecko) Chrome/153.0.0.0 Safari/537.36 PTST/260802.202201"
34.125.52.138 - - [11/Sep/2026:15:51:29 -0400] "GET /wp-content/cache/min/1/wp-content/uploads/elementor/css/post-1738.css?ver=1789063679 HTTP/1.1" 200 1603 "https://heredit.mx/politica-privacidad/" "Mozilla/5.0 (X11; Linux x86_64) AppleWebKit/537.36 (KHTML like Gecko) Chrome/153.0.0.0 Safari/537.36 PTST/260802.202201"
34.125.52.138 - - [11/Sep/2026:15:51:29 -0400] "GET /wp-content/plugins/essential-addons-for-elementor-lite/assets/front-end/css/view/general.min.css?ver=6.8.3 HTTP/1.1" 200 7746 "https://heredit.mx/politica-privacidad/" "Mozilla/5.0 (X11; Linux x86_64) AppleWebKit/537.36 (KHTML like Gecko) Chrome/153.0.0.0 Safari/537.36 PTST/260802.202201"
34.125.52.138 - - [11/Sep/2026:15:51:29 -0400] "GET /wp-content/uploads/2024/05/GothamMedium.ttf HTTP/1.1" 200 55980 "https://heredit.mx/politica-privacidad/" "Mozilla/5.0 (X11; Linux x86_64) AppleWebKit/537.36 (KHTML like Gecko) Chrome/153.0.0.0 Safari/537.36 PTST/260802.202201"
34.125.52.138 - - [11/Sep/2026:15:51:29 -0400] "GET /wp-content/uploads/2024/05/Didot-Bold.ttf HTTP/1.1" 200 53944 "https://heredit.mx/politica-privacidad/" "Mozilla/5.0 (X11; Linux x86_64) AppleWebKit/537.36 (KHTML like Gecko) Chrome/153.0.0.0 Safari/537.36 PTST/260802.202201"
34.125.52.138 - - [11/Sep/2026:15:51:29 -0400] "GET /wp-content/uploads/2024/05/GothamLight.ttf HTTP/1.1" 200 56508 "https://heredit.mx/politica-privacidad/" "Mozilla/5.0 (X11; Linux x86_64) AppleWebKit/537.36 (KHTML like Gecko) Chrome/153.0.0.0 Safari/537.36 PTST/260802.202201"
34.125.52.138 - - [11/Sep/2026:15:51:29 -0400] "GET /wp-content/uploads/2024/06/ProximaNova-Bold.ttf HTTP/1.1" 200 129556 "https://heredit.mx/politica-privacidad/" "Mozilla/5.0 (X11; Linux x86_64) AppleWebKit/537.36 (KHTML like Gecko) Chrome/153.0.0.0 Safari/537.36 PTST/260802.202201"
34.125.52.138 - - [11/Sep/2026:15:51:29 -0400] "GET /wp-content/uploads/2024/06/ProximaNova-Regular.ttf HTTP/1.1" 200 130636 "https://heredit.mx/politica-privacidad/" "Mozilla/5.0 (X11; Linux x86_64) AppleWebKit/537.36 (KHTML like Gecko) Chrome/153.0.0.0 Safari/537.36 PTST/260802.202201"
34.125.52.138 - - [11/Sep/2026:15:51:29 -0400] "GET /wp-content/uploads/2024/06/ProximaNova-Semibold.ttf HTTP/1.1" 200 130760 "https://heredit.mx/politica-privacidad/" "Mozilla/5.0 (X11; Linux x86_64) AppleWebKit/537.36 (KHTML like Gecko) Chrome/153.0.0.0 Safari/537.36 PTST/260802.202201"
34.125.52.138 - - [11/Sep/2026:15:51:29 -0400] "GET /wp-content/uploads/2024/05/Times.ttf HTTP/1.1" 200 150644 "https://heredit.mx/politica-privacidad/" "Mozilla/5.0 (X11; Linux x86_64) AppleWebKit/537.36 (KHTML like Gecko) Chrome/153.0.0.0 Safari/537.36 PTST/260802.202201"
34.125.52.138 - - [11/Sep/2026:15:51:30 -0400] "GET /wp-content/uploads/2024/06/ProximaNova-Light.ttf HTTP/1.1" 200 132104 "https://heredit.mx/politica-privacidad/" "Mozilla/5.0 (X11; Linux x86_64) AppleWebKit/537.36 (KHTML like Gecko) Chrome/153.0.0.0 Safari/537.36 PTST/260802.202201"
34.125.52.138 - - [11/Sep/2026:15:51:30 -0400] "GET /wp-content/plugins/wp-rocket/assets/js/lazyload/16.1/lazyload.min.js HTTP/1.1" 200 7890 "https://heredit.mx/politica-privacidad/" "Mozilla/5.0 (X11; Linux x86_64) AppleWebKit/537.36 (KHTML like Gecko) Chrome/153.0.0.0 Safari/537.36 PTST/260802.202201"
34.125.52.138 - - [11/Sep/2026:15:51:30 -0400] "GET /wp-content/uploads/2024/05/LogoHereditColor.png HTTP/1.1" 200 5133 "https://heredit.mx/politica-privacidad/" "Mozilla/5.0 (X11; Linux x86_64) AppleWebKit/537.36 (KHTML like Gecko) Chrome/153.0.0.0 Safari/537.36 PTST/260802.202201"
34.125.52.138 - - [11/Sep/2026:15:51:29 -0400] "GET /wp-content/uploads/2024/06/SFProDisplay-Medium.ttf HTTP/1.1" 200 433584 "https://heredit.mx/politica-privacidad/" "Mozilla/5.0 (X11; Linux x86_64) AppleWebKit/537.36 (KHTML like Gecko) Chrome/153.0.0.0 Safari/537.36 PTST/260802.202201"
199.250.222.155 - - [11/Sep/2026:15:51:34 -0400] "POST /wp-cron.php?doing_wp_cron=1789156294.8462779521942138671875 HTTP/1.1" 200 - "-" "WordPress/7.1; https://heredit.mx"
66.249.69.100 - - [11/Sep/2026:15:51:34 -0400] "GET /?a=consumer-lending-creditcore-loan-origination-software-cc-ZMq20dSv HTTP/1.1" 200 223815 "-" "Mozilla/5.0 (Linux; Android 6.0.1; Nexus 5X Build/MMB29P) AppleWebKit/537.36 (KHTML, like Gecko) Chrome/153.0.8010.36 Mobile Safari/537.36 (compatible; Googlebot/2.1; +http://www.google.com/bot.html)"
34.125.52.138 - - [11/Sep/2026:15:51:30 -0400] "GET /wp-content/uploads/2024/05/fondo-heredit.png HTTP/1.1" 200 7300533 "https://heredit.mx/wp-content/cache/min/1/wp-content/uploads/elementor/css/post-3.css?ver=1789069999" "Mozilla/5.0 (X11; Linux x86_64) AppleWebKit/537.36 (KHTML like Gecko) Chrome/153.0.0.0 Safari/537.36 PTST/260802.202201"
34.125.52.138 - - [11/Sep/2026:15:51:36 -0400] "GET /wp-content/uploads/2024/05/HereditLogoCompleto-150x150.png HTTP/1.1" 200 2060 "https://heredit.mx/politica-privacidad/" "Mozilla/5.0 (X11; Linux x86_64) AppleWebKit/537.36 (KHTML like Gecko) Chrome/153.0.0.0 Safari/537.36 PTST/260802.202201"
34.125.52.138 - - [11/Sep/2026:15:51:48 -0400] "GET /llms.txt HTTP/1.1" 404 114680 "-" "Mozilla/5.0 (X11; Linux x86_64) AppleWebKit/537.36 (KHTML, like Gecko) HeadlessChrome/153.0.0.0 Safari/537.36"
34.125.52.138 - - [11/Sep/2026:15:51:50 -0400] "GET /robots.txt HTTP/1.1" 200 267 "-" "Mozilla/5.0 (X11; Linux x86_64) AppleWebKit/537.36 (KHTML, like Gecko) HeadlessChrome/153.0.0.0 Safari/537.36"
66.249.69.102 - - [11/Sep/2026:15:52:07 -0400] "GET /?a=casio-edifice-ef-305-stainless-steel-new-zealand-save-cc-xpBVqvH0 HTTP/1.1" 200 223815 "-" "Mozilla/5.0 (Linux; Android 6.0.1; Nexus 5X Build/MMB29P) AppleWebKit/537.36 (KHTML, like Gecko) Chrome/153.0.8010.36 Mobile Safari/537.36 (compatible; Googlebot/2.1; +http://www.google.com/bot.html)"
66.249.69.101 - - [11/Sep/2026:15:52:11 -0400] "GET /wp-content/uploads/elementor/css/post-1208.css?ver=1788480000 HTTP/1.1" 200 38297 "https://heredit.mx/?a=casio-edifice-ef-305-stainless-steel-new-zealand-save-cc-xpBVqvH0" "Mozilla/5.0 (Linux; Android 6.0.1; Nexus 5X Build/MMB29P) AppleWebKit/537.36 (KHTML, like Gecko) Chrome/153.0.8010.36 Mobile Safari/537.36 (compatible; Googlebot/2.1; +http://www.google.com/bot.html)"
199.250.222.155 - - [11/Sep/2026:15:52:40 -0400] "POST /wp-cron.php?doing_wp_cron=1789156360.2393589019775390625000 HTTP/1.1" 200 - "-" "WordPress/7.1; https://heredit.mx"
66.249.69.100 - - [11/Sep/2026:15:52:39 -0400] "GET /?a=facelift-eau-claire-wisconsin-river-falls-ewings-cc-L20KKNs8 HTTP/1.1" 200 223795 "-" "Mozilla/5.0 (Linux; Android 6.0.1; Nexus 5X Build/MMB29P) AppleWebKit/537.36 (KHTML, like Gecko) Chrome/153.0.8010.36 Mobile Safari/537.36 (compatible; GoogleOther)"
40.77.167.76 - - [11/Sep/2026:15:53:10 -0400] "GET /SWGNelk/caesuric340637/9mf4l6yBWWn HTTP/1.1" 404 123212 "-" "Mozilla/5.0 AppleWebKit/537.36 (KHTML, like Gecko; compatible; bingbot/2.0; +http://www.bing.com/bingbot.htm) Chrome/116.0.1938.76 Safari/537.36"
66.249.69.100 - - [11/Sep/2026:15:53:12 -0400] "GET /?a=blue-and-white-figure-cup-in-the-middle-of-cc-EqgExYID HTTP/1.1" 200 223771 "-" "Mozilla/5.0 (Linux; Android 6.0.1; Nexus 5X Build/MMB29P) AppleWebKit/537.36 (KHTML, like Gecko) Chrome/153.0.8010.36 Mobile Safari/537.36 (compatible; Googlebot/2.1; +http://www.google.com/bot.html)"
66.249.69.100 - - [11/Sep/2026:15:53:19 -0400] "GET /wp-content/plugins/elementor/assets/lib/animations/styles/e-animation-grow.min.css?ver=4.2.4 HTTP/1.1" 200 198 "https://heredit.mx/?a=blue-and-white-figure-cup-in-the-middle-of-cc-EqgExYID" "Mozilla/5.0 (Linux; Android 6.0.1; Nexus 5X Build/MMB29P) AppleWebKit/537.36 (KHTML, like Gecko) Chrome/153.0.8010.36 Mobile Safari/537.36 (compatible; Googlebot/2.1; +http://www.google.com/bot.html)"
199.250.222.155 - - [11/Sep/2026:15:53:28 -0400] "POST /wp-cron.php?doing_wp_cron=1789156408.9118781089782714843750 HTTP/1.1" 200 - "-" "WordPress/7.1; https://heredit.mx"
40.77.167.154 - - [11/Sep/2026:15:53:28 -0400] "GET /dotted=3991400&QBRMo6gi=325535/?a=salsa-timberjack-slx-29-pedal-bike-shop-littleton-colorado-cc-xBe61Vt0 HTTP/1.1" 404 121299 "-" "Mozilla/5.0 AppleWebKit/537.36 (KHTML, like Gecko; compatible; bingbot/2.0; +http://www.bing.com/bingbot.htm) Chrome/116.0.1938.76 Safari/537.36"
66.249.69.102 - - [11/Sep/2026:15:53:45 -0400] "GET /?a=odd-future-royal-blue-taco-tat-t-shirt-hbx-cc-prr3Qxux HTTP/1.1" 200 223771 "-" "Mozilla/5.0 (Linux; Android 6.0.1; Nexus 5X Build/MMB29P) AppleWebKit/537.36 (KHTML, like Gecko) Chrome/153.0.8010.36 Mobile Safari/537.36 (compatible; GoogleOther)"
66.249.69.100 - - [11/Sep/2026:15:53:52 -0400] "GET /sliders/desarrollos/style.css HTTP/1.1" 200 5112 "https://heredit.mx/sliders/desarrollos/index.html" "Mozilla/5.0 (Linux; Android 6.0.1; Nexus 5X Build/MMB29P) AppleWebKit/537.36 (KHTML, like Gecko) Chrome/153.0.8010.36 Mobile Safari/537.36 (compatible; GoogleOther)"
66.249.69.100 - - [11/Sep/2026:15:53:52 -0400] "GET /sliders/desarrollos/style.css HTTP/1.1" 200 5112 "https://heredit.mx/sliders/desarrollos/index.html" "Mozilla/5.0 (Linux; Android 6.0.1; Nexus 5X Build/MMB29P) AppleWebKit/537.36 (KHTML, like Gecko) Chrome/153.0.8010.36 Mobile Safari/537.36 (compatible; GoogleOther)"
173.239.224.5 - - [11/Sep/2026:15:54:08 -0400] "GET /wp-login.php HTTP/1.1" 200 10789 "-" "Mozilla/5.0"
173.239.224.5 - - [11/Sep/2026:15:54:08 -0400] "GET /?author=1 HTTP/1.1" 301 - "-" "Mozilla/5.0"
173.239.224.5 - - [11/Sep/2026:15:54:09 -0400] "GET /?author=2 HTTP/1.1" 200 112988 "-" "Mozilla/5.0"
173.239.224.5 - - [11/Sep/2026:15:54:10 -0400] "GET /?author=3 HTTP/1.1" 404 121299 "-" "Mozilla/5.0"
66.249.69.101 - - [11/Sep/2026:15:54:18 -0400] "GET /?a=broyhill-broyhill-adore-saybrook-rug-big-lots-cc-3P13G0FV HTTP/1.1" 200 223783 "-" "Mozilla/5.0 (Linux; Android 6.0.1; Nexus 5X Build/MMB29P) AppleWebKit/537.36 (KHTML, like Gecko) Chrome/153.0.8010.36 Mobile Safari/537.36 (compatible; GoogleOther)"
199.250.222.155 - - [11/Sep/2026:15:54:51 -0400] "POST /wp-cron.php?doing_wp_cron=1789156491.1248259544372558593750 HTTP/1.1" 200 - "-" "WordPress/7.1; https://heredit.mx"
66.249.69.100 - - [11/Sep/2026:15:54:50 -0400] "GET /?a=perry-s-pizza-clearance-1693279386-cc-axpDybIa HTTP/1.1" 200 223739 "-" "Mozilla/5.0 (Linux; Android 6.0.1; Nexus 5X Build/MMB29P) AppleWebKit/537.36 (KHTML, like Gecko) Chrome/153.0.8010.36 Mobile Safari/537.36 (compatible; Googlebot/2.1; +http://www.google.com/bot.html)"
199.250.222.155 - - [11/Sep/2026:15:55:41 -0400] "POST /wp-cron.php?doing_wp_cron=1789156541.6189839839935302734375 HTTP/1.1" 200 - "-" "WordPress/7.1; https://heredit.mx"
52.167.144.169 - - [11/Sep/2026:15:55:41 -0400] "GET /anastomosis-678988-wPSPAlk/?a=the-negotiable-instruments-act-1881-bare-act-universal-edn-cc-z1EPmvUG HTTP/1.1" 404 121299 "-" "Mozilla/5.0 AppleWebKit/537.36 (KHTML, like Gecko; compatible; bingbot/2.0; +http://www.bing.com/bingbot.htm) Chrome/116.0.1938.76 Safari/537.36"
66.249.69.101 - - [11/Sep/2026:15:55:56 -0400] "GET /?a=broyhill-broyhill-adore-saybrook-rug-big-lots-cc-3P13G0FV HTTP/1.1" 200 223783 "-" "Mozilla/5.0 (Linux; Android 6.0.1; Nexus 5X Build/MMB29P) AppleWebKit/537.36 (KHTML, like Gecko) Chrome/153.0.8010.36 Mobile Safari/537.36 (compatible; Googlebot/2.1; +http://www.google.com/bot.html)"
199.250.222.155 - - [11/Sep/2026:15:56:29 -0400] "POST /wp-cron.php?doing_wp_cron=1789156589.3653960227966308593750 HTTP/1.1" 200 - "-" "WordPress/7.1; https://heredit.mx"
66.249.69.101 - - [11/Sep/2026:15:56:28 -0400] "GET /?a=free-motion-quilting-idea-quilt-book-amanda-murphy-ct11128-cc-yYrkePCo HTTP/1.1" 200 223835 "-" "Mozilla/5.0 (Linux; Android 6.0.1; Nexus 5X Build/MMB29P) AppleWebKit/537.36 (KHTML, like Gecko) Chrome/153.0.8010.36 Mobile Safari/537.36 (compatible; GoogleOther)"
66.249.69.102 - - [11/Sep/2026:15:57:03 -0400] "GET /?a=sailboat-trader-factory-sale-1692415922-cc-dapDN1c2 HTTP/1.1" 200 223759 "-" "Mozilla/5.0 (Linux; Android 6.0.1; Nexus 5X Build/MMB29P) AppleWebKit/537.36 (KHTML, like Gecko) Chrome/153.0.8010.36 Mobile Safari/537.36 (compatible; GoogleOther)"
66.249.69.100 - - [11/Sep/2026:15:57:08 -0400] "GET /wp-content/plugins/elementor/assets/js/text-editor.45609661e409413f1cef.bundle.min.js HTTP/1.1" 200 1348 "https://heredit.mx/?a=sailboat-trader-factory-sale-1692415922-cc-dapDN1c2" "Mozilla/5.0 (Linux; Android 6.0.1; Nexus 5X Build/MMB29P) AppleWebKit/537.36 (KHTML, like Gecko) Chrome/153.0.8010.36 Mobile Safari/537.36 (compatible; GoogleOther)"
199.250.222.155 - - [11/Sep/2026:15:58:11 -0400] "POST /wp-cron.php?doing_wp_cron=1789156691.0102379322052001953125 HTTP/1.1" 200 - "-" "WordPress/7.1; https://heredit.mx"
66.249.69.100 - - [11/Sep/2026:15:58:10 -0400] "GET /?a=fantasy-art-print-19-x13-magic-the-gathering-celtic-cc-Aak0vocw HTTP/1.1" 200 223807 "-" "Mozilla/5.0 (Linux; Android 6.0.1; Nexus 5X Build/MMB29P) AppleWebKit/537.36 (KHTML, like Gecko) Chrome/153.0.8010.36 Mobile Safari/537.36 (compatible; Googlebot/2.1; +http://www.google.com/bot.html)"
52.167.144.169 - - [11/Sep/2026:15:58:18 -0400] "GET /GsNw/eggler397802/?a=reports-on-empower-girls-in-rural-india-to-be-cc-v8kzk8tP HTTP/1.1" 404 121299 "-" "Mozilla/5.0 AppleWebKit/537.36 (KHTML, like Gecko; compatible; bingbot/2.0; +http://www.bing.com/bingbot.htm) Chrome/116.0.1938.76 Safari/537.36"
199.250.222.155 - - [11/Sep/2026:15:58:40 -0400] "POST /wp-cron.php?doing_wp_cron=1789156720.2678389549255371093750 HTTP/1.1" 200 - "-" "WordPress/7.1; https://heredit.mx"
66.249.69.100 - - [11/Sep/2026:15:58:39 -0400] "GET /?a=cycling-holiday-winter-miles-algarve-19-25-november-deposit-cc-qYp6peTd HTTP/1.1" 200 223839 "-" "Mozilla/5.0 (Linux; Android 6.0.1; Nexus 5X Build/MMB29P) AppleWebKit/537.36 (KHTML, like Gecko) Chrome/153.0.8010.36 Mobile Safari/537.36 (compatible; Googlebot/2.1; +http://www.google.com/bot.html)"
66.249.69.100 - - [11/Sep/2026:15:59:12 -0400] "GET /?a=cycling-holiday-winter-miles-algarve-19-25-november-deposit-cc-qYp6peTd HTTP/1.1" 200 223839 "-" "Mozilla/5.0 (Linux; Android 6.0.1; Nexus 5X Build/MMB29P) AppleWebKit/537.36 (KHTML, like Gecko) Chrome/153.0.8010.36 Mobile Safari/537.36 (compatible; GoogleOther)"
199.250.222.155 - - [11/Sep/2026:15:59:34 -0400] "POST /wp-cron.php?doing_wp_cron=1789156774.1365749835968017578125 HTTP/1.1" 200 - "-" "WordPress/7.1; https://heredit.mx"
213.180.203.27 - - [11/Sep/2026:15:59:33 -0400] "GET /robots.txt HTTP/1.1" 200 267 "-" "Mozilla/5.0 (compatible; YandexBot/3.0; +http://yandex.com/bots)"
87.250.224.97 - - [11/Sep/2026:15:59:35 -0400] "GET /?a=mossbud-insulated-reversible-vest-c-QzwkEjCD HTTP/1.1" 200 223731 "-" "Mozilla/5.0 (compatible; YandexBot/3.0; +http://yandex.com/bots)"
66.249.69.101 - - [11/Sep/2026:15:59:45 -0400] "GET /Aequi=850573376&9bJz1N7otm=671339/?a=garmin-fenix-plus-czech-republic-save-51%-cc-ZyLzaTv HTTP/1.1" 404 121299 "-" "Mozilla/5.0 (Linux; Android 6.0.1; Nexus 5X Build/MMB29P) AppleWebKit/537.36 (KHTML, like Gecko) Chrome/153.0.8010.36 Mobile Safari/537.36 (compatible; Googlebot/2.1; +http://www.google.com/bot.html)"
66.249.69.100 - - [11/Sep/2026:16:00:18 -0400] "GET /?a=indonesia-bali-island-bali-nusa-penida-angel-s-billabong-cc-rb73VVi8 HTTP/1.1" 200 223827 "-" "Mozilla/5.0 (Linux; Android 6.0.1; Nexus 5X Build/MMB29P) AppleWebKit/537.36 (KHTML, like Gecko) Chrome/153.0.8010.36 Mobile Safari/537.36 (compatible; Googlebot/2.1; +http://www.google.com/bot.html)"
51.83.9.208 - - [11/Sep/2026:16:00:45 -0400] "GET /robots.txt HTTP/1.1" 200 267 "-" "Mozilla/5.0 (compatible; MJ12bot/v1.4.8; http://mj12bot.com/)"
51.83.9.208 - - [11/Sep/2026:16:00:46 -0400] "GET /?IIAnxF%2Fchiotilla130834%2F83y57qn7y HTTP/1.1" 200 223675 "-" "Mozilla/5.0 (compatible; MJ12bot/v1.4.8; http://mj12bot.com/)"
66.249.69.100 - - [11/Sep/2026:16:00:50 -0400] "GET /?a=indonesia-bali-island-bali-nusa-penida-angel-s-billabong-cc-rb73VVi8 HTTP/1.1" 200 223827 "-" "Mozilla/5.0 (Linux; Android 6.0.1; Nexus 5X Build/MMB29P) AppleWebKit/537.36 (KHTML, like Gecko) Chrome/153.0.8010.36 Mobile Safari/537.36 (compatible; GoogleOther)"
51.83.9.208 - - [11/Sep/2026:16:00:51 -0400] "GET /?angellike=7806675564&zsdIJyOE8R=268032 HTTP/1.1" 200 223719 "-" "Mozilla/5.0 (compatible; MJ12bot/v1.4.8; http://mj12bot.com/)"
51.83.9.208 - - [11/Sep/2026:16:00:53 -0400] "GET /index.php?pickup/T350837 HTTP/1.1" 301 - "-" "Mozilla/5.0 (compatible; MJ12bot/v1.4.8; http://mj12bot.com/)"
51.83.9.208 - - [11/Sep/2026:16:00:55 -0400] "GET /?pickup%2FT350837 HTTP/1.1" 200 223603 "-" "Mozilla/5.0 (compatible; MJ12bot/v1.4.8; http://mj12bot.com/)"
66.249.69.100 - - [11/Sep/2026:16:01:23 -0400] "GET /?a=jimmy-dean-original-pork-sausage-crumbles-case-foodservicedirect-cc-p74yxdIx HTTP/1.1" 200 223859 "-" "Mozilla/5.0 (Linux; Android 6.0.1; Nexus 5X Build/MMB29P) AppleWebKit/537.36 (KHTML, like Gecko) Chrome/153.0.8010.36 Mobile Safari/537.36 (compatible; GoogleOther)"
66.249.69.101 - - [11/Sep/2026:16:01:27 -0400] "GET /wp-content/uploads/2024/06/local-bar.svg HTTP/1.1" 200 460 "https://heredit.mx/sliders/amenidades/interiores.html" "Mozilla/5.0 (Linux; Android 6.0.1; Nexus 5X Build/MMB29P) AppleWebKit/537.36 (KHTML, like Gecko) Chrome/153.0.8010.36 Mobile Safari/537.36 (compatible; GoogleOther)"
66.249.69.100 - - [11/Sep/2026:16:01:56 -0400] "GET /?a=young-couple-love-walking-hugging-meadow-black-white-photo-cc-wVRDPDsM HTTP/1.1" 200 223835 "-" "Mozilla/5.0 (Linux; Android 6.0.1; Nexus 5X Build/MMB29P) AppleWebKit/537.36 (KHTML, like Gecko) Chrome/153.0.8010.36 Mobile Safari/537.36 (compatible; GoogleOther)"
66.249.69.101 - - [11/Sep/2026:16:02:02 -0400] "GET /wp-content/plugins/elementor-pro/assets/css/widget-slides.min.css?ver=4.2.3 HTTP/1.1" 200 2341 "https://heredit.mx/?a=young-couple-love-walking-hugging-meadow-black-white-photo-cc-wVRDPDsM" "Mozilla/5.0 (Linux; Android 6.0.1; Nexus 5X Build/MMB29P) AppleWebKit/537.36 (KHTML, like Gecko) Chrome/153.0.8010.36 Mobile Safari/537.36 (compatible; GoogleOther)"
66.249.69.100 - - [11/Sep/2026:16:02:04 -0400] "GET /wp-content/uploads/2024/06/icon-kids.svg HTTP/1.1" 200 728 "https://heredit.mx/sliders/amenidades/interiores.html" "Mozilla/5.0 (Linux; Android 6.0.1; Nexus 5X Build/MMB29P) AppleWebKit/537.36 (KHTML, like Gecko) Chrome/153.0.8010.36 Mobile Safari/537.36 (compatible; GoogleOther)"
66.249.69.101 - - [11/Sep/2026:16:02:04 -0400] "GET /wp-content/uploads/2024/06/icon-kids.svg HTTP/1.1" 200 728 "https://heredit.mx/sliders/amenidades/interiores-mob.html" "Mozilla/5.0 (Linux; Android 6.0.1; Nexus 5X Build/MMB29P) AppleWebKit/537.36 (KHTML, like Gecko) Chrome/153.0.8010.36 Mobile Safari/537.36 (compatible; GoogleOther)"
199.250.222.155 - - [11/Sep/2026:16:02:31 -0400] "POST /wp-cron.php?doing_wp_cron=1789156951.4826190471649169921875 HTTP/1.1" 200 - "-" "WordPress/7.1; https://heredit.mx"
66.249.69.101 - - [11/Sep/2026:16:02:31 -0400] "GET /?a=jimmy-dean-original-pork-sausage-crumbles-case-foodservicedirect-cc-p74yxdIx HTTP/1.1" 200 223859 "-" "Mozilla/5.0 (Linux; Android 6.0.1; Nexus 5X Build/MMB29P) AppleWebKit/537.36 (KHTML, like Gecko) Chrome/153.0.8010.36 Mobile Safari/537.36 (compatible; Googlebot/2.1; +http://www.google.com/bot.html)"
66.249.69.102 - - [11/Sep/2026:16:03:12 -0400] "GET /?a=maternity-halloween-skeleton-shirt-baby-boy-girl-shirt-cc-ZEqDEOfv HTTP/1.1" 200 223819 "-" "Mozilla/5.0 (Linux; Android 6.0.1; Nexus 5X Build/MMB29P) AppleWebKit/537.36 (KHTML, like Gecko) Chrome/153.0.8010.36 Mobile Safari/537.36 (compatible; GoogleOther)"
66.249.69.100 - - [11/Sep/2026:16:03:15 -0400] "GET /wp-content/uploads/essential-addons-elementor/eael-298.js?ver=1788480000 HTTP/1.1" 200 6552 "https://heredit.mx/?a=maternity-halloween-skeleton-shirt-baby-boy-girl-shirt-cc-ZEqDEOfv" "Mozilla/5.0 (Linux; Android 6.0.1; Nexus 5X Build/MMB29P) AppleWebKit/537.36 (KHTML, like Gecko) Chrome/153.0.8010.36 Mobile Safari/537.36 (compatible; GoogleOther)"
199.250.222.155 - - [11/Sep/2026:16:03:34 -0400] "POST /wp-cron.php?doing_wp_cron=1789157014.7424559593200683593750 HTTP/1.1" 200 - "-" "WordPress/7.1; https://heredit.mx"
66.249.69.101 - - [11/Sep/2026:16:03:34 -0400] "GET /biometry=01&kmccGz=716849 HTTP/1.1" 404 123212 "-" "Mozilla/5.0 (Linux; Android 6.0.1; Nexus 5X Build/MMB29P) AppleWebKit/537.36 (KHTML, like Gecko) Chrome/153.0.8010.36 Mobile Safari/537.36 (compatible; Googlebot/2.1; +http://www.google.com/bot.html)"
66.249.69.102 - - [11/Sep/2026:16:04:07 -0400] "GET /?a=solved-table-data-on-temperature-pressure-relationship-[algebra]-gauthmath-cc-J27QrQF5 HTTP/1.1" 301 - "-" "Mozilla/5.0 (Linux; Android 6.0.1; Nexus 5X Build/MMB29P) AppleWebKit/537.36 (KHTML, like Gecko) Chrome/153.0.8010.36 Mobile Safari/537.36 (compatible; Googlebot/2.1; +http://www.google.com/bot.html)"
66.249.69.100 - - [11/Sep/2026:16:04:08 -0400] "GET /?a=solved-table-data-on-temperature-pressure-relationship-%5Balgebra%5D-gauthmath-cc-J27QrQF5 HTTP/1.1" 200 223915 "-" "Mozilla/5.0 (Linux; Android 6.0.1; Nexus 5X Build/MMB29P) AppleWebKit/537.36 (KHTML, like Gecko) Chrome/153.0.8010.36 Mobile Safari/537.36 (compatible; Googlebot/2.1; +http://www.google.com/bot.html)"
66.249.69.101 - - [11/Sep/2026:16:04:12 -0400] "GET /sliders/desarrollos/script.js HTTP/1.1" 200 2537 "https://heredit.mx/sliders/desarrollos/index.html" "Mozilla/5.0 (Linux; Android 6.0.1; Nexus 5X Build/MMB29P) AppleWebKit/537.36 (KHTML, like Gecko) Chrome/153.0.8010.36 Mobile Safari/537.36 (compatible; Googlebot/2.1; +http://www.google.com/bot.html)"
66.249.69.101 - - [11/Sep/2026:16:04:13 -0400] "GET /sliders/desarrollos/script.js HTTP/1.1" 200 2537 "https://heredit.mx/sliders/desarrollos/index.html" "Mozilla/5.0 (Linux; Android 6.0.1; Nexus 5X Build/MMB29P) AppleWebKit/537.36 (KHTML, like Gecko) Chrome/153.0.8010.36 Mobile Safari/537.36 (compatible; Googlebot/2.1; +http://www.google.com/bot.html)"
199.250.222.155 - - [11/Sep/2026:16:04:40 -0400] "POST /wp-cron.php?doing_wp_cron=1789157080.2842159271240234375000 HTTP/1.1" 200 - "-" "WordPress/7.1; https://heredit.mx"
66.249.69.100 - - [11/Sep/2026:16:04:39 -0400] "GET /?a=maternity-halloween-skeleton-shirt-baby-boy-girl-shirt-cc-ZEqDEOfv HTTP/1.1" 200 223819 "-" "Mozilla/5.0 (Linux; Android 6.0.1; Nexus 5X Build/MMB29P) AppleWebKit/537.36 (KHTML, like Gecko) Chrome/153.0.8010.36 Mobile Safari/537.36 (compatible; Googlebot/2.1; +http://www.google.com/bot.html)"
94.26.106.239 - - [11/Sep/2026:16:05:16 -0400] "GET / HTTP/1.1" 200 391369 "-" "Mozilla/5.0 (compatible; Googlebot/2.1; +http://www.google.com/bot.html)"
40.77.167.235 - - [11/Sep/2026:16:05:25 -0400] "GET /?w=jelenji-rogovi-s-pet-shop-%C5%A0ape-wolt-pp-P222KdHG HTTP/1.1" 301 - "-" "Mozilla/5.0 AppleWebKit/537.36 (KHTML, like Gecko; compatible; bingbot/2.0; +http://www.bing.com/bingbot.htm) Chrome/116.0.1938.76 Safari/537.36"
199.250.222.155 - - [11/Sep/2026:16:05:35 -0400] "POST /wp-cron.php?doing_wp_cron=1789157135.5667281150817871093750 HTTP/1.1" 200 - "-" "WordPress/7.1; https://heredit.mx"
52.167.144.216 - - [11/Sep/2026:16:05:35 -0400] "GET /?w=jelenji-rogovi-s-pet-shop-%C5%A0ape-wolt-pp-P222KdHG HTTP/1.1" 200 112757 "-" "Mozilla/5.0 AppleWebKit/537.36 (KHTML, like Gecko; compatible; bingbot/2.0; +http://www.bing.com/bingbot.htm) Chrome/116.0.1938.76 Safari/537.36"
66.249.69.101 - - [11/Sep/2026:16:05:45 -0400] "GET /?a=adidas-adidas-flashback-runner-energy-aqua-w-db2122-desde-cc-YJq755UM HTTP/1.1" 200 223831 "-" "Mozilla/5.0 (Linux; Android 6.0.1; Nexus 5X Build/MMB29P) AppleWebKit/537.36 (KHTML, like Gecko) Chrome/153.0.8010.36 Mobile Safari/537.36 (compatible; Googlebot/2.1; +http://www.google.com/bot.html)"
66.249.69.100 - - [11/Sep/2026:16:05:51 -0400] "GET /wp-content/uploads/2024/06/facebook.svg HTTP/1.1" 200 567 "https://heredit.mx/?a=adidas-adidas-flashback-runner-energy-aqua-w-db2122-desde-cc-YJq755UM" "Mozilla/5.0 (Linux; Android 6.0.1; Nexus 5X Build/MMB29P) AppleWebKit/537.36 (KHTML, like Gecko) Chrome/153.0.8010.36 Mobile Safari/537.36 (compatible; Googlebot/2.1; +http://www.google.com/bot.html)"
66.249.69.102 - - [11/Sep/2026:16:06:18 -0400] "GET /?a=adidas-adidas-flashback-runner-energy-aqua-w-db2122-desde-cc-YJq755UM HTTP/1.1" 200 223831 "-" "Mozilla/5.0 (Linux; Android 6.0.1; Nexus 5X Build/MMB29P) AppleWebKit/537.36 (KHTML, like Gecko) Chrome/153.0.8010.36 Mobile Safari/537.36 (compatible; GoogleOther)"
199.250.222.155 - - [11/Sep/2026:16:06:39 -0400] "POST /wp-cron.php?doing_wp_cron=1789157199.7296409606933593750000 HTTP/1.1" 200 - "-" "WordPress/7.1; https://heredit.mx"
17.166.232.98 - - [11/Sep/2026:16:06:39 -0400] "GET /robots.txt HTTP/1.1" 200 267 "-" "Mozilla/5.0 (Macintosh; Intel Mac OS X 10_15_7) AppleWebKit/605.1.15 (KHTML, like Gecko) Version/17.4 Safari/605.1.15 (Applebot/0.1; +http://www.apple.com/go/applebot)"
17.166.232.98 - - [11/Sep/2026:16:06:39 -0400] "GET / HTTP/1.1" 200 59621 "-" "Mozilla/5.0 (Macintosh; Intel Mac OS X 10_15_7) AppleWebKit/605.1.15 (KHTML, like Gecko) Version/17.4 Safari/605.1.15 (Applebot/0.1; +http://www.apple.com/go/applebot)"
66.249.69.101 - - [11/Sep/2026:16:06:50 -0400] "GET /?a=empire-true-blue-series-torpedo-beam-level-10-in-cc-0Y2ZgRI1 HTTP/1.1" 200 223795 "-" "Mozilla/5.0 (Linux; Android 6.0.1; Nexus 5X Build/MMB29P) AppleWebKit/537.36 (KHTML, like Gecko) Chrome/153.0.8010.36 Mobile Safari/537.36 (compatible; Googlebot/2.1; +http://www.google.com/bot.html)"
66.249.69.100 - - [11/Sep/2026:16:06:55 -0400] "GET /wp-content/plugins/wpforms/assets/lib/jquery.inputmask.min.js?ver=5.0.9 HTTP/1.1" 200 117412 "https://heredit.mx/?a=empire-true-blue-series-torpedo-beam-level-10-in-cc-0Y2ZgRI1" "Mozilla/5.0 (Linux; Android 6.0.1; Nexus 5X Build/MMB29P) AppleWebKit/537.36 (KHTML, like Gecko) Chrome/153.0.8010.36 Mobile Safari/537.36 (compatible; Googlebot/2.1; +http://www.google.com/bot.html)"
66.249.69.100 - - [11/Sep/2026:16:06:56 -0400] "GET /sliders/descripcion/index.html HTTP/1.1" 200 1413 "https://heredit.mx/?a=empire-true-blue-series-torpedo-beam-level-10-in-cc-0Y2ZgRI1" "Mozilla/5.0 (Linux; Android 6.0.1; Nexus 5X Build/MMB29P) AppleWebKit/537.36 (KHTML, like Gecko) Chrome/153.0.8010.36 Mobile Safari/537.36 (compatible; Googlebot/2.1; +http://www.google.com/bot.html)"
66.249.69.100 - - [11/Sep/2026:16:06:57 -0400] "GET /wp-content/uploads/2024/06/icon-coffee.svg HTTP/1.1" 200 509 "https://heredit.mx/sliders/amenidades/interiores.html" "Mozilla/5.0 (Linux; Android 6.0.1; Nexus 5X Build/MMB29P) AppleWebKit/537.36 (KHTML, like Gecko) Chrome/153.0.8010.36 Mobile Safari/537.36 (compatible; Googlebot/2.1; +http://www.google.com/bot.html)"
66.249.69.100 - - [11/Sep/2026:16:06:57 -0400] "GET /wp-content/uploads/2024/06/icon-coffee.svg HTTP/1.1" 200 509 "https://heredit.mx/sliders/amenidades/interiores-mob.html" "Mozilla/5.0 (Linux; Android 6.0.1; Nexus 5X Build/MMB29P) AppleWebKit/537.36 (KHTML, like Gecko) Chrome/153.0.8010.36 Mobile Safari/537.36 (compatible; Googlebot/2.1; +http://www.google.com/bot.html)"
66.249.69.100 - - [11/Sep/2026:16:06:58 -0400] "GET /sliders/descripcion/style.css HTTP/1.1" 200 1455 "https://heredit.mx/sliders/descripcion/index.html" "Mozilla/5.0 (Linux; Android 6.0.1; Nexus 5X Build/MMB29P) AppleWebKit/537.36 (KHTML, like Gecko) Chrome/153.0.8010.36 Mobile Safari/537.36 (compatible; Googlebot/2.1; +http://www.google.com/bot.html)"
