66.249.68.192 - - [11/Sep/2026:14:33:26 -0400] "GET /wp-content/uploads/elementor/css/post-1208.css?ver=1788480000 HTTP/1.1" 200 38297 "https://heredit.mx/?kral%2F453664" "Mozilla/5.0 (Linux; Android 6.0.1; Nexus 5X Build/MMB29P) AppleWebKit/537.36 (KHTML, like Gecko) Chrome/153.0.8010.36 Mobile Safari/537.36 (compatible; Googlebot/2.1; +http://www.google.com/bot.html)"
199.250.222.155 - - [11/Sep/2026:14:33:59 -0400] "POST /wp-cron.php?doing_wp_cron=1789151639.5239090919494628906250 HTTP/1.1" 200 - "-" "WordPress/7.1; https://heredit.mx"
66.249.68.192 - - [11/Sep/2026:14:33:59 -0400] "GET /?kral%2F453664 HTTP/1.1" 200 223591 "-" "Mozilla/5.0 (Linux; Android 6.0.1; Nexus 5X Build/MMB29P) AppleWebKit/537.36 (KHTML, like Gecko) Chrome/153.0.8010.36 Mobile Safari/537.36 (compatible; GoogleOther)"
199.250.222.155 - - [11/Sep/2026:14:34:38 -0400] "POST /wp-cron.php?doing_wp_cron=1789151678.1208930015563964843750 HTTP/1.1" 200 - "-" "WordPress/7.1; https://heredit.mx"
66.249.68.193 - - [11/Sep/2026:14:34:37 -0400] "GET /?a=detroit-lions-stock-watch-jarrad-davis-excels;-cbs-struggle-cc-8MjxnHx HTTP/1.1" 301 - "-" "Mozilla/5.0 (Linux; Android 6.0.1; Nexus 5X Build/MMB29P) AppleWebKit/537.36 (KHTML, like Gecko) Chrome/153.0.8010.36 Mobile Safari/537.36 (compatible; Googlebot/2.1; +http://www.google.com/bot.html)"
66.249.68.192 - - [11/Sep/2026:14:34:38 -0400] "GET /?a=detroit-lions-stock-watch-jarrad-davis-excels%3B-cbs-struggle-cc-8MjxnHx HTTP/1.1" 200 223839 "-" "Mozilla/5.0 (Linux; Android 6.0.1; Nexus 5X Build/MMB29P) AppleWebKit/537.36 (KHTML, like Gecko) Chrome/153.0.8010.36 Mobile Safari/537.36 (compatible; Googlebot/2.1; +http://www.google.com/bot.html)"
103.218.241.30 - - [11/Sep/2026:14:34:43 -0400] "GET / HTTP/1.1" 200 391369 "-" "Mozilla/5.0 (Windows NT 6.1) AppleWebKit/537.36 (KHTML, like Gecko) Chrome/49.0.2623.112 Safari/537.36"
103.218.241.30 - - [11/Sep/2026:14:34:46 -0400] "GET /wp-content/uploads/2024/05/HereditLogoCompleto-150x150.png HTTP/1.1" 200 2060 "https://heredit.mx" "Mozilla/5.0 (Windows NT 6.1) AppleWebKit/537.36 (KHTML, like Gecko) Chrome/49.0.2623.112 Safari/537.36"
103.218.241.30 - - [11/Sep/2026:14:34:48 -0400] "GET /wp-includes/js/jquery/jquery.min.js?ver=3.7.1 HTTP/1.1" 200 87553 "-" "Mozilla/5.0 (Windows NT 6.1) AppleWebKit/537.36 (KHTML, like Gecko) Chrome/49.0.2623.112 Safari/537.36"
103.218.241.30 - - [11/Sep/2026:14:34:50 -0400] "GET /wp-includes/js/jquery/jquery-migrate.min.js?ver=3.4.1 HTTP/1.1" 200 13577 "-" "Mozilla/5.0 (Windows NT 6.1) AppleWebKit/537.36 (KHTML, like Gecko) Chrome/49.0.2623.112 Safari/537.36"
103.218.241.30 - - [11/Sep/2026:14:34:52 -0400] "GET /wp-content/plugins/premium-addons-for-elementor/assets/frontend/min-js/headroom.min.js?ver=4.11.102 HTTP/1.1" 200 4267 "-" "Mozilla/5.0 (Windows NT 6.1) AppleWebKit/537.36 (KHTML, like Gecko) Chrome/49.0.2623.112 Safari/537.36"
156.225.1.60 - - [11/Sep/2026:14:34:46 -0400] "GET / HTTP/1.1" 200 391369 "-" "Mozilla/5.0 (Windows NT 6.1) AppleWebKit/537.36 (KHTML, like Gecko) Chrome/49.0.2623.112 Safari/537.36"
103.218.241.30 - - [11/Sep/2026:14:34:54 -0400] "GET /wp-content/plugins/elementor/assets/js/webpack.runtime.min.js?ver=4.2.4 HTTP/1.1" 200 5819 "-" "Mozilla/5.0 (Windows NT 6.1) AppleWebKit/537.36 (KHTML, like Gecko) Chrome/49.0.2623.112 Safari/537.36"
103.218.241.30 - - [11/Sep/2026:14:34:55 -0400] "GET /wp-content/plugins/elementor/assets/js/frontend-modules.min.js?ver=4.2.4 HTTP/1.1" 200 50602 "-" "Mozilla/5.0 (Windows NT 6.1) AppleWebKit/537.36 (KHTML, like Gecko) Chrome/49.0.2623.112 Safari/537.36"
103.218.241.30 - - [11/Sep/2026:14:34:57 -0400] "GET /wp-includes/js/jquery/ui/core.min.js?ver=1.14.2 HTTP/1.1" 200 18674 "-" "Mozilla/5.0 (Windows NT 6.1) AppleWebKit/537.36 (KHTML, like Gecko) Chrome/49.0.2623.112 Safari/537.36"
66.249.68.193 - - [11/Sep/2026:14:35:05 -0400] "GET /wp-content/plugins/wpforms/assets/pro/css/fields/layout-screen-small.min.css?ver=1.10.2.1 HTTP/1.1" 200 1664 "https://heredit.mx/?a=detroit-lions-stock-watch-jarrad-davis-excels%3B-cbs-struggle-cc-8MjxnHx" "Mozilla/5.0 (Linux; Android 6.0.1; Nexus 5X Build/MMB29P) AppleWebKit/537.36 (KHTML, like Gecko) Chrome/153.0.8010.36 Mobile Safari/537.36 (compatible; Googlebot/2.1; +http://www.google.com/bot.html)"
66.249.68.192 - - [11/Sep/2026:14:35:13 -0400] "GET /?a=blushing-bride-strawberry-zinfandel-from-wakefield-winery-vinoshipper-cc-DOqOBMTn HTTP/1.1" 200 223879 "-" "Mozilla/5.0 (Linux; Android 6.0.1; Nexus 5X Build/MMB29P) AppleWebKit/537.36 (KHTML, like Gecko) Chrome/153.0.8010.36 Mobile Safari/537.36 (compatible; GoogleOther)"
156.225.1.60 - - [11/Sep/2026:14:35:16 -0400] "GET /wp-content/uploads/2024/05/HereditLogoCompleto-150x150.png HTTP/1.1" 200 2060 "https://heredit.mx" "Mozilla/5.0 (Windows NT 6.1) AppleWebKit/537.36 (KHTML, like Gecko) Chrome/49.0.2623.112 Safari/537.36"
66.249.68.192 - - [11/Sep/2026:14:35:47 -0400] "GET /wp-content/plugins/elementor/assets/css/conditionals/apple-webkit.min.css?ver=4.2.4 HTTP/1.1" 200 6713 "https://heredit.mx/?a=blushing-bride-strawberry-zinfandel-from-wakefield-winery-vinoshipper-cc-DOqOBMTn" "Mozilla/5.0 (Linux; Android 6.0.1; Nexus 5X Build/MMB29P) AppleWebKit/537.36 (KHTML, like Gecko) Chrome/153.0.8010.36 Mobile Safari/537.36 (compatible; GoogleOther)"
66.249.68.192 - - [11/Sep/2026:14:35:48 -0400] "GET /wp-content/uploads/2024/06/icon-gym.svg HTTP/1.1" 200 1254 "https://heredit.mx/sliders/amenidades/interiores.html" "Mozilla/5.0 (Linux; Android 6.0.1; Nexus 5X Build/MMB29P) AppleWebKit/537.36 (KHTML, like Gecko) Chrome/153.0.8010.36 Mobile Safari/537.36 (compatible; GoogleOther)"
66.249.68.192 - - [11/Sep/2026:14:35:49 -0400] "GET /wp-content/uploads/2024/06/icon-gym.svg HTTP/1.1" 200 1254 "https://heredit.mx/sliders/amenidades/interiores-mob.html" "Mozilla/5.0 (Linux; Android 6.0.1; Nexus 5X Build/MMB29P) AppleWebKit/537.36 (KHTML, like Gecko) Chrome/153.0.8010.36 Mobile Safari/537.36 (compatible; GoogleOther)"
199.250.222.155 - - [11/Sep/2026:14:35:51 -0400] "POST /wp-cron.php?doing_wp_cron=1789151751.6674010753631591796875 HTTP/1.1" 200 - "-" "WordPress/7.1; https://heredit.mx"
66.249.68.192 - - [11/Sep/2026:14:35:51 -0400] "GET /?a=blushing-bride-strawberry-zinfandel-from-wakefield-winery-vinoshipper-cc-DOqOBMTn HTTP/1.1" 200 223879 "-" "Mozilla/5.0 (Linux; Android 6.0.1; Nexus 5X Build/MMB29P) AppleWebKit/537.36 (KHTML, like Gecko) Chrome/153.0.8010.36 Mobile Safari/537.36 (compatible; Googlebot/2.1; +http://www.google.com/bot.html)"
199.250.222.155 - - [11/Sep/2026:14:36:32 -0400] "POST /wp-cron.php?doing_wp_cron=1789151792.1482570171356201171875 HTTP/1.1" 200 - "-" "WordPress/7.1; https://heredit.mx"
66.249.68.192 - - [11/Sep/2026:14:36:31 -0400] "GET /?a=franca-seaglass-%E2%80%93-havilah-cc-Od1aq3hw HTTP/1.1" 200 223723 "-" "Mozilla/5.0 (Linux; Android 6.0.1; Nexus 5X Build/MMB29P) AppleWebKit/537.36 (KHTML, like Gecko) Chrome/153.0.8010.36 Mobile Safari/537.36 (compatible; GoogleOther)"
66.249.68.194 - - [11/Sep/2026:14:37:06 -0400] "GET /?a=buy-2021-traje-de-ba%C3%B1o-para-ni%C3%B1as-ladybug-girl-cc-RkMqPou7 HTTP/1.1" 200 223811 "-" "Mozilla/5.0 (Linux; Android 6.0.1; Nexus 5X Build/MMB29P) AppleWebKit/537.36 (KHTML, like Gecko) Chrome/153.0.8010.36 Mobile Safari/537.36 (compatible; Googlebot/2.1; +http://www.google.com/bot.html)"
152.42.176.82 - - [11/Sep/2026:14:37:24 -0400] "POST /wp-json/batch/v1 HTTP/1.1" 207 16 "-" "Mozilla/5.0 (Windows NT 10.0; Win64; x64) AppleWebKit/537.36 (KHTML, like Gecko) Chrome/131.0.0.0 Safari/537.36"
152.42.176.82 - - [11/Sep/2026:14:37:26 -0400] "POST /wp-json/batch/v1 HTTP/1.1" 207 501 "-" "Mozilla/5.0 (Windows NT 10.0; Win64; x64) AppleWebKit/537.36 (KHTML, like Gecko) Chrome/131.0.0.0 Safari/537.36"
152.42.176.82 - - [11/Sep/2026:14:37:27 -0400] "POST /wp-json/batch/v1 HTTP/1.1" 207 501 "-" "Mozilla/5.0 (Windows NT 10.0; Win64; x64) AppleWebKit/537.36 (KHTML, like Gecko) Chrome/131.0.0.0 Safari/537.36"
199.250.222.155 - - [11/Sep/2026:14:37:28 -0400] "POST /wp-cron.php?doing_wp_cron=1789151848.2800040245056152343750 HTTP/1.1" 200 - "-" "WordPress/7.1; https://heredit.mx"
152.42.176.82 - - [11/Sep/2026:14:37:28 -0400] "POST /wp-json/batch/v1 HTTP/1.1" 207 501 "-" "Mozilla/5.0 (Windows NT 10.0; Win64; x64) AppleWebKit/537.36 (KHTML, like Gecko) Chrome/131.0.0.0 Safari/537.36"
152.42.176.82 - - [11/Sep/2026:14:37:29 -0400] "POST /wp-json/batch/v1 HTTP/1.1" 207 501 "-" "Mozilla/5.0 (Windows NT 10.0; Win64; x64) AppleWebKit/537.36 (KHTML, like Gecko) Chrome/131.0.0.0 Safari/537.36"
152.42.176.82 - - [11/Sep/2026:14:37:29 -0400] "POST /wp-json/batch/v1 HTTP/1.1" 207 501 "-" "Mozilla/5.0 (Windows NT 10.0; Win64; x64) AppleWebKit/537.36 (KHTML, like Gecko) Chrome/131.0.0.0 Safari/537.36"
152.42.176.82 - - [11/Sep/2026:14:37:30 -0400] "POST /wp-json/batch/v1 HTTP/1.1" 207 501 "-" "Mozilla/5.0 (Windows NT 10.0; Win64; x64) AppleWebKit/537.36 (KHTML, like Gecko) Chrome/131.0.0.0 Safari/537.36"
66.249.68.193 - - [11/Sep/2026:14:37:43 -0400] "GET /?a=the-most-famous-paintings-by-rene-magritte-by-abderrahim-cc-oPO11QUv HTTP/1.1" 200 223827 "-" "Mozilla/5.0 (Linux; Android 6.0.1; Nexus 5X Build/MMB29P) AppleWebKit/537.36 (KHTML, like Gecko) Chrome/153.0.8010.36 Mobile Safari/537.36 (compatible; Googlebot/2.1; +http://www.google.com/bot.html)"
66.249.68.192 - - [11/Sep/2026:14:38:20 -0400] "GET /?a=the-most-famous-paintings-by-rene-magritte-by-abderrahim-cc-oPO11QUv HTTP/1.1" 200 223827 "-" "Mozilla/5.0 (Linux; Android 6.0.1; Nexus 5X Build/MMB29P) AppleWebKit/537.36 (KHTML, like Gecko) Chrome/153.0.8010.36 Mobile Safari/537.36 (compatible; GoogleOther)"
199.250.222.155 - - [11/Sep/2026:14:38:40 -0400] "POST /wp-cron.php?doing_wp_cron=1789151920.4449000358581542968750 HTTP/1.1" 200 - "-" "WordPress/7.1; https://heredit.mx"
40.77.167.42 - - [11/Sep/2026:14:38:40 -0400] "GET /choroiditis-662762-IATTei/?a=masters-of-the-universe-masterverse-battle-armor-he-man-cc-84BrgOSx HTTP/1.1" 301 - "-" "Mozilla/5.0 AppleWebKit/537.36 (KHTML, like Gecko; compatible; bingbot/2.0; +http://www.bing.com/bingbot.htm) Chrome/116.0.1938.76 Safari/537.36"
66.249.68.192 - - [11/Sep/2026:14:38:58 -0400] "GET /?a=toy-york-terrier-polska-cc-6xOPxmHo HTTP/1.1" 200 223695 "-" "Mozilla/5.0 (Linux; Android 6.0.1; Nexus 5X Build/MMB29P) AppleWebKit/537.36 (KHTML, like Gecko) Chrome/153.0.8010.36 Mobile Safari/537.36 (compatible; GoogleOther)"
199.250.222.155 - - [11/Sep/2026:14:39:36 -0400] "POST /wp-cron.php?doing_wp_cron=1789151976.9560139179229736328125 HTTP/1.1" 200 - "-" "WordPress/7.1; https://heredit.mx"
66.249.68.194 - - [11/Sep/2026:14:39:36 -0400] "GET /?a=toy-york-terrier-polska-cc-6xOPxmHo HTTP/1.1" 200 223695 "-" "Mozilla/5.0 (Linux; Android 6.0.1; Nexus 5X Build/MMB29P) AppleWebKit/537.36 (KHTML, like Gecko) Chrome/153.0.8010.36 Mobile Safari/537.36 (compatible; Googlebot/2.1; +http://www.google.com/bot.html)"
66.249.68.192 - - [11/Sep/2026:14:40:13 -0400] "GET /?a=bolso-bordado-en-punto-de-cruz-hecho-a-mano-cc-07NeoMS1 HTTP/1.1" 200 223775 "-" "Mozilla/5.0 (Linux; Android 6.0.1; Nexus 5X Build/MMB29P) AppleWebKit/537.36 (KHTML, like Gecko) Chrome/153.0.8010.36 Mobile Safari/537.36 (compatible; GoogleOther)"
52.167.144.230 - - [11/Sep/2026:14:40:22 -0400] "GET /anastomosis-678988-wPSPAlk/?a=petmate-booda-dome-cleanstep-litter-box-50022-the-home-cc-vEDdvPIP HTTP/1.1" 301 - "-" "Mozilla/5.0 AppleWebKit/537.36 (KHTML, like Gecko; compatible; bingbot/2.0; +http://www.bing.com/bingbot.htm) Chrome/116.0.1938.76 Safari/537.36"
66.249.68.192 - - [11/Sep/2026:14:40:23 -0400] "GET /wp-content/uploads/2024/06/linkedin.svg HTTP/1.1" 200 850 "https://heredit.mx/?a=bolso-bordado-en-punto-de-cruz-hecho-a-mano-cc-07NeoMS1" "Mozilla/5.0 (Linux; Android 6.0.1; Nexus 5X Build/MMB29P) AppleWebKit/537.36 (KHTML, like Gecko) Chrome/153.0.8010.36 Mobile Safari/537.36 (compatible; GoogleOther)"
199.250.222.155 - - [11/Sep/2026:14:40:45 -0400] "POST /wp-cron.php?doing_wp_cron=1789152045.6121199131011962890625 HTTP/1.1" 200 - "-" "WordPress/7.1; https://heredit.mx"
52.167.144.222 - - [11/Sep/2026:14:40:45 -0400] "GET /kuskite-68219-VeTrbA/?a=2005-honda-cr-v-ex-automatic-suv-c-KZnnzUQ HTTP/1.1" 404 121299 "-" "Mozilla/5.0 AppleWebKit/537.36 (KHTML, like Gecko; compatible; bingbot/2.0; +http://www.bing.com/bingbot.htm) Chrome/116.0.1938.76 Safari/537.36"
66.249.68.192 - - [11/Sep/2026:14:40:50 -0400] "GET /?a=bolso-bordado-en-punto-de-cruz-hecho-a-mano-cc-07NeoMS1 HTTP/1.1" 200 223775 "-" "Mozilla/5.0 (Linux; Android 6.0.1; Nexus 5X Build/MMB29P) AppleWebKit/537.36 (KHTML, like Gecko) Chrome/153.0.8010.36 Mobile Safari/537.36 (compatible; Googlebot/2.1; +http://www.google.com/bot.html)"
52.167.144.222 - - [11/Sep/2026:14:41:05 -0400] "GET /kuskite-68219-VeTrbA/?a=2005-honda-cr-v-ex-automatic-suv-c-KZnnzUQ HTTP/1.1" 404 121299 "-" "Mozilla/5.0 AppleWebKit/537.36 (KHTML, like Gecko; compatible; bingbot/2.0; +http://www.bing.com/bingbot.htm) Chrome/116.0.1938.76 Safari/537.36"
199.250.222.155 - - [11/Sep/2026:14:42:05 -0400] "POST /wp-cron.php?doing_wp_cron=1789152125.8747389316558837890625 HTTP/1.1" 200 - "-" "WordPress/7.1; https://heredit.mx"
66.249.68.194 - - [11/Sep/2026:14:42:05 -0400] "GET /?a=antique-alive-carved-wood-table-lamp-handmade-traditional-korean-cc-mLkp0Ys2 HTTP/1.1" 200 223859 "-" "Mozilla/5.0 (Linux; Android 6.0.1; Nexus 5X Build/MMB29P) AppleWebKit/537.36 (KHTML, like Gecko) Chrome/153.0.8010.36 Mobile Safari/537.36 (compatible; GoogleOther)"
66.249.68.192 - - [11/Sep/2026:14:42:11 -0400] "GET /wp-content/uploads/essential-addons-elementor/eael-298.css?ver=1788480000 HTTP/1.1" 200 14460 "https://heredit.mx/?a=antique-alive-carved-wood-table-lamp-handmade-traditional-korean-cc-mLkp0Ys2" "Mozilla/5.0 (Linux; Android 6.0.1; Nexus 5X Build/MMB29P) AppleWebKit/537.36 (KHTML, like Gecko) Chrome/153.0.8010.36 Mobile Safari/537.36 (compatible; GoogleOther)"
66.249.68.193 - - [11/Sep/2026:14:42:12 -0400] "GET /wp-content/plugins/wpforms/assets/lib/jquery.inputmask.min.js?ver=5.0.9 HTTP/1.1" 200 117412 "https://heredit.mx/?a=antique-alive-carved-wood-table-lamp-handmade-traditional-korean-cc-mLkp0Ys2" "Mozilla/5.0 (Linux; Android 6.0.1; Nexus 5X Build/MMB29P) AppleWebKit/537.36 (KHTML, like Gecko) Chrome/153.0.8010.36 Mobile Safari/537.36 (compatible; GoogleOther)"
52.167.144.25 - - [11/Sep/2026:14:42:22 -0400] "GET /coelomic-763329-XEZTlbYvaU/10455878844/?a=champions-league-final-big-screen-liverpool-c-YDDqmpfM HTTP/1.1" 404 121299 "-" "Mozilla/5.0 AppleWebKit/537.36 (KHTML, like Gecko; compatible; bingbot/2.0; +http://www.bing.com/bingbot.htm) Chrome/116.0.1938.76 Safari/537.36"
199.250.222.155 - - [11/Sep/2026:14:42:44 -0400] "POST /wp-cron.php?doing_wp_cron=1789152164.4068720340728759765625 HTTP/1.1" 200 - "-" "WordPress/7.1; https://heredit.mx"
66.249.68.192 - - [11/Sep/2026:14:42:43 -0400] "GET /?a=baby-first-year-picture-insert-personalized-with-any-name-cc-mwMVn7s2 HTTP/1.1" 200 223831 "-" "Mozilla/5.0 (Linux; Android 6.0.1; Nexus 5X Build/MMB29P) AppleWebKit/537.36 (KHTML, like Gecko) Chrome/153.0.8010.36 Mobile Safari/537.36 (compatible; Googlebot/2.1; +http://www.google.com/bot.html)"
52.167.144.222 - - [11/Sep/2026:14:42:56 -0400] "GET /dipnoan-636567-XAqgHnQ/?a=university-of-st-andrews-pgcert-in-the-psychology-of-cc-b5pABt7 HTTP/1.1" 404 121299 "-" "Mozilla/5.0 AppleWebKit/537.36 (KHTML, like Gecko; compatible; bingbot/2.0; +http://www.bing.com/bingbot.htm) Chrome/116.0.1938.76 Safari/537.36"
66.249.68.192 - - [11/Sep/2026:14:43:02 -0400] "GET /wp-content/uploads/elementor/css/post-1208.css?ver=1788480000 HTTP/1.1" 200 38297 "https://heredit.mx/?a=baby-first-year-picture-insert-personalized-with-any-name-cc-mwMVn7s2" "Mozilla/5.0 (Linux; Android 6.0.1; Nexus 5X Build/MMB29P) AppleWebKit/537.36 (KHTML, like Gecko) Chrome/153.0.8010.36 Mobile Safari/537.36 (compatible; Googlebot/2.1; +http://www.google.com/bot.html)"
130.195.243.20 - - [11/Sep/2026:14:42:59 -0400] "GET / HTTP/1.0" 200 391369 "https://heredit.mx/" "Mozilla/5.0 (Windows NT 10.0; Win64; x64) AppleWebKit/537.36 (KHTML, like Gecko) Chrome/130.0.0.0 Safari/537.36"
130.195.243.20 - - [11/Sep/2026:14:43:06 -0400] "GET /wp-login.php?action=register HTTP/1.0" 302 - "https://heredit.mx/wp-login.php?action=register" "Mozilla/5.0 (Windows NT 10.0; Win64; x64) AppleWebKit/537.36 (KHTML, like Gecko) Chrome/130.0.0.0 Safari/537.36"
130.195.243.20 - - [11/Sep/2026:14:43:07 -0400] "GET /wp-login.php?registration=disabled HTTP/1.0" 200 10992 "https://heredit.mx/wp-login.php?registration=disabled" "Mozilla/5.0 (Windows NT 10.0; Win64; x64) AppleWebKit/537.36 (KHTML, like Gecko) Chrome/130.0.0.0 Safari/537.36"
66.249.68.192 - - [11/Sep/2026:14:43:20 -0400] "GET /?a=rainbow-latch-hook-kit-cc-dGpqZxc2 HTTP/1.1" 200 223691 "-" "Mozilla/5.0 (Linux; Android 6.0.1; Nexus 5X Build/MMB29P) AppleWebKit/537.36 (KHTML, like Gecko) Chrome/153.0.8010.36 Mobile Safari/537.36 (compatible; Googlebot/2.1; +http://www.google.com/bot.html)"
66.249.68.192 - - [11/Sep/2026:14:43:23 -0400] "GET /wp-content/uploads/elementor/css/post-1738.css?ver=1788480000 HTTP/1.1" 200 1635 "https://heredit.mx/?a=rainbow-latch-hook-kit-cc-dGpqZxc2" "Mozilla/5.0 (Linux; Android 6.0.1; Nexus 5X Build/MMB29P) AppleWebKit/537.36 (KHTML, like Gecko) Chrome/153.0.8010.36 Mobile Safari/537.36 (compatible; Googlebot/2.1; +http://www.google.com/bot.html)"
66.249.68.192 - - [11/Sep/2026:14:43:23 -0400] "GET /wp-content/plugins/wpforms/assets/js/frontend/wpforms.min.js?ver=1.10.2.1 HTTP/1.1" 200 54683 "https://heredit.mx/?a=rainbow-latch-hook-kit-cc-dGpqZxc2" "Mozilla/5.0 (Linux; Android 6.0.1; Nexus 5X Build/MMB29P) AppleWebKit/537.36 (KHTML, like Gecko) Chrome/153.0.8010.36 Mobile Safari/537.36 (compatible; Googlebot/2.1; +http://www.google.com/bot.html)"
62.113.113.162 - - [11/Sep/2026:14:43:46 -0400] "GET / HTTP/1.0" 200 391369 "https://heredit.mx/" "Mozilla/5.0 (Windows NT 10.0; Win64; x64) AppleWebKit/537.36 (KHTML, like Gecko) Chrome/131.0.0.0 Safari/537.36"
62.113.113.162 - - [11/Sep/2026:14:43:55 -0400] "POST /wp-admin/admin-ajax.php HTTP/1.0" 200 666 "https://heredit.mx/" "Mozilla/5.0 (Windows NT 10.0; Win64; x64) AppleWebKit/537.36 (KHTML, like Gecko) Chrome/131.0.0.0 Safari/537.36"
66.249.68.192 - - [11/Sep/2026:14:43:57 -0400] "GET /?a=chicken-summer-sausage-poland-save-32%-cc-b4YL6aC7 HTTP/1.1" 301 - "-" "Mozilla/5.0 (Linux; Android 6.0.1; Nexus 5X Build/MMB29P) AppleWebKit/537.36 (KHTML, like Gecko) Chrome/153.0.8010.36 Mobile Safari/537.36 (compatible; GoogleOther)"
66.249.68.192 - - [11/Sep/2026:14:43:57 -0400] "GET /?a=chicken-summer-sausage-poland-save-32%25-cc-b4YL6aC7 HTTP/1.1" 200 223759 "-" "Mozilla/5.0 (Linux; Android 6.0.1; Nexus 5X Build/MMB29P) AppleWebKit/537.36 (KHTML, like Gecko) Chrome/153.0.8010.36 Mobile Safari/537.36 (compatible; GoogleOther)"
52.167.144.222 - - [11/Sep/2026:14:44:04 -0400] "GET /brochure/heredit-BROCHURE.pdf HTTP/1.1" 404 123212 "-" "Mozilla/5.0 AppleWebKit/537.36 (KHTML, like Gecko; compatible; bingbot/2.0; +http://www.bing.com/bingbot.htm) Chrome/116.0.1938.76 Safari/537.36"
199.250.222.155 - - [11/Sep/2026:14:44:37 -0400] "POST /wp-cron.php?doing_wp_cron=1789152277.2378671169281005859375 HTTP/1.1" 200 - "-" "WordPress/7.1; https://heredit.mx"
66.249.68.193 - - [11/Sep/2026:14:44:36 -0400] "GET /?a=ocean-royale-juno-beach-homes-for-sale-echo-fine-cc-rOa6ZI8 HTTP/1.1" 200 223791 "-" "Mozilla/5.0 (Linux; Android 6.0.1; Nexus 5X Build/MMB29P) AppleWebKit/537.36 (KHTML, like Gecko) Chrome/153.0.8010.36 Mobile Safari/537.36 (compatible; Googlebot/2.1; +http://www.google.com/bot.html)"
66.249.68.192 - - [11/Sep/2026:14:44:42 -0400] "GET /wp-content/uploads/2024/05/linea-etica.svg HTTP/1.1" 200 5523 "https://heredit.mx/?a=ocean-royale-juno-beach-homes-for-sale-echo-fine-cc-rOa6ZI8" "Mozilla/5.0 (Linux; Android 6.0.1; Nexus 5X Build/MMB29P) AppleWebKit/537.36 (KHTML, like Gecko) Chrome/153.0.8010.36 Mobile Safari/537.36 (compatible; Googlebot/2.1; +http://www.google.com/bot.html)"
66.249.68.192 - - [11/Sep/2026:14:44:42 -0400] "GET /sliders/amenidades/interiores.html HTTP/1.1" 200 3655 "https://heredit.mx/?a=ocean-royale-juno-beach-homes-for-sale-echo-fine-cc-rOa6ZI8" "Mozilla/5.0 (Linux; Android 6.0.1; Nexus 5X Build/MMB29P) AppleWebKit/537.36 (KHTML, like Gecko) Chrome/153.0.8010.36 Mobile Safari/537.36 (compatible; Googlebot/2.1; +http://www.google.com/bot.html)"
66.249.68.192 - - [11/Sep/2026:14:44:42 -0400] "GET /wp-content/uploads/2024/06/icon-build.svg HTTP/1.1" 200 4839 "https://heredit.mx/sliders/descripcion/index.html" "Mozilla/5.0 (Linux; Android 6.0.1; Nexus 5X Build/MMB29P) AppleWebKit/537.36 (KHTML, like Gecko) Chrome/153.0.8010.36 Mobile Safari/537.36 (compatible; Googlebot/2.1; +http://www.google.com/bot.html)"
66.249.68.193 - - [11/Sep/2026:14:44:42 -0400] "GET /wp-content/uploads/2024/06/cuarto-de-servicio.svg HTTP/1.1" 200 1902 "https://heredit.mx/sliders/cards/index.html" "Mozilla/5.0 (Linux; Android 6.0.1; Nexus 5X Build/MMB29P) AppleWebKit/537.36 (KHTML, like Gecko) Chrome/153.0.8010.36 Mobile Safari/537.36 (compatible; Googlebot/2.1; +http://www.google.com/bot.html)"
66.249.68.192 - - [11/Sep/2026:14:44:45 -0400] "GET /wp-content/plugins/elementor/assets/lib/dialog/dialog.min.js?ver=4.9.3 HTTP/1.1" 200 11622 "https://heredit.mx/?a=ocean-royale-juno-beach-homes-for-sale-echo-fine-cc-rOa6ZI8" "Mozilla/5.0 (Linux; Android 6.0.1; Nexus 5X Build/MMB29P) AppleWebKit/537.36 (KHTML, like Gecko) Chrome/153.0.8010.36 Mobile Safari/537.36 (compatible; Googlebot/2.1; +http://www.google.com/bot.html)"
199.250.222.155 - - [11/Sep/2026:14:45:38 -0400] "POST /wp-cron.php?doing_wp_cron=1789152338.2199499607086181640625 HTTP/1.1" 200 - "-" "WordPress/7.1; https://heredit.mx"
66.249.68.192 - - [11/Sep/2026:14:45:37 -0400] "GET /?a=ocean-royale-juno-beach-homes-for-sale-echo-fine-cc-rOa6ZI8 HTTP/1.1" 200 223791 "-" "Mozilla/5.0 (Linux; Android 6.0.1; Nexus 5X Build/MMB29P) AppleWebKit/537.36 (KHTML, like Gecko) Chrome/153.0.8010.36 Mobile Safari/537.36 (compatible; GoogleOther)"
66.249.68.192 - - [11/Sep/2026:14:46:05 -0400] "GET /wp-content/plugins/elementor/assets/js/frontend-modules.min.js?ver=4.2.4 HTTP/1.1" 200 50602 "https://heredit.mx/?a=ocean-royale-juno-beach-homes-for-sale-echo-fine-cc-rOa6ZI8" "Mozilla/5.0 (Linux; Android 6.0.1; Nexus 5X Build/MMB29P) AppleWebKit/537.36 (KHTML, like Gecko) Chrome/153.0.8010.36 Mobile Safari/537.36 (compatible; GoogleOther)"
66.249.68.194 - - [11/Sep/2026:14:46:07 -0400] "GET /wp-content/uploads/2024/06/icon-kids.svg HTTP/1.1" 200 728 "https://heredit.mx/sliders/amenidades/interiores.html" "Mozilla/5.0 (Linux; Android 6.0.1; Nexus 5X Build/MMB29P) AppleWebKit/537.36 (KHTML, like Gecko) Chrome/153.0.8010.36 Mobile Safari/537.36 (compatible; GoogleOther)"
66.249.68.194 - - [11/Sep/2026:14:46:07 -0400] "GET /wp-content/uploads/2024/06/icon-kids.svg HTTP/1.1" 200 728 "https://heredit.mx/sliders/amenidades/interiores-mob.html" "Mozilla/5.0 (Linux; Android 6.0.1; Nexus 5X Build/MMB29P) AppleWebKit/537.36 (KHTML, like Gecko) Chrome/153.0.8010.36 Mobile Safari/537.36 (compatible; GoogleOther)"
199.250.222.155 - - [11/Sep/2026:14:46:41 -0400] "POST /wp-cron.php?doing_wp_cron=1789152401.0392301082611083984375 HTTP/1.1" 200 - "-" "WordPress/7.1; https://heredit.mx"
66.249.68.192 - - [11/Sep/2026:14:46:40 -0400] "GET /?a=coffee-beans-ice-cream-packaging-designplastic-stock-vector-royalty-cc-m0bgNC2 HTTP/1.1" 200 223867 "-" "Mozilla/5.0 (Linux; Android 6.0.1; Nexus 5X Build/MMB29P) AppleWebKit/537.36 (KHTML, like Gecko) Chrome/153.0.8010.36 Mobile Safari/537.36 (compatible; Googlebot/2.1; +http://www.google.com/bot.html)"
66.249.68.192 - - [11/Sep/2026:14:46:50 -0400] "GET /wp-content/plugins/elementor/assets/css/conditionals/apple-webkit.min.css?ver=4.2.4 HTTP/1.1" 200 6713 "https://heredit.mx/?a=chicken-summer-sausage-poland-save-32%25-cc-b4YL6aC7" "Mozilla/5.0 (Linux; Android 6.0.1; Nexus 5X Build/MMB29P) AppleWebKit/537.36 (KHTML, like Gecko) Chrome/153.0.8010.36 Mobile Safari/537.36 (compatible; GoogleOther)"
199.250.222.155 - - [11/Sep/2026:14:47:43 -0400] "POST /wp-cron.php?doing_wp_cron=1789152463.6669230461120605468750 HTTP/1.1" 200 - "-" "WordPress/7.1; https://heredit.mx"
66.249.68.192 - - [11/Sep/2026:14:47:43 -0400] "GET /?a=bowl-the-great-wave-5-cc-LLY4JBC8 HTTP/1.1" 200 223687 "-" "Mozilla/5.0 (Linux; Android 6.0.1; Nexus 5X Build/MMB29P) AppleWebKit/537.36 (KHTML, like Gecko) Chrome/153.0.8010.36 Mobile Safari/537.36 (compatible; Googlebot/2.1; +http://www.google.com/bot.html)"
66.249.68.192 - - [11/Sep/2026:14:48:44 -0400] "GET /wp-content/plugins/premium-addons-for-elementor/assets/frontend/min-js/lottie.min.js?ver=4.11.102 HTTP/1.1" 200 257697 "https://heredit.mx/?a=bowl-the-great-wave-5-cc-LLY4JBC8" "Mozilla/5.0 (Linux; Android 6.0.1; Nexus 5X Build/MMB29P) AppleWebKit/537.36 (KHTML, like Gecko) Chrome/153.0.8010.36 Mobile Safari/537.36 (compatible; Googlebot/2.1; +http://www.google.com/bot.html)"
66.249.68.194 - - [11/Sep/2026:14:48:45 -0400] "GET /wp-content/plugins/elementor/assets/js/text-editor.45609661e409413f1cef.bundle.min.js HTTP/1.1" 200 1348 "https://heredit.mx/?a=bowl-the-great-wave-5-cc-LLY4JBC8" "Mozilla/5.0 (Linux; Android 6.0.1; Nexus 5X Build/MMB29P) AppleWebKit/537.36 (KHTML, like Gecko) Chrome/153.0.8010.36 Mobile Safari/537.36 (compatible; Googlebot/2.1; +http://www.google.com/bot.html)"
199.250.222.155 - - [11/Sep/2026:14:48:46 -0400] "POST /wp-cron.php?doing_wp_cron=1789152526.0157070159912109375000 HTTP/1.1" 200 - "-" "WordPress/7.1; https://heredit.mx"
66.249.68.193 - - [11/Sep/2026:14:48:45 -0400] "GET /?a=bowl-the-great-wave-5-cc-LLY4JBC8 HTTP/1.1" 200 223687 "-" "Mozilla/5.0 (Linux; Android 6.0.1; Nexus 5X Build/MMB29P) AppleWebKit/537.36 (KHTML, like Gecko) Chrome/153.0.8010.36 Mobile Safari/537.36 (compatible; GoogleOther)"
66.249.68.192 - - [11/Sep/2026:14:49:07 -0400] "GET /wp-content/uploads/2024/06/linkedin.svg HTTP/1.1" 200 850 "https://heredit.mx/?a=bowl-the-great-wave-5-cc-LLY4JBC8" "Mozilla/5.0 (Linux; Android 6.0.1; Nexus 5X Build/MMB29P) AppleWebKit/537.36 (KHTML, like Gecko) Chrome/153.0.8010.36 Mobile Safari/537.36 (compatible; GoogleOther)"
199.250.222.155 - - [11/Sep/2026:14:49:48 -0400] "POST /wp-cron.php?doing_wp_cron=1789152588.7888669967651367187500 HTTP/1.1" 200 - "-" "WordPress/7.1; https://heredit.mx"
66.249.68.192 - - [11/Sep/2026:14:49:48 -0400] "GET /?a=shop-casio-alarm-wake-up-timer-analog-clock-silver-cc-YPK16QFM HTTP/1.1" 200 223803 "-" "Mozilla/5.0 (Linux; Android 6.0.1; Nexus 5X Build/MMB29P) AppleWebKit/537.36 (KHTML, like Gecko) Chrome/153.0.8010.36 Mobile Safari/537.36 (compatible; Googlebot/2.1; +http://www.google.com/bot.html)"
199.250.222.155 - - [11/Sep/2026:14:50:51 -0400] "POST /wp-cron.php?doing_wp_cron=1789152651.3039269447326660156250 HTTP/1.1" 200 - "-" "WordPress/7.1; https://heredit.mx"
66.249.69.102 - - [11/Sep/2026:14:50:50 -0400] "GET /?a=sailboat-trader-factory-sale-1692415922-cc-dapDN1c2 HTTP/1.1" 200 223759 "-" "Mozilla/5.0 (Linux; Android 6.0.1; Nexus 5X Build/MMB29P) AppleWebKit/537.36 (KHTML, like Gecko) Chrome/153.0.8010.36 Mobile Safari/537.36 (compatible; Googlebot/2.1; +http://www.google.com/bot.html)"
66.249.69.102 - - [11/Sep/2026:14:51:12 -0400] "GET /wp-content/plugins/elementor/assets/css/frontend.min.css?ver=4.2.4 HTTP/1.1" 200 54666 "https://heredit.mx/?a=sailboat-trader-factory-sale-1692415922-cc-dapDN1c2" "Mozilla/5.0 (Linux; Android 6.0.1; Nexus 5X Build/MMB29P) AppleWebKit/537.36 (KHTML, like Gecko) Chrome/153.0.8010.36 Mobile Safari/537.36 (compatible; Googlebot/2.1; +http://www.google.com/bot.html)"
66.249.69.100 - - [11/Sep/2026:14:51:53 -0400] "GET /?a=chica-con-disfraz-halloween-ilustraci%C3%B3n-dise%C3%B1o-stock-vector-by-cc-KKYb3viQ HTTP/1.1" 200 223875 "-" "Mozilla/5.0 (Linux; Android 6.0.1; Nexus 5X Build/MMB29P) AppleWebKit/537.36 (KHTML, like Gecko) Chrome/153.0.8010.36 Mobile Safari/537.36 (compatible; GoogleOther)"
66.249.69.101 - - [11/Sep/2026:14:52:58 -0400] "GET /?a=chica-con-disfraz-halloween-ilustraci%C3%B3n-dise%C3%B1o-stock-vector-by-cc-KKYb3viQ HTTP/1.1" 200 223875 "-" "Mozilla/5.0 (Linux; Android 6.0.1; Nexus 5X Build/MMB29P) AppleWebKit/537.36 (KHTML, like Gecko) Chrome/153.0.8010.36 Mobile Safari/537.36 (compatible; Googlebot/2.1; +http://www.google.com/bot.html)"
199.250.222.155 - - [11/Sep/2026:14:55:02 -0400] "POST /wp-cron.php?doing_wp_cron=1789152902.6530380249023437500000 HTTP/1.1" 200 - "-" "WordPress/7.1; https://heredit.mx"
66.249.69.102 - - [11/Sep/2026:14:55:01 -0400] "GET /?a=sterling-silver-cufflinks-in-kinloch-anderson-cc-NB6PRkt7 HTTP/1.1" 200 223783 "-" "Mozilla/5.0 (Linux; Android 6.0.1; Nexus 5X Build/MMB29P) AppleWebKit/537.36 (KHTML, like Gecko) Chrome/153.0.8010.36 Mobile Safari/537.36 (compatible; Googlebot/2.1; +http://www.google.com/bot.html)"
199.250.222.155 - - [11/Sep/2026:14:56:04 -0400] "POST /wp-cron.php?doing_wp_cron=1789152964.1855950355529785156250 HTTP/1.1" 200 - "-" "WordPress/7.1; https://heredit.mx"
66.249.69.100 - - [11/Sep/2026:14:56:03 -0400] "GET /hinderlands=457826373&oSAHt9V=471565/?a=shox-leather-trainers-cc-NgEd3YT7 HTTP/1.1" 404 121299 "-" "Mozilla/5.0 (Linux; Android 6.0.1; Nexus 5X Build/MMB29P) AppleWebKit/537.36 (KHTML, like Gecko) Chrome/153.0.8010.36 Mobile Safari/537.36 (compatible; Googlebot/2.1; +http://www.google.com/bot.html)"
199.250.222.155 - - [11/Sep/2026:14:57:06 -0400] "POST /wp-cron.php?doing_wp_cron=1789153026.8425910472869873046875 HTTP/1.1" 200 - "-" "WordPress/7.1; https://heredit.mx"
66.249.69.102 - - [11/Sep/2026:14:57:06 -0400] "GET /hinderlands=457826373&oSAHt9V=471565/?a=shox-leather-trainers-cc-NgEd3YT7 HTTP/1.1" 404 121299 "-" "Mozilla/5.0 (Linux; Android 6.0.1; Nexus 5X Build/MMB29P) AppleWebKit/537.36 (KHTML, like Gecko) Chrome/153.0.8010.36 Mobile Safari/537.36 (compatible; GoogleOther)"
199.250.222.155 - - [11/Sep/2026:14:57:43 -0400] "POST /wp-cron.php?doing_wp_cron=1789153063.3458440303802490234375 HTTP/1.1" 200 - "-" "WordPress/7.1; https://heredit.mx"
52.167.144.215 - - [11/Sep/2026:14:57:43 -0400] "GET /?w=piedra-pa-buzones-y-otros-proyectos-for-sale-in-pp-7JPwY6Se HTTP/1.1" 301 - "-" "Mozilla/5.0 AppleWebKit/537.36 (KHTML, like Gecko; compatible; bingbot/2.0; +http://www.bing.com/bingbot.htm) Chrome/116.0.1938.76 Safari/537.36"
52.167.144.165 - - [11/Sep/2026:14:57:45 -0400] "GET /?w=piedra-pa-buzones-y-otros-proyectos-for-sale-in-pp-7JPwY6Se HTTP/1.1" 200 112757 "-" "Mozilla/5.0 AppleWebKit/537.36 (KHTML, like Gecko; compatible; bingbot/2.0; +http://www.bing.com/bingbot.htm) Chrome/116.0.1938.76 Safari/537.36"
66.249.69.101 - - [11/Sep/2026:14:58:09 -0400] "GET /?a=best-nepalese-restaurants-in-fresno-ca-cc-j8bjyBIO HTTP/1.1" 200 223755 "-" "Mozilla/5.0 (Linux; Android 6.0.1; Nexus 5X Build/MMB29P) AppleWebKit/537.36 (KHTML, like Gecko) Chrome/153.0.8010.36 Mobile Safari/537.36 (compatible; Googlebot/2.1; +http://www.google.com/bot.html)"
66.249.69.101 - - [11/Sep/2026:14:58:19 -0400] "GET /sliders/cercanias/script.js HTTP/1.1" 200 2513 "https://heredit.mx/sliders/cercanias/index.html" "Mozilla/5.0 (Linux; Android 6.0.1; Nexus 5X Build/MMB29P) AppleWebKit/537.36 (KHTML, like Gecko) Chrome/153.0.8010.36 Mobile Safari/537.36 (compatible; Googlebot/2.1; +http://www.google.com/bot.html)"
199.250.222.155 - - [11/Sep/2026:14:58:38 -0400] "POST /wp-cron.php?doing_wp_cron=1789153118.0725629329681396484375 HTTP/1.1" 200 - "-" "WordPress/7.1; https://heredit.mx"
40.77.167.48 - - [11/Sep/2026:14:58:37 -0400] "GET /predeny-767756-KqPldNSR/?a=slow-death-by-rubber-duck-cc-28GmzbUw HTTP/1.1" 301 - "-" "Mozilla/5.0 AppleWebKit/537.36 (KHTML, like Gecko; compatible; bingbot/2.0; +http://www.bing.com/bingbot.htm) Chrome/116.0.1938.76 Safari/537.36"
66.249.69.100 - - [11/Sep/2026:14:59:11 -0400] "GET /?a=best-nepalese-restaurants-in-fresno-ca-cc-j8bjyBIO HTTP/1.1" 200 223755 "-" "Mozilla/5.0 (Linux; Android 6.0.1; Nexus 5X Build/MMB29P) AppleWebKit/537.36 (KHTML, like Gecko) Chrome/153.0.8010.36 Mobile Safari/537.36 (compatible; GoogleOther)"
66.249.69.100 - - [11/Sep/2026:15:00:14 -0400] "GET /?a=gem-keyboard-c-a4Pyb1Fa HTTP/1.1" 200 223647 "-" "Mozilla/5.0 (Linux; Android 6.0.1; Nexus 5X Build/MMB29P) AppleWebKit/537.36 (KHTML, like Gecko) Chrome/153.0.8010.36 Mobile Safari/537.36 (compatible; Googlebot/2.1; +http://www.google.com/bot.html)"
199.250.222.155 - - [11/Sep/2026:15:00:43 -0400] "POST /wp-cron.php?doing_wp_cron=1789153243.3285501003265380859375 HTTP/1.1" 200 - "-" "WordPress/7.1; https://heredit.mx"
52.167.144.165 - - [11/Sep/2026:15:00:42 -0400] "GET /consociation-5540-vScJbq/?a=puma-mostro-perforated-leather-sneakers-in-white-for-men-cc-5PgzYLtn HTTP/1.1" 404 121299 "-" "Mozilla/5.0 AppleWebKit/537.36 (KHTML, like Gecko; compatible; bingbot/2.0; +http://www.bing.com/bingbot.htm) Chrome/116.0.1938.76 Safari/537.36"
66.249.69.101 - - [11/Sep/2026:15:01:17 -0400] "GET /?a=gem-keyboard-c-a4Pyb1Fa HTTP/1.1" 200 223647 "-" "Mozilla/5.0 (Linux; Android 6.0.1; Nexus 5X Build/MMB29P) AppleWebKit/537.36 (KHTML, like Gecko) Chrome/153.0.8010.36 Mobile Safari/537.36 (compatible; GoogleOther)"
66.249.69.102 - - [11/Sep/2026:15:02:19 -0400] "GET /?a=play-day-round-inflatable-rainbow-play-center-ages-up-cc-qorP4qhd HTTP/1.1" 200 223815 "-" "Mozilla/5.0 (Linux; Android 6.0.1; Nexus 5X Build/MMB29P) AppleWebKit/537.36 (KHTML, like Gecko) Chrome/153.0.8010.36 Mobile Safari/537.36 (compatible; GoogleOther)"
199.250.222.155 - - [11/Sep/2026:15:03:22 -0400] "POST /wp-cron.php?doing_wp_cron=1789153402.6439940929412841796875 HTTP/1.1" 200 - "-" "WordPress/7.1; https://heredit.mx"
66.249.69.102 - - [11/Sep/2026:15:03:22 -0400] "GET /?a=play-day-round-inflatable-rainbow-play-center-ages-up-cc-qorP4qhd HTTP/1.1" 200 223815 "-" "Mozilla/5.0 (Linux; Android 6.0.1; Nexus 5X Build/MMB29P) AppleWebKit/537.36 (KHTML, like Gecko) Chrome/153.0.8010.36 Mobile Safari/537.36 (compatible; Googlebot/2.1; +http://www.google.com/bot.html)"
199.250.222.155 - - [11/Sep/2026:15:04:05 -0400] "POST /wp-cron.php?doing_wp_cron=1789153445.2291290760040283203125 HTTP/1.1" 200 - "-" "WordPress/7.1; https://heredit.mx"
40.77.167.235 - - [11/Sep/2026:15:04:04 -0400] "GET /counterfeiter-6098-CwSCD/?w=12%E2%80%9D-15%E2%80%9D-miraculous-ladybug-backpack-humberto-vidal-pp-0WBXlAsp HTTP/1.1" 404 121299 "-" "Mozilla/5.0 AppleWebKit/537.36 (KHTML, like Gecko; compatible; bingbot/2.0; +http://www.bing.com/bingbot.htm) Chrome/116.0.1938.76 Safari/537.36"
40.77.167.235 - - [11/Sep/2026:15:04:05 -0400] "GET /counterfeiter-6098-CwSCD/?w=12%E2%80%9D-15%E2%80%9D-miraculous-ladybug-backpack-humberto-vidal-pp-0WBXlAsp HTTP/1.1" 404 121299 "-" "Mozilla/5.0 AppleWebKit/537.36 (KHTML, like Gecko; compatible; bingbot/2.0; +http://www.bing.com/bingbot.htm) Chrome/116.0.1938.76 Safari/537.36"
66.249.69.102 - - [11/Sep/2026:15:04:24 -0400] "GET /?a=bolso-bandolera-escolar-online-1693785013-cc-z37wEVSG HTTP/1.1" 200 223767 "-" "Mozilla/5.0 (Linux; Android 6.0.1; Nexus 5X Build/MMB29P) AppleWebKit/537.36 (KHTML, like Gecko) Chrome/153.0.8010.36 Mobile Safari/537.36 (compatible; Googlebot/2.1; +http://www.google.com/bot.html)"
66.249.69.100 - - [11/Sep/2026:15:04:40 -0400] "GET /wp-content/uploads/2024/06/icon-laptop.svg HTTP/1.1" 200 429 "https://heredit.mx/sliders/amenidades/interiores.html" "Mozilla/5.0 (Linux; Android 6.0.1; Nexus 5X Build/MMB29P) AppleWebKit/537.36 (KHTML, like Gecko) Chrome/153.0.8010.36 Mobile Safari/537.36 (compatible; Googlebot/2.1; +http://www.google.com/bot.html)"
66.249.69.101 - - [11/Sep/2026:15:04:43 -0400] "GET /wp-content/plugins/elementor-pro/assets/lib/smartmenus/jquery.smartmenus.min.js?ver=1.2.1 HTTP/1.1" 200 24109 "https://heredit.mx/?a=play-day-round-inflatable-rainbow-play-center-ages-up-cc-qorP4qhd" "Mozilla/5.0 (Linux; Android 6.0.1; Nexus 5X Build/MMB29P) AppleWebKit/537.36 (KHTML, like Gecko) Chrome/153.0.8010.36 Mobile Safari/537.36 (compatible; Googlebot/2.1; +http://www.google.com/bot.html)"
199.250.222.155 - - [11/Sep/2026:15:05:28 -0400] "POST /wp-cron.php?doing_wp_cron=1789153528.0277628898620605468750 HTTP/1.1" 200 - "-" "WordPress/7.1; https://heredit.mx"
66.249.69.102 - - [11/Sep/2026:15:05:27 -0400] "GET /?a=bolso-bandolera-escolar-online-1693785013-cc-z37wEVSG HTTP/1.1" 200 223767 "-" "Mozilla/5.0 (Linux; Android 6.0.1; Nexus 5X Build/MMB29P) AppleWebKit/537.36 (KHTML, like Gecko) Chrome/153.0.8010.36 Mobile Safari/537.36 (compatible; GoogleOther)"
199.250.222.155 - - [11/Sep/2026:15:06:31 -0400] "POST /wp-cron.php?doing_wp_cron=1789153591.9149320125579833984375 HTTP/1.1" 200 - "-" "WordPress/7.1; https://heredit.mx"
66.249.69.102 - - [11/Sep/2026:15:06:31 -0400] "GET /?a=artstation-superhero-team-cc-VBRNwqFD HTTP/1.1" 200 223703 "-" "Mozilla/5.0 (Linux; Android 6.0.1; Nexus 5X Build/MMB29P) AppleWebKit/537.36 (KHTML, like Gecko) Chrome/153.0.8010.36 Mobile Safari/537.36 (compatible; GoogleOther)"
66.249.69.101 - - [11/Sep/2026:15:07:34 -0400] "GET /?a=artstation-superhero-team-cc-VBRNwqFD HTTP/1.1" 200 223703 "-" "Mozilla/5.0 (Linux; Android 6.0.1; Nexus 5X Build/MMB29P) AppleWebKit/537.36 (KHTML, like Gecko) Chrome/153.0.8010.36 Mobile Safari/537.36 (compatible; Googlebot/2.1; +http://www.google.com/bot.html)"
66.249.69.101 - - [11/Sep/2026:15:07:37 -0400] "GET /sliders/descripcion/index.html HTTP/1.1" 200 1413 "https://heredit.mx/?a=artstation-superhero-team-cc-VBRNwqFD" "Mozilla/5.0 (Linux; Android 6.0.1; Nexus 5X Build/MMB29P) AppleWebKit/537.36 (KHTML, like Gecko) Chrome/153.0.8010.36 Mobile Safari/537.36 (compatible; GoogleOther)"
66.249.69.101 - - [11/Sep/2026:15:08:12 -0400] "GET /wp-content/plugins/elementor/assets/css/widget-divider.min.css?ver=4.2.4 HTTP/1.1" 200 4258 "https://heredit.mx/?a=best-nepalese-restaurants-in-fresno-ca-cc-j8bjyBIO" "Mozilla/5.0 (Linux; Android 6.0.1; Nexus 5X Build/MMB29P) AppleWebKit/537.36 (KHTML, like Gecko) Chrome/153.0.8010.36 Mobile Safari/537.36 (compatible; GoogleOther)"
199.250.222.155 - - [11/Sep/2026:15:09:40 -0400] "POST /wp-cron.php?doing_wp_cron=1789153780.6504321098327636718750 HTTP/1.1" 200 - "-" "WordPress/7.1; https://heredit.mx"
66.249.69.102 - - [11/Sep/2026:15:09:40 -0400] "GET /?a=winter-panorama-landscape-with-forest-trees-covered-snow-and-cc-G7pGGKtN HTTP/1.1" 200 223843 "-" "Mozilla/5.0 (Linux; Android 6.0.1; Nexus 5X Build/MMB29P) AppleWebKit/537.36 (KHTML, like Gecko) Chrome/153.0.8010.36 Mobile Safari/537.36 (compatible; Googlebot/2.1; +http://www.google.com/bot.html)"
199.250.222.155 - - [11/Sep/2026:15:10:41 -0400] "POST /wp-cron.php?doing_wp_cron=1789153841.4710829257965087890625 HTTP/1.1" 200 - "-" "WordPress/7.1; https://heredit.mx"
66.249.69.100 - - [11/Sep/2026:15:10:41 -0400] "GET /?a=linear-system-table-lamp-by-muuto-cc-wEvGpjFM HTTP/1.1" 200 223735 "-" "Mozilla/5.0 (Linux; Android 6.0.1; Nexus 5X Build/MMB29P) AppleWebKit/537.36 (KHTML, like Gecko) Chrome/153.0.8010.36 Mobile Safari/537.36 (compatible; Googlebot/2.1; +http://www.google.com/bot.html)"
199.250.222.155 - - [11/Sep/2026:15:11:43 -0400] "POST /wp-cron.php?doing_wp_cron=1789153903.6901769638061523437500 HTTP/1.1" 200 - "-" "WordPress/7.1; https://heredit.mx"
66.249.69.102 - - [11/Sep/2026:15:11:43 -0400] "GET /?a=linear-system-table-lamp-by-muuto-cc-wEvGpjFM HTTP/1.1" 200 223735 "-" "Mozilla/5.0 (Linux; Android 6.0.1; Nexus 5X Build/MMB29P) AppleWebKit/537.36 (KHTML, like Gecko) Chrome/153.0.8010.36 Mobile Safari/537.36 (compatible; GoogleOther)"
199.250.222.155 - - [11/Sep/2026:15:12:46 -0400] "POST /wp-cron.php?doing_wp_cron=1789153966.4758338928222656250000 HTTP/1.1" 200 - "-" "WordPress/7.1; https://heredit.mx"
66.249.69.102 - - [11/Sep/2026:15:12:45 -0400] "GET /?a=the-best-choice-of-hook-tools-and-crochets-for-cc-7xeoEmfw HTTP/1.1" 200 223787 "-" "Mozilla/5.0 (Linux; Android 6.0.1; Nexus 5X Build/MMB29P) AppleWebKit/537.36 (KHTML, like Gecko) Chrome/153.0.8010.36 Mobile Safari/537.36 (compatible; GoogleOther)"
195.178.110.137 - - [11/Sep/2026:15:14:20 -0400] "POST / HTTP/1.1" 401 36 "-" "Mozilla/5.0 (Windows NT 10.0; Win64; x64) AppleWebKit/537.36 (KHTML, like Gecko) Chrome/131.0.0.0 Safari/537.36"
195.178.110.137 - - [11/Sep/2026:15:14:20 -0400] "POST / HTTP/1.1" 401 36 "-" "Mozilla/5.0 (Windows NT 10.0; Win64; x64) AppleWebKit/537.36 (KHTML, like Gecko) Chrome/131.0.0.0 Safari/537.36"
195.178.110.137 - - [11/Sep/2026:15:14:20 -0400] "POST / HTTP/1.1" 401 36 "-" "Mozilla/5.0 (Windows NT 10.0; Win64; x64) AppleWebKit/537.36 (KHTML, like Gecko) Chrome/131.0.0.0 Safari/537.36"
195.178.110.137 - - [11/Sep/2026:15:14:20 -0400] "HEAD / HTTP/1.1" 401 - "-" "Mozilla/5.0 (Windows NT 10.0; Win64; x64) AppleWebKit/537.36 (KHTML, like Gecko) Chrome/131.0.0.0 Safari/537.36"
199.250.222.155 - - [11/Sep/2026:15:14:51 -0400] "POST /wp-cron.php?doing_wp_cron=1789154091.5540928840637207031250 HTTP/1.1" 200 - "-" "WordPress/7.1; https://heredit.mx"
66.249.69.102 - - [11/Sep/2026:15:14:51 -0400] "GET /?a=the-best-choice-of-hook-tools-and-crochets-for-cc-7xeoEmfw HTTP/1.1" 200 223787 "-" "Mozilla/5.0 (Linux; Android 6.0.1; Nexus 5X Build/MMB29P) AppleWebKit/537.36 (KHTML, like Gecko) Chrome/153.0.8010.36 Mobile Safari/537.36 (compatible; Googlebot/2.1; +http://www.google.com/bot.html)"
199.250.222.155 - - [11/Sep/2026:15:15:54 -0400] "POST /wp-cron.php?doing_wp_cron=1789154154.1972448825836181640625 HTTP/1.1" 200 - "-" "WordPress/7.1; https://heredit.mx"
66.249.69.102 - - [11/Sep/2026:15:15:53 -0400] "GET /?a=glenda-stallion-phone-number-address-age-contact-info-public-cc-jpgP1KIO HTTP/1.1" 200 223843 "-" "Mozilla/5.0 (Linux; Android 6.0.1; Nexus 5X Build/MMB29P) AppleWebKit/537.36 (KHTML, like Gecko) Chrome/153.0.8010.36 Mobile Safari/537.36 (compatible; GoogleOther)"
199.250.222.155 - - [11/Sep/2026:15:16:56 -0400] "POST /wp-cron.php?doing_wp_cron=1789154216.8025479316711425781250 HTTP/1.1" 200 - "-" "WordPress/7.1; https://heredit.mx"
66.249.69.100 - - [11/Sep/2026:15:16:56 -0400] "GET /?a=glenda-stallion-phone-number-address-age-contact-info-public-cc-jpgP1KIO HTTP/1.1" 200 223843 "-" "Mozilla/5.0 (Linux; Android 6.0.1; Nexus 5X Build/MMB29P) AppleWebKit/537.36 (KHTML, like Gecko) Chrome/153.0.8010.36 Mobile Safari/537.36 (compatible; Googlebot/2.1; +http://www.google.com/bot.html)"
199.250.222.155 - - [11/Sep/2026:15:18:44 -0400] "POST /wp-cron.php?doing_wp_cron=1789154324.1555559635162353515625 HTTP/1.1" 200 - "-" "WordPress/7.1; https://heredit.mx"
154.217.251.226 - - [11/Sep/2026:15:18:43 -0400] "POST /wp-json/batch/v1 HTTP/1.1" 400 330 "-" "Mozilla/5.0 (Windows NT 10.0; Win64; x64) AppleWebKit/537.36 (KHTML, like Gecko) Chrome/131.0.0.0 Safari/537.36"
66.249.69.101 - - [11/Sep/2026:15:19:01 -0400] "GET /?a=source-silicone-shaping-inserts-breast-enlargement-enhancers-pads-bra-cc-80mGJNSx HTTP/1.1" 200 223879 "-" "Mozilla/5.0 (Linux; Android 6.0.1; Nexus 5X Build/MMB29P) AppleWebKit/537.36 (KHTML, like Gecko) Chrome/153.0.8010.36 Mobile Safari/537.36 (compatible; Googlebot/2.1; +http://www.google.com/bot.html)"
199.250.222.155 - - [11/Sep/2026:15:19:40 -0400] "POST /wp-cron.php?doing_wp_cron=1789154380.4327280521392822265625 HTTP/1.1" 200 - "-" "WordPress/7.1; https://heredit.mx"
40.77.167.77 - - [11/Sep/2026:15:19:40 -0400] "GET /?w=d%C3%BCsseldorf-30-pfennig-1920-pp-AJ0Dr0sB HTTP/1.1" 301 - "-" "Mozilla/5.0 AppleWebKit/537.36 (KHTML, like Gecko; compatible; bingbot/2.0; +http://www.bing.com/bingbot.htm) Chrome/116.0.1938.76 Safari/537.36"
40.77.167.152 - - [11/Sep/2026:15:19:50 -0400] "GET /?w=d%C3%BCsseldorf-30-pfennig-1920-pp-AJ0Dr0sB HTTP/1.1" 200 112757 "-" "Mozilla/5.0 AppleWebKit/537.36 (KHTML, like Gecko; compatible; bingbot/2.0; +http://www.bing.com/bingbot.htm) Chrome/116.0.1938.76 Safari/537.36"
66.249.69.101 - - [11/Sep/2026:15:20:04 -0400] "GET /?a=artstation-angkor-wat-cc-GMqq8LFN HTTP/1.1" 200 223687 "-" "Mozilla/5.0 (Linux; Android 6.0.1; Nexus 5X Build/MMB29P) AppleWebKit/537.36 (KHTML, like Gecko) Chrome/153.0.8010.36 Mobile Safari/537.36 (compatible; GoogleOther)"
199.250.222.155 - - [11/Sep/2026:15:21:07 -0400] "POST /wp-cron.php?doing_wp_cron=1789154467.5045189857482910156250 HTTP/1.1" 200 - "-" "WordPress/7.1; https://heredit.mx"
66.249.69.101 - - [11/Sep/2026:15:21:07 -0400] "GET /?a=artstation-angkor-wat-cc-GMqq8LFN HTTP/1.1" 200 223687 "-" "Mozilla/5.0 (Linux; Android 6.0.1; Nexus 5X Build/MMB29P) AppleWebKit/537.36 (KHTML, like Gecko) Chrome/153.0.8010.36 Mobile Safari/537.36 (compatible; Googlebot/2.1; +http://www.google.com/bot.html)"
199.250.222.155 - - [11/Sep/2026:15:23:12 -0400] "POST /wp-cron.php?doing_wp_cron=1789154592.6959550380706787109375 HTTP/1.1" 200 - "-" "WordPress/7.1; https://heredit.mx"
66.249.69.100 - - [11/Sep/2026:15:23:12 -0400] "GET /?a=source-silicone-shaping-inserts-breast-enlargement-enhancers-pads-bra-cc-80mGJNSx HTTP/1.1" 200 223879 "-" "Mozilla/5.0 (Linux; Android 6.0.1; Nexus 5X Build/MMB29P) AppleWebKit/537.36 (KHTML, like Gecko) Chrome/153.0.8010.36 Mobile Safari/537.36 (compatible; GoogleOther)"
199.250.222.155 - - [11/Sep/2026:15:24:15 -0400] "POST /wp-cron.php?doing_wp_cron=1789154655.2849481105804443359375 HTTP/1.1" 200 - "-" "WordPress/7.1; https://heredit.mx"
66.249.69.102 - - [11/Sep/2026:15:24:14 -0400] "GET /?a=older-pitbull-male-stressed-worried-stock-photo-by-%C2%A9jdunbarphoto-cc-J3Q26rh5 HTTP/1.1" 200 223871 "-" "Mozilla/5.0 (Linux; Android 6.0.1; Nexus 5X Build/MMB29P) AppleWebKit/537.36 (KHTML, like Gecko) Chrome/153.0.8010.36 Mobile Safari/537.36 (compatible; GoogleOther)"
66.249.69.101 - - [11/Sep/2026:15:24:21 -0400] "GET /wp-content/uploads/2024/06/icon-bath.svg HTTP/1.1" 200 1635 "https://heredit.mx/sliders/cards/index.html" "Mozilla/5.0 (Linux; Android 6.0.1; Nexus 5X Build/MMB29P) AppleWebKit/537.36 (KHTML, like Gecko) Chrome/153.0.8010.36 Mobile Safari/537.36 (compatible; GoogleOther)"
66.249.69.101 - - [11/Sep/2026:15:24:22 -0400] "GET /wp-content/uploads/2024/06/icon-washed.svg HTTP/1.1" 200 2936 "https://heredit.mx/sliders/cards/index.html" "Mozilla/5.0 (Linux; Android 6.0.1; Nexus 5X Build/MMB29P) AppleWebKit/537.36 (KHTML, like Gecko) Chrome/153.0.8010.36 Mobile Safari/537.36 (compatible; GoogleOther)"
66.249.69.101 - - [11/Sep/2026:15:24:23 -0400] "GET /wp-content/uploads/2024/06/icon-bath.svg HTTP/1.1" 200 1635 "https://heredit.mx/sliders/cards/index.html" "Mozilla/5.0 (Linux; Android 6.0.1; Nexus 5X Build/MMB29P) AppleWebKit/537.36 (KHTML, like Gecko) Chrome/153.0.8010.36 Mobile Safari/537.36 (compatible; GoogleOther)"
66.249.69.100 - - [11/Sep/2026:15:24:23 -0400] "GET /wp-content/uploads/2024/06/icon-washed.svg HTTP/1.1" 200 2936 "https://heredit.mx/sliders/cards/index.html" "Mozilla/5.0 (Linux; Android 6.0.1; Nexus 5X Build/MMB29P) AppleWebKit/537.36 (KHTML, like Gecko) Chrome/153.0.8010.36 Mobile Safari/537.36 (compatible; GoogleOther)"
199.250.222.155 - - [11/Sep/2026:15:25:22 -0400] "POST /wp-cron.php?doing_wp_cron=1789154722.6486740112304687500000 HTTP/1.1" 200 - "-" "WordPress/7.1; https://heredit.mx"
40.77.167.43 - - [11/Sep/2026:15:25:22 -0400] "GET /?w=the-grossery-gang-rotten-soda-cans-for-sale-in-pp-Jp131aSj HTTP/1.1" 301 - "-" "Mozilla/5.0 AppleWebKit/537.36 (KHTML, like Gecko; compatible; bingbot/2.0; +http://www.bing.com/bingbot.htm) Chrome/116.0.1938.76 Safari/537.36"
199.250.222.155 - - [11/Sep/2026:15:25:34 -0400] "POST /wp-cron.php?doing_wp_cron=1789154734.3166010379791259765625 HTTP/1.1" 200 - "-" "WordPress/7.1; https://heredit.mx"
40.77.167.123 - - [11/Sep/2026:15:25:33 -0400] "GET /?w=the-grossery-gang-rotten-soda-cans-for-sale-in-pp-Jp131aSj HTTP/1.1" 200 112757 "-" "Mozilla/5.0 AppleWebKit/537.36 (KHTML, like Gecko; compatible; bingbot/2.0; +http://www.bing.com/bingbot.htm) Chrome/116.0.1938.76 Safari/537.36"
199.250.222.155 - - [11/Sep/2026:15:27:23 -0400] "POST /wp-cron.php?doing_wp_cron=1789154843.0806849002838134765625 HTTP/1.1" 200 - "-" "WordPress/7.1; https://heredit.mx"
66.249.69.100 - - [11/Sep/2026:15:27:22 -0400] "GET /?a=older-pitbull-male-stressed-worried-stock-photo-by-%C2%A9jdunbarphoto-cc-J3Q26rh5 HTTP/1.1" 200 223871 "-" "Mozilla/5.0 (Linux; Android 6.0.1; Nexus 5X Build/MMB29P) AppleWebKit/537.36 (KHTML, like Gecko) Chrome/153.0.8010.36 Mobile Safari/537.36 (compatible; Googlebot/2.1; +http://www.google.com/bot.html)"
199.250.222.155 - - [11/Sep/2026:15:27:23 -0400] "POST /wp-admin/admin-ajax.php?action=rocket_partial_preload&nonce=310e9adf9e HTTP/1.1" 200 - "-" "WordPress/7.1; https://heredit.mx"
199.250.222.155 - - [11/Sep/2026:15:27:25 -0400] "POST /wp-cron.php?doing_wp_cron=1789154845.6964249610900878906250 HTTP/1.1" 200 - "-" "WordPress/7.1; https://heredit.mx"
199.250.222.155 - - [11/Sep/2026:15:27:24 -0400] "POST /wp-admin/admin-ajax.php?action=rocket_rucss_warmup_resource_fetcher&nonce=8e40612058 HTTP/1.1" 200 - "-" "WordPress/7.1; https://heredit.mx"
199.250.222.155 - - [11/Sep/2026:15:27:24 -0400] "POST /wp-admin/admin-ajax.php?action=rocket_saas_warmup&nonce=418081bf08 HTTP/1.1" 200 - "-" "WordPress/7.1; https://heredit.mx"
66.249.69.101 - - [11/Sep/2026:15:27:27 -0400] "GET /sliders/cercanias/style-mob.css HTTP/1.1" 200 2540 "https://heredit.mx/sliders/cercanias/index-mob.html" "Mozilla/5.0 (Linux; Android 6.0.1; Nexus 5X Build/MMB29P) AppleWebKit/537.36 (KHTML, like Gecko) Chrome/153.0.8010.36 Mobile Safari/537.36 (compatible; Googlebot/2.1; +http://www.google.com/bot.html)"
199.250.222.155 - - [11/Sep/2026:15:27:23 -0400] "GET /proximamente/ HTTP/1.1" 200 16384 "-" "WP Rocket/Preload"
216.73.216.28 - - [11/Sep/2026:15:28:14 -0400] "GET /robots.txt HTTP/1.1" 200 267 "-" "Mozilla/5.0 AppleWebKit/537.36 (KHTML, like Gecko; compatible; ClaudeBot/1.0; +claudebot@anthropic.com)"
216.73.216.28 - - [11/Sep/2026:15:28:18 -0400] "GET /wp-sitemap.xml HTTP/1.1" 200 512 "-" "Mozilla/5.0 AppleWebKit/537.36 (KHTML, like Gecko; compatible; ClaudeBot/1.0; +claudebot@anthropic.com)"
