52.167.144.209 - - [11/Sep/2026:09:02:55 -0400] "GET /caesuric-667832-xzpodo/?a=twitch-overlay-template-twitch-overlay-twitch-overlay-png-twitch-cc-Dae1LYin HTTP/1.1" 404 121299 "-" "Mozilla/5.0 AppleWebKit/537.36 (KHTML, like Gecko; compatible; bingbot/2.0; +http://www.bing.com/bingbot.htm) Chrome/116.0.1938.76 Safari/537.36"
199.250.222.155 - - [11/Sep/2026:09:03:35 -0400] "POST /wp-cron.php?doing_wp_cron=1789131815.4537539482116699218750 HTTP/1.1" 200 - "-" "WordPress/7.1; https://heredit.mx"
52.167.144.209 - - [11/Sep/2026:09:03:35 -0400] "GET /caesuric-667832-xzpodo/?a=twitch-overlay-template-twitch-overlay-twitch-overlay-png-twitch-cc-Dae1LYin HTTP/1.1" 404 121299 "-" "Mozilla/5.0 AppleWebKit/537.36 (KHTML, like Gecko; compatible; bingbot/2.0; +http://www.bing.com/bingbot.htm) Chrome/116.0.1938.76 Safari/537.36"
176.232.126.175 - - [11/Sep/2026:09:03:37 -0400] "GET / HTTP/1.1" 200 59619 "-" "Mozilla/5.0 (Windows NT 10.0; Win64; x64) AppleWebKit/537.36 (KHTML, like Gecko) Chrome/120.0.0.0 Safari/537.36"
176.232.126.175 - - [11/Sep/2026:09:03:38 -0400] "GET / HTTP/1.1" 200 59619 "-" "Mozilla/5.0 (Windows NT 10.0; Win64; x64) AppleWebKit/537.36 (KHTML, like Gecko) Chrome/120.0.0.0 Safari/537.36"
176.232.126.175 - - [11/Sep/2026:09:03:39 -0400] "GET /index.php HTTP/1.1" 301 - "-" "Mozilla/5.0 (Windows NT 10.0; Win64; x64) AppleWebKit/537.36 (KHTML, like Gecko) Chrome/120.0.0.0 Safari/537.36"
176.232.126.175 - - [11/Sep/2026:09:03:39 -0400] "GET / HTTP/1.1" 200 59619 "-" "Mozilla/5.0 (Windows NT 10.0; Win64; x64) AppleWebKit/537.36 (KHTML, like Gecko) Chrome/120.0.0.0 Safari/537.36"
176.232.126.175 - - [11/Sep/2026:09:03:40 -0400] "GET /home HTTP/1.1" 404 123212 "-" "Mozilla/5.0 (Windows NT 10.0; Win64; x64) AppleWebKit/537.36 (KHTML, like Gecko) Chrome/120.0.0.0 Safari/537.36"
176.232.126.175 - - [11/Sep/2026:09:03:41 -0400] "GET /start HTTP/1.1" 404 123212 "-" "Mozilla/5.0 (Windows NT 10.0; Win64; x64) AppleWebKit/537.36 (KHTML, like Gecko) Chrome/120.0.0.0 Safari/537.36"
176.232.126.175 - - [11/Sep/2026:09:03:42 -0400] "GET /?page_id=1 HTTP/1.1" 301 - "-" "Mozilla/5.0 (Windows NT 10.0; Win64; x64) AppleWebKit/537.36 (KHTML, like Gecko) Chrome/120.0.0.0 Safari/537.36"
199.250.222.155 - - [11/Sep/2026:09:03:43 -0400] "POST /wp-admin/admin-ajax.php?action=rocket_rucss_warmup_resource_fetcher&nonce=8e40612058 HTTP/1.1" 200 - "-" "WordPress/7.1; https://heredit.mx"
199.250.222.155 - - [11/Sep/2026:09:03:44 -0400] "POST /wp-cron.php?doing_wp_cron=1789131824.8103370666503906250000 HTTP/1.1" 200 - "-" "WordPress/7.1; https://heredit.mx"
199.250.222.155 - - [11/Sep/2026:09:03:43 -0400] "POST /wp-admin/admin-ajax.php?action=rocket_saas_warmup&nonce=418081bf08 HTTP/1.1" 200 - "-" "WordPress/7.1; https://heredit.mx"
176.232.126.175 - - [11/Sep/2026:09:03:43 -0400] "GET /2024/03/26/hola-mundo/ HTTP/1.1" 200 226604 "-" "Mozilla/5.0 (Windows NT 10.0; Win64; x64) AppleWebKit/537.36 (KHTML, like Gecko) Chrome/120.0.0.0 Safari/537.36"
199.250.222.155 - - [11/Sep/2026:09:07:14 -0400] "POST /wp-cron.php?doing_wp_cron=1789132034.7990219593048095703125 HTTP/1.1" 200 - "-" "WordPress/7.1; https://heredit.mx"
66.249.68.192 - - [11/Sep/2026:09:07:14 -0400] "GET /?a=live-at-the-club-montmartre-cc-2LPJyEIw HTTP/1.1" 200 223711 "-" "Mozilla/5.0 (Linux; Android 6.0.1; Nexus 5X Build/MMB29P) AppleWebKit/537.36 (KHTML, like Gecko) Chrome/153.0.8010.36 Mobile Safari/537.36 (compatible; Googlebot/2.1; +http://www.google.com/bot.html)"
199.250.222.155 - - [11/Sep/2026:09:08:05 -0400] "POST /wp-cron.php?doing_wp_cron=1789132085.8211851119995117187500 HTTP/1.1" 200 - "-" "WordPress/7.1; https://heredit.mx"
66.249.68.192 - - [11/Sep/2026:09:08:05 -0400] "GET /?a=the-patrizzi-pocket-expert-rolex-cosmograph-daytona-manual-winding-cc-gnzYRvc8 HTTP/1.1" 200 223867 "-" "Mozilla/5.0 (Linux; Android 6.0.1; Nexus 5X Build/MMB29P) AppleWebKit/537.36 (KHTML, like Gecko) Chrome/153.0.8010.36 Mobile Safari/537.36 (compatible; GoogleOther)"
199.250.222.155 - - [11/Sep/2026:09:09:24 -0400] "POST /wp-cron.php?doing_wp_cron=1789132164.1536760330200195312500 HTTP/1.1" 200 - "-" "WordPress/7.1; https://heredit.mx"
52.167.144.236 - - [11/Sep/2026:09:09:23 -0400] "GET /liquidable-555001-WMSOwGm/ HTTP/1.1" 301 - "-" "Mozilla/5.0 AppleWebKit/537.36 (KHTML, like Gecko; compatible; bingbot/2.0; +http://www.bing.com/bingbot.htm) Chrome/116.0.1938.76 Safari/537.36"
199.250.222.155 - - [11/Sep/2026:09:12:22 -0400] "POST /wp-cron.php?doing_wp_cron=1789132342.4085829257965087890625 HTTP/1.1" 200 - "-" "WordPress/7.1; https://heredit.mx"
66.249.68.192 - - [11/Sep/2026:09:12:22 -0400] "GET /?a=wandavision-art-print-elizabeth-olsen-scarlet-witch-art-marvel-cc-JBP73rs5 HTTP/1.1" 200 223851 "-" "Mozilla/5.0 (Linux; Android 6.0.1; Nexus 5X Build/MMB29P) AppleWebKit/537.36 (KHTML, like Gecko) Chrome/153.0.8010.36 Mobile Safari/537.36 (compatible; Googlebot/2.1; +http://www.google.com/bot.html)"
66.249.68.192 - - [11/Sep/2026:09:12:26 -0400] "GET /wp-content/plugins/elementor-pro/assets/css/widget-slides.min.css?ver=4.2.3 HTTP/1.1" 200 2341 "https://heredit.mx/?a=wandavision-art-print-elizabeth-olsen-scarlet-witch-art-marvel-cc-JBP73rs5" "Mozilla/5.0 (Linux; Android 6.0.1; Nexus 5X Build/MMB29P) AppleWebKit/537.36 (KHTML, like Gecko) Chrome/153.0.8010.36 Mobile Safari/537.36 (compatible; Googlebot/2.1; +http://www.google.com/bot.html)"
199.250.222.155 - - [11/Sep/2026:09:12:36 -0400] "POST /wp-cron.php?doing_wp_cron=1789132356.3150939941406250000000 HTTP/1.1" 200 - "-" "WordPress/7.1; https://heredit.mx"
40.77.167.132 - - [11/Sep/2026:09:12:35 -0400] "GET /?a=barbie-moda-paketi-aksesuarl%C4%B1-elbise-gwc27-hjt19-cc-4PRmywfE HTTP/1.1" 200 223807 "-" "Mozilla/5.0 AppleWebKit/537.36 (KHTML, like Gecko; compatible; bingbot/2.0; +http://www.bing.com/bingbot.htm) Chrome/116.0.1938.76 Safari/537.36"
40.77.167.152 - - [11/Sep/2026:09:12:56 -0400] "GET /anastomosis-677118-NzrgUgkje/ HTTP/1.1" 301 - "-" "Mozilla/5.0 AppleWebKit/537.36 (KHTML, like Gecko; compatible; bingbot/2.0; +http://www.bing.com/bingbot.htm) Chrome/116.0.1938.76 Safari/537.36"
40.77.167.40 - - [11/Sep/2026:09:13:01 -0400] "GET /icefish-558953-TDLcmwZ/ HTTP/1.1" 301 - "-" "Mozilla/5.0 AppleWebKit/537.36 (KHTML, like Gecko; compatible; bingbot/2.0; +http://www.bing.com/bingbot.htm) Chrome/116.0.1938.76 Safari/537.36"
66.249.68.192 - - [11/Sep/2026:09:13:13 -0400] "GET /?a=wandavision-art-print-elizabeth-olsen-scarlet-witch-art-marvel-cc-JBP73rs5 HTTP/1.1" 200 223851 "-" "Mozilla/5.0 (Linux; Android 6.0.1; Nexus 5X Build/MMB29P) AppleWebKit/537.36 (KHTML, like Gecko) Chrome/153.0.8010.36 Mobile Safari/537.36 (compatible; GoogleOther)"
66.249.68.192 - - [11/Sep/2026:09:13:46 -0400] "GET /sliders/desarrollos/style.css HTTP/1.1" 200 5112 "https://heredit.mx/sliders/desarrollos/index.html" "Mozilla/5.0 (Linux; Android 6.0.1; Nexus 5X Build/MMB29P) AppleWebKit/537.36 (KHTML, like Gecko) Chrome/153.0.8010.36 Mobile Safari/537.36 (compatible; GoogleOther)"
66.249.68.192 - - [11/Sep/2026:09:13:47 -0400] "GET /sliders/desarrollos/style.css HTTP/1.1" 200 5112 "https://heredit.mx/sliders/desarrollos/index.html" "Mozilla/5.0 (Linux; Android 6.0.1; Nexus 5X Build/MMB29P) AppleWebKit/537.36 (KHTML, like Gecko) Chrome/153.0.8010.36 Mobile Safari/537.36 (compatible; GoogleOther)"
199.250.222.155 - - [11/Sep/2026:09:14:04 -0400] "POST /wp-cron.php?doing_wp_cron=1789132444.6741769313812255859375 HTTP/1.1" 200 - "-" "WordPress/7.1; https://heredit.mx"
66.249.68.192 - - [11/Sep/2026:09:14:04 -0400] "GET /?a=sneak-peek-cowboy-chicken-rotisserie-chicken-eatery-opening-thursday-cc-ZdGGQRHv HTTP/1.1" 200 223875 "-" "Mozilla/5.0 (Linux; Android 6.0.1; Nexus 5X Build/MMB29P) AppleWebKit/537.36 (KHTML, like Gecko) Chrome/153.0.8010.36 Mobile Safari/537.36 (compatible; Googlebot/2.1; +http://www.google.com/bot.html)"
66.249.68.192 - - [11/Sep/2026:09:14:12 -0400] "GET /wp-content/plugins/elementor-pro/assets/css/widget-slides.min.css?ver=4.2.3 HTTP/1.1" 200 2341 "https://heredit.mx/?a=sneak-peek-cowboy-chicken-rotisserie-chicken-eatery-opening-thursday-cc-ZdGGQRHv" "Mozilla/5.0 (Linux; Android 6.0.1; Nexus 5X Build/MMB29P) AppleWebKit/537.36 (KHTML, like Gecko) Chrome/153.0.8010.36 Mobile Safari/537.36 (compatible; Googlebot/2.1; +http://www.google.com/bot.html)"
65.98.5.196 - - [11/Sep/2026:09:18:39 -0400] "GET / HTTP/1.1" 200 59619 "http://HEREDIT.MX/" "Mozilla/5.0 (Windows NT 10.0; Win64; x64) AppleWebKit/537.36 (KHTML, like Gecko) Chrome/131.0.0.0 Safari/537.36"
65.98.5.196 - - [11/Sep/2026:09:18:39 -0400] "GET /wp-admin/ HTTP/1.1" 302 - "http://HEREDIT.MX/wp-login.php" "Mozilla/5.0 (Windows NT 10.0; Win64; x64; rv:133.0) Gecko/20100101 Firefox/133.0"
65.98.5.196 - - [11/Sep/2026:09:18:39 -0400] "GET /wp-login.php?redirect_to=https%3A%2F%2Fheredit.mx%2Fwp-admin%2F&reauth=1 HTTP/1.1" 200 10880 "https://heredit.mx/wp-admin/" "Mozilla/5.0 (Windows NT 10.0; Win64; x64; rv:133.0) Gecko/20100101 Firefox/133.0"
65.98.5.196 - - [11/Sep/2026:09:18:40 -0400] "HEAD / HTTP/1.1" 200 - "-" "Mozilla/5.0 (Windows NT 10.0; Win64; x64) AppleWebKit/537.36 (KHTML, like Gecko) Chrome/131.0.0.0 Safari/537.36"
65.98.5.196 - - [11/Sep/2026:09:18:40 -0400] "POST /?rest_route=/batch/v1 HTTP/1.1" 207 16 "-" "Mozilla/5.0 (X11; Linux x86_64) AppleWebKit/537.36 (KHTML, like Gecko) Chrome/131.0.0.0 Safari/537.36"
65.98.5.196 - - [11/Sep/2026:09:18:40 -0400] "POST /?rest_route=/batch/v1 HTTP/1.1" 207 665 "-" "Mozilla/5.0 (Windows NT 10.0; Win64; x64) AppleWebKit/537.36 (KHTML, like Gecko) Chrome/131.0.0.0 Safari/537.36"
65.98.5.196 - - [11/Sep/2026:09:18:40 -0400] "GET / HTTP/1.1" 200 253928 "-" "Mozilla/5.0 (Windows NT 10.0; Win64; x64; rv:133.0) Gecko/20100101 Firefox/133.0"
65.98.5.196 - - [11/Sep/2026:09:18:40 -0400] "GET /?test=1+UNION+SELECT+1,2,3-- HTTP/1.1" 200 223675 "-" "Mozilla/5.0 (X11; Linux x86_64) AppleWebKit/537.36 (KHTML, like Gecko) Chrome/131.0.0.0 Safari/537.36"
65.98.5.196 - - [11/Sep/2026:09:18:41 -0400] "POST /?rest_route=/batch/v1 HTTP/1.1" 207 665 "https://HEREDIT.MX/wp-admin/" "Mozilla/5.0 (iPhone; CPU iPhone OS 17_0 like Mac OS X) AppleWebKit/605.1.15 (KHTML, like Gecko) Version/17.0 Mobile/15E148 Safari/604.1"
65.98.5.196 - - [11/Sep/2026:09:18:41 -0400] "POST /?rest_route=/batch/v1 HTTP/1.1" 207 723 "https://HEREDIT.MX/wp-admin/" "Mozilla/5.0 (X11; Linux x86_64) AppleWebKit/537.36 (KHTML, like Gecko) Chrome/131.0.0.0 Safari/537.36"
65.98.5.196 - - [11/Sep/2026:09:18:41 -0400] "POST /?rest_route=/batch/v1 HTTP/1.1" 207 665 "https://HEREDIT.MX/wp-admin/edit.php" "Mozilla/5.0 (X11; Linux x86_64) AppleWebKit/537.36 (KHTML, like Gecko) Chrome/131.0.0.0 Safari/537.36"
65.98.5.196 - - [11/Sep/2026:09:18:41 -0400] "POST /?rest_route=/batch/v1&_34f=e8cc11 HTTP/1.1" 207 723 "https://HEREDIT.MX/wp-admin/edit.php" "Mozilla/5.0 (Windows NT 10.0; Win64; x64; rv:133.0) Gecko/20100101 Firefox/133.0"
65.98.5.196 - - [11/Sep/2026:09:18:42 -0400] "POST /?rest_route=/batch/v1&_af3=fb8784 HTTP/1.1" 400 330 "https://HEREDIT.MX/wp-admin/edit.php" "Mozilla/5.0 (iPhone; CPU iPhone OS 17_0 like Mac OS X) AppleWebKit/605.1.15 (KHTML, like Gecko) Version/17.0 Mobile/15E148 Safari/604.1"
65.98.5.196 - - [11/Sep/2026:09:18:42 -0400] "POST /?rest_route=/batch/v1&_ee3=fb29da HTTP/1.1" 207 665 "https://HEREDIT.MX/wp-admin/edit.php" "Mozilla/5.0 (Windows NT 10.0; Win64; x64) AppleWebKit/537.36 (KHTML, like Gecko) Chrome/130.0.0.0 Safari/537.36 Edg/130.0.0.0"
65.98.5.196 - - [11/Sep/2026:09:18:42 -0400] "POST /?rest_route=/batch/v1&_829=512f54 HTTP/1.1" 400 330 "https://HEREDIT.MX/wp-admin/edit.php" "Mozilla/5.0 (Windows NT 10.0; Win64; x64) AppleWebKit/537.36 (KHTML, like Gecko) Chrome/130.0.0.0 Safari/537.36 Edg/130.0.0.0"
65.98.5.196 - - [11/Sep/2026:09:18:42 -0400] "POST /?rest_route=/batch/v1&_ac4=5026ef HTTP/1.1" 207 665 "https://HEREDIT.MX/wp-admin/edit.php" "Mozilla/5.0 (Macintosh; Intel Mac OS X 10_15_7) AppleWebKit/537.36 (KHTML, like Gecko) Chrome/131.0.0.0 Safari/537.36"
65.98.5.196 - - [11/Sep/2026:09:18:42 -0400] "POST /?rest_route=/batch/v1&_ff8=39be1b HTTP/1.1" 207 665 "https://HEREDIT.MX/wp-admin/edit.php" "Mozilla/5.0 (Windows NT 10.0; Win64; x64; rv:133.0) Gecko/20100101 Firefox/133.0"
65.98.5.196 - - [11/Sep/2026:09:18:43 -0400] "POST /?rest_route=/batch/v1&_8c0=766cba HTTP/1.1" 207 723 "https://HEREDIT.MX/wp-admin/edit.php" "Mozilla/5.0 (Windows NT 10.0; Win64; x64) AppleWebKit/537.36 (KHTML, like Gecko) Chrome/131.0.0.0 Safari/537.36"
65.98.5.196 - - [11/Sep/2026:09:18:43 -0400] "POST /?rest_route=/batch/v1&_dfa=702181 HTTP/1.1" 207 665 "https://HEREDIT.MX/wp-admin/edit.php" "Mozilla/5.0 (iPhone; CPU iPhone OS 17_0 like Mac OS X) AppleWebKit/605.1.15 (KHTML, like Gecko) Version/17.0 Mobile/15E148 Safari/604.1"
65.98.5.196 - - [11/Sep/2026:09:18:43 -0400] "POST /?rest_route=/batch/v1&_314=87c3a9 HTTP/1.1" 207 723 "https://HEREDIT.MX/wp-admin/edit.php" "Mozilla/5.0 (Windows NT 10.0; Win64; x64; rv:133.0) Gecko/20100101 Firefox/133.0"
65.98.5.196 - - [11/Sep/2026:09:18:43 -0400] "POST /?rest_route=/batch/v1&_1f1=daa6c6 HTTP/1.1" 400 330 "https://HEREDIT.MX/wp-admin/edit.php" "Mozilla/5.0 (Windows NT 10.0; Win64; x64; rv:133.0) Gecko/20100101 Firefox/133.0"
65.98.5.196 - - [11/Sep/2026:09:18:43 -0400] "POST /?rest_route=/batch/v1&_735=530c74 HTTP/1.1" 207 665 "https://HEREDIT.MX/wp-admin/edit.php" "Mozilla/5.0 (iPhone; CPU iPhone OS 17_0 like Mac OS X) AppleWebKit/605.1.15 (KHTML, like Gecko) Version/17.0 Mobile/15E148 Safari/604.1"
65.98.5.196 - - [11/Sep/2026:09:18:44 -0400] "POST /?rest_route=/batch/v1&_912=660260 HTTP/1.1" 400 135 "https://HEREDIT.MX/wp-admin/edit.php" "Mozilla/5.0 (iPhone; CPU iPhone OS 17_0 like Mac OS X) AppleWebKit/605.1.15 (KHTML, like Gecko) Version/17.0 Mobile/15E148 Safari/604.1"
65.98.5.196 - - [11/Sep/2026:09:18:44 -0400] "POST /?rest_route=/batch/v1&_63c=e02f15 HTTP/1.1" 207 665 "https://HEREDIT.MX/wp-admin/edit.php" "Mozilla/5.0 (Windows NT 10.0; Win64; x64) AppleWebKit/537.36 (KHTML, like Gecko) Chrome/130.0.0.0 Safari/537.36 Edg/130.0.0.0"
40.77.167.136 - - [11/Sep/2026:09:19:01 -0400] "GET /?w=h-m-chupa-chups-bag-top-sellers-1693388574-pp-9B0E7AsG HTTP/1.1" 301 - "-" "Mozilla/5.0 AppleWebKit/537.36 (KHTML, like Gecko; compatible; bingbot/2.0; +http://www.bing.com/bingbot.htm) Chrome/116.0.1938.76 Safari/537.36"
52.167.144.203 - - [11/Sep/2026:09:19:02 -0400] "GET /?w=h-m-chupa-chups-bag-top-sellers-1693388574-pp-9B0E7AsG HTTP/1.1" 200 112757 "-" "Mozilla/5.0 AppleWebKit/537.36 (KHTML, like Gecko; compatible; bingbot/2.0; +http://www.bing.com/bingbot.htm) Chrome/116.0.1938.76 Safari/537.36"
199.250.222.155 - - [11/Sep/2026:09:22:07 -0400] "POST /wp-cron.php?doing_wp_cron=1789132927.7328889369964599609375 HTTP/1.1" 200 - "-" "WordPress/7.1; https://heredit.mx"
40.77.167.1 - - [11/Sep/2026:09:22:07 -0400] "GET /?w=saturday-june-11th-the-mark-rapp-funktet%E2%80%93jazz-meets-motown-pp-KBRJJnIa HTTP/1.1" 301 - "-" "Mozilla/5.0 AppleWebKit/537.36 (KHTML, like Gecko; compatible; bingbot/2.0; +http://www.bing.com/bingbot.htm) Chrome/116.0.1938.76 Safari/537.36"
52.167.144.25 - - [11/Sep/2026:09:22:16 -0400] "GET /?w=saturday-june-11th-the-mark-rapp-funktet%E2%80%93jazz-meets-motown-pp-KBRJJnIa HTTP/1.1" 200 112757 "-" "Mozilla/5.0 AppleWebKit/537.36 (KHTML, like Gecko; compatible; bingbot/2.0; +http://www.bing.com/bingbot.htm) Chrome/116.0.1938.76 Safari/537.36"
199.250.222.155 - - [11/Sep/2026:09:23:30 -0400] "POST /wp-cron.php?doing_wp_cron=1789133010.4500310420989990234375 HTTP/1.1" 200 - "-" "WordPress/7.1; https://heredit.mx"
66.249.68.193 - - [11/Sep/2026:09:23:30 -0400] "GET /?a=woman-near-swimming-pool-at-resort-stock-photo-by-cc-p63Dv8ix HTTP/1.1" 200 223799 "-" "Mozilla/5.0 (Linux; Android 6.0.1; Nexus 5X Build/MMB29P) AppleWebKit/537.36 (KHTML, like Gecko) Chrome/153.0.8010.36 Mobile Safari/537.36 (compatible; GoogleOther)"
66.249.68.192 - - [11/Sep/2026:09:23:38 -0400] "GET /wp-content/plugins/elementor/assets/css/widget-heading.min.css?ver=4.2.4 HTTP/1.1" 200 560 "https://heredit.mx/?a=woman-near-swimming-pool-at-resort-stock-photo-by-cc-p63Dv8ix" "Mozilla/5.0 (Linux; Android 6.0.1; Nexus 5X Build/MMB29P) AppleWebKit/537.36 (KHTML, like Gecko) Chrome/153.0.8010.36 Mobile Safari/537.36 (compatible; GoogleOther)"
66.249.68.192 - - [11/Sep/2026:09:23:38 -0400] "GET /wp-content/plugins/elementor-pro/assets/js/elements-handlers.min.js?ver=4.2.3 HTTP/1.1" 200 43922 "https://heredit.mx/?a=woman-near-swimming-pool-at-resort-stock-photo-by-cc-p63Dv8ix" "Mozilla/5.0 (Linux; Android 6.0.1; Nexus 5X Build/MMB29P) AppleWebKit/537.36 (KHTML, like Gecko) Chrome/153.0.8010.36 Mobile Safari/537.36 (compatible; GoogleOther)"
66.249.68.193 - - [11/Sep/2026:09:23:40 -0400] "GET /wp-content/uploads/2024/06/icon-washed.svg HTTP/1.1" 200 2936 "https://heredit.mx/sliders/cards/index.html" "Mozilla/5.0 (Linux; Android 6.0.1; Nexus 5X Build/MMB29P) AppleWebKit/537.36 (KHTML, like Gecko) Chrome/153.0.8010.36 Mobile Safari/537.36 (compatible; GoogleOther)"
66.249.68.192 - - [11/Sep/2026:09:23:40 -0400] "GET /sliders/cercanias/index.html HTTP/1.1" 200 2926 "https://heredit.mx/?a=woman-near-swimming-pool-at-resort-stock-photo-by-cc-p63Dv8ix" "Mozilla/5.0 (Linux; Android 6.0.1; Nexus 5X Build/MMB29P) AppleWebKit/537.36 (KHTML, like Gecko) Chrome/153.0.8010.36 Mobile Safari/537.36 (compatible; GoogleOther)"
66.249.68.193 - - [11/Sep/2026:09:23:41 -0400] "GET /wp-content/uploads/2024/06/icon-washed.svg HTTP/1.1" 200 2936 "https://heredit.mx/sliders/cards/index.html" "Mozilla/5.0 (Linux; Android 6.0.1; Nexus 5X Build/MMB29P) AppleWebKit/537.36 (KHTML, like Gecko) Chrome/153.0.8010.36 Mobile Safari/537.36 (compatible; GoogleOther)"
66.249.68.192 - - [11/Sep/2026:09:24:21 -0400] "GET /?a=saltillo-mapache-cc-k2NdLgtN HTTP/1.1" 200 223667 "-" "Mozilla/5.0 (Linux; Android 6.0.1; Nexus 5X Build/MMB29P) AppleWebKit/537.36 (KHTML, like Gecko) Chrome/153.0.8010.36 Mobile Safari/537.36 (compatible; Googlebot/2.1; +http://www.google.com/bot.html)"
66.249.68.192 - - [11/Sep/2026:09:24:24 -0400] "GET /wp-content/plugins/wpforms/assets/pro/css/fields/layout.min.css?ver=1.10.2.1 HTTP/1.1" 200 41126 "https://heredit.mx/?a=saltillo-mapache-cc-k2NdLgtN" "Mozilla/5.0 (Linux; Android 6.0.1; Nexus 5X Build/MMB29P) AppleWebKit/537.36 (KHTML, like Gecko) Chrome/153.0.8010.36 Mobile Safari/537.36 (compatible; Googlebot/2.1; +http://www.google.com/bot.html)"
199.250.222.155 - - [11/Sep/2026:09:24:47 -0400] "POST /wp-cron.php?doing_wp_cron=1789133087.9592580795288085937500 HTTP/1.1" 200 - "-" "WordPress/7.1; https://heredit.mx"
52.167.144.159 - - [11/Sep/2026:09:24:47 -0400] "GET /liquidable-172421-KielUEjpTu/ HTTP/1.1" 404 123212 "-" "Mozilla/5.0 AppleWebKit/537.36 (KHTML, like Gecko; compatible; bingbot/2.0; +http://www.bing.com/bingbot.htm) Chrome/116.0.1938.76 Safari/537.36"
66.249.68.194 - - [11/Sep/2026:09:25:12 -0400] "GET /?a=80-wessebago-rd-lovell-me-x19052886-kezar-realty-western-cc-5wOeP3sn HTTP/1.1" 200 223827 "-" "Mozilla/5.0 (Linux; Android 6.0.1; Nexus 5X Build/MMB29P) AppleWebKit/537.36 (KHTML, like Gecko) Chrome/153.0.8010.36 Mobile Safari/537.36 (compatible; GoogleOther)"
66.249.68.192 - - [11/Sep/2026:09:25:17 -0400] "GET /wp-content/uploads/2024/06/facebook.svg HTTP/1.1" 200 567 "https://heredit.mx/?a=80-wessebago-rd-lovell-me-x19052886-kezar-realty-western-cc-5wOeP3sn" "Mozilla/5.0 (Linux; Android 6.0.1; Nexus 5X Build/MMB29P) AppleWebKit/537.36 (KHTML, like Gecko) Chrome/153.0.8010.36 Mobile Safari/537.36 (compatible; GoogleOther)"
199.250.222.155 - - [11/Sep/2026:09:26:04 -0400] "POST /wp-cron.php?doing_wp_cron=1789133164.2476611137390136718750 HTTP/1.1" 200 - "-" "WordPress/7.1; https://heredit.mx"
66.249.68.194 - - [11/Sep/2026:09:26:03 -0400] "GET /?a=80-wessebago-rd-lovell-me-x19052886-kezar-realty-western-cc-5wOeP3sn HTTP/1.1" 200 223827 "-" "Mozilla/5.0 (Linux; Android 6.0.1; Nexus 5X Build/MMB29P) AppleWebKit/537.36 (KHTML, like Gecko) Chrome/153.0.8010.36 Mobile Safari/537.36 (compatible; Googlebot/2.1; +http://www.google.com/bot.html)"
40.77.167.1 - - [11/Sep/2026:09:26:17 -0400] "GET /?w=t-shirt-in-vino-veritas-who-are-you-i-pp-5KvJ9JCv HTTP/1.1" 301 - "-" "Mozilla/5.0 AppleWebKit/537.36 (KHTML, like Gecko; compatible; bingbot/2.0; +http://www.bing.com/bingbot.htm) Chrome/116.0.1938.76 Safari/537.36"
52.167.144.25 - - [11/Sep/2026:09:26:27 -0400] "GET /?w=t-shirt-in-vino-veritas-who-are-you-i-pp-5KvJ9JCv HTTP/1.1" 200 112757 "-" "Mozilla/5.0 AppleWebKit/537.36 (KHTML, like Gecko; compatible; bingbot/2.0; +http://www.bing.com/bingbot.htm) Chrome/116.0.1938.76 Safari/537.36"
199.250.222.155 - - [11/Sep/2026:09:26:37 -0400] "POST /wp-cron.php?doing_wp_cron=1789133197.5788369178771972656250 HTTP/1.1" 200 - "-" "WordPress/7.1; https://heredit.mx"
52.167.144.159 - - [11/Sep/2026:09:26:37 -0400] "GET /liquidable-172421-KielUEjpTu/ HTTP/1.1" 404 123212 "-" "Mozilla/5.0 AppleWebKit/537.36 (KHTML, like Gecko; compatible; bingbot/2.0; +http://www.bing.com/bingbot.htm) Chrome/116.0.1938.76 Safari/537.36"
66.249.68.192 - - [11/Sep/2026:09:26:55 -0400] "GET /?a=the-20-best-spring-wedding-favors-guests-will-love-cc-px5oj8tx HTTP/1.1" 200 223803 "-" "Mozilla/5.0 (Linux; Android 6.0.1; Nexus 5X Build/MMB29P) AppleWebKit/537.36 (KHTML, like Gecko) Chrome/153.0.8010.36 Mobile Safari/537.36 (compatible; GoogleOther)"
66.249.68.193 - - [11/Sep/2026:09:27:48 -0400] "GET /?a=yachts-racing-at-cowes-week-isle-of-wight-2010-cc-3VYDbKIV HTTP/1.1" 200 223787 "-" "Mozilla/5.0 (Linux; Android 6.0.1; Nexus 5X Build/MMB29P) AppleWebKit/537.36 (KHTML, like Gecko) Chrome/153.0.8010.36 Mobile Safari/537.36 (compatible; Googlebot/2.1; +http://www.google.com/bot.html)"
66.249.68.194 - - [11/Sep/2026:09:28:13 -0400] "GET /wp-content/plugins/elementor/assets/css/conditionals/e-swiper.min.css?ver=4.2.4 HTTP/1.1" 200 5486 "https://heredit.mx/?a=yachts-racing-at-cowes-week-isle-of-wight-2010-cc-3VYDbKIV" "Mozilla/5.0 (Linux; Android 6.0.1; Nexus 5X Build/MMB29P) AppleWebKit/537.36 (KHTML, like Gecko) Chrome/153.0.8010.36 Mobile Safari/537.36 (compatible; Googlebot/2.1; +http://www.google.com/bot.html)"
66.249.68.192 - - [11/Sep/2026:09:28:16 -0400] "GET /wp-content/plugins/elementor-pro/assets/js/slides.8e9b74f1b31471377df8.bundle.min.js HTTP/1.1" 200 3918 "https://heredit.mx/?a=yachts-racing-at-cowes-week-isle-of-wight-2010-cc-3VYDbKIV" "Mozilla/5.0 (Linux; Android 6.0.1; Nexus 5X Build/MMB29P) AppleWebKit/537.36 (KHTML, like Gecko) Chrome/153.0.8010.36 Mobile Safari/537.36 (compatible; Googlebot/2.1; +http://www.google.com/bot.html)"
199.250.222.155 - - [11/Sep/2026:09:29:06 -0400] "POST /wp-cron.php?doing_wp_cron=1789133345.9848821163177490234375 HTTP/1.1" 200 - "-" "WordPress/7.1; https://heredit.mx"
223.181.127.189 - - [11/Sep/2026:09:29:05 -0400] "POST /xmlrpc.php HTTP/1.1" 200 415 "-" "Jetpack by WordPress.com"
52.167.144.159 - - [11/Sep/2026:09:29:16 -0400] "GET /liquidable-172421-KielUEjpTu/ HTTP/1.1" 404 123212 "-" "Mozilla/5.0 AppleWebKit/537.36 (KHTML, like Gecko; compatible; bingbot/2.0; +http://www.bing.com/bingbot.htm) Chrome/116.0.1938.76 Safari/537.36"
223.181.127.189 - - [11/Sep/2026:09:29:17 -0400] "POST /xmlrpc.php HTTP/1.1" 200 415 "-" "Jetpack by WordPress.com (Jetpack 13.0; WordPress 6.4)"
223.181.127.189 - - [11/Sep/2026:09:29:26 -0400] "POST /xmlrpc.php HTTP/1.1" 200 415 "-" "Jetpack/13.0; WordPress/6.4; http://site27434766.com"
223.181.127.189 - - [11/Sep/2026:09:29:35 -0400] "POST /xmlrpc.php HTTP/1.1" 406 300 "-" "WordPress.com; https://wordpress.com"
199.250.222.155 - - [11/Sep/2026:09:29:45 -0400] "POST /wp-cron.php?doing_wp_cron=1789133385.6383090019226074218750 HTTP/1.1" 200 - "-" "WordPress/7.1; https://heredit.mx"
223.181.127.189 - - [11/Sep/2026:09:29:45 -0400] "POST /xmlrpc.php HTTP/1.1" 200 415 "-" "Jetpack/12.1; WordPress/6.3; http://site34336188.com"
223.181.127.189 - - [11/Sep/2026:09:30:08 -0400] "POST /xmlrpc.php HTTP/1.1" 200 415 "-" "Jetpack/12.0; WordPress/6.2; http://site48044467.com"
223.181.127.189 - - [11/Sep/2026:09:30:20 -0400] "POST /xmlrpc.php HTTP/1.1" 200 415 "-" "Jetpack/12.5; WordPress/6.2; http://site87201557.com"
223.181.127.189 - - [11/Sep/2026:09:30:30 -0400] "POST /xmlrpc.php HTTP/1.1" 406 300 "-" "WordPress.com; https://wordpress.com"
199.250.222.155 - - [11/Sep/2026:09:30:51 -0400] "POST /wp-cron.php?doing_wp_cron=1789133451.9683890342712402343750 HTTP/1.1" 200 - "-" "WordPress/7.1; https://heredit.mx"
223.181.127.189 - - [11/Sep/2026:09:30:51 -0400] "POST /xmlrpc.php HTTP/1.1" 200 415 "-" "WordPress.com; https://wordpress.com"
223.181.127.189 - - [11/Sep/2026:09:31:12 -0400] "POST /xmlrpc.php HTTP/1.1" 200 415 "-" "Jetpack by WordPress.com (Jetpack 12.1; WordPress 6.2)"
223.181.127.189 - - [11/Sep/2026:09:31:23 -0400] "POST /xmlrpc.php HTTP/1.1" 200 415 "-" "Jetpack by WordPress.com (Jetpack 12.0; WordPress 6.3)"
199.250.222.155 - - [11/Sep/2026:09:31:34 -0400] "POST /wp-cron.php?doing_wp_cron=1789133494.6104269027709960937500 HTTP/1.1" 200 - "-" "WordPress/7.1; https://heredit.mx"
223.181.127.189 - - [11/Sep/2026:09:31:34 -0400] "POST /xmlrpc.php HTTP/1.1" 200 415 "-" "Jetpack/12.1; WordPress/6.3; http://site99926855.com"
40.77.167.130 - - [11/Sep/2026:09:31:37 -0400] "GET /ZOOvB/codding753753/?a=8-695-1 HTTP/1.1" 404 121299 "-" "Mozilla/5.0 AppleWebKit/537.36 (KHTML, like Gecko; compatible; bingbot/2.0; +http://www.bing.com/bingbot.htm) Chrome/116.0.1938.76 Safari/537.36"
66.249.68.193 - - [11/Sep/2026:09:31:40 -0400] "GET /index.php HTTP/1.1" 301 - "-" "Mozilla/5.0 (Linux; Android 6.0.1; Nexus 5X Build/MMB29P) AppleWebKit/537.36 (KHTML, like Gecko) Chrome/153.0.8010.36 Mobile Safari/537.36 (compatible; Googlebot/2.1; +http://www.google.com/bot.html)"
66.249.68.193 - - [11/Sep/2026:09:31:40 -0400] "GET / HTTP/1.1" 200 59619 "-" "Mozilla/5.0 (Linux; Android 6.0.1; Nexus 5X Build/MMB29P) AppleWebKit/537.36 (KHTML, like Gecko) Chrome/153.0.8010.36 Mobile Safari/537.36 (compatible; Googlebot/2.1; +http://www.google.com/bot.html)"
223.181.127.189 - - [11/Sep/2026:09:31:45 -0400] "POST /xmlrpc.php HTTP/1.1" 200 415 "-" "Jetpack/12.1; WordPress/6.4; http://site86090108.com"
223.181.127.189 - - [11/Sep/2026:09:31:55 -0400] "POST /xmlrpc.php HTTP/1.1" 406 300 "-" "WordPress.com; https://wordpress.com"
223.181.127.189 - - [11/Sep/2026:09:32:06 -0400] "POST /xmlrpc.php HTTP/1.1" 200 415 "-" "Jetpack by WordPress.com"
223.181.127.189 - - [11/Sep/2026:09:32:15 -0400] "POST /xmlrpc.php HTTP/1.1" 200 415 "-" "WordPress.com; https://wordpress.com"
223.181.127.189 - - [11/Sep/2026:09:32:25 -0400] "POST /xmlrpc.php HTTP/1.1" 200 415 "-" "Jetpack by WordPress.com"
199.250.222.155 - - [11/Sep/2026:09:32:37 -0400] "POST /wp-cron.php?doing_wp_cron=1789133557.0016059875488281250000 HTTP/1.1" 200 - "-" "WordPress/7.1; https://heredit.mx"
223.181.127.189 - - [11/Sep/2026:09:32:36 -0400] "POST /xmlrpc.php HTTP/1.1" 200 415 "-" "Jetpack by WordPress.com (Jetpack 12.5; WordPress 6.3)"
223.181.127.189 - - [11/Sep/2026:09:32:46 -0400] "POST /xmlrpc.php HTTP/1.1" 200 415 "-" "Jetpack by WordPress.com"
223.181.127.189 - - [11/Sep/2026:09:32:58 -0400] "POST /xmlrpc.php HTTP/1.1" 200 415 "-" "Jetpack by WordPress.com"
223.181.127.189 - - [11/Sep/2026:09:33:08 -0400] "POST /xmlrpc.php HTTP/1.1" 200 415 "-" "Jetpack by WordPress.com"
223.181.127.189 - - [11/Sep/2026:09:33:17 -0400] "POST /xmlrpc.php HTTP/1.1" 200 415 "-" "Jetpack by WordPress.com"
199.250.222.155 - - [11/Sep/2026:09:33:28 -0400] "POST /wp-cron.php?doing_wp_cron=1789133608.8852028846740722656250 HTTP/1.1" 200 - "-" "WordPress/7.1; https://heredit.mx"
223.181.127.189 - - [11/Sep/2026:09:33:28 -0400] "POST /xmlrpc.php HTTP/1.1" 200 415 "-" "Jetpack by WordPress.com"
223.181.127.189 - - [11/Sep/2026:09:33:39 -0400] "POST /xmlrpc.php HTTP/1.1" 200 415 "-" "Jetpack by WordPress.com"
223.181.127.189 - - [11/Sep/2026:09:33:49 -0400] "POST /xmlrpc.php HTTP/1.1" 200 415 "-" "Jetpack by WordPress.com (Jetpack 13.0; WordPress 6.3)"
199.250.222.155 - - [11/Sep/2026:09:33:55 -0400] "POST /wp-cron.php?doing_wp_cron=1789133635.6359169483184814453125 HTTP/1.1" 200 - "-" "WordPress/7.1; https://heredit.mx"
66.249.68.192 - - [11/Sep/2026:09:33:55 -0400] "GET /predeny=7&GuDQ3WTBve=455081/?a=cheap-%3Eanna-wintour-versace-big-sale-off-66%-cc-zzEkEKhG HTTP/1.1" 404 121299 "-" "Mozilla/5.0 (Linux; Android 6.0.1; Nexus 5X Build/MMB29P) AppleWebKit/537.36 (KHTML, like Gecko) Chrome/153.0.8010.36 Mobile Safari/537.36 (compatible; Googlebot/2.1; +http://www.google.com/bot.html)"
223.181.127.189 - - [11/Sep/2026:09:34:11 -0400] "POST /xmlrpc.php HTTP/1.1" 200 415 "-" "Jetpack by WordPress.com"
223.181.127.189 - - [11/Sep/2026:09:34:21 -0400] "POST /xmlrpc.php HTTP/1.1" 200 415 "-" "Jetpack/12.1; WordPress/6.2; http://site53105997.com"
223.181.127.189 - - [11/Sep/2026:09:34:32 -0400] "POST /xmlrpc.php HTTP/1.1" 406 300 "-" "WordPress.com; https://wordpress.com"
199.250.222.155 - - [11/Sep/2026:09:34:43 -0400] "POST /wp-cron.php?doing_wp_cron=1789133683.2412750720977783203125 HTTP/1.1" 200 - "-" "WordPress/7.1; https://heredit.mx"
223.181.127.189 - - [11/Sep/2026:09:34:43 -0400] "POST /xmlrpc.php HTTP/1.1" 200 415 "-" "Jetpack by WordPress.com (Jetpack 12.5; WordPress 6.2)"
66.249.68.194 - - [11/Sep/2026:09:34:46 -0400] "GET /?a=ana-hickmann-sunglasses-gold-metal-cc-5VZqQqcn HTTP/1.1" 200 223739 "-" "Mozilla/5.0 (Linux; Android 6.0.1; Nexus 5X Build/MMB29P) AppleWebKit/537.36 (KHTML, like Gecko) Chrome/153.0.8010.36 Mobile Safari/537.36 (compatible; GoogleOther)"
66.249.68.192 - - [11/Sep/2026:09:34:50 -0400] "GET /wp-content/uploads/2024/05/linea-etica.svg HTTP/1.1" 200 5523 "https://heredit.mx/?a=ana-hickmann-sunglasses-gold-metal-cc-5VZqQqcn" "Mozilla/5.0 (Linux; Android 6.0.1; Nexus 5X Build/MMB29P) AppleWebKit/537.36 (KHTML, like Gecko) Chrome/153.0.8010.36 Mobile Safari/537.36 (compatible; GoogleOther)"
223.181.127.189 - - [11/Sep/2026:09:34:54 -0400] "POST /xmlrpc.php HTTP/1.1" 200 415 "-" "Jetpack/13.0; WordPress/6.3; http://site93469726.com"
223.181.127.189 - - [11/Sep/2026:09:35:14 -0400] "POST /xmlrpc.php HTTP/1.1" 200 415 "-" "Jetpack/13.0; WordPress/6.1; http://site20228541.com"
223.181.127.189 - - [11/Sep/2026:09:35:25 -0400] "POST /xmlrpc.php HTTP/1.1" 200 415 "-" "Jetpack/12.1; WordPress/6.1; http://site38564474.com"
199.250.222.155 - - [11/Sep/2026:09:35:38 -0400] "POST /wp-cron.php?doing_wp_cron=1789133738.1475141048431396484375 HTTP/1.1" 200 - "-" "WordPress/7.1; https://heredit.mx"
66.249.68.193 - - [11/Sep/2026:09:35:37 -0400] "GET /?a=sandy-path-to-lake-vintage-original-oil-painting-stephano-cc-EqbGMzHD HTTP/1.1" 200 223831 "-" "Mozilla/5.0 (Linux; Android 6.0.1; Nexus 5X Build/MMB29P) AppleWebKit/537.36 (KHTML, like Gecko) Chrome/153.0.8010.36 Mobile Safari/537.36 (compatible; GoogleOther)"
223.181.127.189 - - [11/Sep/2026:09:35:46 -0400] "POST /xmlrpc.php HTTP/1.1" 200 415 "-" "Jetpack by WordPress.com"
223.181.127.189 - - [11/Sep/2026:09:35:59 -0400] "POST /xmlrpc.php HTTP/1.1" 200 415 "-" "Jetpack/12.0; WordPress/6.1; http://site75482741.com"
223.181.127.189 - - [11/Sep/2026:09:36:19 -0400] "POST /xmlrpc.php HTTP/1.1" 200 415 "-" "Jetpack by WordPress.com"
199.250.222.155 - - [11/Sep/2026:09:36:29 -0400] "POST /wp-cron.php?doing_wp_cron=1789133789.1832029819488525390625 HTTP/1.1" 200 - "-" "WordPress/7.1; https://heredit.mx"
66.249.68.193 - - [11/Sep/2026:09:36:28 -0400] "GET /predeny=7&GuDQ3WTBve=455081/?a=cheap-%3Eanna-wintour-versace-big-sale-off-66%-cc-zzEkEKhG HTTP/1.1" 404 121299 "-" "Mozilla/5.0 (Linux; Android 6.0.1; Nexus 5X Build/MMB29P) AppleWebKit/537.36 (KHTML, like Gecko) Chrome/153.0.8010.36 Mobile Safari/537.36 (compatible; GoogleOther)"
223.181.127.189 - - [11/Sep/2026:09:36:30 -0400] "POST /xmlrpc.php HTTP/1.1" 406 300 "-" "WordPress.com; https://wordpress.com"
223.181.127.189 - - [11/Sep/2026:09:36:41 -0400] "POST /xmlrpc.php HTTP/1.1" 200 415 "-" "Jetpack by WordPress.com (Jetpack 13.0; WordPress 6.2)"
223.181.127.189 - - [11/Sep/2026:09:36:50 -0400] "POST /xmlrpc.php HTTP/1.1" 200 415 "-" "Jetpack/12.0; WordPress/6.3; http://site79075661.com"
223.181.127.189 - - [11/Sep/2026:09:37:11 -0400] "POST /xmlrpc.php HTTP/1.1" 200 415 "-" "Jetpack by WordPress.com (Jetpack 12.1; WordPress 6.4)"
223.181.127.189 - - [11/Sep/2026:09:37:22 -0400] "POST /xmlrpc.php HTTP/1.1" 200 415 "-" "Jetpack/12.0; WordPress/6.3; http://site36180426.com"
199.250.222.155 - - [11/Sep/2026:09:37:35 -0400] "POST /wp-cron.php?doing_wp_cron=1789133855.7685909271240234375000 HTTP/1.1" 200 - "-" "WordPress/7.1; https://heredit.mx"
223.181.127.189 - - [11/Sep/2026:09:37:35 -0400] "POST /xmlrpc.php HTTP/1.1" 200 415 "-" "Jetpack by WordPress.com"
223.181.127.189 - - [11/Sep/2026:09:37:43 -0400] "POST /xmlrpc.php HTTP/1.1" 200 415 "-" "Jetpack by WordPress.com (Jetpack 12.5; WordPress 6.1)"
223.181.127.189 - - [11/Sep/2026:09:37:56 -0400] "POST /xmlrpc.php HTTP/1.1" 406 300 "-" "WordPress.com; https://wordpress.com"
66.249.68.193 - - [11/Sep/2026:09:38:02 -0400] "GET /?a=asos-summer-occasion-dress-as-worn-by-mollie-king-cc-7JvmkRFw HTTP/1.1" 200 223799 "-" "Mozilla/5.0 (Linux; Android 6.0.1; Nexus 5X Build/MMB29P) AppleWebKit/537.36 (KHTML, like Gecko) Chrome/153.0.8010.36 Mobile Safari/537.36 (compatible; Googlebot/2.1; +http://www.google.com/bot.html)"
54.85.126.86 - - [11/Sep/2026:09:38:04 -0400] "GET /?a=indesit-double-integrated-oven-off-70%25-shipping-free-cc-kzq246hN HTTP/1.1" 200 223815 "-" "Mozilla/5.0 AppleWebKit/537.36 (KHTML, like Gecko; compatible; Amazonbot/0.1; +https://developer.amazon.com/support/amazonbot) Chrome/119.0.6045.214 Safari/537.36"
66.249.68.193 - - [11/Sep/2026:09:38:05 -0400] "GET /wp-content/uploads/2024/06/icon-build.svg HTTP/1.1" 200 4839 "https://heredit.mx/sliders/descripcion/index.html" "Mozilla/5.0 (Linux; Android 6.0.1; Nexus 5X Build/MMB29P) AppleWebKit/537.36 (KHTML, like Gecko) Chrome/153.0.8010.36 Mobile Safari/537.36 (compatible; Googlebot/2.1; +http://www.google.com/bot.html)"
223.181.127.189 - - [11/Sep/2026:09:38:07 -0400] "POST /xmlrpc.php HTTP/1.1" 200 415 "-" "Jetpack by WordPress.com (Jetpack 12.1; WordPress 6.4)"
100.29.107.38 - - [11/Sep/2026:09:38:07 -0400] "GET /?a=dual-monitor-backgrounds-top-sellers-1693090987-cc-1a6Y8Nim HTTP/1.1" 200 223791 "-" "Mozilla/5.0 AppleWebKit/537.36 (KHTML, like Gecko; compatible; Amazonbot/0.1; +https://developer.amazon.com/support/amazonbot) Chrome/119.0.6045.214 Safari/537.36"
223.181.127.189 - - [11/Sep/2026:09:38:15 -0400] "POST /xmlrpc.php HTTP/1.1" 406 300 "-" "WordPress.com; https://wordpress.com"
223.181.127.189 - - [11/Sep/2026:09:38:26 -0400] "POST /xmlrpc.php HTTP/1.1" 200 415 "-" "Jetpack/12.0; WordPress/6.2; http://site76784864.com"
199.250.222.155 - - [11/Sep/2026:09:38:41 -0400] "POST /wp-cron.php?doing_wp_cron=1789133920.9688720703125000000000 HTTP/1.1" 200 - "-" "WordPress/7.1; https://heredit.mx"
52.167.144.186 - - [11/Sep/2026:09:38:40 -0400] "GET /?w=magol-kend%C5%91zetlen-cs%C3%A9ke-electrolux-ultraone-porsz%C3%ADv%C3%B3-alkatr%C3%A9szek-nagy%C3%A9r-szil%C3%A1zs-pp-gv2lDlt9 HTTP/1.1" 301 - "-" "Mozilla/5.0 AppleWebKit/537.36 (KHTML, like Gecko; compatible; bingbot/2.0; +http://www.bing.com/bingbot.htm) Chrome/116.0.1938.76 Safari/537.36"
223.181.127.189 - - [11/Sep/2026:09:38:47 -0400] "POST /xmlrpc.php HTTP/1.1" 200 415 "-" "Jetpack by WordPress.com"
40.77.167.130 - - [11/Sep/2026:09:38:50 -0400] "GET /?w=magol-kend%C5%91zetlen-cs%C3%A9ke-electrolux-ultraone-porsz%C3%ADv%C3%B3-alkatr%C3%A9szek-nagy%C3%A9r-szil%C3%A1zs-pp-gv2lDlt9 HTTP/1.1" 200 112757 "-" "Mozilla/5.0 AppleWebKit/537.36 (KHTML, like Gecko; compatible; bingbot/2.0; +http://www.bing.com/bingbot.htm) Chrome/116.0.1938.76 Safari/537.36"
223.181.127.189 - - [11/Sep/2026:09:39:11 -0400] "POST /xmlrpc.php HTTP/1.1" 406 300 "-" "WordPress.com; https://wordpress.com"
223.181.127.189 - - [11/Sep/2026:09:39:01 -0400] "POST /xmlrpc.php HTTP/1.1" 200 415 "-" "Jetpack by WordPress.com"
223.181.127.189 - - [11/Sep/2026:09:39:21 -0400] "POST /xmlrpc.php HTTP/1.1" 200 415 "-" "Jetpack by WordPress.com (Jetpack 12.1; WordPress 6.3)"
199.250.222.155 - - [11/Sep/2026:09:39:30 -0400] "POST /wp-cron.php?doing_wp_cron=1789133970.2661209106445312500000 HTTP/1.1" 200 - "-" "WordPress/7.1; https://heredit.mx"
223.181.127.189 - - [11/Sep/2026:09:39:30 -0400] "POST /xmlrpc.php HTTP/1.1" 200 415 "-" "Jetpack by WordPress.com (Jetpack 12.1; WordPress 6.1)"
223.181.127.189 - - [11/Sep/2026:09:39:40 -0400] "POST /xmlrpc.php HTTP/1.1" 200 415 "-" "Jetpack by WordPress.com"
223.181.127.189 - - [11/Sep/2026:09:39:51 -0400] "POST /xmlrpc.php HTTP/1.1" 200 415 "-" "Jetpack by WordPress.com"
223.181.127.189 - - [11/Sep/2026:09:40:01 -0400] "POST /xmlrpc.php HTTP/1.1" 200 415 "-" "Jetpack/13.0; WordPress/6.4; http://site15227773.com"
40.77.167.130 - - [11/Sep/2026:09:40:13 -0400] "GET /codding-514063-aGwiOsi/index.php?a=ryzen-de-generacion-c-RM4ExNu7 HTTP/1.1" 301 - "-" "Mozilla/5.0 AppleWebKit/537.36 (KHTML, like Gecko; compatible; bingbot/2.0; +http://www.bing.com/bingbot.htm) Chrome/116.0.1938.76 Safari/537.36"
223.181.127.189 - - [11/Sep/2026:09:40:14 -0400] "POST /xmlrpc.php HTTP/1.1" 200 415 "-" "Jetpack by WordPress.com (Jetpack 12.1; WordPress 6.2)"
40.77.167.130 - - [11/Sep/2026:09:40:15 -0400] "GET /?a=old-fashioned-mary-jane-taffy-candy-%E2%80%93-fccandy-cc-qeKEPwsd HTTP/1.1" 200 223803 "-" "Mozilla/5.0 AppleWebKit/537.36 (KHTML, like Gecko; compatible; bingbot/2.0; +http://www.bing.com/bingbot.htm) Chrome/116.0.1938.76 Safari/537.36"
223.181.127.189 - - [11/Sep/2026:09:40:23 -0400] "POST /xmlrpc.php HTTP/1.1" 406 300 "-" "WordPress.com; https://wordpress.com"
199.250.222.155 - - [11/Sep/2026:09:40:28 -0400] "POST /wp-cron.php?doing_wp_cron=1789134028.9108829498291015625000 HTTP/1.1" 200 - "-" "WordPress/7.1; https://heredit.mx"
52.167.144.197 - - [11/Sep/2026:09:40:28 -0400] "GET /kuskite/leash624.html HTTP/1.1" 404 123212 "-" "Mozilla/5.0 AppleWebKit/537.36 (KHTML, like Gecko; compatible; bingbot/2.0; +http://www.bing.com/bingbot.htm) Chrome/116.0.1938.76 Safari/537.36"
223.181.127.189 - - [11/Sep/2026:09:40:33 -0400] "POST /xmlrpc.php HTTP/1.1" 200 415 "-" "Jetpack/13.0; WordPress/6.4; http://site20252273.com"
223.181.127.189 - - [11/Sep/2026:09:40:44 -0400] "POST /xmlrpc.php HTTP/1.1" 200 415 "-" "Jetpack by WordPress.com"
223.181.127.189 - - [11/Sep/2026:09:40:54 -0400] "POST /xmlrpc.php HTTP/1.1" 200 415 "-" "Jetpack by WordPress.com (Jetpack 12.5; WordPress 6.4)"
223.181.127.189 - - [11/Sep/2026:09:41:05 -0400] "POST /xmlrpc.php HTTP/1.1" 200 415 "-" "Jetpack by WordPress.com (Jetpack 12.0; WordPress 6.3)"
223.181.127.189 - - [11/Sep/2026:09:41:16 -0400] "POST /xmlrpc.php HTTP/1.1" 200 415 "-" "Jetpack by WordPress.com"
223.181.127.189 - - [11/Sep/2026:09:41:26 -0400] "POST /xmlrpc.php HTTP/1.1" 200 415 "-" "Jetpack by WordPress.com"
199.250.222.155 - - [11/Sep/2026:09:41:34 -0400] "POST /wp-cron.php?doing_wp_cron=1789134094.4243230819702148437500 HTTP/1.1" 200 - "-" "WordPress/7.1; https://heredit.mx"
66.249.68.194 - - [11/Sep/2026:09:41:34 -0400] "GET /?a=asos-summer-occasion-dress-as-worn-by-mollie-king-cc-7JvmkRFw HTTP/1.1" 200 223799 "-" "Mozilla/5.0 (Linux; Android 6.0.1; Nexus 5X Build/MMB29P) AppleWebKit/537.36 (KHTML, like Gecko) Chrome/153.0.8010.36 Mobile Safari/537.36 (compatible; GoogleOther)"
66.249.68.193 - - [11/Sep/2026:09:41:35 -0400] "GET /wp-content/plugins/elementor-pro/assets/css/modules/motion-fx.min.css?ver=4.2.3 HTTP/1.1" 200 778 "https://heredit.mx/?a=asos-summer-occasion-dress-as-worn-by-mollie-king-cc-7JvmkRFw" "Mozilla/5.0 (Linux; Android 6.0.1; Nexus 5X Build/MMB29P) AppleWebKit/537.36 (KHTML, like Gecko) Chrome/153.0.8010.36 Mobile Safari/537.36 (compatible; GoogleOther)"
66.249.68.193 - - [11/Sep/2026:09:41:37 -0400] "GET /wp-content/plugins/essential-addons-for-elementor-lite/assets/front-end/js/view/general.min.js?ver=6.8.3 HTTP/1.1" 200 11874 "https://heredit.mx/?a=asos-summer-occasion-dress-as-worn-by-mollie-king-cc-7JvmkRFw" "Mozilla/5.0 (Linux; Android 6.0.1; Nexus 5X Build/MMB29P) AppleWebKit/537.36 (KHTML, like Gecko) Chrome/153.0.8010.36 Mobile Safari/537.36 (compatible; GoogleOther)"
223.181.127.189 - - [11/Sep/2026:09:41:37 -0400] "POST /xmlrpc.php HTTP/1.1" 200 415 "-" "Jetpack by WordPress.com (Jetpack 12.0; WordPress 6.4)"
223.181.127.189 - - [11/Sep/2026:09:41:48 -0400] "POST /xmlrpc.php HTTP/1.1" 200 415 "-" "Jetpack by WordPress.com (Jetpack 12.5; WordPress 6.2)"
223.181.127.189 - - [11/Sep/2026:09:42:02 -0400] "POST /xmlrpc.php HTTP/1.1" 406 300 "-" "WordPress.com; https://wordpress.com"
223.181.127.189 - - [11/Sep/2026:09:42:20 -0400] "POST /xmlrpc.php HTTP/1.1" 200 415 "-" "Jetpack/12.0; WordPress/6.3; http://site16876898.com"
199.250.222.155 - - [11/Sep/2026:09:42:32 -0400] "POST /wp-cron.php?doing_wp_cron=1789134152.6045560836791992187500 HTTP/1.1" 200 - "-" "WordPress/7.1; https://heredit.mx"
223.181.127.189 - - [11/Sep/2026:09:42:32 -0400] "POST /xmlrpc.php HTTP/1.1" 200 415 "-" "Jetpack by WordPress.com"
223.181.127.189 - - [11/Sep/2026:09:42:41 -0400] "POST /xmlrpc.php HTTP/1.1" 200 415 "-" "Jetpack/12.1; WordPress/6.3; http://site66492243.com"
223.181.127.189 - - [11/Sep/2026:09:42:52 -0400] "POST /xmlrpc.php HTTP/1.1" 200 415 "-" "Jetpack by WordPress.com (Jetpack 13.0; WordPress 6.2)"
223.181.127.189 - - [11/Sep/2026:09:43:02 -0400] "POST /xmlrpc.php HTTP/1.1" 200 415 "-" "Jetpack by WordPress.com (Jetpack 13.0; WordPress 6.3)"
223.181.127.189 - - [11/Sep/2026:09:43:13 -0400] "POST /xmlrpc.php HTTP/1.1" 406 300 "-" "WordPress.com; https://wordpress.com"
223.181.127.189 - - [11/Sep/2026:09:43:24 -0400] "POST /xmlrpc.php HTTP/1.1" 200 415 "-" "Jetpack by WordPress.com"
199.250.222.155 - - [11/Sep/2026:09:43:34 -0400] "POST /wp-cron.php?doing_wp_cron=1789134214.8824100494384765625000 HTTP/1.1" 200 - "-" "WordPress/7.1; https://heredit.mx"
223.181.127.189 - - [11/Sep/2026:09:43:34 -0400] "POST /xmlrpc.php HTTP/1.1" 200 415 "-" "Jetpack by WordPress.com (Jetpack 13.0; WordPress 6.4)"
223.181.127.189 - - [11/Sep/2026:09:43:50 -0400] "POST /xmlrpc.php HTTP/1.1" 200 415 "-" "Jetpack by WordPress.com (Jetpack 12.5; WordPress 6.4)"
223.181.127.189 - - [11/Sep/2026:09:44:16 -0400] "POST /xmlrpc.php HTTP/1.1" 200 415 "-" "Jetpack by WordPress.com"
199.250.222.155 - - [11/Sep/2026:09:44:43 -0400] "POST /wp-cron.php?doing_wp_cron=1789134283.1477890014648437500000 HTTP/1.1" 200 - "-" "WordPress/7.1; https://heredit.mx"
223.181.127.189 - - [11/Sep/2026:09:44:42 -0400] "POST /xmlrpc.php HTTP/1.1" 200 415 "-" "Jetpack by WordPress.com"
223.181.127.189 - - [11/Sep/2026:09:44:53 -0400] "POST /xmlrpc.php HTTP/1.1" 200 415 "-" "Jetpack by WordPress.com (Jetpack 12.0; WordPress 6.1)"
223.181.127.189 - - [11/Sep/2026:09:45:01 -0400] "POST /xmlrpc.php HTTP/1.1" 200 415 "-" "Jetpack/13.0; WordPress/6.2; http://site70806584.com"
223.181.127.189 - - [11/Sep/2026:09:45:20 -0400] "POST /xmlrpc.php HTTP/1.1" 200 415 "-" "Jetpack by WordPress.com (Jetpack 12.0; WordPress 6.3)"
199.250.222.155 - - [11/Sep/2026:09:45:42 -0400] "POST /wp-cron.php?doing_wp_cron=1789134342.7556340694427490234375 HTTP/1.1" 200 - "-" "WordPress/7.1; https://heredit.mx"
223.181.127.189 - - [11/Sep/2026:09:45:42 -0400] "POST /xmlrpc.php HTTP/1.1" 200 415 "-" "Jetpack/12.0; WordPress/6.2; http://site36327450.com"
66.249.68.192 - - [11/Sep/2026:09:45:50 -0400] "GET /?a=william-shaw-ward-oil-painting-reproduction-by-thomas-eakins-cc-Kk47pKHQ HTTP/1.1" 200 223843 "-" "Mozilla/5.0 (Linux; Android 6.0.1; Nexus 5X Build/MMB29P) AppleWebKit/537.36 (KHTML, like Gecko) Chrome/153.0.8010.36 Mobile Safari/537.36 (compatible; GoogleOther)"
223.181.127.189 - - [11/Sep/2026:09:45:55 -0400] "POST /xmlrpc.php HTTP/1.1" 406 300 "-" "WordPress.com; https://wordpress.com"
223.181.127.189 - - [11/Sep/2026:09:46:13 -0400] "POST /xmlrpc.php HTTP/1.1" 406 300 "-" "WordPress.com; https://wordpress.com"
199.250.222.155 - - [11/Sep/2026:09:46:28 -0400] "POST /wp-cron.php?doing_wp_cron=1789134388.2164659500122070312500 HTTP/1.1" 200 - "-" "WordPress/7.1; https://heredit.mx"
223.181.127.189 - - [11/Sep/2026:09:46:27 -0400] "POST /xmlrpc.php HTTP/1.1" 200 415 "-" "Jetpack by WordPress.com"
223.181.127.189 - - [11/Sep/2026:09:46:47 -0400] "POST /xmlrpc.php HTTP/1.1" 200 415 "-" "Jetpack by WordPress.com"
223.181.127.189 - - [11/Sep/2026:09:47:01 -0400] "POST /xmlrpc.php HTTP/1.1" 200 415 "-" "Jetpack/12.5; WordPress/6.3; http://site57915120.com"
223.181.127.189 - - [11/Sep/2026:09:47:10 -0400] "POST /xmlrpc.php HTTP/1.1" 200 415 "-" "Jetpack by WordPress.com (Jetpack 13.0; WordPress 6.3)"
223.181.127.189 - - [11/Sep/2026:09:47:20 -0400] "POST /xmlrpc.php HTTP/1.1" 406 300 "-" "WordPress.com; https://wordpress.com"
199.250.222.155 - - [11/Sep/2026:09:47:32 -0400] "POST /wp-cron.php?doing_wp_cron=1789134452.8970649242401123046875 HTTP/1.1" 200 - "-" "WordPress/7.1; https://heredit.mx"
66.249.68.192 - - [11/Sep/2026:09:47:32 -0400] "GET /?a=sandy-path-to-lake-vintage-original-oil-painting-stephano-cc-EqbGMzHD HTTP/1.1" 200 223831 "-" "Mozilla/5.0 (Linux; Android 6.0.1; Nexus 5X Build/MMB29P) AppleWebKit/537.36 (KHTML, like Gecko) Chrome/153.0.8010.36 Mobile Safari/537.36 (compatible; Googlebot/2.1; +http://www.google.com/bot.html)"
66.249.68.192 - - [11/Sep/2026:09:47:35 -0400] "GET /wp-content/plugins/elementor-pro/assets/css/widget-slides.min.css?ver=4.2.3 HTTP/1.1" 200 2341 "https://heredit.mx/?a=sandy-path-to-lake-vintage-original-oil-painting-stephano-cc-EqbGMzHD" "Mozilla/5.0 (Linux; Android 6.0.1; Nexus 5X Build/MMB29P) AppleWebKit/537.36 (KHTML, like Gecko) Chrome/153.0.8010.36 Mobile Safari/537.36 (compatible; Googlebot/2.1; +http://www.google.com/bot.html)"
66.249.68.194 - - [11/Sep/2026:09:47:35 -0400] "GET /wp-content/uploads/elementor/css/post-48.css?ver=1788480000 HTTP/1.1" 200 45412 "https://heredit.mx/?a=sandy-path-to-lake-vintage-original-oil-painting-stephano-cc-EqbGMzHD" "Mozilla/5.0 (Linux; Android 6.0.1; Nexus 5X Build/MMB29P) AppleWebKit/537.36 (KHTML, like Gecko) Chrome/153.0.8010.36 Mobile Safari/537.36 (compatible; Googlebot/2.1; +http://www.google.com/bot.html)"
199.250.222.155 - - [11/Sep/2026:09:48:32 -0400] "POST /wp-cron.php?doing_wp_cron=1789134512.1977629661560058593750 HTTP/1.1" 200 - "-" "WordPress/7.1; https://heredit.mx"
95.108.213.151 - - [11/Sep/2026:09:48:32 -0400] "GET /robots.txt HTTP/1.1" 200 267 "-" "Mozilla/5.0 (compatible; YandexBot/3.0; +http://yandex.com/bots)"
213.180.203.123 - - [11/Sep/2026:09:48:32 -0400] "GET /?a=bonavita-variable-c-JZayw2U5 HTTP/1.1" 200 223667 "-" "Mozilla/5.0 (compatible; YandexBot/3.0; +http://yandex.com/bots)"
223.181.127.189 - - [11/Sep/2026:09:48:34 -0400] "POST /xmlrpc.php HTTP/1.1" 200 415 "-" "Jetpack by WordPress.com (Jetpack 12.1; WordPress 6.4)"
223.181.127.189 - - [11/Sep/2026:09:48:51 -0400] "POST /xmlrpc.php HTTP/1.1" 200 415 "-" "Jetpack/12.1; WordPress/6.4; http://site74207684.com"
223.181.127.189 - - [11/Sep/2026:09:49:15 -0400] "POST /xmlrpc.php HTTP/1.1" 200 415 "-" "Jetpack/12.1; WordPress/6.1; http://site60705315.com"
223.181.127.189 - - [11/Sep/2026:09:49:26 -0400] "POST /xmlrpc.php HTTP/1.1" 200 415 "-" "Jetpack by WordPress.com"
199.250.222.155 - - [11/Sep/2026:09:49:31 -0400] "POST /wp-cron.php?doing_wp_cron=1789134571.8475410938262939453125 HTTP/1.1" 200 - "-" "WordPress/7.1; https://heredit.mx"
40.77.167.9 - - [11/Sep/2026:09:49:31 -0400] "GET /fipenny=8&sEaCMpiD=595665?a=8-1653-1 HTTP/1.1" 404 121299 "-" "Mozilla/5.0 AppleWebKit/537.36 (KHTML, like Gecko; compatible; bingbot/2.0; +http://www.bing.com/bingbot.htm) Chrome/116.0.1938.76 Safari/537.36"
223.181.127.189 - - [11/Sep/2026:09:49:33 -0400] "POST /xmlrpc.php HTTP/1.1" 200 415 "-" "Jetpack/12.0; WordPress/6.2; http://site33020835.com"
223.181.127.189 - - [11/Sep/2026:09:49:44 -0400] "POST /xmlrpc.php HTTP/1.1" 406 300 "-" "WordPress.com; https://wordpress.com"
223.181.127.189 - - [11/Sep/2026:09:49:56 -0400] "POST /xmlrpc.php HTTP/1.1" 200 415 "-" "Jetpack by WordPress.com"
66.249.68.194 - - [11/Sep/2026:09:50:06 -0400] "GET /?a=melhores-tenis-pronador-france-save-31%-cc-7JrVqdCw HTTP/1.1" 301 - "-" "Mozilla/5.0 (Linux; Android 6.0.1; Nexus 5X Build/MMB29P) AppleWebKit/537.36 (KHTML, like Gecko) Chrome/153.0.8010.36 Mobile Safari/537.36 (compatible; GoogleOther)"
223.181.127.189 - - [11/Sep/2026:09:50:07 -0400] "POST /xmlrpc.php HTTP/1.1" 200 415 "-" "Jetpack/13.0; WordPress/6.4; http://site93602103.com"
223.181.127.189 - - [11/Sep/2026:09:50:16 -0400] "POST /xmlrpc.php HTTP/1.1" 200 415 "-" "Jetpack/12.5; WordPress/6.4; http://site98341067.com"
223.181.127.189 - - [11/Sep/2026:09:50:27 -0400] "POST /xmlrpc.php HTTP/1.1" 200 415 "-" "Jetpack/13.0; WordPress/6.2; http://site58711427.com"
223.181.127.189 - - [11/Sep/2026:09:50:37 -0400] "POST /xmlrpc.php HTTP/1.1" 406 300 "-" "WordPress.com; https://wordpress.com"
199.250.222.155 - - [11/Sep/2026:09:50:48 -0400] "POST /wp-cron.php?doing_wp_cron=1789134648.3602509498596191406250 HTTP/1.1" 200 - "-" "WordPress/7.1; https://heredit.mx"
223.181.127.189 - - [11/Sep/2026:09:50:48 -0400] "POST /xmlrpc.php HTTP/1.1" 200 415 "-" "Jetpack by WordPress.com"
223.181.127.189 - - [11/Sep/2026:09:50:58 -0400] "POST /xmlrpc.php HTTP/1.1" 200 415 "-" "Jetpack by WordPress.com"
223.181.127.189 - - [11/Sep/2026:09:51:09 -0400] "POST /xmlrpc.php HTTP/1.1" 200 415 "-" "Jetpack by WordPress.com (Jetpack 12.1; WordPress 6.3)"
223.181.127.189 - - [11/Sep/2026:09:51:20 -0400] "POST /xmlrpc.php HTTP/1.1" 200 415 "-" "Jetpack by WordPress.com"
199.250.222.155 - - [11/Sep/2026:09:51:30 -0400] "POST /wp-cron.php?doing_wp_cron=1789134690.9689750671386718750000 HTTP/1.1" 200 - "-" "WordPress/7.1; https://heredit.mx"
223.181.127.189 - - [11/Sep/2026:09:51:30 -0400] "POST /xmlrpc.php HTTP/1.1" 200 415 "-" "Jetpack/12.0; WordPress/6.1; http://site43534643.com"
223.181.127.189 - - [11/Sep/2026:09:51:41 -0400] "POST /xmlrpc.php HTTP/1.1" 200 415 "-" "Jetpack/12.5; WordPress/6.2; http://site28032913.com"
