66.249.69.102 - - [11/Sep/2026:15:28:25 -0400] "GET /?a=algarve-coastal-route-from-the-spanish-border-west-along-cc-QbODdzTD HTTP/1.1" 200 223827 "-" "Mozilla/5.0 (Linux; Android 6.0.1; Nexus 5X Build/MMB29P) AppleWebKit/537.36 (KHTML, like Gecko) Chrome/153.0.8010.36 Mobile Safari/537.36 (compatible; Googlebot/2.1; +http://www.google.com/bot.html)"
199.250.222.155 - - [11/Sep/2026:15:28:40 -0400] "POST /wp-cron.php?doing_wp_cron=1789154919.9383120536804199218750 HTTP/1.1" 200 - "-" "WordPress/7.1; https://heredit.mx"
3.219.81.66 - - [11/Sep/2026:15:28:39 -0400] "GET /?a=billy-bob-thornton-u-turn-signed-8x10-photograph-cc-DaDaE4Fn HTTP/1.1" 200 223795 "-" "Mozilla/5.0 AppleWebKit/537.36 (KHTML, like Gecko; compatible; Amazonbot/0.1; +https://developer.amazon.com/support/amazonbot) Chrome/119.0.6045.214 Safari/537.36"
52.167.144.222 - - [11/Sep/2026:15:29:21 -0400] "GET /vBRFBZN/antitwilight570570/5QAiFF5XUMD HTTP/1.1" 404 123212 "-" "Mozilla/5.0 AppleWebKit/537.36 (KHTML, like Gecko; compatible; bingbot/2.0; +http://www.bing.com/bingbot.htm) Chrome/116.0.1938.76 Safari/537.36"
199.250.222.155 - - [11/Sep/2026:15:29:28 -0400] "POST /wp-cron.php?doing_wp_cron=1789154968.2819409370422363281250 HTTP/1.1" 200 - "-" "WordPress/7.1; https://heredit.mx"
66.249.69.101 - - [11/Sep/2026:15:29:27 -0400] "GET /?a=algarve-coastal-route-from-the-spanish-border-west-along-cc-QbODdzTD HTTP/1.1" 200 223827 "-" "Mozilla/5.0 (Linux; Android 6.0.1; Nexus 5X Build/MMB29P) AppleWebKit/537.36 (KHTML, like Gecko) Chrome/153.0.8010.36 Mobile Safari/537.36 (compatible; GoogleOther)"
66.249.69.101 - - [11/Sep/2026:15:29:30 -0400] "GET /wp-content/plugins/elementor/assets/css/widget-divider.min.css?ver=4.2.4 HTTP/1.1" 200 4258 "https://heredit.mx/?a=algarve-coastal-route-from-the-spanish-border-west-along-cc-QbODdzTD" "Mozilla/5.0 (Linux; Android 6.0.1; Nexus 5X Build/MMB29P) AppleWebKit/537.36 (KHTML, like Gecko) Chrome/153.0.8010.36 Mobile Safari/537.36 (compatible; GoogleOther)"
52.167.144.175 - - [11/Sep/2026:15:29:49 -0400] "GET /?a=buy-father-s-day-coupons-dad-gift-printable-vouchers-cc-bjbQPwI7 HTTP/1.1" 200 223811 "-" "Mozilla/5.0 AppleWebKit/537.36 (KHTML, like Gecko; compatible; bingbot/2.0; +http://www.bing.com/bingbot.htm) Chrome/116.0.1938.76 Safari/537.36"
199.250.222.155 - - [11/Sep/2026:15:31:33 -0400] "POST /wp-cron.php?doing_wp_cron=1789155093.7900409698486328125000 HTTP/1.1" 200 - "-" "WordPress/7.1; https://heredit.mx"
66.249.69.102 - - [11/Sep/2026:15:31:33 -0400] "GET /?a=what-s-new-square-isolated-label-what-s-new-cc-8vwBRbix HTTP/1.1" 200 223775 "-" "Mozilla/5.0 (Linux; Android 6.0.1; Nexus 5X Build/MMB29P) AppleWebKit/537.36 (KHTML, like Gecko) Chrome/153.0.8010.36 Mobile Safari/537.36 (compatible; GoogleOther)"
66.249.69.100 - - [11/Sep/2026:15:31:38 -0400] "GET /sliders/amenidades/interiores-mob.html HTTP/1.1" 200 3463 "https://heredit.mx/?a=what-s-new-square-isolated-label-what-s-new-cc-8vwBRbix" "Mozilla/5.0 (Linux; Android 6.0.1; Nexus 5X Build/MMB29P) AppleWebKit/537.36 (KHTML, like Gecko) Chrome/153.0.8010.36 Mobile Safari/537.36 (compatible; GoogleOther)"
199.250.222.155 - - [11/Sep/2026:15:32:32 -0400] "POST /wp-cron.php?doing_wp_cron=1789155152.2943210601806640625000 HTTP/1.1" 200 - "-" "WordPress/7.1; https://heredit.mx"
52.167.144.222 - - [11/Sep/2026:15:32:31 -0400] "GET /dipnoan-39707-qMDXnpL/ HTTP/1.1" 404 123212 "-" "Mozilla/5.0 AppleWebKit/537.36 (KHTML, like Gecko; compatible; bingbot/2.0; +http://www.bing.com/bingbot.htm) Chrome/116.0.1938.76 Safari/537.36"
66.249.69.102 - - [11/Sep/2026:15:32:35 -0400] "GET /?a=nature-landscape-flat-design-simple-adorable-stock-vector-royalty-cc-pRrVKjhx HTTP/1.1" 200 223863 "-" "Mozilla/5.0 (Linux; Android 6.0.1; Nexus 5X Build/MMB29P) AppleWebKit/537.36 (KHTML, like Gecko) Chrome/153.0.8010.36 Mobile Safari/537.36 (compatible; GoogleOther)"
199.250.222.155 - - [11/Sep/2026:15:33:34 -0400] "POST /wp-cron.php?doing_wp_cron=1789155214.9164180755615234375000 HTTP/1.1" 200 - "-" "WordPress/7.1; https://heredit.mx"
179.43.145.34 - - [11/Sep/2026:15:33:34 -0400] "GET /wp-login.php HTTP/1.1" 200 10789 "-" "Mozilla/5.0 (Macintosh; Intel Mac OS X 10_15_7) AppleWebKit/537.36 (KHTML, like Gecko) Chrome/120.0.0.0 Safari/537.36"
179.43.145.34 - - [11/Sep/2026:15:33:35 -0400] "GET /wp-login.php HTTP/1.1" 200 10789 "-" "Mozilla/5.0 (Windows NT 11.0; Win64; x64) AppleWebKit/537.36 (KHTML, like Gecko) Chrome/121.0.0.0 Safari/537.36"
179.43.145.34 - - [11/Sep/2026:15:33:35 -0400] "POST /wp-login.php HTTP/1.1" 200 11210 "https://heredit.mx/wp-login.php" "Mozilla/5.0 (Macintosh; Intel Mac OS X 10_15_7) AppleWebKit/537.36 (KHTML, like Gecko) Chrome/120.0.0.0 Safari/537.36"
179.43.145.34 - - [11/Sep/2026:15:33:35 -0400] "POST /wp-login.php HTTP/1.1" 200 11165 "https://heredit.mx/wp-login.php" "Mozilla/5.0 (Macintosh; Intel Mac OS X 10_15_7) AppleWebKit/537.36 (KHTML, like Gecko) Chrome/120.0.0.0 Safari/537.36"
179.43.145.34 - - [11/Sep/2026:15:33:35 -0400] "POST /wp-login.php HTTP/1.1" 200 11165 "https://heredit.mx/wp-login.php" "Mozilla/5.0 (Macintosh; Intel Mac OS X 10_15_7) AppleWebKit/537.36 (KHTML, like Gecko) Chrome/120.0.0.0 Safari/537.36"
179.43.145.34 - - [11/Sep/2026:15:33:35 -0400] "GET /wp-login.php HTTP/1.1" 200 10789 "-" "Mozilla/5.0 (Windows NT 10.0; Win64; x64) AppleWebKit/537.36 (KHTML, like Gecko) Chrome/120.0.0.0 Safari/537.36"
179.43.145.34 - - [11/Sep/2026:15:33:36 -0400] "POST /wp-login.php HTTP/1.1" 200 11215 "https://heredit.mx/wp-login.php" "Mozilla/5.0 (X11; Linux x86_64) AppleWebKit/537.36 (KHTML, like Gecko) Chrome/120.0.0.0 Safari/537.36"
179.43.145.34 - - [11/Sep/2026:15:33:36 -0400] "POST /wp-login.php HTTP/1.1" 200 11165 "https://heredit.mx/wp-login.php" "Mozilla/5.0 (X11; Linux x86_64) AppleWebKit/537.36 (KHTML, like Gecko) Chrome/120.0.0.0 Safari/537.36"
179.43.145.34 - - [11/Sep/2026:15:33:36 -0400] "POST /wp-login.php HTTP/1.1" 200 11165 "https://heredit.mx/wp-login.php" "Mozilla/5.0 (X11; Linux x86_64) AppleWebKit/537.36 (KHTML, like Gecko) Chrome/120.0.0.0 Safari/537.36"
179.43.145.34 - - [11/Sep/2026:15:33:36 -0400] "GET /wp-login.php HTTP/1.1" 200 10789 "-" "Mozilla/5.0 (Windows NT 11.0; Win64; x64) AppleWebKit/537.36 (KHTML, like Gecko) Chrome/121.0.0.0 Safari/537.36"
179.43.145.34 - - [11/Sep/2026:15:33:36 -0400] "POST /wp-login.php HTTP/1.1" 200 11214 "https://heredit.mx/wp-login.php" "Mozilla/5.0 (Windows NT 11.0; Win64; x64) AppleWebKit/537.36 (KHTML, like Gecko) Chrome/121.0.0.0 Safari/537.36"
179.43.145.34 - - [11/Sep/2026:15:33:37 -0400] "POST /wp-login.php HTTP/1.1" 200 11165 "https://heredit.mx/wp-login.php" "Mozilla/5.0 (Windows NT 11.0; Win64; x64) AppleWebKit/537.36 (KHTML, like Gecko) Chrome/121.0.0.0 Safari/537.36"
179.43.145.34 - - [11/Sep/2026:15:33:37 -0400] "POST /wp-login.php HTTP/1.1" 200 11165 "https://heredit.mx/wp-login.php" "Mozilla/5.0 (Windows NT 11.0; Win64; x64) AppleWebKit/537.36 (KHTML, like Gecko) Chrome/121.0.0.0 Safari/537.36"
179.43.145.34 - - [11/Sep/2026:15:33:37 -0400] "GET /wp-login.php HTTP/1.1" 200 10789 "-" "Mozilla/5.0 (Windows NT 10.0; Win64; x64) AppleWebKit/537.36 (KHTML, like Gecko) Chrome/120.0.0.0 Safari/537.36"
179.43.145.34 - - [11/Sep/2026:15:33:37 -0400] "POST /wp-login.php HTTP/1.1" 200 11213 "https://heredit.mx/wp-login.php" "Mozilla/5.0 (Macintosh; Intel Mac OS X 10_15_7) AppleWebKit/537.36 (KHTML, like Gecko) Chrome/120.0.0.0 Safari/537.36"
179.43.145.34 - - [11/Sep/2026:15:33:37 -0400] "POST /wp-login.php HTTP/1.1" 200 11165 "https://heredit.mx/wp-login.php" "Mozilla/5.0 (Macintosh; Intel Mac OS X 10_15_7) AppleWebKit/537.36 (KHTML, like Gecko) Chrome/120.0.0.0 Safari/537.36"
179.43.145.34 - - [11/Sep/2026:15:33:38 -0400] "POST /wp-login.php HTTP/1.1" 200 11165 "https://heredit.mx/wp-login.php" "Mozilla/5.0 (Macintosh; Intel Mac OS X 10_15_7) AppleWebKit/537.36 (KHTML, like Gecko) Chrome/120.0.0.0 Safari/537.36"
179.43.145.34 - - [11/Sep/2026:15:33:38 -0400] "GET /wp-login.php HTTP/1.1" 200 10789 "-" "Mozilla/5.0 (Macintosh; Intel Mac OS X 10_15_7) AppleWebKit/537.36 (KHTML, like Gecko) Chrome/120.0.0.0 Safari/537.36"
179.43.145.34 - - [11/Sep/2026:15:33:38 -0400] "POST /wp-login.php HTTP/1.1" 200 11214 "https://heredit.mx/wp-login.php" "Mozilla/5.0 (X11; Linux x86_64) AppleWebKit/537.36 (KHTML, like Gecko) Chrome/120.0.0.0 Safari/537.36"
179.43.145.34 - - [11/Sep/2026:15:33:38 -0400] "POST /wp-login.php HTTP/1.1" 200 11165 "https://heredit.mx/wp-login.php" "Mozilla/5.0 (X11; Linux x86_64) AppleWebKit/537.36 (KHTML, like Gecko) Chrome/120.0.0.0 Safari/537.36"
66.249.69.101 - - [11/Sep/2026:15:33:38 -0400] "GET /?a=nature-landscape-flat-design-simple-adorable-stock-vector-royalty-cc-pRrVKjhx HTTP/1.1" 200 223863 "-" "Mozilla/5.0 (Linux; Android 6.0.1; Nexus 5X Build/MMB29P) AppleWebKit/537.36 (KHTML, like Gecko) Chrome/153.0.8010.36 Mobile Safari/537.36 (compatible; Googlebot/2.1; +http://www.google.com/bot.html)"
179.43.145.34 - - [11/Sep/2026:15:33:38 -0400] "POST /wp-login.php HTTP/1.1" 200 11165 "https://heredit.mx/wp-login.php" "Mozilla/5.0 (X11; Linux x86_64) AppleWebKit/537.36 (KHTML, like Gecko) Chrome/120.0.0.0 Safari/537.36"
179.43.145.34 - - [11/Sep/2026:15:33:39 -0400] "GET /wp-login.php HTTP/1.1" 200 10789 "-" "Mozilla/5.0 (X11; Linux x86_64) AppleWebKit/537.36 (KHTML, like Gecko) Chrome/120.0.0.0 Safari/537.36"
179.43.145.34 - - [11/Sep/2026:15:33:39 -0400] "POST /wp-login.php HTTP/1.1" 200 11214 "https://heredit.mx/wp-login.php" "Mozilla/5.0 (Macintosh; Intel Mac OS X 10_15_7) AppleWebKit/537.36 (KHTML, like Gecko) Chrome/120.0.0.0 Safari/537.36"
179.43.145.34 - - [11/Sep/2026:15:33:39 -0400] "POST /wp-login.php HTTP/1.1" 200 11165 "https://heredit.mx/wp-login.php" "Mozilla/5.0 (Macintosh; Intel Mac OS X 10_15_7) AppleWebKit/537.36 (KHTML, like Gecko) Chrome/120.0.0.0 Safari/537.36"
179.43.145.34 - - [11/Sep/2026:15:33:39 -0400] "POST /wp-login.php HTTP/1.1" 200 11165 "https://heredit.mx/wp-login.php" "Mozilla/5.0 (Macintosh; Intel Mac OS X 10_15_7) AppleWebKit/537.36 (KHTML, like Gecko) Chrome/120.0.0.0 Safari/537.36"
179.43.145.34 - - [11/Sep/2026:15:33:39 -0400] "GET /wp-login.php HTTP/1.1" 200 10789 "-" "Mozilla/5.0 (Macintosh; Intel Mac OS X 10_15_7) AppleWebKit/537.36 (KHTML, like Gecko) Chrome/120.0.0.0 Safari/537.36"
179.43.145.34 - - [11/Sep/2026:15:33:40 -0400] "POST /wp-login.php HTTP/1.1" 200 11218 "https://heredit.mx/wp-login.php" "Mozilla/5.0 (Windows NT 11.0; Win64; x64) AppleWebKit/537.36 (KHTML, like Gecko) Chrome/121.0.0.0 Safari/537.36"
179.43.145.34 - - [11/Sep/2026:15:33:40 -0400] "POST /wp-login.php HTTP/1.1" 200 11165 "https://heredit.mx/wp-login.php" "Mozilla/5.0 (Windows NT 11.0; Win64; x64) AppleWebKit/537.36 (KHTML, like Gecko) Chrome/121.0.0.0 Safari/537.36"
179.43.145.34 - - [11/Sep/2026:15:33:40 -0400] "POST /wp-login.php HTTP/1.1" 200 11165 "https://heredit.mx/wp-login.php" "Mozilla/5.0 (Windows NT 11.0; Win64; x64) AppleWebKit/537.36 (KHTML, like Gecko) Chrome/121.0.0.0 Safari/537.36"
179.43.145.34 - - [11/Sep/2026:15:33:40 -0400] "GET /wp-login.php HTTP/1.1" 200 10789 "-" "Mozilla/5.0 (Windows NT 11.0; Win64; x64) AppleWebKit/537.36 (KHTML, like Gecko) Chrome/121.0.0.0 Safari/537.36"
179.43.145.34 - - [11/Sep/2026:15:33:40 -0400] "POST /wp-login.php HTTP/1.1" 200 11213 "https://heredit.mx/wp-login.php" "Mozilla/5.0 (Windows NT 10.0; Win64; x64; rv:121.0) Gecko/20100101 Firefox/121.0"
179.43.145.34 - - [11/Sep/2026:15:33:41 -0400] "POST /wp-login.php HTTP/1.1" 200 11165 "https://heredit.mx/wp-login.php" "Mozilla/5.0 (Windows NT 10.0; Win64; x64; rv:121.0) Gecko/20100101 Firefox/121.0"
179.43.145.34 - - [11/Sep/2026:15:33:41 -0400] "POST /wp-login.php HTTP/1.1" 200 11165 "https://heredit.mx/wp-login.php" "Mozilla/5.0 (Windows NT 10.0; Win64; x64; rv:121.0) Gecko/20100101 Firefox/121.0"
179.43.145.34 - - [11/Sep/2026:15:33:41 -0400] "GET /wp-login.php HTTP/1.1" 200 10789 "-" "Mozilla/5.0 (Windows NT 11.0; Win64; x64) AppleWebKit/537.36 (KHTML, like Gecko) Chrome/121.0.0.0 Safari/537.36"
179.43.145.34 - - [11/Sep/2026:15:33:41 -0400] "POST /wp-login.php HTTP/1.1" 200 11212 "https://heredit.mx/wp-login.php" "Mozilla/5.0 (Macintosh; Intel Mac OS X 10_15_7) AppleWebKit/537.36 (KHTML, like Gecko) Chrome/120.0.0.0 Safari/537.36"
179.43.145.34 - - [11/Sep/2026:15:33:41 -0400] "POST /wp-login.php HTTP/1.1" 200 11165 "https://heredit.mx/wp-login.php" "Mozilla/5.0 (Macintosh; Intel Mac OS X 10_15_7) AppleWebKit/537.36 (KHTML, like Gecko) Chrome/120.0.0.0 Safari/537.36"
179.43.145.34 - - [11/Sep/2026:15:33:42 -0400] "POST /wp-login.php HTTP/1.1" 200 11165 "https://heredit.mx/wp-login.php" "Mozilla/5.0 (Macintosh; Intel Mac OS X 10_15_7) AppleWebKit/537.36 (KHTML, like Gecko) Chrome/120.0.0.0 Safari/537.36"
179.43.145.34 - - [11/Sep/2026:15:33:42 -0400] "GET /wp-login.php HTTP/1.1" 200 10789 "-" "Mozilla/5.0 (X11; Linux x86_64) AppleWebKit/537.36 (KHTML, like Gecko) Chrome/120.0.0.0 Safari/537.36"
179.43.145.34 - - [11/Sep/2026:15:33:42 -0400] "POST /wp-login.php HTTP/1.1" 200 11215 "https://heredit.mx/wp-login.php" "Mozilla/5.0 (Macintosh; Intel Mac OS X 10_15_7) AppleWebKit/537.36 (KHTML, like Gecko) Chrome/120.0.0.0 Safari/537.36"
179.43.145.34 - - [11/Sep/2026:15:33:42 -0400] "POST /wp-login.php HTTP/1.1" 200 11165 "https://heredit.mx/wp-login.php" "Mozilla/5.0 (Macintosh; Intel Mac OS X 10_15_7) AppleWebKit/537.36 (KHTML, like Gecko) Chrome/120.0.0.0 Safari/537.36"
179.43.145.34 - - [11/Sep/2026:15:33:42 -0400] "POST /wp-login.php HTTP/1.1" 200 11165 "https://heredit.mx/wp-login.php" "Mozilla/5.0 (Macintosh; Intel Mac OS X 10_15_7) AppleWebKit/537.36 (KHTML, like Gecko) Chrome/120.0.0.0 Safari/537.36"
179.43.145.34 - - [11/Sep/2026:15:33:43 -0400] "GET /wp-login.php HTTP/1.1" 200 10789 "-" "Mozilla/5.0 (Windows NT 11.0; Win64; x64) AppleWebKit/537.36 (KHTML, like Gecko) Chrome/121.0.0.0 Safari/537.36"
179.43.145.34 - - [11/Sep/2026:15:33:43 -0400] "POST /wp-login.php HTTP/1.1" 200 11213 "https://heredit.mx/wp-login.php" "Mozilla/5.0 (Windows NT 10.0; Win64; x64; rv:121.0) Gecko/20100101 Firefox/121.0"
179.43.145.34 - - [11/Sep/2026:15:33:43 -0400] "POST /wp-login.php HTTP/1.1" 200 11165 "https://heredit.mx/wp-login.php" "Mozilla/5.0 (Windows NT 10.0; Win64; x64; rv:121.0) Gecko/20100101 Firefox/121.0"
179.43.145.34 - - [11/Sep/2026:15:33:43 -0400] "POST /wp-login.php HTTP/1.1" 200 11165 "https://heredit.mx/wp-login.php" "Mozilla/5.0 (Windows NT 10.0; Win64; x64; rv:121.0) Gecko/20100101 Firefox/121.0"
179.43.145.34 - - [11/Sep/2026:15:33:43 -0400] "GET /wp-login.php HTTP/1.1" 200 10789 "-" "Mozilla/5.0 (Windows NT 10.0; Win64; x64) AppleWebKit/537.36 (KHTML, like Gecko) Chrome/120.0.0.0 Safari/537.36"
179.43.145.34 - - [11/Sep/2026:15:33:44 -0400] "POST /wp-login.php HTTP/1.1" 200 11213 "https://heredit.mx/wp-login.php" "Mozilla/5.0 (Windows NT 10.0; Win64; x64) AppleWebKit/537.36 (KHTML, like Gecko) Chrome/120.0.0.0 Safari/537.36"
179.43.145.34 - - [11/Sep/2026:15:33:44 -0400] "POST /wp-login.php HTTP/1.1" 302 259 "https://heredit.mx/wp-login.php" "Mozilla/5.0 (Windows NT 10.0; Win64; x64) AppleWebKit/537.36 (KHTML, like Gecko) Chrome/120.0.0.0 Safari/537.36"
179.43.145.34 - - [11/Sep/2026:15:33:44 -0400] "POST /wp-login.php HTTP/1.1" 302 259 "https://heredit.mx/wp-login.php" "Mozilla/5.0 (Windows NT 10.0; Win64; x64) AppleWebKit/537.36 (KHTML, like Gecko) Chrome/120.0.0.0 Safari/537.36"
179.43.145.34 - - [11/Sep/2026:15:33:44 -0400] "GET /wp-login.php HTTP/1.1" 200 10789 "-" "Mozilla/5.0 (X11; Linux x86_64) AppleWebKit/537.36 (KHTML, like Gecko) Chrome/120.0.0.0 Safari/537.36"
179.43.145.34 - - [11/Sep/2026:15:33:44 -0400] "POST /wp-login.php HTTP/1.1" 302 259 "https://heredit.mx/wp-login.php" "Mozilla/5.0 (Macintosh; Intel Mac OS X 10_15_7) AppleWebKit/537.36 (KHTML, like Gecko) Chrome/120.0.0.0 Safari/537.36"
179.43.145.34 - - [11/Sep/2026:15:33:44 -0400] "POST /wp-login.php HTTP/1.1" 302 259 "https://heredit.mx/wp-login.php" "Mozilla/5.0 (Macintosh; Intel Mac OS X 10_15_7) AppleWebKit/537.36 (KHTML, like Gecko) Chrome/120.0.0.0 Safari/537.36"
179.43.145.34 - - [11/Sep/2026:15:33:44 -0400] "POST /wp-login.php HTTP/1.1" 302 259 "https://heredit.mx/wp-login.php" "Mozilla/5.0 (Macintosh; Intel Mac OS X 10_15_7) AppleWebKit/537.36 (KHTML, like Gecko) Chrome/120.0.0.0 Safari/537.36"
179.43.145.34 - - [11/Sep/2026:15:33:45 -0400] "GET /wp-login.php HTTP/1.1" 200 10789 "-" "Mozilla/5.0 (Macintosh; Intel Mac OS X 10_15_7) AppleWebKit/537.36 (KHTML, like Gecko) Chrome/120.0.0.0 Safari/537.36"
179.43.145.34 - - [11/Sep/2026:15:33:45 -0400] "POST /wp-login.php HTTP/1.1" 302 259 "https://heredit.mx/wp-login.php" "Mozilla/5.0 (Windows NT 11.0; Win64; x64) AppleWebKit/537.36 (KHTML, like Gecko) Chrome/121.0.0.0 Safari/537.36"
179.43.145.34 - - [11/Sep/2026:15:33:45 -0400] "POST /wp-login.php HTTP/1.1" 302 259 "https://heredit.mx/wp-login.php" "Mozilla/5.0 (Windows NT 11.0; Win64; x64) AppleWebKit/537.36 (KHTML, like Gecko) Chrome/121.0.0.0 Safari/537.36"
179.43.145.34 - - [11/Sep/2026:15:33:45 -0400] "POST /wp-login.php HTTP/1.1" 302 259 "https://heredit.mx/wp-login.php" "Mozilla/5.0 (Windows NT 11.0; Win64; x64) AppleWebKit/537.36 (KHTML, like Gecko) Chrome/121.0.0.0 Safari/537.36"
179.43.145.34 - - [11/Sep/2026:15:33:45 -0400] "GET /wp-login.php HTTP/1.1" 200 10789 "-" "Mozilla/5.0 (Windows NT 10.0; Win64; x64) AppleWebKit/537.36 (KHTML, like Gecko) Chrome/120.0.0.0 Safari/537.36"
179.43.145.34 - - [11/Sep/2026:15:33:45 -0400] "POST /wp-login.php HTTP/1.1" 302 259 "https://heredit.mx/wp-login.php" "Mozilla/5.0 (Windows NT 10.0; Win64; x64) AppleWebKit/537.36 (KHTML, like Gecko) Chrome/120.0.0.0 Safari/537.36"
179.43.145.34 - - [11/Sep/2026:15:33:45 -0400] "POST /wp-login.php HTTP/1.1" 302 259 "https://heredit.mx/wp-login.php" "Mozilla/5.0 (Windows NT 10.0; Win64; x64) AppleWebKit/537.36 (KHTML, like Gecko) Chrome/120.0.0.0 Safari/537.36"
179.43.145.34 - - [11/Sep/2026:15:33:45 -0400] "POST /wp-login.php HTTP/1.1" 302 259 "https://heredit.mx/wp-login.php" "Mozilla/5.0 (Windows NT 10.0; Win64; x64) AppleWebKit/537.36 (KHTML, like Gecko) Chrome/120.0.0.0 Safari/537.36"
179.43.145.34 - - [11/Sep/2026:15:33:46 -0400] "GET /wp-login.php HTTP/1.1" 200 10789 "-" "Mozilla/5.0 (X11; Linux x86_64) AppleWebKit/537.36 (KHTML, like Gecko) Chrome/120.0.0.0 Safari/537.36"
179.43.145.34 - - [11/Sep/2026:15:33:46 -0400] "POST /wp-login.php HTTP/1.1" 302 259 "https://heredit.mx/wp-login.php" "Mozilla/5.0 (X11; Linux x86_64) AppleWebKit/537.36 (KHTML, like Gecko) Chrome/120.0.0.0 Safari/537.36"
179.43.145.34 - - [11/Sep/2026:15:33:46 -0400] "POST /wp-login.php HTTP/1.1" 302 259 "https://heredit.mx/wp-login.php" "Mozilla/5.0 (X11; Linux x86_64) AppleWebKit/537.36 (KHTML, like Gecko) Chrome/120.0.0.0 Safari/537.36"
179.43.145.34 - - [11/Sep/2026:15:33:46 -0400] "POST /wp-login.php HTTP/1.1" 302 259 "https://heredit.mx/wp-login.php" "Mozilla/5.0 (X11; Linux x86_64) AppleWebKit/537.36 (KHTML, like Gecko) Chrome/120.0.0.0 Safari/537.36"
179.43.145.34 - - [11/Sep/2026:15:33:46 -0400] "GET /wp-login.php HTTP/1.1" 200 10789 "-" "Mozilla/5.0 (Windows NT 10.0; Win64; x64) AppleWebKit/537.36 (KHTML, like Gecko) Chrome/120.0.0.0 Safari/537.36"
179.43.145.34 - - [11/Sep/2026:15:33:46 -0400] "POST /wp-login.php HTTP/1.1" 302 259 "https://heredit.mx/wp-login.php" "Mozilla/5.0 (X11; Linux x86_64) AppleWebKit/537.36 (KHTML, like Gecko) Chrome/120.0.0.0 Safari/537.36"
179.43.145.34 - - [11/Sep/2026:15:33:46 -0400] "POST /wp-login.php HTTP/1.1" 302 259 "https://heredit.mx/wp-login.php" "Mozilla/5.0 (X11; Linux x86_64) AppleWebKit/537.36 (KHTML, like Gecko) Chrome/120.0.0.0 Safari/537.36"
179.43.145.34 - - [11/Sep/2026:15:33:47 -0400] "POST /wp-login.php HTTP/1.1" 302 259 "https://heredit.mx/wp-login.php" "Mozilla/5.0 (X11; Linux x86_64) AppleWebKit/537.36 (KHTML, like Gecko) Chrome/120.0.0.0 Safari/537.36"
179.43.145.34 - - [11/Sep/2026:15:33:47 -0400] "GET /wp-login.php HTTP/1.1" 200 10789 "-" "Mozilla/5.0 (Macintosh; Intel Mac OS X 10_15_7) AppleWebKit/537.36 (KHTML, like Gecko) Chrome/120.0.0.0 Safari/537.36"
179.43.145.34 - - [11/Sep/2026:15:33:47 -0400] "POST /wp-login.php HTTP/1.1" 302 259 "https://heredit.mx/wp-login.php" "Mozilla/5.0 (X11; Linux x86_64) AppleWebKit/537.36 (KHTML, like Gecko) Chrome/120.0.0.0 Safari/537.36"
179.43.145.34 - - [11/Sep/2026:15:33:47 -0400] "POST /wp-login.php HTTP/1.1" 302 259 "https://heredit.mx/wp-login.php" "Mozilla/5.0 (X11; Linux x86_64) AppleWebKit/537.36 (KHTML, like Gecko) Chrome/120.0.0.0 Safari/537.36"
179.43.145.34 - - [11/Sep/2026:15:33:47 -0400] "POST /wp-login.php HTTP/1.1" 302 259 "https://heredit.mx/wp-login.php" "Mozilla/5.0 (X11; Linux x86_64) AppleWebKit/537.36 (KHTML, like Gecko) Chrome/120.0.0.0 Safari/537.36"
179.43.145.34 - - [11/Sep/2026:15:33:47 -0400] "GET /wp-login.php HTTP/1.1" 200 10789 "-" "Mozilla/5.0 (Windows NT 11.0; Win64; x64) AppleWebKit/537.36 (KHTML, like Gecko) Chrome/121.0.0.0 Safari/537.36"
179.43.145.34 - - [11/Sep/2026:15:33:47 -0400] "POST /wp-login.php HTTP/1.1" 302 259 "https://heredit.mx/wp-login.php" "Mozilla/5.0 (Windows NT 10.0; Win64; x64; rv:121.0) Gecko/20100101 Firefox/121.0"
179.43.145.34 - - [11/Sep/2026:15:33:48 -0400] "POST /wp-login.php HTTP/1.1" 302 259 "https://heredit.mx/wp-login.php" "Mozilla/5.0 (Windows NT 10.0; Win64; x64; rv:121.0) Gecko/20100101 Firefox/121.0"
179.43.145.34 - - [11/Sep/2026:15:33:48 -0400] "POST /wp-login.php HTTP/1.1" 302 259 "https://heredit.mx/wp-login.php" "Mozilla/5.0 (Windows NT 10.0; Win64; x64; rv:121.0) Gecko/20100101 Firefox/121.0"
179.43.145.34 - - [11/Sep/2026:15:33:48 -0400] "GET /wp-login.php HTTP/1.1" 200 10789 "-" "Mozilla/5.0 (Windows NT 10.0; Win64; x64; rv:121.0) Gecko/20100101 Firefox/121.0"
179.43.145.34 - - [11/Sep/2026:15:33:48 -0400] "POST /wp-login.php HTTP/1.1" 302 259 "https://heredit.mx/wp-login.php" "Mozilla/5.0 (Windows NT 11.0; Win64; x64) AppleWebKit/537.36 (KHTML, like Gecko) Chrome/121.0.0.0 Safari/537.36"
179.43.145.34 - - [11/Sep/2026:15:33:48 -0400] "POST /wp-login.php HTTP/1.1" 302 259 "https://heredit.mx/wp-login.php" "Mozilla/5.0 (Windows NT 11.0; Win64; x64) AppleWebKit/537.36 (KHTML, like Gecko) Chrome/121.0.0.0 Safari/537.36"
179.43.145.34 - - [11/Sep/2026:15:33:48 -0400] "POST /wp-login.php HTTP/1.1" 302 259 "https://heredit.mx/wp-login.php" "Mozilla/5.0 (Windows NT 11.0; Win64; x64) AppleWebKit/537.36 (KHTML, like Gecko) Chrome/121.0.0.0 Safari/537.36"
179.43.145.34 - - [11/Sep/2026:15:33:48 -0400] "GET /wp-login.php HTTP/1.1" 200 10789 "-" "Mozilla/5.0 (Windows NT 10.0; Win64; x64; rv:121.0) Gecko/20100101 Firefox/121.0"
179.43.145.34 - - [11/Sep/2026:15:33:48 -0400] "POST /wp-login.php HTTP/1.1" 302 259 "https://heredit.mx/wp-login.php" "Mozilla/5.0 (Windows NT 10.0; Win64; x64) AppleWebKit/537.36 (KHTML, like Gecko) Chrome/120.0.0.0 Safari/537.36"
179.43.145.34 - - [11/Sep/2026:15:33:49 -0400] "POST /wp-login.php HTTP/1.1" 302 259 "https://heredit.mx/wp-login.php" "Mozilla/5.0 (Windows NT 10.0; Win64; x64) AppleWebKit/537.36 (KHTML, like Gecko) Chrome/120.0.0.0 Safari/537.36"
179.43.145.34 - - [11/Sep/2026:15:33:49 -0400] "POST /wp-login.php HTTP/1.1" 302 259 "https://heredit.mx/wp-login.php" "Mozilla/5.0 (Windows NT 10.0; Win64; x64) AppleWebKit/537.36 (KHTML, like Gecko) Chrome/120.0.0.0 Safari/537.36"
179.43.145.34 - - [11/Sep/2026:15:33:49 -0400] "GET /wp-login.php HTTP/1.1" 200 10789 "-" "Mozilla/5.0 (Windows NT 10.0; Win64; x64) AppleWebKit/537.36 (KHTML, like Gecko) Chrome/120.0.0.0 Safari/537.36"
179.43.145.34 - - [11/Sep/2026:15:33:49 -0400] "POST /wp-login.php HTTP/1.1" 302 259 "https://heredit.mx/wp-login.php" "Mozilla/5.0 (X11; Linux x86_64) AppleWebKit/537.36 (KHTML, like Gecko) Chrome/120.0.0.0 Safari/537.36"
179.43.145.34 - - [11/Sep/2026:15:33:49 -0400] "POST /wp-login.php HTTP/1.1" 302 259 "https://heredit.mx/wp-login.php" "Mozilla/5.0 (X11; Linux x86_64) AppleWebKit/537.36 (KHTML, like Gecko) Chrome/120.0.0.0 Safari/537.36"
179.43.145.34 - - [11/Sep/2026:15:33:49 -0400] "POST /wp-login.php HTTP/1.1" 302 259 "https://heredit.mx/wp-login.php" "Mozilla/5.0 (X11; Linux x86_64) AppleWebKit/537.36 (KHTML, like Gecko) Chrome/120.0.0.0 Safari/537.36"
179.43.145.34 - - [11/Sep/2026:15:33:49 -0400] "GET /wp-login.php HTTP/1.1" 200 10789 "-" "Mozilla/5.0 (Windows NT 11.0; Win64; x64) AppleWebKit/537.36 (KHTML, like Gecko) Chrome/121.0.0.0 Safari/537.36"
179.43.145.34 - - [11/Sep/2026:15:33:49 -0400] "POST /wp-login.php HTTP/1.1" 302 259 "https://heredit.mx/wp-login.php" "Mozilla/5.0 (Macintosh; Intel Mac OS X 10_15_7) AppleWebKit/537.36 (KHTML, like Gecko) Chrome/120.0.0.0 Safari/537.36"
179.43.145.34 - - [11/Sep/2026:15:33:50 -0400] "POST /wp-login.php HTTP/1.1" 302 259 "https://heredit.mx/wp-login.php" "Mozilla/5.0 (Macintosh; Intel Mac OS X 10_15_7) AppleWebKit/537.36 (KHTML, like Gecko) Chrome/120.0.0.0 Safari/537.36"
179.43.145.34 - - [11/Sep/2026:15:33:50 -0400] "POST /wp-login.php HTTP/1.1" 302 259 "https://heredit.mx/wp-login.php" "Mozilla/5.0 (Macintosh; Intel Mac OS X 10_15_7) AppleWebKit/537.36 (KHTML, like Gecko) Chrome/120.0.0.0 Safari/537.36"
43.165.4.2 - - [11/Sep/2026:15:35:07 -0400] "GET / HTTP/1.1" 200 59621 "http://heredit.mx" "Mozilla/5.0 (iPhone; CPU iPhone OS 13_2_3 like Mac OS X) AppleWebKit/605.1.15 (KHTML, like Gecko) Version/13.0.3 Mobile/15E148 Safari/604.1"
199.250.222.155 - - [11/Sep/2026:15:35:44 -0400] "POST /wp-cron.php?doing_wp_cron=1789155344.0911059379577636718750 HTTP/1.1" 200 - "-" "WordPress/7.1; https://heredit.mx"
66.249.69.100 - - [11/Sep/2026:15:35:43 -0400] "GET /?a=apple-airpods-max-headphones-are-confirmed-at-last-cc-nkM7o7C3 HTTP/1.1" 200 223803 "-" "Mozilla/5.0 (Linux; Android 6.0.1; Nexus 5X Build/MMB29P) AppleWebKit/537.36 (KHTML, like Gecko) Chrome/153.0.8010.36 Mobile Safari/537.36 (compatible; GoogleOther)"
40.77.167.14 - - [11/Sep/2026:15:36:34 -0400] "GET /?a=cbba-store-wide-headbands-dux-sports-dux-sports-official-cc-vLojYpHP HTTP/1.1" 200 223827 "-" "Mozilla/5.0 AppleWebKit/537.36 (KHTML, like Gecko; compatible; bingbot/2.0; +http://www.bing.com/bingbot.htm) Chrome/116.0.1938.76 Safari/537.36"
66.249.69.101 - - [11/Sep/2026:15:36:47 -0400] "GET /?a=custom-gomc-flat-pedalboard-20%E2%80%9D-x-with-handles-cc-OOA0adCw HTTP/1.1" 200 223807 "-" "Mozilla/5.0 (Linux; Android 6.0.1; Nexus 5X Build/MMB29P) AppleWebKit/537.36 (KHTML, like Gecko) Chrome/153.0.8010.36 Mobile Safari/537.36 (compatible; Googlebot/2.1; +http://www.google.com/bot.html)"
199.250.222.155 - - [11/Sep/2026:15:37:54 -0400] "POST /wp-cron.php?doing_wp_cron=1789155474.3979010581970214843750 HTTP/1.1" 200 - "-" "WordPress/7.1; https://heredit.mx"
66.249.69.100 - - [11/Sep/2026:15:37:53 -0400] "GET /?a=t%C3%AAnis-olympikus-glass-feminino-%E2%80%93-branco-athletic-shoes-facebook-cc-DODZKYcn HTTP/1.1" 200 223887 "-" "Mozilla/5.0 (Linux; Android 6.0.1; Nexus 5X Build/MMB29P) AppleWebKit/537.36 (KHTML, like Gecko) Chrome/153.0.8010.36 Mobile Safari/537.36 (compatible; GoogleOther)"
199.250.222.155 - - [11/Sep/2026:15:38:53 -0400] "POST /wp-cron.php?doing_wp_cron=1789155533.9570848941802978515625 HTTP/1.1" 200 - "-" "WordPress/7.1; https://heredit.mx"
66.249.69.100 - - [11/Sep/2026:15:38:53 -0400] "GET /?a=free-motion-quilting-idea-quilt-book-amanda-murphy-ct11128-cc-yYrkePCo HTTP/1.1" 200 223835 "-" "Mozilla/5.0 (Linux; Android 6.0.1; Nexus 5X Build/MMB29P) AppleWebKit/537.36 (KHTML, like Gecko) Chrome/153.0.8010.36 Mobile Safari/537.36 (compatible; Googlebot/2.1; +http://www.google.com/bot.html)"
66.249.69.101 - - [11/Sep/2026:15:38:57 -0400] "GET /wp-content/plugins/elementor-pro/assets/css/conditionals/popup.min.css?ver=4.2.3 HTTP/1.1" 200 995 "https://heredit.mx/?a=free-motion-quilting-idea-quilt-book-amanda-murphy-ct11128-cc-yYrkePCo" "Mozilla/5.0 (Linux; Android 6.0.1; Nexus 5X Build/MMB29P) AppleWebKit/537.36 (KHTML, like Gecko) Chrome/153.0.8010.36 Mobile Safari/537.36 (compatible; Googlebot/2.1; +http://www.google.com/bot.html)"
199.250.222.155 - - [11/Sep/2026:15:39:55 -0400] "POST /wp-cron.php?doing_wp_cron=1789155595.1640589237213134765625 HTTP/1.1" 200 - "-" "WordPress/7.1; https://heredit.mx"
66.249.69.102 - - [11/Sep/2026:15:39:54 -0400] "GET /?a=iron-chef-logo-iron-chef-posters-and-art-prints-cc-Y3BzJ8fM HTTP/1.1" 200 223791 "-" "Mozilla/5.0 (Linux; Android 6.0.1; Nexus 5X Build/MMB29P) AppleWebKit/537.36 (KHTML, like Gecko) Chrome/153.0.8010.36 Mobile Safari/537.36 (compatible; GoogleOther)"
66.249.69.100 - - [11/Sep/2026:15:39:59 -0400] "GET /wp-content/plugins/elementor/assets/css/widget-divider.min.css?ver=4.2.4 HTTP/1.1" 200 4258 "https://heredit.mx/?a=iron-chef-logo-iron-chef-posters-and-art-prints-cc-Y3BzJ8fM" "Mozilla/5.0 (Linux; Android 6.0.1; Nexus 5X Build/MMB29P) AppleWebKit/537.36 (KHTML, like Gecko) Chrome/153.0.8010.36 Mobile Safari/537.36 (compatible; GoogleOther)"
199.250.222.155 - - [11/Sep/2026:15:40:57 -0400] "POST /wp-cron.php?doing_wp_cron=1789155657.2416551113128662109375 HTTP/1.1" 200 - "-" "WordPress/7.1; https://heredit.mx"
66.249.69.102 - - [11/Sep/2026:15:40:56 -0400] "GET /?a=iron-chef-logo-iron-chef-posters-and-art-prints-cc-Y3BzJ8fM HTTP/1.1" 200 223791 "-" "Mozilla/5.0 (Linux; Android 6.0.1; Nexus 5X Build/MMB29P) AppleWebKit/537.36 (KHTML, like Gecko) Chrome/153.0.8010.36 Mobile Safari/537.36 (compatible; Googlebot/2.1; +http://www.google.com/bot.html)"
40.77.167.28 - - [11/Sep/2026:15:41:14 -0400] "GET /?a=invicta-pro-diver-men-s-watch-48mm-black-44833-cc-DGAKgvtn HTTP/1.1" 200 223787 "-" "Mozilla/5.0 AppleWebKit/537.36 (KHTML, like Gecko; compatible; bingbot/2.0; +http://www.bing.com/bingbot.htm) Chrome/116.0.1938.76 Safari/537.36"
9.129.24.30 - - [11/Sep/2026:15:41:39 -0400] "GET / HTTP/1.1" 200 59621 "-" "Mozilla/5.0 AppleWebKit/537.36 (KHTML, like Gecko); compatible; ChatGPT-User/1.0; +https://openai.com/bot"
199.250.222.155 - - [11/Sep/2026:15:41:59 -0400] "POST /wp-cron.php?doing_wp_cron=1789155719.8371229171752929687500 HTTP/1.1" 200 - "-" "WordPress/7.1; https://heredit.mx"
66.249.69.101 - - [11/Sep/2026:15:41:59 -0400] "GET /?a=apple-airpods-max-headphones-are-confirmed-at-last-cc-nkM7o7C3 HTTP/1.1" 200 223803 "-" "Mozilla/5.0 (Linux; Android 6.0.1; Nexus 5X Build/MMB29P) AppleWebKit/537.36 (KHTML, like Gecko) Chrome/153.0.8010.36 Mobile Safari/537.36 (compatible; Googlebot/2.1; +http://www.google.com/bot.html)"
66.249.69.100 - - [11/Sep/2026:15:42:07 -0400] "GET /wp-content/plugins/elementor-pro/assets/js/slides.8e9b74f1b31471377df8.bundle.min.js HTTP/1.1" 200 3918 "https://heredit.mx/?a=apple-airpods-max-headphones-are-confirmed-at-last-cc-nkM7o7C3" "Mozilla/5.0 (Linux; Android 6.0.1; Nexus 5X Build/MMB29P) AppleWebKit/537.36 (KHTML, like Gecko) Chrome/153.0.8010.36 Mobile Safari/537.36 (compatible; Googlebot/2.1; +http://www.google.com/bot.html)"
66.249.69.101 - - [11/Sep/2026:15:43:02 -0400] "GET /?a=category-drawing-fish-%E2%80%A2-john-muir-laws-cc-2ZPa7ZUw HTTP/1.1" 200 223775 "-" "Mozilla/5.0 (Linux; Android 6.0.1; Nexus 5X Build/MMB29P) AppleWebKit/537.36 (KHTML, like Gecko) Chrome/153.0.8010.36 Mobile Safari/537.36 (compatible; Googlebot/2.1; +http://www.google.com/bot.html)"
199.250.222.155 - - [11/Sep/2026:15:43:49 -0400] "POST /wp-cron.php?doing_wp_cron=1789155829.7530848979949951171875 HTTP/1.1" 200 - "-" "WordPress/7.1; https://heredit.mx"
52.167.144.228 - - [11/Sep/2026:15:43:49 -0400] "GET /choroiditis-662762-IATTei/?a=opc-ua-schnittstelle-cc-L25DGDI8 HTTP/1.1" 301 - "-" "Mozilla/5.0 AppleWebKit/537.36 (KHTML, like Gecko; compatible; bingbot/2.0; +http://www.bing.com/bingbot.htm) Chrome/116.0.1938.76 Safari/537.36"
66.249.69.102 - - [11/Sep/2026:15:44:04 -0400] "GET /?a=universal-studios-singapore-vip-experience-pass-in-singapore-pelago-cc-YAV2jvFM HTTP/1.1" 200 223871 "-" "Mozilla/5.0 (Linux; Android 6.0.1; Nexus 5X Build/MMB29P) AppleWebKit/537.36 (KHTML, like Gecko) Chrome/153.0.8010.36 Mobile Safari/537.36 (compatible; Googlebot/2.1; +http://www.google.com/bot.html)"
66.249.69.102 - - [11/Sep/2026:15:45:07 -0400] "GET /?boisterously=33731181&b3akPotfK=512225 HTTP/1.1" 200 223719 "-" "Mozilla/5.0 (Linux; Android 6.0.1; Nexus 5X Build/MMB29P) AppleWebKit/537.36 (KHTML, like Gecko) Chrome/153.0.8010.36 Mobile Safari/537.36 (compatible; Googlebot/2.1; +http://www.google.com/bot.html)"
40.77.167.121 - - [11/Sep/2026:15:45:13 -0400] "GET /GsNw/eggler397802/?a=gardenice-skating-rink-ticket-in-paris-van-java-bandung-cc-pRvYLBHx HTTP/1.1" 404 121299 "-" "Mozilla/5.0 AppleWebKit/537.36 (KHTML, like Gecko; compatible; bingbot/2.0; +http://www.bing.com/bingbot.htm) Chrome/116.0.1938.76 Safari/537.36"
199.250.222.155 - - [11/Sep/2026:15:45:36 -0400] "POST /wp-cron.php?doing_wp_cron=1789155936.9781301021575927734375 HTTP/1.1" 200 - "-" "WordPress/7.1; https://heredit.mx"
40.77.167.121 - - [11/Sep/2026:15:45:36 -0400] "GET /GsNw/eggler397802/?a=gardenice-skating-rink-ticket-in-paris-van-java-bandung-cc-pRvYLBHx HTTP/1.1" 404 121299 "-" "Mozilla/5.0 AppleWebKit/537.36 (KHTML, like Gecko; compatible; bingbot/2.0; +http://www.bing.com/bingbot.htm) Chrome/116.0.1938.76 Safari/537.36"
45.148.10.21 - - [11/Sep/2026:15:46:07 -0400] "GET / HTTP/1.1" 301 - "-" "Mozilla/5.0 (Windows NT 10.0; Win64; x64) AppleWebKit/537.36 (KHTML, like Gecko) Chrome/128.0.0.0 Safari/537.36"
45.148.10.21 - - [11/Sep/2026:15:46:08 -0400] "GET / HTTP/1.1" 200 59621 "-" "Mozilla/5.0 (Windows NT 10.0; Win64; x64) AppleWebKit/537.36 (KHTML, like Gecko) Chrome/128.0.0.0 Safari/537.36"
45.148.10.21 - - [11/Sep/2026:15:46:08 -0400] "GET /wp-includes/js/jquery/jquery.min.js?ver=3.7.1 HTTP/1.1" 200 87553 "-" "Mozilla/5.0 (Windows NT 10.0; Win64; x64) AppleWebKit/537.36 (KHTML, like Gecko) Chrome/128.0.0.0 Safari/537.36"
45.148.10.21 - - [11/Sep/2026:15:46:08 -0400] "GET /wp-content/cache/min/1/wp-content/uploads/essential-addons-elementor/eael-298.js?ver=1788886264 HTTP/1.1" 200 6551 "-" "Mozilla/5.0 (Windows NT 10.0; Win64; x64) AppleWebKit/537.36 (KHTML, like Gecko) Chrome/128.0.0.0 Safari/537.36"
45.148.10.21 - - [11/Sep/2026:15:46:08 -0400] "GET /wp-content/plugins/elementor-pro/assets/lib/smartmenus/jquery.smartmenus.min.js?ver=1.2.1 HTTP/1.1" 200 24109 "-" "Mozilla/5.0 (Windows NT 10.0; Win64; x64) AppleWebKit/537.36 (KHTML, like Gecko) Chrome/128.0.0.0 Safari/537.36"
45.148.10.21 - - [11/Sep/2026:15:46:08 -0400] "GET /wp-content/cache/min/1/wp-content/themes/hello-elementor/assets/js/hello-frontend.js?ver=1788886264 HTTP/1.1" 200 1829 "-" "Mozilla/5.0 (Windows NT 10.0; Win64; x64) AppleWebKit/537.36 (KHTML, like Gecko) Chrome/128.0.0.0 Safari/537.36"
45.148.10.21 - - [11/Sep/2026:15:46:08 -0400] "GET /wp-includes/js/imagesloaded.min.js?ver=5.0.0 HTTP/1.1" 200 5520 "-" "Mozilla/5.0 (Windows NT 10.0; Win64; x64) AppleWebKit/537.36 (KHTML, like Gecko) Chrome/128.0.0.0 Safari/537.36"
45.148.10.21 - - [11/Sep/2026:15:46:08 -0400] "GET /wp-content/plugins/premium-addons-for-elementor/assets/frontend/min-js/headroom.min.js?ver=4.11.102 HTTP/1.1" 200 4267 "-" "Mozilla/5.0 (Windows NT 10.0; Win64; x64) AppleWebKit/537.36 (KHTML, like Gecko) Chrome/128.0.0.0 Safari/537.36"
45.148.10.21 - - [11/Sep/2026:15:46:08 -0400] "GET /wp-includes/js/jquery/ui/core.min.js?ver=1.14.2 HTTP/1.1" 200 18674 "-" "Mozilla/5.0 (Windows NT 10.0; Win64; x64) AppleWebKit/537.36 (KHTML, like Gecko) Chrome/128.0.0.0 Safari/537.36"
45.148.10.21 - - [11/Sep/2026:15:46:08 -0400] "GET /wp-includes/js/jquery/jquery-migrate.min.js?ver=3.4.1 HTTP/1.1" 200 13577 "-" "Mozilla/5.0 (Windows NT 10.0; Win64; x64) AppleWebKit/537.36 (KHTML, like Gecko) Chrome/128.0.0.0 Safari/537.36"
45.148.10.21 - - [11/Sep/2026:15:46:08 -0400] "GET /wp-content/plugins/essential-addons-for-elementor-lite/assets/front-end/js/view/general.min.js?ver=6.8.3 HTTP/1.1" 200 11874 "-" "Mozilla/5.0 (Windows NT 10.0; Win64; x64) AppleWebKit/537.36 (KHTML, like Gecko) Chrome/128.0.0.0 Safari/537.36"
45.148.10.21 - - [11/Sep/2026:15:46:08 -0400] "GET /wp-content/plugins/elementor/assets/js/webpack.runtime.min.js?ver=4.2.4 HTTP/1.1" 200 5819 "-" "Mozilla/5.0 (Windows NT 10.0; Win64; x64) AppleWebKit/537.36 (KHTML, like Gecko) Chrome/128.0.0.0 Safari/537.36"
45.148.10.21 - - [11/Sep/2026:15:46:08 -0400] "GET /wp-content/plugins/premium-addons-for-elementor/assets/frontend/min-js/premium-nav-menu.min.js?ver=4.11.102 HTTP/1.1" 200 11050 "-" "Mozilla/5.0 (Windows NT 10.0; Win64; x64) AppleWebKit/537.36 (KHTML, like Gecko) Chrome/128.0.0.0 Safari/537.36"
45.148.10.21 - - [11/Sep/2026:15:46:08 -0400] "GET /wp-content/plugins/elementor/assets/js/frontend.min.js?ver=4.2.4 HTTP/1.1" 200 32098 "-" "Mozilla/5.0 (Windows NT 10.0; Win64; x64) AppleWebKit/537.36 (KHTML, like Gecko) Chrome/128.0.0.0 Safari/537.36"
45.148.10.21 - - [11/Sep/2026:15:46:08 -0400] "GET /wp-content/plugins/elementor/assets/js/frontend-modules.min.js?ver=4.2.4 HTTP/1.1" 200 50602 "-" "Mozilla/5.0 (Windows NT 10.0; Win64; x64) AppleWebKit/537.36 (KHTML, like Gecko) Chrome/128.0.0.0 Safari/537.36"
45.148.10.21 - - [11/Sep/2026:15:46:08 -0400] "GET /wp-content/plugins/elementor-pro/assets/lib/sticky/jquery.sticky.min.js?ver=4.2.3 HTTP/1.1" 200 3721 "-" "Mozilla/5.0 (Windows NT 10.0; Win64; x64) AppleWebKit/537.36 (KHTML, like Gecko) Chrome/128.0.0.0 Safari/537.36"
45.148.10.21 - - [11/Sep/2026:15:46:08 -0400] "GET /wp-content/plugins/premium-addons-for-elementor/assets/frontend/min-js/elements-handler.min.js?ver=4.11.102 HTTP/1.1" 200 179 "-" "Mozilla/5.0 (Windows NT 10.0; Win64; x64) AppleWebKit/537.36 (KHTML, like Gecko) Chrome/128.0.0.0 Safari/537.36"
45.148.10.21 - - [11/Sep/2026:15:46:08 -0400] "GET /wp-content/plugins/premium-addons-for-elementor/assets/frontend/min-js/premium-wrap-link.min.js?ver=4.11.102 HTTP/1.1" 200 689 "-" "Mozilla/5.0 (Windows NT 10.0; Win64; x64) AppleWebKit/537.36 (KHTML, like Gecko) Chrome/128.0.0.0 Safari/537.36"
45.148.10.21 - - [11/Sep/2026:15:46:08 -0400] "GET /wp-content/plugins/elementor-pro/assets/js/webpack-pro.runtime.min.js?ver=4.2.3 HTTP/1.1" 200 6242 "-" "Mozilla/5.0 (Windows NT 10.0; Win64; x64) AppleWebKit/537.36 (KHTML, like Gecko) Chrome/128.0.0.0 Safari/537.36"
45.148.10.21 - - [11/Sep/2026:15:46:08 -0400] "GET /wp-includes/js/dist/hooks.min.js?ver=f0f188028580e8dc1255 HTTP/1.1" 200 5107 "-" "Mozilla/5.0 (Windows NT 10.0; Win64; x64) AppleWebKit/537.36 (KHTML, like Gecko) Chrome/128.0.0.0 Safari/537.36"
45.148.10.21 - - [11/Sep/2026:15:46:08 -0400] "GET /wp-includes/js/dist/i18n.min.js?ver=1dfe7db3940c23ea9216 HTTP/1.1" 200 5791 "-" "Mozilla/5.0 (Windows NT 10.0; Win64; x64) AppleWebKit/537.36 (KHTML, like Gecko) Chrome/128.0.0.0 Safari/537.36"
45.148.10.21 - - [11/Sep/2026:15:46:08 -0400] "GET /wp-content/plugins/elementor-pro/assets/js/frontend.min.js?ver=4.2.3 HTTP/1.1" 200 23939 "-" "Mozilla/5.0 (Windows NT 10.0; Win64; x64) AppleWebKit/537.36 (KHTML, like Gecko) Chrome/128.0.0.0 Safari/537.36"
45.148.10.21 - - [11/Sep/2026:15:46:08 -0400] "GET /wp-includes/js/underscore.min.js?ver=1.13.8 HTTP/1.1" 200 19012 "-" "Mozilla/5.0 (Windows NT 10.0; Win64; x64) AppleWebKit/537.36 (KHTML, like Gecko) Chrome/128.0.0.0 Safari/537.36"
45.148.10.21 - - [11/Sep/2026:15:46:08 -0400] "GET /wp-content/plugins/elementor-pro/assets/js/elements-handlers.min.js?ver=4.2.3 HTTP/1.1" 200 43922 "-" "Mozilla/5.0 (Windows NT 10.0; Win64; x64) AppleWebKit/537.36 (KHTML, like Gecko) Chrome/128.0.0.0 Safari/537.36"
45.148.10.21 - - [11/Sep/2026:15:46:08 -0400] "GET /wp-includes/js/wp-util.min.js?ver=7.1 HTTP/1.1" 200 1431 "-" "Mozilla/5.0 (Windows NT 10.0; Win64; x64) AppleWebKit/537.36 (KHTML, like Gecko) Chrome/128.0.0.0 Safari/537.36"
45.148.10.21 - - [11/Sep/2026:15:46:08 -0400] "GET /wp-content/plugins/wpforms/assets/js/frontend/wpforms.min.js?ver=1.10.2.1 HTTP/1.1" 200 54683 "-" "Mozilla/5.0 (Windows NT 10.0; Win64; x64) AppleWebKit/537.36 (KHTML, like Gecko) Chrome/128.0.0.0 Safari/537.36"
45.148.10.21 - - [11/Sep/2026:15:46:08 -0400] "GET /wp-content/plugins/wpforms/assets/js/integrations/elementor/frontend.min.js?ver=1.10.2.1 HTTP/1.1" 200 1485 "-" "Mozilla/5.0 (Windows NT 10.0; Win64; x64) AppleWebKit/537.36 (KHTML, like Gecko) Chrome/128.0.0.0 Safari/537.36"
45.148.10.21 - - [11/Sep/2026:15:46:08 -0400] "GET /wp-content/plugins/premium-addons-for-elementor/assets/frontend/min-js/lottie.min.js?ver=4.11.102 HTTP/1.1" 200 257697 "-" "Mozilla/5.0 (Windows NT 10.0; Win64; x64) AppleWebKit/537.36 (KHTML, like Gecko) Chrome/128.0.0.0 Safari/537.36"
45.148.10.21 - - [11/Sep/2026:15:46:08 -0400] "GET /wp-content/plugins/wpforms/assets/pro/js/frontend/fields/phone.min.js?ver=1.10.2.1 HTTP/1.1" 200 4995 "-" "Mozilla/5.0 (Windows NT 10.0; Win64; x64) AppleWebKit/537.36 (KHTML, like Gecko) Chrome/128.0.0.0 Safari/537.36"
45.148.10.21 - - [11/Sep/2026:15:46:08 -0400] "GET /wp-content/plugins/wpforms/assets/lib/jquery.validate.min.js?ver=1.21.0 HTTP/1.1" 200 25308 "-" "Mozilla/5.0 (Windows NT 10.0; Win64; x64) AppleWebKit/537.36 (KHTML, like Gecko) Chrome/128.0.0.0 Safari/537.36"
45.148.10.21 - - [11/Sep/2026:15:46:08 -0400] "GET /wp-content/plugins/wpforms/assets/lib/mailcheck.min.js?ver=1.1.2 HTTP/1.1" 200 4014 "-" "Mozilla/5.0 (Windows NT 10.0; Win64; x64) AppleWebKit/537.36 (KHTML, like Gecko) Chrome/128.0.0.0 Safari/537.36"
45.148.10.21 - - [11/Sep/2026:15:46:08 -0400] "GET /wp-content/plugins/wpforms/assets/lib/punycode.min.js?ver=1.0.0 HTTP/1.1" 200 1713 "-" "Mozilla/5.0 (Windows NT 10.0; Win64; x64) AppleWebKit/537.36 (KHTML, like Gecko) Chrome/128.0.0.0 Safari/537.36"
45.148.10.21 - - [11/Sep/2026:15:46:08 -0400] "GET /wp-content/plugins/wpforms/assets/js/share/utils.min.js?ver=1.10.2.1 HTTP/1.1" 200 1490 "-" "Mozilla/5.0 (Windows NT 10.0; Win64; x64) AppleWebKit/537.36 (KHTML, like Gecko) Chrome/128.0.0.0 Safari/537.36"
45.148.10.21 - - [11/Sep/2026:15:46:08 -0400] "GET /wp-content/plugins/wpforms/assets/js/frontend/wpforms-modern.min.js?ver=1.10.2.1 HTTP/1.1" 200 6005 "-" "Mozilla/5.0 (Windows NT 10.0; Win64; x64) AppleWebKit/537.36 (KHTML, like Gecko) Chrome/128.0.0.0 Safari/537.36"
45.148.10.21 - - [11/Sep/2026:15:46:08 -0400] "GET /wp-content/plugins/elementor/assets/lib/swiper/v8/swiper.min.js?ver=8.4.5 HTTP/1.1" 200 143709 "-" "Mozilla/5.0 (Windows NT 10.0; Win64; x64) AppleWebKit/537.36 (KHTML, like Gecko) Chrome/128.0.0.0 Safari/537.36"
45.148.10.21 - - [11/Sep/2026:15:46:08 -0400] "GET /wp-content/plugins/wpforms/assets/js/frontend/fields/address.min.js?ver=1.10.2.1 HTTP/1.1" 200 1826 "-" "Mozilla/5.0 (Windows NT 10.0; Win64; x64) AppleWebKit/537.36 (KHTML, like Gecko) Chrome/128.0.0.0 Safari/537.36"
45.148.10.21 - - [11/Sep/2026:15:46:08 -0400] "GET /wp-content/plugins/wp-rocket/assets/js/lazyload/16.1/lazyload.min.js HTTP/1.1" 200 7890 "-" "Mozilla/5.0 (Windows NT 10.0; Win64; x64) AppleWebKit/537.36 (KHTML, like Gecko) Chrome/128.0.0.0 Safari/537.36"
45.148.10.21 - - [11/Sep/2026:15:46:08 -0400] "GET /wp-content/plugins/wpforms/assets/lib/jquery.inputmask.min.js?ver=5.0.9 HTTP/1.1" 200 117412 "-" "Mozilla/5.0 (Windows NT 10.0; Win64; x64) AppleWebKit/537.36 (KHTML, like Gecko) Chrome/128.0.0.0 Safari/537.36"
45.148.10.21 - - [11/Sep/2026:15:46:08 -0400] "GET /wp-content/plugins/wpforms/assets/pro/lib/intl-tel-input/intlTelInputWithUtils.min.js?ver=28.0.4 HTTP/1.1" 200 311657 "-" "Mozilla/5.0 (Windows NT 10.0; Win64; x64) AppleWebKit/537.36 (KHTML, like Gecko) Chrome/128.0.0.0 Safari/537.36"
45.148.10.21 - - [11/Sep/2026:15:46:09 -0400] "GET /wp-content/plugins/elementor/assets/lib/swiper/v8/swiper-bundle.min.js.map HTTP/1.1" 404 123212 "-" "Mozilla/5.0 (Windows NT 10.0; Win64; x64) AppleWebKit/537.36"
45.148.10.21 - - [11/Sep/2026:15:46:09 -0400] "GET /.env HTTP/1.1" 406 300 "-" "Mozilla/5.0 (Windows NT 10.0; Win64; x64) AppleWebKit/537.36"
45.148.10.21 - - [11/Sep/2026:15:46:09 -0400] "GET /.env.dev.local HTTP/1.1" 406 300 "-" "Mozilla/5.0 (Windows NT 10.0; Win64; x64) AppleWebKit/537.36"
45.148.10.21 - - [11/Sep/2026:15:46:09 -0400] "GET /.env.production.local HTTP/1.1" 406 300 "-" "Mozilla/5.0 (Windows NT 10.0; Win64; x64) AppleWebKit/537.36"
45.148.10.21 - - [11/Sep/2026:15:46:09 -0400] "GET /.env.production HTTP/1.1" 406 300 "-" "Mozilla/5.0 (Windows NT 10.0; Win64; x64) AppleWebKit/537.36"
45.148.10.21 - - [11/Sep/2026:15:46:09 -0400] "GET /.env.test HTTP/1.1" 406 300 "-" "Mozilla/5.0 (Windows NT 10.0; Win64; x64) AppleWebKit/537.36"
45.148.10.21 - - [11/Sep/2026:15:46:09 -0400] "GET /.env.prod.local HTTP/1.1" 406 300 "-" "Mozilla/5.0 (Windows NT 10.0; Win64; x64) AppleWebKit/537.36"
45.148.10.21 - - [11/Sep/2026:15:46:09 -0400] "GET /.env.development.local HTTP/1.1" 406 300 "-" "Mozilla/5.0 (Windows NT 10.0; Win64; x64) AppleWebKit/537.36"
45.148.10.21 - - [11/Sep/2026:15:46:09 -0400] "GET /.env.prod HTTP/1.1" 406 300 "-" "Mozilla/5.0 (Windows NT 10.0; Win64; x64) AppleWebKit/537.36"
45.148.10.21 - - [11/Sep/2026:15:46:09 -0400] "GET /.env.backup HTTP/1.1" 406 300 "-" "Mozilla/5.0 (Windows NT 10.0; Win64; x64) AppleWebKit/537.36"
45.148.10.21 - - [11/Sep/2026:15:46:09 -0400] "GET /.env.live HTTP/1.1" 406 300 "-" "Mozilla/5.0 (Windows NT 10.0; Win64; x64) AppleWebKit/537.36"
45.148.10.21 - - [11/Sep/2026:15:46:09 -0400] "GET /.env.staging HTTP/1.1" 406 300 "-" "Mozilla/5.0 (Windows NT 10.0; Win64; x64) AppleWebKit/537.36"
45.148.10.21 - - [11/Sep/2026:15:46:09 -0400] "GET /.env.stage HTTP/1.1" 406 300 "-" "Mozilla/5.0 (Windows NT 10.0; Win64; x64) AppleWebKit/537.36"
45.148.10.21 - - [11/Sep/2026:15:46:09 -0400] "GET /.env.save HTTP/1.1" 406 300 "-" "Mozilla/5.0 (Windows NT 10.0; Win64; x64) AppleWebKit/537.36"
45.148.10.21 - - [11/Sep/2026:15:46:09 -0400] "GET /.env.bak HTTP/1.1" 406 300 "-" "Mozilla/5.0 (Windows NT 10.0; Win64; x64) AppleWebKit/537.36"
45.148.10.21 - - [11/Sep/2026:15:46:09 -0400] "GET /.env.dev HTTP/1.1" 406 300 "-" "Mozilla/5.0 (Windows NT 10.0; Win64; x64) AppleWebKit/537.36"
45.148.10.21 - - [11/Sep/2026:15:46:09 -0400] "GET /.env.old HTTP/1.1" 406 300 "-" "Mozilla/5.0 (Windows NT 10.0; Win64; x64) AppleWebKit/537.36"
45.148.10.21 - - [11/Sep/2026:15:46:09 -0400] "GET /.env.local HTTP/1.1" 406 300 "-" "Mozilla/5.0 (Windows NT 10.0; Win64; x64) AppleWebKit/537.36"
66.249.69.102 - - [11/Sep/2026:15:46:09 -0400] "GET /?a=cheap-apexel-in-lens-kit-wide+52mm-uv-full-and-cc-xxZdgxt0 HTTP/1.1" 301 - "-" "Mozilla/5.0 (Linux; Android 6.0.1; Nexus 5X Build/MMB29P) AppleWebKit/537.36 (KHTML, like Gecko) Chrome/153.0.8010.36 Mobile Safari/537.36 (compatible; GoogleOther)"
45.148.10.21 - - [11/Sep/2026:15:46:10 -0400] "GET /.env~ HTTP/1.1" 406 300 "-" "Mozilla/5.0 (Windows NT 10.0; Win64; x64) AppleWebKit/537.36"
45.148.10.21 - - [11/Sep/2026:15:46:10 -0400] "GET /.env.php HTTP/1.1" 406 300 "-" "Mozilla/5.0 (Windows NT 10.0; Win64; x64) AppleWebKit/537.36"
45.148.10.21 - - [11/Sep/2026:15:46:10 -0400] "GET /.env.swp HTTP/1.1" 406 300 "-" "Mozilla/5.0 (Windows NT 10.0; Win64; x64) AppleWebKit/537.36"
45.148.10.21 - - [11/Sep/2026:15:46:10 -0400] "GET /api/.env HTTP/1.1" 406 300 "-" "Mozilla/5.0 (Windows NT 10.0; Win64; x64) AppleWebKit/537.36"
45.148.10.21 - - [11/Sep/2026:15:46:10 -0400] "GET /app/.env HTTP/1.1" 406 300 "-" "Mozilla/5.0 (Windows NT 10.0; Win64; x64) AppleWebKit/537.36"
45.148.10.21 - - [11/Sep/2026:15:46:10 -0400] "GET /admin/.env HTTP/1.1" 406 300 "-" "Mozilla/5.0 (Windows NT 10.0; Win64; x64) AppleWebKit/537.36"
45.148.10.21 - - [11/Sep/2026:15:46:10 -0400] "GET /core/.env HTTP/1.1" 406 300 "-" "Mozilla/5.0 (Windows NT 10.0; Win64; x64) AppleWebKit/537.36"
45.148.10.21 - - [11/Sep/2026:15:46:10 -0400] "GET /panel/.env HTTP/1.1" 406 300 "-" "Mozilla/5.0 (Windows NT 10.0; Win64; x64) AppleWebKit/537.36"
45.148.10.21 - - [11/Sep/2026:15:46:10 -0400] "GET /application/.env HTTP/1.1" 406 300 "-" "Mozilla/5.0 (Windows NT 10.0; Win64; x64) AppleWebKit/537.36"
45.148.10.21 - - [11/Sep/2026:15:46:10 -0400] "GET /config/.env HTTP/1.1" 406 300 "-" "Mozilla/5.0 (Windows NT 10.0; Win64; x64) AppleWebKit/537.36"
45.148.10.21 - - [11/Sep/2026:15:46:10 -0400] "GET /server/.env HTTP/1.1" 406 300 "-" "Mozilla/5.0 (Windows NT 10.0; Win64; x64) AppleWebKit/537.36"
45.148.10.21 - - [11/Sep/2026:15:46:10 -0400] "GET /backend/.env HTTP/1.1" 406 300 "-" "Mozilla/5.0 (Windows NT 10.0; Win64; x64) AppleWebKit/537.36"
45.148.10.21 - - [11/Sep/2026:15:46:10 -0400] "GET /var/www/.env HTTP/1.1" 406 300 "-" "Mozilla/5.0 (Windows NT 10.0; Win64; x64) AppleWebKit/537.36"
45.148.10.21 - - [11/Sep/2026:15:46:10 -0400] "GET /laravel/.env HTTP/1.1" 406 300 "-" "Mozilla/5.0 (Windows NT 10.0; Win64; x64) AppleWebKit/537.36"
45.148.10.21 - - [11/Sep/2026:15:46:10 -0400] "GET /vendor/.env HTTP/1.1" 406 300 "-" "Mozilla/5.0 (Windows NT 10.0; Win64; x64) AppleWebKit/537.36"
45.148.10.21 - - [11/Sep/2026:15:46:10 -0400] "GET /wp-content/.env HTTP/1.1" 406 300 "-" "Mozilla/5.0 (Windows NT 10.0; Win64; x64) AppleWebKit/537.36"
45.148.10.21 - - [11/Sep/2026:15:46:10 -0400] "GET /media/.env HTTP/1.1" 406 300 "-" "Mozilla/5.0 (Windows NT 10.0; Win64; x64) AppleWebKit/537.36"
45.148.10.21 - - [11/Sep/2026:15:46:10 -0400] "GET /node-api/.env HTTP/1.1" 406 300 "-" "Mozilla/5.0 (Windows NT 10.0; Win64; x64) AppleWebKit/537.36"
45.148.10.21 - - [11/Sep/2026:15:46:10 -0400] "GET /aws.env HTTP/1.1" 404 121347 "-" "Mozilla/5.0 (Windows NT 10.0; Win64; x64) AppleWebKit/537.36"
45.148.10.21 - - [11/Sep/2026:15:46:10 -0400] "GET /env.development.js HTTP/1.1" 404 121347 "-" "Mozilla/5.0 (Windows NT 10.0; Win64; x64) AppleWebKit/537.36"
45.148.10.21 - - [11/Sep/2026:15:46:10 -0400] "GET /config/env.js HTTP/1.1" 404 121347 "-" "Mozilla/5.0 (Windows NT 10.0; Win64; x64) AppleWebKit/537.36"
45.148.10.21 - - [11/Sep/2026:15:46:10 -0400] "GET /react-app/.env.production HTTP/1.1" 406 300 "-" "Mozilla/5.0 (Windows NT 10.0; Win64; x64) AppleWebKit/537.36"
45.148.10.21 - - [11/Sep/2026:15:46:10 -0400] "GET /var/www/html/.env HTTP/1.1" 406 300 "-" "Mozilla/5.0 (Windows NT 10.0; Win64; x64) AppleWebKit/537.36"
45.148.10.21 - - [11/Sep/2026:15:46:10 -0400] "GET /sendgrid.env HTTP/1.1" 404 121347 "-" "Mozilla/5.0 (Windows NT 10.0; Win64; x64) AppleWebKit/537.36"
45.148.10.21 - - [11/Sep/2026:15:46:10 -0400] "GET /blog.env HTTP/1.1" 404 121347 "-" "Mozilla/5.0 (Windows NT 10.0; Win64; x64) AppleWebKit/537.36"
