/var/log/apache2/domlogs/vianto5
Edit: /var/log/apache2/domlogs/vianto5/cititower.mx.ventaspeninsula.mx-ssl_log (50633B)
199.250.222.155 - - [11/Sep/2026:08:15:02 -0400] "POST /wp-cron.php?doing_wp_cron=1789128902.5641961097717285156250 HTTP/1.1" 200 - "-" "WordPress/6.9.7; https://cititower.mx"
185.223.152.30 - - [11/Sep/2026:08:15:02 -0400] "POST /wp-login.php HTTP/1.1" 200 9575 "-" "Mozilla/5.0 (Windows NT 10.0; Win64; x64) AppleWebKit/537.36 Chrome/129.0.0.0 Safari/537.36"
94.183.170.135 - - [11/Sep/2026:08:15:24 -0400] "GET /wp-content/plugins/wpmudev-updates/changelog.txt HTTP/1.1" 404 236 "-" "Mozilla/5.0 (X11; Ubuntu; Linux i686) AppleWebKit/537.36 (KHTML, like Gecko) Chrome/55.0.2902.47 Safari/537.36"
94.183.170.135 - - [11/Sep/2026:08:15:27 -0400] "GET /?wpmudev-hub=413 HTTP/1.1" 301 - "https://cititower.mx.ventaspeninsula.mx/wp-content/plugins/wpmudev-updates/changelog.txt" "Mozilla/5.0 (X11; Ubuntu; Linux i686) AppleWebKit/537.36 (KHTML, like Gecko) Chrome/55.0.2902.47 Safari/537.36"
94.183.170.135 - - [11/Sep/2026:08:15:28 -0400] "GET /wp-content/plugins/wpmudev-updates/changelog.txt HTTP/1.1" 404 236 "-" "Mozilla/5.0 (Macintosh; Intel Mac OS X 10.8; rv:50.0) Gecko/20100101 Firefox/50.0"
94.183.170.135 - - [11/Sep/2026:08:15:28 -0400] "GET /?wpmudev-hub=413 HTTP/1.1" 200 39923 "https://cititower.mx.ventaspeninsula.mx/wp-content/plugins/wpmudev-updates/changelog.txt" "Mozilla/5.0 (X11; Ubuntu; Linux i686) AppleWebKit/537.36 (KHTML, like Gecko) Chrome/55.0.2902.47 Safari/537.36"
94.183.170.135 - - [11/Sep/2026:08:15:31 -0400] "GET /?wpmudev-hub=413 HTTP/1.1" 200 39923 "https://cititower.mx/wp-content/plugins/wpmudev-updates/changelog.txt" "Mozilla/5.0 (Macintosh; Intel Mac OS X 10.8; rv:50.0) Gecko/20100101 Firefox/50.0"
199.250.222.155 - - [11/Sep/2026:08:24:09 -0400] "POST /wp-cron.php?doing_wp_cron=1789129449.8074009418487548828125 HTTP/1.1" 200 - "-" "WordPress/6.9.7; https://cititower.mx"
185.223.152.25 - - [11/Sep/2026:08:24:09 -0400] "POST /wp-login.php HTTP/1.1" 200 9575 "-" "Mozilla/5.0 (Windows NT 10.0; Win64; rv:143.0) Gecko/20100101 Firefox/143.0"
17.166.236.125 - - [11/Sep/2026:08:24:24 -0400] "GET /shop/tapestry HTTP/1.1" 404 236 "-" "Mozilla/5.0 (Macintosh; Intel Mac OS X 10_15_7) AppleWebKit/605.1.15 (KHTML, like Gecko) Version/17.4 Safari/605.1.15 (Applebot/0.1; +http://www.apple.com/go/applebot)"
106.75.173.86 - - [11/Sep/2026:08:25:09 -0400] "GET / HTTP/1.1" 200 39923 "-" "Mozilla/5.0 (Windows NT 6.1) AppleWebKit/537.36 (KHTML, like Gecko) Chrome/49.0.2623.112 Safari/537.36"
106.75.173.86 - - [11/Sep/2026:08:25:12 -0400] "GET / HTTP/1.1" 301 - "-" "Mozilla/5.0 (Windows NT 6.1) AppleWebKit/537.36 (KHTML, like Gecko) Chrome/49.0.2623.112 Safari/537.36"
106.75.173.86 - - [11/Sep/2026:08:25:13 -0400] "GET / HTTP/1.1" 301 - "-" "Mozilla/5.0 (Windows NT 6.1) AppleWebKit/537.36 (KHTML, like Gecko) Chrome/49.0.2623.112 Safari/537.36"
106.75.173.86 - - [11/Sep/2026:08:25:19 -0400] "GET /wp-content/themes/montreal/js/libs/modernizr-2.0.6.min.js HTTP/1.1" 200 16229 "-" "Mozilla/5.0 (Windows NT 6.1) AppleWebKit/537.36 (KHTML, like Gecko) Chrome/49.0.2623.112 Safari/537.36"
106.75.173.86 - - [11/Sep/2026:08:25:22 -0400] "GET /wp-content/plugins/sitepress-multilingual-cms/res/js/cookies/language-cookie.js?ver=491900 HTTP/1.1" 200 290 "-" "Mozilla/5.0 (Windows NT 6.1) AppleWebKit/537.36 (KHTML, like Gecko) Chrome/49.0.2623.112 Safari/537.36"
106.75.173.86 - - [11/Sep/2026:08:25:24 -0400] "GET /wp-includes/js/jquery/jquery.min.js?ver=3.7.1 HTTP/1.1" 200 87553 "-" "Mozilla/5.0 (Windows NT 6.1) AppleWebKit/537.36 (KHTML, like Gecko) Chrome/49.0.2623.112 Safari/537.36"
106.75.173.86 - - [11/Sep/2026:08:25:28 -0400] "GET /wp-includes/js/jquery/jquery-migrate.min.js?ver=3.4.1 HTTP/1.1" 200 13577 "-" "Mozilla/5.0 (Windows NT 6.1) AppleWebKit/537.36 (KHTML, like Gecko) Chrome/49.0.2623.112 Safari/537.36"
106.75.173.86 - - [11/Sep/2026:08:25:30 -0400] "GET /wp-content/themes/montreal/js/jquery-ui-1.8.23.custom.min.js?ver=6.9.7 HTTP/1.1" 200 11252 "-" "Mozilla/5.0 (Windows NT 6.1) AppleWebKit/537.36 (KHTML, like Gecko) Chrome/49.0.2623.112 Safari/537.36"
106.75.173.86 - - [11/Sep/2026:08:25:32 -0400] "GET /wp-content/themes/montreal/player/lib/mediaelementplayer.js?ver=6.9.7 HTTP/1.1" 200 74421 "-" "Mozilla/5.0 (Windows NT 6.1) AppleWebKit/537.36 (KHTML, like Gecko) Chrome/49.0.2623.112 Safari/537.36"
199.250.222.155 - - [11/Sep/2026:08:33:01 -0400] "POST /wp-cron.php?doing_wp_cron=1789129981.2329580783843994140625 HTTP/1.1" 200 - "-" "WordPress/6.9.7; https://cititower.mx"
185.223.152.36 - - [11/Sep/2026:08:33:00 -0400] "POST /wp-login.php HTTP/1.1" 200 9575 "-" "Mozilla/5.0 (Macintosh; Intel Mac OS X 10_15_7) AppleWebKit/605.1.15 Version/17.0 Safari/605.1.15"
199.250.222.155 - - [11/Sep/2026:08:42:03 -0400] "POST /wp-cron.php?doing_wp_cron=1789130523.3790199756622314453125 HTTP/1.1" 200 - "-" "WordPress/6.9.7; https://cititower.mx"
185.223.152.28 - - [11/Sep/2026:08:42:03 -0400] "POST /wp-login.php HTTP/1.1" 200 9575 "-" "Mozilla/5.0 (Windows NT 10.0; Win64; rv:143.0) Gecko/20100101 Firefox/143.0"
199.250.222.155 - - [11/Sep/2026:08:51:29 -0400] "POST /wp-cron.php?doing_wp_cron=1789131089.0078880786895751953125 HTTP/1.1" 200 - "-" "WordPress/6.9.7; https://cititower.mx"
185.223.152.16 - - [11/Sep/2026:08:51:28 -0400] "POST /wp-login.php HTTP/1.1" 200 9575 "-" "Mozilla/5.0 (Windows NT 10.0; Win64; x64) AppleWebKit/537.36 Chrome/129.0.0.0 Safari/537.36"
199.250.222.155 - - [11/Sep/2026:08:58:26 -0400] "POST /wp-cron.php?doing_wp_cron=1789131506.3542420864105224609375 HTTP/1.1" 200 - "-" "WordPress/6.9.7; https://cititower.mx"
46.11.91.119 - - [11/Sep/2026:08:58:26 -0400] "GET /wp-login.php HTTP/1.1" 200 9106 "-" "Mozilla/5.0 (Windows NT 10.0; Win64; x64) AppleWebKit/537.36 (KHTML, like Gecko) Chrome/150.0.0.0 Safari/537.36"
199.250.222.155 - - [11/Sep/2026:08:58:35 -0400] "POST /wp-cron.php?doing_wp_cron=1789131515.7828030586242675781250 HTTP/1.1" 200 - "-" "WordPress/6.9.7; https://cititower.mx"
46.11.7.197 - - [11/Sep/2026:08:58:35 -0400] "POST /wp-login.php HTTP/1.1" 200 9612 "https://cititower.mx/wp-login.php" "Mozilla/5.0 (Windows NT 10.0; Win64; x64) AppleWebKit/537.36 (KHTML, like Gecko) Chrome/150.0.0.0 Safari/537.36"
199.250.222.155 - - [11/Sep/2026:09:00:27 -0400] "POST /wp-cron.php?doing_wp_cron=1789131627.2578160762786865234375 HTTP/1.1" 200 - "-" "WordPress/6.9.7; https://cititower.mx"
185.223.152.31 - - [11/Sep/2026:09:00:27 -0400] "POST /wp-login.php HTTP/1.1" 200 9575 "-" "Mozilla/5.0 (Macintosh; Intel Mac OS X 10_15_7) AppleWebKit/605.1.15 Version/17.0 Safari/605.1.15"
199.250.222.155 - - [11/Sep/2026:09:10:03 -0400] "POST /wp-cron.php?doing_wp_cron=1789132203.4382219314575195312500 HTTP/1.1" 200 - "-" "WordPress/6.9.7; https://cititower.mx"
185.223.152.18 - - [11/Sep/2026:09:10:02 -0400] "POST /wp-login.php HTTP/1.1" 200 9575 "-" "Mozilla/5.0 (Macintosh; Intel Mac OS X 10_15_7) AppleWebKit/605.1.15 Version/17.0 Safari/605.1.15"
199.250.222.155 - - [11/Sep/2026:09:18:40 -0400] "POST /wp-cron.php?doing_wp_cron=1789132720.7005701065063476562500 HTTP/1.1" 200 - "-" "WordPress/6.9.7; https://cititower.mx"
64.34.81.167 - - [11/Sep/2026:09:18:40 -0400] "GET / HTTP/1.1" 200 39923 "-" "company-db-worker/0.1 (+https://businessmcp.com/bot)"
199.250.222.155 - - [11/Sep/2026:09:19:35 -0400] "POST /wp-cron.php?doing_wp_cron=1789132775.9663290977478027343750 HTTP/1.1" 200 - "-" "WordPress/6.9.7; https://cititower.mx"
185.223.152.16 - - [11/Sep/2026:09:19:35 -0400] "POST /wp-login.php HTTP/1.1" 200 9575 "-" "Mozilla/5.0 (Windows NT 10.0; Win64; x64) AppleWebKit/537.36 Chrome/129.0.0.0 Safari/537.36"
199.250.222.155 - - [11/Sep/2026:09:29:21 -0400] "POST /wp-cron.php?doing_wp_cron=1789133361.8524079322814941406250 HTTP/1.1" 200 - "-" "WordPress/6.9.7; https://cititower.mx"
185.223.152.244 - - [11/Sep/2026:09:29:21 -0400] "POST /wp-login.php HTTP/1.1" 200 9575 "-" "Mozilla/5.0 (Windows NT 10.0; Win64; rv:143.0) Gecko/20100101 Firefox/143.0"
114.122.38.138 - - [11/Sep/2026:09:35:48 -0400] "GET /en/rental-of-premises/ HTTP/1.1" 200 397633 "http://cititower.mx/" "Mozilla/5.0 (Linux; Android 8.1.0; vivo 1820) AppleWebKit/537.36 (KHTML, like Gecko) Chrome/87.0.4280.141 Mobile Safari/537.36"
199.250.222.155 - - [11/Sep/2026:09:38:56 -0400] "POST /wp-cron.php?doing_wp_cron=1789133936.0405609607696533203125 HTTP/1.1" 200 - "-" "WordPress/6.9.7; https://cititower.mx"
185.223.152.21 - - [11/Sep/2026:09:38:55 -0400] "POST /wp-login.php HTTP/1.1" 200 9575 "-" "Mozilla/5.0 (Windows NT 10.0; Win64; x64) AppleWebKit/537.36 Chrome/129.0.0.0 Safari/537.36"
34.16.94.157 - - [11/Sep/2026:09:40:50 -0400] "GET /.git/config HTTP/1.1" 406 300 "-" "Mozilla/5.0 (Windows NT 10.0; Win64; x64) AppleWebKit/537.36 (KHTML, like Gecko) Chrome/128.0.0.0 Safari/537.36"
66.249.79.34 - - [11/Sep/2026:09:44:01 -0400] "GET /wp-content/plugins/wordfence/images/flags.png HTTP/1.1" 404 236 "-" "Googlebot-Image/1.0"
199.250.222.155 - - [11/Sep/2026:09:48:52 -0400] "POST /wp-cron.php?doing_wp_cron=1789134532.5352499485015869140625 HTTP/1.1" 200 - "-" "WordPress/6.9.7; https://cititower.mx"
185.223.152.30 - - [11/Sep/2026:09:48:52 -0400] "POST /wp-login.php HTTP/1.1" 200 9575 "-" "Mozilla/5.0 (Macintosh; Intel Mac OS X 10_15_7) AppleWebKit/605.1.15 Version/17.0 Safari/605.1.15"
199.250.222.155 - - [11/Sep/2026:09:58:31 -0400] "POST /wp-cron.php?doing_wp_cron=1789135110.9575660228729248046875 HTTP/1.1" 200 - "-" "WordPress/6.9.7; https://cititower.mx"
185.223.152.19 - - [11/Sep/2026:09:58:30 -0400] "POST /wp-login.php HTTP/1.1" 200 9575 "-" "Mozilla/5.0 (Macintosh; Intel Mac OS X 10_15_7) AppleWebKit/605.1.15 Version/17.0 Safari/605.1.15"
216.73.216.158 - - [11/Sep/2026:10:05:11 -0400] "GET /robots.txt HTTP/1.1" 404 236 "-" "Mozilla/5.0 AppleWebKit/537.36 (KHTML, like Gecko; compatible; ClaudeBot/1.0; +claudebot@anthropic.com)"
199.250.222.155 - - [11/Sep/2026:10:05:12 -0400] "POST /wp-cron.php?doing_wp_cron=1789135512.5076899528503417968750 HTTP/1.1" 200 - "-" "WordPress/6.9.7; https://cititower.mx"
216.73.216.158 - - [11/Sep/2026:10:05:11 -0400] "GET //wp-admin/admin.php?page=WordfenceScan&subpage=scan_options HTTP/1.1" 302 - "-" "Mozilla/5.0 AppleWebKit/537.36 (KHTML, like Gecko; compatible; ClaudeBot/1.0; +claudebot@anthropic.com)"
216.73.216.158 - - [11/Sep/2026:10:05:12 -0400] "GET /wp-login.php?redirect_to=https%3A%2F%2Fcititower.mx%2F%2Fwp-admin%2Fadmin.php%3Fpage%3DWordfenceScan%26subpage%3Dscan_options&reauth=1 HTTP/1.1" 200 9160 "https://cititower.mx//wp-admin/admin.php?page=WordfenceScan&subpage=scan_options" "Mozilla/5.0 AppleWebKit/537.36 (KHTML, like Gecko; compatible; ClaudeBot/1.0; +claudebot@anthropic.com)"
216.73.216.158 - - [11/Sep/2026:10:05:13 -0400] "GET //wp-admin/update-core.php HTTP/1.1" 302 - "http://cititower.mx//wp-admin/update-core.php" "Mozilla/5.0 AppleWebKit/537.36 (KHTML, like Gecko; compatible; ClaudeBot/1.0; +claudebot@anthropic.com)"
216.73.216.158 - - [11/Sep/2026:10:05:13 -0400] "GET /wp-login.php?redirect_to=https%3A%2F%2Fcititower.mx%2F%2Fwp-admin%2Fupdate-core.php&reauth=1 HTTP/1.1" 200 9122 "https://cititower.mx//wp-admin/update-core.php" "Mozilla/5.0 AppleWebKit/537.36 (KHTML, like Gecko; compatible; ClaudeBot/1.0; +claudebot@anthropic.com)"
216.73.216.158 - - [11/Sep/2026:10:05:13 -0400] "GET //wp-admin/ HTTP/1.1" 302 - "http://cititower.mx//wp-admin/" "Mozilla/5.0 AppleWebKit/537.36 (KHTML, like Gecko; compatible; ClaudeBot/1.0; +claudebot@anthropic.com)"
216.73.216.158 - - [11/Sep/2026:10:05:13 -0400] "GET /wp-login.php?redirect_to=https%3A%2F%2Fcititower.mx%2F%2Fwp-admin%2F&reauth=1 HTTP/1.1" 200 9107 "https://cititower.mx//wp-admin/" "Mozilla/5.0 AppleWebKit/537.36 (KHTML, like Gecko; compatible; ClaudeBot/1.0; +claudebot@anthropic.com)"
216.73.216.158 - - [11/Sep/2026:10:05:33 -0400] "GET //wp-admin/admin.php?page=WordfenceWAF HTTP/1.1" 302 - "http://cititower.mx//wp-admin/admin.php?page=WordfenceWAF" "Mozilla/5.0 AppleWebKit/537.36 (KHTML, like Gecko; compatible; ClaudeBot/1.0; +claudebot@anthropic.com)"
199.250.222.155 - - [11/Sep/2026:10:05:34 -0400] "POST /wp-cron.php?doing_wp_cron=1789135534.1075348854064941406250 HTTP/1.1" 200 - "-" "WordPress/6.9.7; https://cititower.mx"
216.73.216.158 - - [11/Sep/2026:10:05:33 -0400] "GET /wp-login.php?redirect_to=https%3A%2F%2Fcititower.mx%2F%2Fwp-admin%2Fadmin.php%3Fpage%3DWordfenceWAF&reauth=1 HTTP/1.1" 200 9134 "https://cititower.mx//wp-admin/admin.php?page=WordfenceWAF" "Mozilla/5.0 AppleWebKit/537.36 (KHTML, like Gecko; compatible; ClaudeBot/1.0; +claudebot@anthropic.com)"
216.73.216.158 - - [11/Sep/2026:10:06:44 -0400] "GET //wp-admin/admin.php?page=Wordfence&subpage=global_options HTTP/1.1" 302 - "http://cititower.mx//wp-admin/admin.php?page=Wordfence&subpage=global_options" "Mozilla/5.0 AppleWebKit/537.36 (KHTML, like Gecko; compatible; ClaudeBot/1.0; +claudebot@anthropic.com)"
216.73.216.158 - - [11/Sep/2026:10:06:45 -0400] "GET /wp-login.php?redirect_to=https%3A%2F%2Fcititower.mx%2F%2Fwp-admin%2Fadmin.php%3Fpage%3DWordfence%26subpage%3Dglobal_options&reauth=1 HTTP/1.1" 200 9158 "https://cititower.mx//wp-admin/admin.php?page=Wordfence&subpage=global_options" "Mozilla/5.0 AppleWebKit/537.36 (KHTML, like Gecko; compatible; ClaudeBot/1.0; +claudebot@anthropic.com)"
199.250.222.155 - - [11/Sep/2026:10:08:13 -0400] "POST /wp-cron.php?doing_wp_cron=1789135693.3452429771423339843750 HTTP/1.1" 200 - "-" "WordPress/6.9.7; https://cititower.mx"
185.223.152.30 - - [11/Sep/2026:10:08:13 -0400] "POST /wp-login.php HTTP/1.1" 200 9575 "-" "Mozilla/5.0 (Windows NT 10.0; Win64; x64) AppleWebKit/537.36 Chrome/129.0.0.0 Safari/537.36"
216.73.216.158 - - [11/Sep/2026:10:08:28 -0400] "GET //wp-admin/admin.php?page=WordfenceTools&subpage=livetraffic HTTP/1.1" 302 - "http://cititower.mx//wp-admin/admin.php?page=WordfenceTools&subpage=livetraffic" "Mozilla/5.0 AppleWebKit/537.36 (KHTML, like Gecko; compatible; ClaudeBot/1.0; +claudebot@anthropic.com)"
216.73.216.158 - - [11/Sep/2026:10:08:28 -0400] "GET /wp-login.php?redirect_to=https%3A%2F%2Fcititower.mx%2F%2Fwp-admin%2Fadmin.php%3Fpage%3DWordfenceTools%26subpage%3Dlivetraffic&reauth=1 HTTP/1.1" 200 9160 "https://cititower.mx//wp-admin/admin.php?page=WordfenceTools&subpage=livetraffic" "Mozilla/5.0 AppleWebKit/537.36 (KHTML, like Gecko; compatible; ClaudeBot/1.0; +claudebot@anthropic.com)"
216.73.216.158 - - [11/Sep/2026:10:08:48 -0400] "GET //wp-admin/admin.php?page=WordfenceWAF&subpage=waf_options HTTP/1.1" 302 - "http://cititower.mx//wp-admin/admin.php?page=WordfenceWAF&subpage=waf_options" "Mozilla/5.0 AppleWebKit/537.36 (KHTML, like Gecko; compatible; ClaudeBot/1.0; +claudebot@anthropic.com)"
216.73.216.158 - - [11/Sep/2026:10:08:48 -0400] "GET /wp-login.php?redirect_to=https%3A%2F%2Fcititower.mx%2F%2Fwp-admin%2Fadmin.php%3Fpage%3DWordfenceWAF%26subpage%3Dwaf_options&reauth=1 HTTP/1.1" 200 9158 "https://cititower.mx//wp-admin/admin.php?page=WordfenceWAF&subpage=waf_options" "Mozilla/5.0 AppleWebKit/537.36 (KHTML, like Gecko; compatible; ClaudeBot/1.0; +claudebot@anthropic.com)"
199.250.222.155 - - [11/Sep/2026:10:17:53 -0400] "POST /wp-cron.php?doing_wp_cron=1789136273.7451701164245605468750 HTTP/1.1" 200 - "-" "WordPress/6.9.7; https://cititower.mx"
185.223.152.21 - - [11/Sep/2026:10:17:53 -0400] "POST /wp-login.php HTTP/1.1" 200 9575 "-" "Mozilla/5.0 (Windows NT 10.0; Win64; x64) AppleWebKit/537.36 Chrome/129.0.0.0 Safari/537.36"
66.249.79.35 - - [11/Sep/2026:10:20:50 -0400] "GET /robots.txt HTTP/1.1" 404 236 "-" "Mozilla/5.0 (compatible; Googlebot/2.1; +http://www.google.com/bot.html)"
66.249.79.35 - - [11/Sep/2026:10:20:50 -0400] "GET /wp-content/uploads/2015/06/home-theather.jpg HTTP/1.1" 200 85231 "-" "Googlebot-Image/1.0"
66.249.79.34 - - [11/Sep/2026:10:24:21 -0400] "GET /tag-directory HTTP/1.1" 404 236 "-" "Mozilla/5.0 (Linux; Android 6.0.1; Nexus 5X Build/MMB29P) AppleWebKit/537.36 (KHTML, like Gecko) Chrome/153.0.8010.36 Mobile Safari/537.36 (compatible; GoogleOther)"
199.250.222.155 - - [11/Sep/2026:10:27:35 -0400] "POST /wp-cron.php?doing_wp_cron=1789136855.2330799102783203125000 HTTP/1.1" 200 - "-" "WordPress/6.9.7; https://cititower.mx"
185.223.152.12 - - [11/Sep/2026:10:27:35 -0400] "POST /wp-login.php HTTP/1.1" 200 9575 "-" "Mozilla/5.0 (Windows NT 10.0; Win64; x64) AppleWebKit/537.36 Chrome/129.0.0.0 Safari/537.36"
199.250.222.155 - - [11/Sep/2026:10:37:08 -0400] "POST /wp-cron.php?doing_wp_cron=1789137428.3760590553283691406250 HTTP/1.1" 200 - "-" "WordPress/6.9.7; https://cititower.mx"
185.223.152.10 - - [11/Sep/2026:10:37:08 -0400] "POST /wp-login.php HTTP/1.1" 200 9575 "-" "Mozilla/5.0 (Windows NT 10.0; Win64; x64) AppleWebKit/537.36 Chrome/129.0.0.0 Safari/537.36"
199.250.222.155 - - [11/Sep/2026:10:46:09 -0400] "POST /wp-cron.php?doing_wp_cron=1789137969.8320639133453369140625 HTTP/1.1" 200 - "-" "WordPress/6.9.7; https://cititower.mx"
185.223.152.28 - - [11/Sep/2026:10:46:09 -0400] "POST /wp-login.php HTTP/1.1" 200 9575 "-" "Mozilla/5.0 (Windows NT 10.0; Win64; x64) AppleWebKit/537.36 Chrome/129.0.0.0 Safari/537.36"
140.213.173.171 - - [11/Sep/2026:10:54:12 -0400] "GET /en/rental-of-premises/ HTTP/1.1" 200 397633 "https://www.google.com/" "Mozilla/5.0 (Linux; Android 10; K) AppleWebKit/537.36 (KHTML, like Gecko) Chrome/152.0.0.0 Mobile Safari/537.36"
140.213.167.152 - - [11/Sep/2026:10:54:13 -0400] "GET /checkouts/internal/preloads.js?locale=en-SG HTTP/1.1" 404 236 "https://cititower.mx/en/rental-of-premises/" "Mozilla/5.0 (Linux; Android 10; K) AppleWebKit/537.36 (KHTML, like Gecko) Chrome/152.0.0.0 Mobile Safari/537.36"
140.213.173.171 - - [11/Sep/2026:10:54:14 -0400] "GET /cdn-cgi/scripts/5c5dd728/cloudflare-static/email-decode.min.js HTTP/1.1" 404 236 "https://cititower.mx/en/rental-of-premises/" "Mozilla/5.0 (Linux; Android 10; K) AppleWebKit/537.36 (KHTML, like Gecko) Chrome/152.0.0.0 Mobile Safari/537.36"
140.213.167.152 - - [11/Sep/2026:10:54:13 -0400] "GET /en/rental-of-premises/?v=1757450054&width=713 HTTP/1.1" 200 397633 "https://cititower.mx/en/rental-of-premises/" "Mozilla/5.0 (Linux; Android 10; K) AppleWebKit/537.36 (KHTML, like Gecko) Chrome/152.0.0.0 Mobile Safari/537.36"
140.213.167.152 - - [11/Sep/2026:10:54:13 -0400] "GET /en/rental-of-premises/ HTTP/1.1" 200 397633 "https://cititower.mx/en/rental-of-premises/" "Mozilla/5.0 (Linux; Android 10; K) AppleWebKit/537.36 (KHTML, like Gecko) Chrome/152.0.0.0 Mobile Safari/537.36"
140.213.167.152 - - [11/Sep/2026:10:54:19 -0400] "GET /en/rental-of-premises/?v=1757657995&width=100 HTTP/1.1" 200 397633 "https://cititower.mx/en/rental-of-premises/" "Mozilla/5.0 (Linux; Android 10; K) AppleWebKit/537.36 (KHTML, like Gecko) Chrome/152.0.0.0 Mobile Safari/537.36"
140.213.167.152 - - [11/Sep/2026:10:54:20 -0400] "POST /api/collect HTTP/1.1" 404 236 "https://cititower.mx/en/rental-of-premises/" "Mozilla/5.0 (Linux; Android 10; K) AppleWebKit/537.36 (KHTML, like Gecko) Chrome/152.0.0.0 Mobile Safari/537.36"
140.213.167.152 - - [11/Sep/2026:10:54:21 -0400] "POST /cdn-cgi/rum? HTTP/1.1" 404 236 "https://cititower.mx/en/rental-of-premises/" "Mozilla/5.0 (Linux; Android 10; K) AppleWebKit/537.36 (KHTML, like Gecko) Chrome/152.0.0.0 Mobile Safari/537.36"
140.213.173.171 - - [11/Sep/2026:10:54:20 -0400] "GET /en/rental-of-premises/?section_id=sections--17605520031924__header HTTP/1.1" 200 397633 "https://cititower.mx/en/rental-of-premises/" "Mozilla/5.0 (Linux; Android 10; K) AppleWebKit/537.36 (KHTML, like Gecko) Chrome/152.0.0.0 Mobile Safari/537.36"
140.213.167.152 - - [11/Sep/2026:10:54:22 -0400] "POST /api/collect HTTP/1.1" 404 236 "https://cititower.mx/en/rental-of-premises/" "Mozilla/5.0 (Linux; Android 10; K) AppleWebKit/537.36 (KHTML, like Gecko) Chrome/152.0.0.0 Mobile Safari/537.36"
140.213.173.171 - - [11/Sep/2026:10:54:23 -0400] "POST /.well-known/shopify/monorail/v1/produce HTTP/1.1" 404 236 "https://cititower.mx/en/rental-of-premises/" "Mozilla/5.0 (Linux; Android 10; K) AppleWebKit/537.36 (KHTML, like Gecko) Chrome/152.0.0.0 Mobile Safari/537.36"
140.213.167.152 - - [11/Sep/2026:10:54:23 -0400] "POST /cdn-cgi/rum? HTTP/1.1" 404 236 "https://cititower.mx/en/rental-of-premises/" "Mozilla/5.0 (Linux; Android 10; K) AppleWebKit/537.36 (KHTML, like Gecko) Chrome/152.0.0.0 Mobile Safari/537.36"
140.213.173.171 - - [11/Sep/2026:10:54:23 -0400] "POST /.well-known/shopify/monorail/v1/produce HTTP/1.1" 404 236 "https://cititower.mx/en/rental-of-premises/" "Mozilla/5.0 (Linux; Android 10; K) AppleWebKit/537.36 (KHTML, like Gecko) Chrome/152.0.0.0 Mobile Safari/537.36"
140.213.173.171 - - [11/Sep/2026:10:54:25 -0400] "POST /api/collect HTTP/1.1" 404 236 "https://cititower.mx/en/rental-of-premises/" "Mozilla/5.0 (Linux; Android 10; K) AppleWebKit/537.36 (KHTML, like Gecko) Chrome/152.0.0.0 Mobile Safari/537.36"
140.213.173.171 - - [11/Sep/2026:10:54:27 -0400] "POST /api/collect HTTP/1.1" 404 236 "https://cititower.mx/en/rental-of-premises/" "Mozilla/5.0 (Linux; Android 10; K) AppleWebKit/537.36 (KHTML, like Gecko) Chrome/152.0.0.0 Mobile Safari/537.36"
140.213.173.171 - - [11/Sep/2026:10:54:30 -0400] "POST /api/collect HTTP/1.1" 404 236 "https://cititower.mx/en/rental-of-premises/" "Mozilla/5.0 (Linux; Android 10; K) AppleWebKit/537.36 (KHTML, like Gecko) Chrome/152.0.0.0 Mobile Safari/537.36"
140.213.173.171 - - [11/Sep/2026:10:54:33 -0400] "POST /api/collect HTTP/1.1" 404 236 "https://cititower.mx/en/rental-of-premises/" "Mozilla/5.0 (Linux; Android 10; K) AppleWebKit/537.36 (KHTML, like Gecko) Chrome/152.0.0.0 Mobile Safari/537.36"
140.213.167.152 - - [11/Sep/2026:10:54:41 -0400] "POST /api/collect HTTP/1.1" 404 236 "https://cititower.mx/en/rental-of-premises/" "Mozilla/5.0 (Linux; Android 10; K) AppleWebKit/537.36 (KHTML, like Gecko) Chrome/152.0.0.0 Mobile Safari/537.36"
140.213.173.171 - - [11/Sep/2026:10:54:51 -0400] "POST /api/collect HTTP/1.1" 404 236 "https://cititower.mx/en/rental-of-premises/" "Mozilla/5.0 (Linux; Android 10; K) AppleWebKit/537.36 (KHTML, like Gecko) Chrome/152.0.0.0 Mobile Safari/537.36"
199.250.222.155 - - [11/Sep/2026:10:55:23 -0400] "POST /wp-cron.php?doing_wp_cron=1789138523.6178519725799560546875 HTTP/1.1" 200 - "-" "WordPress/6.9.7; https://cititower.mx"
185.223.152.30 - - [11/Sep/2026:10:55:23 -0400] "POST /wp-login.php HTTP/1.1" 200 9575 "-" "Mozilla/5.0 (Windows NT 10.0; Win64; x64) AppleWebKit/537.36 Chrome/129.0.0.0 Safari/537.36"
140.213.173.171 - - [11/Sep/2026:10:58:15 -0400] "GET /en/rental-of-premises/?v=1757450054&width=713 HTTP/1.1" 206 1 "https://cititower.mx/en/rental-of-premises/" "Mozilla/5.0 (Linux; Android 10; K) AppleWebKit/537.36 (KHTML, like Gecko) Chrome/152.0.0.0 Mobile Safari/537.36"
140.213.173.171 - - [11/Sep/2026:10:58:15 -0400] "GET /en/rental-of-premises/?v=1757657995&width=100 HTTP/1.1" 206 1 "https://cititower.mx/en/rental-of-premises/" "Mozilla/5.0 (Linux; Android 10; K) AppleWebKit/537.36 (KHTML, like Gecko) Chrome/152.0.0.0 Mobile Safari/537.36"
140.213.173.171 - - [11/Sep/2026:10:58:15 -0400] "GET /en/rental-of-premises/?v=1757450054&width=713 HTTP/1.1" 206 389685 "https://cititower.mx/en/rental-of-premises/" "Mozilla/5.0 (Linux; Android 10; K) AppleWebKit/537.36 (KHTML, like Gecko) Chrome/152.0.0.0 Mobile Safari/537.36"
140.213.173.171 - - [11/Sep/2026:10:58:16 -0400] "GET /en/rental-of-premises/?v=1757657995&width=100 HTTP/1.1" 206 381685 "https://cititower.mx/en/rental-of-premises/" "Mozilla/5.0 (Linux; Android 10; K) AppleWebKit/537.36 (KHTML, like Gecko) Chrome/152.0.0.0 Mobile Safari/537.36"
216.73.216.158 - - [11/Sep/2026:11:03:39 -0400] "GET /en/amenities/+stickers HTTP/1.1" 404 236 "-" "Mozilla/5.0 AppleWebKit/537.36 (KHTML, like Gecko; compatible; ClaudeBot/1.0; +claudebot@anthropic.com)"
199.250.222.155 - - [11/Sep/2026:11:04:30 -0400] "POST /wp-cron.php?doing_wp_cron=1789139070.0394070148468017578125 HTTP/1.1" 200 - "-" "WordPress/6.9.7; https://cititower.mx"
185.223.152.9 - - [11/Sep/2026:11:04:29 -0400] "POST /wp-login.php HTTP/1.1" 200 9575 "-" "Mozilla/5.0 (Macintosh; Intel Mac OS X 10_15_7) AppleWebKit/605.1.15 Version/17.0 Safari/605.1.15"
216.73.216.158 - - [11/Sep/2026:11:07:16 -0400] "GET /robots.txt HTTP/1.1" 404 236 "-" "Mozilla/5.0 AppleWebKit/537.36 (KHTML, like Gecko; compatible; ClaudeBot/1.0; +claudebot@anthropic.com)"
216.73.216.158 - - [11/Sep/2026:11:07:17 -0400] "GET /wp-admin/css/forms.min.css HTTP/1.1" 200 28422 "-" "Mozilla/5.0 AppleWebKit/537.36 (KHTML, like Gecko; compatible; ClaudeBot/1.0; +claudebot@anthropic.com)"
216.73.216.158 - - [11/Sep/2026:11:07:17 -0400] "GET /wp-admin/css/login.min.css HTTP/1.1" 200 6381 "-" "Mozilla/5.0 AppleWebKit/537.36 (KHTML, like Gecko; compatible; ClaudeBot/1.0; +claudebot@anthropic.com)"
216.73.216.158 - - [11/Sep/2026:11:07:29 -0400] "GET /wp-includes/css/buttons.min.css HTTP/1.1" 200 6061 "-" "Mozilla/5.0 AppleWebKit/537.36 (KHTML, like Gecko; compatible; ClaudeBot/1.0; +claudebot@anthropic.com)"
216.73.216.158 - - [11/Sep/2026:11:07:37 -0400] "GET /wp-includes/js/underscore.min.js HTTP/1.1" 200 18905 "-" "Mozilla/5.0 AppleWebKit/537.36 (KHTML, like Gecko; compatible; ClaudeBot/1.0; +claudebot@anthropic.com)"
216.73.216.158 - - [11/Sep/2026:11:07:39 -0400] "GET /wp-includes/css/dashicons.min.css HTTP/1.1" 200 59004 "-" "Mozilla/5.0 AppleWebKit/537.36 (KHTML, like Gecko; compatible; ClaudeBot/1.0; +claudebot@anthropic.com)"
216.73.216.158 - - [11/Sep/2026:11:08:11 -0400] "GET /wp-admin/css/l10n.min.css HTTP/1.1" 200 3200 "-" "Mozilla/5.0 AppleWebKit/537.36 (KHTML, like Gecko; compatible; ClaudeBot/1.0; +claudebot@anthropic.com)"
216.73.216.158 - - [11/Sep/2026:11:08:31 -0400] "GET /wp-includes/js/wp-util.min.js HTTP/1.1" 200 1431 "-" "Mozilla/5.0 AppleWebKit/537.36 (KHTML, like Gecko; compatible; ClaudeBot/1.0; +claudebot@anthropic.com)"
216.73.216.158 - - [11/Sep/2026:11:08:34 -0400] "GET /wp-admin/js/user-profile.min.js HTTP/1.1" 200 7997 "-" "Mozilla/5.0 AppleWebKit/537.36 (KHTML, like Gecko; compatible; ClaudeBot/1.0; +claudebot@anthropic.com)"
199.250.222.155 - - [11/Sep/2026:11:09:16 -0400] "POST /wp-cron.php?doing_wp_cron=1789139356.5240519046783447265625 HTTP/1.1" 200 - "-" "WordPress/6.9.7; https://cititower.mx"
216.73.216.158 - - [11/Sep/2026:11:09:16 -0400] "GET /wp-login.php?action=lostpassword HTTP/1.1" 200 2826 "-" "Mozilla/5.0 AppleWebKit/537.36 (KHTML, like Gecko; compatible; ClaudeBot/1.0; +claudebot@anthropic.com)"
216.73.216.158 - - [11/Sep/2026:11:09:36 -0400] "GET /wp-includes/js/dist/hooks.min.js HTTP/1.1" 200 5661 "-" "Mozilla/5.0 AppleWebKit/537.36 (KHTML, like Gecko; compatible; ClaudeBot/1.0; +claudebot@anthropic.com)"
216.73.216.158 - - [11/Sep/2026:11:09:52 -0400] "GET /wp-includes/js/clipboard.min.js HTTP/1.1" 200 9009 "-" "Mozilla/5.0 AppleWebKit/537.36 (KHTML, like Gecko; compatible; ClaudeBot/1.0; +claudebot@anthropic.com)"
216.73.216.158 - - [11/Sep/2026:11:10:14 -0400] "GET /wp-admin/js/password-strength-meter.min.js HTTP/1.1" 200 1123 "-" "Mozilla/5.0 AppleWebKit/537.36 (KHTML, like Gecko; compatible; ClaudeBot/1.0; +claudebot@anthropic.com)"
216.73.216.158 - - [11/Sep/2026:11:10:43 -0400] "GET /wp-includes/js/zxcvbn-async.min.js HTTP/1.1" 200 351 "-" "Mozilla/5.0 AppleWebKit/537.36 (KHTML, like Gecko; compatible; ClaudeBot/1.0; +claudebot@anthropic.com)"
216.73.216.158 - - [11/Sep/2026:11:10:47 -0400] "GET /wp-includes/js/dist/a11y.min.js HTTP/1.1" 200 2212 "-" "Mozilla/5.0 AppleWebKit/537.36 (KHTML, like Gecko; compatible; ClaudeBot/1.0; +claudebot@anthropic.com)"
216.73.216.158 - - [11/Sep/2026:11:11:40 -0400] "GET /wp-includes/js/dist/dom-ready.min.js HTTP/1.1" 200 457 "-" "Mozilla/5.0 AppleWebKit/537.36 (KHTML, like Gecko; compatible; ClaudeBot/1.0; +claudebot@anthropic.com)"
216.73.216.158 - - [11/Sep/2026:11:11:54 -0400] "GET /wp-includes/js/dist/i18n.min.js HTTP/1.1" 200 5314 "-" "Mozilla/5.0 AppleWebKit/537.36 (KHTML, like Gecko; compatible; ClaudeBot/1.0; +claudebot@anthropic.com)"
94.154.43.180 - - [11/Sep/2026:11:13:11 -0400] "GET /wp-content/themes/montreal/js/main.js HTTP/1.1" 200 4749 "-" "Mozilla/5.0 (Windows NT 10.0; Win64; x64) AppleWebKit/537.36 (KHTML, like Gecko) Chrome/147.0.0.0 Safari/537.36"
94.154.43.122 - - [11/Sep/2026:11:13:31 -0400] "GET /wp-content/themes/montreal/js/main.js HTTP/1.1" 200 4749 "-" "Mozilla/5.0 (Windows NT 10.0; Win64; x64) AppleWebKit/537.36 (KHTML, like Gecko) Chrome/147.0.0.0 Safari/537.36"
199.250.222.155 - - [11/Sep/2026:11:13:32 -0400] "POST /wp-cron.php?doing_wp_cron=1789139612.0009100437164306640625 HTTP/1.1" 200 - "-" "WordPress/6.9.7; https://cititower.mx"
185.223.152.27 - - [11/Sep/2026:11:13:31 -0400] "POST /wp-login.php HTTP/1.1" 200 9575 "-" "Mozilla/5.0 (Windows NT 10.0; Win64; x64) AppleWebKit/537.36 Chrome/129.0.0.0 Safari/537.36"
65.109.100.157 - - [11/Sep/2026:11:20:48 -0400] "GET /robots.txt HTTP/1.1" 404 236 "-" "Mozilla/5.0 (compatible; SERankingBacklinksBot/1.0; +https://seranking.com/backlinks-crawler)"
65.109.100.157 - - [11/Sep/2026:11:20:48 -0400] "GET /pages/view-all-mac HTTP/1.1" 404 236 "-" "Mozilla/5.0 (compatible; SERankingBacklinksBot/1.0; +https://seranking.com/backlinks-crawler)"
199.250.222.155 - - [11/Sep/2026:11:22:23 -0400] "POST /wp-cron.php?doing_wp_cron=1789140143.2123599052429199218750 HTTP/1.1" 200 - "-" "WordPress/6.9.7; https://cititower.mx"
185.223.152.20 - - [11/Sep/2026:11:22:22 -0400] "POST /wp-login.php HTTP/1.1" 200 9575 "-" "Mozilla/5.0 (Windows NT 10.0; Win64; x64) AppleWebKit/537.36 Chrome/129.0.0.0 Safari/537.36"
199.250.222.155 - - [11/Sep/2026:11:31:18 -0400] "POST /wp-cron.php?doing_wp_cron=1789140678.7142450809478759765625 HTTP/1.1" 200 - "-" "WordPress/6.9.7; https://cititower.mx"
185.223.152.20 - - [11/Sep/2026:11:31:18 -0400] "POST /wp-login.php HTTP/1.1" 200 9575 "-" "Mozilla/5.0 (Windows NT 10.0; Win64; rv:143.0) Gecko/20100101 Firefox/143.0"
199.250.222.155 - - [11/Sep/2026:11:40:14 -0400] "POST /wp-cron.php?doing_wp_cron=1789141214.2265970706939697265625 HTTP/1.1" 200 - "-" "WordPress/6.9.7; https://cititower.mx"
185.223.152.32 - - [11/Sep/2026:11:40:13 -0400] "POST /wp-login.php HTTP/1.1" 200 9575 "-" "Mozilla/5.0 (Macintosh; Intel Mac OS X 10_15_7) AppleWebKit/605.1.15 Version/17.0 Safari/605.1.15"
199.250.222.155 - - [11/Sep/2026:11:49:01 -0400] "POST /wp-cron.php?doing_wp_cron=1789141741.6508738994598388671875 HTTP/1.1" 200 - "-" "WordPress/6.9.7; https://cititower.mx"
185.223.152.32 - - [11/Sep/2026:11:49:01 -0400] "POST /wp-login.php HTTP/1.1" 200 9575 "-" "Mozilla/5.0 (Macintosh; Intel Mac OS X 10_15_7) AppleWebKit/605.1.15 Version/17.0 Safari/605.1.15"
66.249.79.33 - - [11/Sep/2026:11:52:32 -0400] "GET / HTTP/1.1" 200 5271 "-" "Mozilla/5.0 (Linux; Android 6.0.1; Nexus 5X Build/MMB29P) AppleWebKit/537.36 (KHTML, like Gecko) Chrome/99.0.4844.84 Mobile Safari/537.36 (compatible; Googlebot/2.1; +http://www.google.com/bot.html)"
66.249.79.34 - - [11/Sep/2026:11:52:33 -0400] "GET / HTTP/1.1" 200 5271 "-" "Mozilla/5.0 (compatible; Googlebot/2.1; +http://www.google.com/bot.html)"
199.250.222.155 - - [11/Sep/2026:11:57:55 -0400] "POST /wp-cron.php?doing_wp_cron=1789142275.8141419887542724609375 HTTP/1.1" 200 - "-" "WordPress/6.9.7; https://cititower.mx"
185.223.152.12 - - [11/Sep/2026:11:57:55 -0400] "POST /wp-login.php HTTP/1.1" 200 9575 "-" "Mozilla/5.0 (Windows NT 10.0; Win64; rv:143.0) Gecko/20100101 Firefox/143.0"
199.250.222.155 - - [11/Sep/2026:12:07:01 -0400] "POST /wp-cron.php?doing_wp_cron=1789142821.0987849235534667968750 HTTP/1.1" 200 - "-" "WordPress/6.9.7; https://cititower.mx"
185.223.152.30 - - [11/Sep/2026:12:07:00 -0400] "POST /wp-login.php HTTP/1.1" 200 9575 "-" "Mozilla/5.0 (Macintosh; Intel Mac OS X 10_15_7) AppleWebKit/605.1.15 Version/17.0 Safari/605.1.15"
199.250.222.155 - - [11/Sep/2026:12:08:20 -0400] "POST /wp-cron.php?doing_wp_cron=1789142900.4878430366516113281250 HTTP/1.1" 200 - "-" "WordPress/6.9.7; https://cititower.mx"
77.25.34.33 - - [11/Sep/2026:12:08:20 -0400] "POST /xmlrpc.php HTTP/1.1" 200 416 "-" "Mozilla/5.0 (Windows NT 10.0; arm64) AppleWebKit/537.36 (KHTML, like Gecko) Edge/97.0.0.0 Safari/537.36"
77.25.34.33 - - [11/Sep/2026:12:09:46 -0400] "GET /wp-json/wp/v2/users HTTP/1.1" 404 236 "-" "Mozilla/4.0 (compatible; Win32; WinHttp.WinHttpRequest.5)"
199.250.222.155 - - [11/Sep/2026:12:10:10 -0400] "POST /wp-cron.php?doing_wp_cron=1789143010.2925219535827636718750 HTTP/1.1" 200 - "-" "WordPress/6.9.7; https://cititower.mx"
77.25.34.33 - - [11/Sep/2026:12:10:10 -0400] "POST /xmlrpc.php HTTP/1.1" 200 416 "-" "Mozilla/5.0 (X11; Ubuntu; Linux x86_64; arm64) AppleWebKit/537.36 (KHTML, like Gecko) Safari/15.0.0.0 Safari/537.36"
77.25.34.33 - - [11/Sep/2026:12:10:29 -0400] "POST /xmlrpc.php HTTP/1.1" 200 416 "-" "Mozilla/5.0 (Linux; Android 10; x64) AppleWebKit/537.36 (KHTML, like Gecko) Chrome/111.0.0.0 Safari/537.36"
199.250.222.155 - - [11/Sep/2026:12:10:50 -0400] "POST /wp-cron.php?doing_wp_cron=1789143050.8644568920135498046875 HTTP/1.1" 200 - "-" "WordPress/6.9.7; https://cititower.mx"
77.25.34.33 - - [11/Sep/2026:12:10:50 -0400] "POST /xmlrpc.php HTTP/1.1" 200 416 "-" "Mozilla/5.0 (Macintosh; Intel Mac OS X 10_15_7; x64) AppleWebKit/537.36 (KHTML, like Gecko) Edge/96.0.0.0 Safari/537.36"
77.25.34.33 - - [11/Sep/2026:12:11:08 -0400] "POST /xmlrpc.php HTTP/1.1" 200 416 "-" "Mozilla/5.0 (Windows NT 6.3; x64) AppleWebKit/537.36 (KHTML, like Gecko) Safari/10.0.0.0 Safari/537.36"
77.25.34.33 - - [11/Sep/2026:12:11:32 -0400] "POST /xmlrpc.php HTTP/1.1" 200 416 "-" "Mozilla/5.0 (Windows NT 10.0; x64) AppleWebKit/537.36 (KHTML, like Gecko) Edge/96.0.0.0 Safari/537.36"
199.250.222.155 - - [11/Sep/2026:12:12:01 -0400] "POST /wp-cron.php?doing_wp_cron=1789143121.7182729244232177734375 HTTP/1.1" 200 - "-" "WordPress/6.9.7; https://cititower.mx"
77.25.34.33 - - [11/Sep/2026:12:12:01 -0400] "POST /xmlrpc.php HTTP/1.1" 200 416 "-" "Mozilla/5.0 (Windows NT 10.0; x64) AppleWebKit/537.36 (KHTML, like Gecko) Edge/83.0.0.0 Safari/537.36"
216.73.216.158 - - [11/Sep/2026:12:12:14 -0400] "GET /robots.txt HTTP/1.1" 404 236 "-" "Mozilla/5.0 AppleWebKit/537.36 (KHTML, like Gecko; compatible; ClaudeBot/1.0; +claudebot@anthropic.com)"
216.73.216.158 - - [11/Sep/2026:12:12:14 -0400] "GET /wp-login.php HTTP/1.1" 200 9106 "-" "Mozilla/5.0 AppleWebKit/537.36 (KHTML, like Gecko; compatible; ClaudeBot/1.0; +claudebot@anthropic.com)"
77.25.34.33 - - [11/Sep/2026:12:12:28 -0400] "POST /xmlrpc.php HTTP/1.1" 200 416 "-" "Mozilla/5.0 (Macintosh; Intel Mac OS X 10_15_7; x86) AppleWebKit/537.36 (KHTML, like Gecko) Opera/71.0.0.0 Safari/537.36"
199.250.222.155 - - [11/Sep/2026:12:12:57 -0400] "POST /wp-cron.php?doing_wp_cron=1789143176.9924321174621582031250 HTTP/1.1" 200 - "-" "WordPress/6.9.7; https://cititower.mx"
77.25.34.33 - - [11/Sep/2026:12:12:56 -0400] "POST /xmlrpc.php HTTP/1.1" 200 416 "-" "Mozilla/5.0 (Windows NT 10.0; x64) AppleWebKit/537.36 (KHTML, like Gecko) Opera/60.0.0.0 Safari/537.36"
77.25.34.33 - - [11/Sep/2026:12:13:25 -0400] "POST /xmlrpc.php HTTP/1.1" 200 416 "-" "Mozilla/5.0 (Windows NT 6.3; x64) AppleWebKit/537.36 (KHTML, like Gecko) Safari/11.0.0.0 Safari/537.36"
77.25.34.33 - - [11/Sep/2026:12:13:52 -0400] "POST /xmlrpc.php HTTP/1.1" 406 300 "-" "Mozilla/5.0 (Linux; Android 10; x64) AppleWebKit/537.36 (KHTML, like Gecko) Firefox/81.0.0.0 Safari/537.36"
199.250.222.155 - - [11/Sep/2026:12:14:17 -0400] "POST /wp-cron.php?doing_wp_cron=1789143257.0592980384826660156250 HTTP/1.1" 200 - "-" "WordPress/6.9.7; https://cititower.mx"
77.25.34.33 - - [11/Sep/2026:12:14:16 -0400] "POST /xmlrpc.php HTTP/1.1" 200 416 "-" "Mozilla/5.0 (Windows NT 6.2; arm64) AppleWebKit/537.36 (KHTML, like Gecko) Safari/12.0.0.0 Safari/537.36"
199.250.222.155 - - [11/Sep/2026:12:14:45 -0400] "POST /wp-cron.php?doing_wp_cron=1789143285.1861970424652099609375 HTTP/1.1" 200 - "-" "WordPress/6.9.7; https://cititower.mx"
77.25.34.33 - - [11/Sep/2026:12:14:44 -0400] "POST /xmlrpc.php HTTP/1.1" 200 416 "-" "Mozilla/5.0 (Windows NT 10.0; x86) AppleWebKit/537.36 (KHTML, like Gecko) Edge/94.0.0.0 Safari/537.36"
77.25.34.33 - - [11/Sep/2026:12:15:09 -0400] "POST /xmlrpc.php HTTP/1.1" 200 416 "-" "Mozilla/5.0 (Macintosh; Intel Mac OS X 10_15_7; arm64) AppleWebKit/537.36 (KHTML, like Gecko) Edge/95.0.0.0 Safari/537.36"
77.25.34.33 - - [11/Sep/2026:12:15:37 -0400] "POST /xmlrpc.php HTTP/1.1" 406 300 "-" "Mozilla/5.0 (X11; Ubuntu; Linux x86_64; arm64) AppleWebKit/537.36 (KHTML, like Gecko) Firefox/70.0.0.0 Safari/537.36"
199.250.222.155 - - [11/Sep/2026:12:16:05 -0400] "POST /wp-cron.php?doing_wp_cron=1789143365.4319880008697509765625 HTTP/1.1" 200 - "-" "WordPress/6.9.7; https://cititower.mx"
77.25.34.33 - - [11/Sep/2026:12:16:05 -0400] "POST /xmlrpc.php HTTP/1.1" 200 416 "-" "Mozilla/5.0 (Macintosh; Intel Mac OS X 10_15_7; x86) AppleWebKit/537.36 (KHTML, like Gecko) Chrome/102.0.0.0 Safari/537.36"
185.223.152.13 - - [11/Sep/2026:12:16:05 -0400] "POST /wp-login.php HTTP/1.1" 200 9575 "-" "Mozilla/5.0 (Windows NT 10.0; Win64; x64) AppleWebKit/537.36 Chrome/129.0.0.0 Safari/537.36"
77.25.34.33 - - [11/Sep/2026:12:16:23 -0400] "POST /xmlrpc.php HTTP/1.1" 200 416 "-" "Mozilla/5.0 (Windows NT 6.2; x64) AppleWebKit/537.36 (KHTML, like Gecko) Edge/100.0.0.0 Safari/537.36"
199.250.222.155 - - [11/Sep/2026:12:16:45 -0400] "POST /wp-cron.php?doing_wp_cron=1789143405.4294819831848144531250 HTTP/1.1" 200 - "-" "WordPress/6.9.7; https://cititower.mx"
77.25.34.33 - - [11/Sep/2026:12:16:45 -0400] "POST /xmlrpc.php HTTP/1.1" 200 416 "-" "Mozilla/5.0 (Linux; Android 10; x64) AppleWebKit/537.36 (KHTML, like Gecko) Firefox/97.0.0.0 Safari/537.36"
199.250.222.155 - - [11/Sep/2026:12:17:09 -0400] "POST /wp-cron.php?doing_wp_cron=1789143429.4318020343780517578125 HTTP/1.1" 200 - "-" "WordPress/6.9.7; https://cititower.mx"
77.25.34.33 - - [11/Sep/2026:12:17:09 -0400] "POST /xmlrpc.php HTTP/1.1" 200 416 "-" "Mozilla/5.0 (Windows NT 6.2; x64) AppleWebKit/537.36 (KHTML, like Gecko) Edge/88.0.0.0 Safari/537.36"
77.25.34.33 - - [11/Sep/2026:12:17:33 -0400] "POST /xmlrpc.php HTTP/1.1" 406 300 "-" "Mozilla/5.0 (Macintosh; Intel Mac OS X 10_15_7; arm64) AppleWebKit/537.36 (KHTML, like Gecko) Edge/91.0.0.0 Safari/537.36"
199.250.222.155 - - [11/Sep/2026:12:17:53 -0400] "POST /wp-cron.php?doing_wp_cron=1789143473.4527699947357177734375 HTTP/1.1" 200 - "-" "WordPress/6.9.7; https://cititower.mx"
77.25.34.33 - - [11/Sep/2026:12:17:53 -0400] "POST /xmlrpc.php HTTP/1.1" 200 416 "-" "Mozilla/5.0 (Macintosh; Intel Mac OS X 10_15_7; x86) AppleWebKit/537.36 (KHTML, like Gecko) Edge/98.0.0.0 Safari/537.36"
77.25.34.33 - - [11/Sep/2026:12:18:17 -0400] "POST /xmlrpc.php HTTP/1.1" 200 416 "-" "Mozilla/5.0 (X11; Ubuntu; Linux x86_64; x86) AppleWebKit/537.36 (KHTML, like Gecko) Safari/15.0.0.0 Safari/537.36"
199.250.222.155 - - [11/Sep/2026:12:18:41 -0400] "POST /wp-cron.php?doing_wp_cron=1789143521.5945711135864257812500 HTTP/1.1" 200 - "-" "WordPress/6.9.7; https://cititower.mx"
77.25.34.33 - - [11/Sep/2026:12:18:41 -0400] "POST /xmlrpc.php HTTP/1.1" 200 416 "-" "Mozilla/5.0 (X11; Ubuntu; Linux x86_64; x64) AppleWebKit/537.36 (KHTML, like Gecko) Chrome/85.0.0.0 Safari/537.36"
77.25.34.33 - - [11/Sep/2026:12:19:05 -0400] "POST /xmlrpc.php HTTP/1.1" 406 300 "-" "Mozilla/5.0 (Macintosh; Intel Mac OS X 10_15_7; arm64) AppleWebKit/537.36 (KHTML, like Gecko) Firefox/89.0.0.0 Safari/537.36"
77.25.34.33 - - [11/Sep/2026:12:19:25 -0400] "POST /xmlrpc.php HTTP/1.1" 406 300 "-" "Mozilla/5.0 (Windows NT 6.2; arm64) AppleWebKit/537.36 (KHTML, like Gecko) Firefox/76.0.0.0 Safari/537.36"
199.250.222.155 - - [11/Sep/2026:12:19:53 -0400] "POST /wp-cron.php?doing_wp_cron=1789143593.4329390525817871093750 HTTP/1.1" 200 - "-" "WordPress/6.9.7; https://cititower.mx"
77.25.34.33 - - [11/Sep/2026:12:19:53 -0400] "POST /xmlrpc.php HTTP/1.1" 200 416 "-" "Mozilla/5.0 (Windows NT 10.0; x64) AppleWebKit/537.36 (KHTML, like Gecko) Opera/70.0.0.0 Safari/537.36"
77.25.34.33 - - [11/Sep/2026:12:20:21 -0400] "POST /xmlrpc.php HTTP/1.1" 406 300 "-" "Mozilla/5.0 (Linux; Android 10; arm64) AppleWebKit/537.36 (KHTML, like Gecko) Opera/78.0.0.0 Safari/537.36"
199.250.222.155 - - [11/Sep/2026:12:20:53 -0400] "POST /wp-cron.php?doing_wp_cron=1789143653.4287450313568115234375 HTTP/1.1" 200 - "-" "WordPress/6.9.7; https://cititower.mx"
77.25.34.33 - - [11/Sep/2026:12:20:53 -0400] "POST /xmlrpc.php HTTP/1.1" 200 416 "-" "Mozilla/5.0 (Macintosh; Intel Mac OS X 10_15_7; x64) AppleWebKit/537.36 (KHTML, like Gecko) Firefox/89.0.0.0 Safari/537.36"
77.25.34.33 - - [11/Sep/2026:12:21:15 -0400] "POST /xmlrpc.php HTTP/1.1" 406 300 "-" "Mozilla/5.0 (Linux; Android 10; x86) AppleWebKit/537.36 (KHTML, like Gecko) Chrome/85.0.0.0 Safari/537.36"
77.25.34.33 - - [11/Sep/2026:12:21:38 -0400] "POST /xmlrpc.php HTTP/1.1" 406 300 "-" "Mozilla/5.0 (X11; Ubuntu; Linux x86_64; arm64) AppleWebKit/537.36 (KHTML, like Gecko) Safari/14.0.0.0 Safari/537.36"
77.25.34.33 - - [11/Sep/2026:12:22:02 -0400] "POST /xmlrpc.php HTTP/1.1" 406 300 "-" "Mozilla/5.0 (Linux; Android 10; x64) AppleWebKit/537.36 (KHTML, like Gecko) Firefox/74.0.0.0 Safari/537.36"
199.250.222.155 - - [11/Sep/2026:12:22:20 -0400] "POST /wp-cron.php?doing_wp_cron=1789143740.1881361007690429687500 HTTP/1.1" 200 - "-" "WordPress/6.9.7; https://cititower.mx"
77.25.34.33 - - [11/Sep/2026:12:22:19 -0400] "POST /xmlrpc.php HTTP/1.1" 200 416 "-" "Mozilla/5.0 (Windows NT 6.3; x64) AppleWebKit/537.36 (KHTML, like Gecko) Safari/10.0.0.0 Safari/537.36"
77.25.34.33 - - [11/Sep/2026:12:22:40 -0400] "POST /xmlrpc.php HTTP/1.1" 406 300 "-" "Mozilla/5.0 (X11; Ubuntu; Linux x86_64; arm64) AppleWebKit/537.36 (KHTML, like Gecko) Firefox/89.0.0.0 Safari/537.36"
199.250.222.155 - - [11/Sep/2026:12:22:59 -0400] "POST /wp-cron.php?doing_wp_cron=1789143779.1240329742431640625000 HTTP/1.1" 200 - "-" "WordPress/6.9.7; https://cititower.mx"
77.25.34.33 - - [11/Sep/2026:12:22:58 -0400] "POST /xmlrpc.php HTTP/1.1" 200 416 "-" "Mozilla/5.0 (X11; Ubuntu; Linux x86_64; x86) AppleWebKit/537.36 (KHTML, like Gecko) Safari/11.0.0.0 Safari/537.36"
77.25.34.33 - - [11/Sep/2026:12:23:15 -0400] "POST /xmlrpc.php HTTP/1.1" 406 300 "-" "Mozilla/5.0 (Windows NT 6.2; arm64) AppleWebKit/537.36 (KHTML, like Gecko) Chrome/85.0.0.0 Safari/537.36"
77.25.34.33 - - [11/Sep/2026:12:23:34 -0400] "POST /xmlrpc.php HTTP/1.1" 406 300 "-" "Mozilla/5.0 (X11; Ubuntu; Linux x86_64; arm64) AppleWebKit/537.36 (KHTML, like Gecko) Safari/13.0.0.0 Safari/537.36"
77.25.34.33 - - [11/Sep/2026:12:23:54 -0400] "POST /xmlrpc.php HTTP/1.1" 406 300 "-" "Mozilla/5.0 (X11; Ubuntu; Linux x86_64; arm64) AppleWebKit/537.36 (KHTML, like Gecko) Opera/73.0.0.0 Safari/537.36"
199.250.222.155 - - [11/Sep/2026:12:24:12 -0400] "POST /wp-cron.php?doing_wp_cron=1789143852.4204199314117431640625 HTTP/1.1" 200 - "-" "WordPress/6.9.7; https://cititower.mx"
77.25.34.33 - - [11/Sep/2026:12:24:12 -0400] "POST /xmlrpc.php HTTP/1.1" 200 416 "-" "Mozilla/5.0 (Macintosh; Intel Mac OS X 10_15_7; x86) AppleWebKit/537.36 (KHTML, like Gecko) Edge/87.0.0.0 Safari/537.36"
77.25.34.33 - - [11/Sep/2026:12:24:30 -0400] "POST /xmlrpc.php HTTP/1.1" 200 416 "-" "Mozilla/5.0 (Windows NT 6.2; x86) AppleWebKit/537.36 (KHTML, like Gecko) Safari/10.0.0.0 Safari/537.36"
77.25.34.33 - - [11/Sep/2026:12:24:47 -0400] "POST /xmlrpc.php HTTP/1.1" 406 300 "-" "Mozilla/5.0 (X11; Ubuntu; Linux x86_64; arm64) AppleWebKit/537.36 (KHTML, like Gecko) Opera/71.0.0.0 Safari/537.36"
77.25.34.33 - - [11/Sep/2026:12:25:03 -0400] "POST /xmlrpc.php HTTP/1.1" 406 300 "-" "Mozilla/5.0 (X11; Ubuntu; Linux x86_64; arm64) AppleWebKit/537.36 (KHTML, like Gecko) Chrome/114.0.0.0 Safari/537.36"
199.250.222.155 - - [11/Sep/2026:12:25:07 -0400] "POST /wp-cron.php?doing_wp_cron=1789143907.8498880863189697265625 HTTP/1.1" 200 - "-" "WordPress/6.9.7; https://cititower.mx"
185.223.152.17 - - [11/Sep/2026:12:25:07 -0400] "POST /wp-login.php HTTP/1.1" 200 9575 "-" "Mozilla/5.0 (Windows NT 10.0; Win64; rv:143.0) Gecko/20100101 Firefox/143.0"
77.25.34.33 - - [11/Sep/2026:12:25:22 -0400] "POST /xmlrpc.php HTTP/1.1" 406 300 "-" "Mozilla/5.0 (Windows NT 10.0; arm64) AppleWebKit/537.36 (KHTML, like Gecko) Safari/12.0.0.0 Safari/537.36"
77.25.34.33 - - [11/Sep/2026:12:25:38 -0400] "POST /xmlrpc.php HTTP/1.1" 406 300 "-" "Mozilla/5.0 (Linux; Android 10; x64) AppleWebKit/537.36 (KHTML, like Gecko) Opera/80.0.0.0 Safari/537.36"
199.250.222.155 - - [11/Sep/2026:12:25:55 -0400] "POST /wp-cron.php?doing_wp_cron=1789143954.9774339199066162109375 HTTP/1.1" 200 - "-" "WordPress/6.9.7; https://cititower.mx"
77.25.34.33 - - [11/Sep/2026:12:25:54 -0400] "POST /xmlrpc.php HTTP/1.1" 200 416 "-" "Mozilla/5.0 (X11; Ubuntu; Linux x86_64; x86) AppleWebKit/537.36 (KHTML, like Gecko) Firefox/79.0.0.0 Safari/537.36"
77.25.34.33 - - [11/Sep/2026:12:26:10 -0400] "POST /xmlrpc.php HTTP/1.1" 406 300 "-" "Mozilla/5.0 (Windows NT 6.2; arm64) AppleWebKit/537.36 (KHTML, like Gecko) Safari/15.0.0.0 Safari/537.36"
77.25.34.33 - - [11/Sep/2026:12:26:27 -0400] "POST /xmlrpc.php HTTP/1.1" 406 300 "-" "Mozilla/5.0 (X11; Ubuntu; Linux x86_64; arm64) AppleWebKit/537.36 (KHTML, like Gecko) Edge/83.0.0.0 Safari/537.36"
199.250.222.155 - - [11/Sep/2026:12:26:42 -0400] "POST /wp-cron.php?doing_wp_cron=1789144002.4939589500427246093750 HTTP/1.1" 200 - "-" "WordPress/6.9.7; https://cititower.mx"
77.25.34.33 - - [11/Sep/2026:12:26:42 -0400] "POST /xmlrpc.php HTTP/1.1" 200 416 "-" "Mozilla/5.0 (Windows NT 6.2; x86) AppleWebKit/537.36 (KHTML, like Gecko) Safari/12.0.0.0 Safari/537.36"
77.25.34.33 - - [11/Sep/2026:12:26:59 -0400] "POST /xmlrpc.php HTTP/1.1" 406 300 "-" "Mozilla/5.0 (Linux; Android 10; x64) AppleWebKit/537.36 (KHTML, like Gecko) Safari/12.0.0.0 Safari/537.36"
77.25.34.33 - - [11/Sep/2026:12:27:14 -0400] "POST /xmlrpc.php HTTP/1.1" 200 416 "-" "Mozilla/5.0 (Windows NT 6.3; x64) AppleWebKit/537.36 (KHTML, like Gecko) Safari/14.0.0.0 Safari/537.36"
77.25.34.33 - - [11/Sep/2026:12:27:31 -0400] "POST /xmlrpc.php HTTP/1.1" 406 300 "-" "Mozilla/5.0 (X11; Ubuntu; Linux x86_64; arm64) AppleWebKit/537.36 (KHTML, like Gecko) Firefox/72.0.0.0 Safari/537.36"
199.250.222.155 - - [11/Sep/2026:12:27:50 -0400] "POST /wp-cron.php?doing_wp_cron=1789144070.5772209167480468750000 HTTP/1.1" 200 - "-" "WordPress/6.9.7; https://cititower.mx"
77.25.34.33 - - [11/Sep/2026:12:27:50 -0400] "POST /xmlrpc.php HTTP/1.1" 200 416 "-" "Mozilla/5.0 (Macintosh; Intel Mac OS X 10_15_7; x64) AppleWebKit/537.36 (KHTML, like Gecko) Edge/98.0.0.0 Safari/537.36"
77.25.34.33 - - [11/Sep/2026:12:28:06 -0400] "POST /xmlrpc.php HTTP/1.1" 200 416 "-" "Mozilla/5.0 (Windows NT 6.3; x64) AppleWebKit/537.36 (KHTML, like Gecko) Firefox/96.0.0.0 Safari/537.36"
77.25.34.33 - - [11/Sep/2026:12:28:23 -0400] "POST /xmlrpc.php HTTP/1.1" 406 300 "-" "Mozilla/5.0 (Linux; Android 10; x86) AppleWebKit/537.36 (KHTML, like Gecko) Firefox/92.0.0.0 Safari/537.36"
199.250.222.155 - - [11/Sep/2026:12:28:43 -0400] "POST /wp-cron.php?doing_wp_cron=1789144123.3002750873565673828125 HTTP/1.1" 200 - "-" "WordPress/6.9.7; https://cititower.mx"
77.25.34.33 - - [11/Sep/2026:12:28:42 -0400] "POST /xmlrpc.php HTTP/1.1" 200 416 "-" "Mozilla/5.0 (Macintosh; Intel Mac OS X 10_15_7; x86) AppleWebKit/537.36 (KHTML, like Gecko) Edge/100.0.0.0 Safari/537.36"
77.25.34.33 - - [11/Sep/2026:12:29:03 -0400] "POST /xmlrpc.php HTTP/1.1" 200 416 "-" "Mozilla/5.0 (Windows NT 6.3; x64) AppleWebKit/537.36 (KHTML, like Gecko) Edge/98.0.0.0 Safari/537.36"
77.25.34.33 - - [11/Sep/2026:12:29:19 -0400] "POST /xmlrpc.php HTTP/1.1" 200 416 "-" "Mozilla/5.0 (Windows NT 6.3; x64) AppleWebKit/537.36 (KHTML, like Gecko) Chrome/115.0.0.0 Safari/537.36"
77.25.34.33 - - [11/Sep/2026:12:29:34 -0400] "POST /xmlrpc.php HTTP/1.1" 406 300 "-" "Mozilla/5.0 (Linux; Android 10; x64) AppleWebKit/537.36 (KHTML, like Gecko) Chrome/104.0.0.0 Safari/537.36"
77.25.34.33 - - [11/Sep/2026:12:29:51 -0400] "POST /xmlrpc.php HTTP/1.1" 406 300 "-" "Mozilla/5.0 (Linux; Android 10; x64) AppleWebKit/537.36 (KHTML, like Gecko) Safari/10.0.0.0 Safari/537.36"
199.250.222.155 - - [11/Sep/2026:12:30:08 -0400] "POST /wp-cron.php?doing_wp_cron=1789144208.5601809024810791015625 HTTP/1.1" 200 - "-" "WordPress/6.9.7; https://cititower.mx"
77.25.34.33 - - [11/Sep/2026:12:30:08 -0400] "POST /xmlrpc.php HTTP/1.1" 200 416 "-" "Mozilla/5.0 (X11; Ubuntu; Linux x86_64; x64) AppleWebKit/537.36 (KHTML, like Gecko) Safari/12.0.0.0 Safari/537.36"
77.25.34.33 - - [11/Sep/2026:12:30:27 -0400] "POST /xmlrpc.php HTTP/1.1" 406 300 "-" "Mozilla/5.0 (Macintosh; Intel Mac OS X 10_15_7; arm64) AppleWebKit/537.36 (KHTML, like Gecko) Edge/100.0.0.0 Safari/537.36"
77.25.34.33 - - [11/Sep/2026:12:30:50 -0400] "POST /xmlrpc.php HTTP/1.1" 406 300 "-" "Mozilla/5.0 (Windows NT 6.2; arm64) AppleWebKit/537.36 (KHTML, like Gecko) Safari/11.0.0.0 Safari/537.36"
199.250.222.155 - - [11/Sep/2026:12:31:09 -0400] "POST /wp-cron.php?doing_wp_cron=1789144269.2105700969696044921875 HTTP/1.1" 200 - "-" "WordPress/6.9.7; https://cititower.mx"
77.25.34.33 - - [11/Sep/2026:12:31:08 -0400] "POST /xmlrpc.php HTTP/1.1" 200 416 "-" "Mozilla/5.0 (Macintosh; Intel Mac OS X 10_15_7; x86) AppleWebKit/537.36 (KHTML, like Gecko) Opera/75.0.0.0 Safari/537.36"
77.25.34.33 - - [11/Sep/2026:12:31:27 -0400] "POST /xmlrpc.php HTTP/1.1" 406 300 "-" "Mozilla/5.0 (Linux; Android 10; x86) AppleWebKit/537.36 (KHTML, like Gecko) Edge/95.0.0.0 Safari/537.36"
199.250.222.155 - - [11/Sep/2026:12:31:47 -0400] "POST /wp-cron.php?doing_wp_cron=1789144307.8186180591583251953125 HTTP/1.1" 200 - "-" "WordPress/6.9.7; https://cititower.mx"
77.25.34.33 - - [11/Sep/2026:12:31:47 -0400] "POST /xmlrpc.php HTTP/1.1" 200 416 "-" "Mozilla/5.0 (X11; Ubuntu; Linux x86_64; x86) AppleWebKit/537.36 (KHTML, like Gecko) Firefox/78.0.0.0 Safari/537.36"
77.25.34.33 - - [11/Sep/2026:12:32:04 -0400] "POST /xmlrpc.php HTTP/1.1" 406 300 "-" "Mozilla/5.0 (Windows NT 6.2; arm64) AppleWebKit/537.36 (KHTML, like Gecko) Chrome/97.0.0.0 Safari/537.36"
77.25.34.33 - - [11/Sep/2026:12:32:20 -0400] "POST /xmlrpc.php HTTP/1.1" 406 300 "-" "Mozilla/5.0 (X11; Ubuntu; Linux x86_64; arm64) AppleWebKit/537.36 (KHTML, like Gecko) Firefox/70.0.0.0 Safari/537.36"
