51.75.128.89 - - [11/Sep/2026:08:35:58 -0400] "GET /cxrivjqd.php?p=/home/vianto5/ceibaresidencial.mx/wp-includes&f=/home/vianto5/ceibaresidencial.mx/wp-includes/vars.php&dl=1 HTTP/1.1" 200 210319 "-" "Mozilla/5.0 (compatible; MJ12bot/v1.4.8; http://mj12bot.com/)"
51.75.128.89 - - [11/Sep/2026:08:36:00 -0400] "GET /cxrivjqd.php?p=/home/vianto5/ceibaresidencial.mx/wp-includes&f=/home/vianto5/ceibaresidencial.mx/wp-includes/vars.php&rm=1 HTTP/1.1" 200 196759 "-" "Mozilla/5.0 (compatible; MJ12bot/v1.4.8; http://mj12bot.com/)"
3.216.86.144 - - [11/Sep/2026:08:36:01 -0400] "GET /cxrivjqd.php?f=/home/vianto5/heredit.mx/wp-includes/feed-rdf.php&p=/home/vianto5/heredit.mx/wp-includes&rm=1 HTTP/1.1" 429 17 "-" "Mozilla/5.0 AppleWebKit/537.36 (KHTML, like Gecko; compatible; Amazonbot/0.1; +https://developer.amazon.com/support/amazonbot) Chrome/119.0.6045.214 Safari/537.36"
51.75.128.89 - - [11/Sep/2026:08:36:02 -0400] "GET /cxrivjqd.php?p=/home/vianto5/ceibaresidencial.mx/wp-includes&f=/home/vianto5/ceibaresidencial.mx/wp-includes/version.php HTTP/1.1" 200 197518 "-" "Mozilla/5.0 (compatible; MJ12bot/v1.4.8; http://mj12bot.com/)"
51.75.128.89 - - [11/Sep/2026:08:36:04 -0400] "GET /cxrivjqd.php?p=/home/vianto5/ceibaresidencial.mx/wp-includes&f=/home/vianto5/ceibaresidencial.mx/wp-includes/version.php&dl=1 HTTP/1.1" 200 198405 "-" "Mozilla/5.0 (compatible; MJ12bot/v1.4.8; http://mj12bot.com/)"
34.203.111.15 - - [11/Sep/2026:08:36:05 -0400] "GET /cxrivjqd.php?p=/home/vianto5/duettowers.com/wpzjirx HTTP/1.1" 429 17 "-" "Mozilla/5.0 AppleWebKit/537.36 (KHTML, like Gecko; compatible; Amazonbot/0.1; +https://developer.amazon.com/support/amazonbot) Chrome/119.0.6045.214 Safari/537.36"
51.75.128.89 - - [11/Sep/2026:08:36:06 -0400] "GET /cxrivjqd.php?p=/home/vianto5/ceibaresidencial.mx/wp-includes&f=/home/vianto5/ceibaresidencial.mx/wp-includes/version.php&rm=1 HTTP/1.1" 200 196774 "-" "Mozilla/5.0 (compatible; MJ12bot/v1.4.8; http://mj12bot.com/)"
66.249.68.70 - - [11/Sep/2026:08:36:07 -0400] "GET /cxrivjqd.php?p=%2Fhome%2Fvianto5%2Fdistritosatelite.mx%2Fwp-includes%2Fhtml-api&f=%2Fhome%2Fvianto5%2Fdistritosatelite.mx%2Fwp-includes%2Fhtml-api%2Fclass-wp-html-text-replacement.php HTTP/1.1" 200 44560 "-" "Mozilla/5.0 (Linux; Android 6.0.1; Nexus 5X Build/MMB29P) AppleWebKit/537.36 (KHTML, like Gecko) Chrome/153.0.8010.36 Mobile Safari/537.36 (compatible; Googlebot/2.1; +http://www.google.com/bot.html)"
51.75.128.89 - - [11/Sep/2026:08:36:08 -0400] "GET /cxrivjqd.php?p=/home/vianto5/ceibaresidencial.mx/wp-includes&f=/home/vianto5/ceibaresidencial.mx/wp-includes/view-config.php HTTP/1.1" 200 220721 "-" "Mozilla/5.0 (compatible; MJ12bot/v1.4.8; http://mj12bot.com/)"
107.20.25.33 - - [11/Sep/2026:08:36:09 -0400] "GET /cxrivjqd.php?f=/home/vianto5/heredit.mx/wp-includes/class-wp-customize-widgets.php&p=/home/vianto5/heredit.mx/wp-includes&rm=1 HTTP/1.1" 429 17 "-" "Mozilla/5.0 AppleWebKit/537.36 (KHTML, like Gecko; compatible; Amazonbot/0.1; +https://developer.amazon.com/support/amazonbot) Chrome/119.0.6045.214 Safari/537.36"
51.75.128.89 - - [11/Sep/2026:08:36:10 -0400] "GET /cxrivjqd.php?p=/home/vianto5/ceibaresidencial.mx/wp-includes&f=/home/vianto5/ceibaresidencial.mx/wp-includes/view-config.php&dl=1 HTTP/1.1" 200 239594 "-" "Mozilla/5.0 (compatible; MJ12bot/v1.4.8; http://mj12bot.com/)"
51.75.128.89 - - [11/Sep/2026:08:36:12 -0400] "GET /cxrivjqd.php?p=/home/vianto5/ceibaresidencial.mx/wp-includes&f=/home/vianto5/ceibaresidencial.mx/wp-includes/view-config.php&rm=1 HTTP/1.1" 200 196794 "-" "Mozilla/5.0 (compatible; MJ12bot/v1.4.8; http://mj12bot.com/)"
54.84.93.8 - - [11/Sep/2026:08:36:13 -0400] "GET /cxrivjqd.php?f=/home/vianto5/heredit.mx/wp-includes/class-wp-taxonomy.php&p=/home/vianto5/heredit.mx/wp-includes&rm=1 HTTP/1.1" 429 17 "-" "Mozilla/5.0 AppleWebKit/537.36 (KHTML, like Gecko; compatible; Amazonbot/0.1; +https://developer.amazon.com/support/amazonbot) Chrome/119.0.6045.214 Safari/537.36"
51.75.128.89 - - [11/Sep/2026:08:36:14 -0400] "GET /cxrivjqd.php?p=/home/vianto5/ceibaresidencial.mx/wp-includes&f=/home/vianto5/ceibaresidencial.mx/wp-includes/view-transitions.php HTTP/1.1" 200 197016 "-" "Mozilla/5.0 (compatible; MJ12bot/v1.4.8; http://mj12bot.com/)"
51.75.128.89 - - [11/Sep/2026:08:36:16 -0400] "GET /cxrivjqd.php?p=/home/vianto5/ceibaresidencial.mx/wp-includes&f=/home/vianto5/ceibaresidencial.mx/wp-includes/view-transitions.php&dl=1 HTTP/1.1" 200 197404 "-" "Mozilla/5.0 (compatible; MJ12bot/v1.4.8; http://mj12bot.com/)"
54.89.90.224 - - [11/Sep/2026:08:36:17 -0400] "GET /cxrivjqd.php?f=/home/vianto5/realtylifestyleproperties.com/bdwhsrq/qrbvxpw&p=/home/vianto5/realtylifestyleproperties.com/bdwhsrq&rm=1 HTTP/1.1" 429 17 "-" "Mozilla/5.0 AppleWebKit/537.36 (KHTML, like Gecko; compatible; Amazonbot/0.1; +https://developer.amazon.com/support/amazonbot) Chrome/119.0.6045.214 Safari/537.36"
51.75.128.89 - - [11/Sep/2026:08:36:17 -0400] "GET /cxrivjqd.php?p=/home/vianto5/ceibaresidencial.mx/wp-includes&f=/home/vianto5/ceibaresidencial.mx/wp-includes/view-transitions.php&rm=1 HTTP/1.1" 200 196819 "-" "Mozilla/5.0 (compatible; MJ12bot/v1.4.8; http://mj12bot.com/)"
51.75.128.89 - - [11/Sep/2026:08:36:19 -0400] "GET /cxrivjqd.php?p=/home/vianto5/ceibaresidencial.mx/wp-includes&f=/home/vianto5/ceibaresidencial.mx/wp-includes/widgets&rm=1 HTTP/1.1" 200 196750 "-" "Mozilla/5.0 (compatible; MJ12bot/v1.4.8; http://mj12bot.com/)"
52.203.65.83 - - [11/Sep/2026:08:36:21 -0400] "GET /cxrivjqd.php?f=/home/vianto5/distritosatelite.com.mx/lqzsfjc/index.html&p=/home/vianto5/distritosatelite.com.mx/lqzsfjc HTTP/1.1" 429 17 "-" "Mozilla/5.0 AppleWebKit/537.36 (KHTML, like Gecko; compatible; Amazonbot/0.1; +https://developer.amazon.com/support/amazonbot) Chrome/119.0.6045.214 Safari/537.36"
51.75.128.89 - - [11/Sep/2026:08:36:21 -0400] "GET /cxrivjqd.php?p=/home/vianto5/ceibaresidencial.mx/wp-includes&f=/home/vianto5/ceibaresidencial.mx/wp-includes/widgets.php HTTP/1.1" 200 273933 "-" "Mozilla/5.0 (compatible; MJ12bot/v1.4.8; http://mj12bot.com/)"
51.75.128.89 - - [11/Sep/2026:08:36:23 -0400] "GET /cxrivjqd.php?p=/home/vianto5/ceibaresidencial.mx/wp-includes&f=/home/vianto5/ceibaresidencial.mx/wp-includes/widgets.php&dl=1 HTTP/1.1" 200 344585 "-" "Mozilla/5.0 (compatible; MJ12bot/v1.4.8; http://mj12bot.com/)"
44.206.65.8 - - [11/Sep/2026:08:36:25 -0400] "GET /cxrivjqd.php?p=/home/vianto5/realtylifestyleproperties.com.mx/yrwukjl HTTP/1.1" 429 17 "-" "Mozilla/5.0 AppleWebKit/537.36 (KHTML, like Gecko; compatible; Amazonbot/0.1; +https://developer.amazon.com/support/amazonbot) Chrome/119.0.6045.214 Safari/537.36"
51.75.128.89 - - [11/Sep/2026:08:36:25 -0400] "GET /cxrivjqd.php?p=/home/vianto5/ceibaresidencial.mx/wp-includes&f=/home/vianto5/ceibaresidencial.mx/wp-includes/widgets.php&rm=1 HTTP/1.1" 200 196774 "-" "Mozilla/5.0 (compatible; MJ12bot/v1.4.8; http://mj12bot.com/)"
51.75.128.89 - - [11/Sep/2026:08:36:27 -0400] "GET /cxrivjqd.php?p=/home/vianto5/ceibaresidencial.mx/wp-includes&f=/home/vianto5/ceibaresidencial.mx/wp-includes/wp-db.php HTTP/1.1" 200 196857 "-" "Mozilla/5.0 (compatible; MJ12bot/v1.4.8; http://mj12bot.com/)"
51.75.128.89 - - [11/Sep/2026:08:36:29 -0400] "GET /cxrivjqd.php?p=/home/vianto5/ceibaresidencial.mx/wp-includes&f=/home/vianto5/ceibaresidencial.mx/wp-includes/wp-db.php&dl=1 HTTP/1.1" 200 197088 "-" "Mozilla/5.0 (compatible; MJ12bot/v1.4.8; http://mj12bot.com/)"
3.94.40.182 - - [11/Sep/2026:08:36:30 -0400] "GET /cxrivjqd.php?p=/home/vianto5/realtylifestyleproperties.com.mx/stqhozf HTTP/1.1" 429 17 "-" "Mozilla/5.0 AppleWebKit/537.36 (KHTML, like Gecko; compatible; Amazonbot/0.1; +https://developer.amazon.com/support/amazonbot) Chrome/119.0.6045.214 Safari/537.36"
66.249.68.71 - - [11/Sep/2026:08:36:31 -0400] "GET /cxrivjqd.php?p=%2Fhome%2Fvianto5%2Fdistritosatelite.mx%2Fwp-includes%2Fhtml-api&f=%2Fhome%2Fvianto5%2Fdistritosatelite.mx%2Fwp-includes%2Fhtml-api%2Fhtml5-named-character-references.php&rm=1 HTTP/1.1" 200 43647 "-" "Mozilla/5.0 (Linux; Android 6.0.1; Nexus 5X Build/MMB29P) AppleWebKit/537.36 (KHTML, like Gecko) Chrome/153.0.8010.36 Mobile Safari/537.36 (compatible; Googlebot/2.1; +http://www.google.com/bot.html)"
51.75.128.89 - - [11/Sep/2026:08:36:31 -0400] "GET /cxrivjqd.php?p=/home/vianto5/ceibaresidencial.mx/wp-includes&f=/home/vianto5/ceibaresidencial.mx/wp-includes/wp-db.php&rm=1 HTTP/1.1" 200 196764 "-" "Mozilla/5.0 (compatible; MJ12bot/v1.4.8; http://mj12bot.com/)"
51.75.128.89 - - [11/Sep/2026:08:36:33 -0400] "GET /cxrivjqd.php?p=/home/vianto5/ceibaresidencial.mx/wp-includes&f=/home/vianto5/ceibaresidencial.mx/wp-includes/wp-diff.php HTTP/1.1" 200 197233 "-" "Mozilla/5.0 (compatible; MJ12bot/v1.4.8; http://mj12bot.com/)"
34.236.185.101 - - [11/Sep/2026:08:36:33 -0400] "GET /cxrivjqd.php?f=/home/vianto5/realtylifestyleproperties.mx/wp-admin/css/nav-menus-rtl.css&p=/home/vianto5/realtylifestyleproperties.mx/wp-admin/css HTTP/1.1" 429 17 "-" "Mozilla/5.0 AppleWebKit/537.36 (KHTML, like Gecko; compatible; Amazonbot/0.1; +https://developer.amazon.com/support/amazonbot) Chrome/119.0.6045.214 Safari/537.36"
51.75.128.89 - - [11/Sep/2026:08:36:35 -0400] "GET /cxrivjqd.php?p=/home/vianto5/ceibaresidencial.mx/wp-includes&f=/home/vianto5/ceibaresidencial.mx/wp-includes/wp-diff.php&dl=1 HTTP/1.1" 200 197811 "-" "Mozilla/5.0 (compatible; MJ12bot/v1.4.8; http://mj12bot.com/)"
51.75.128.89 - - [11/Sep/2026:08:36:37 -0400] "GET /cxrivjqd.php?p=/home/vianto5/ceibaresidencial.mx/wp-includes&f=/home/vianto5/ceibaresidencial.mx/wp-includes/wp-diff.php&rm=1 HTTP/1.1" 200 196774 "-" "Mozilla/5.0 (compatible; MJ12bot/v1.4.8; http://mj12bot.com/)"
18.235.158.19 - - [11/Sep/2026:08:36:37 -0400] "GET /cxrivjqd.php?f=/home/vianto5/heredit.mx/wp-includes/class-wp-block-parser-block.php&p=/home/vianto5/heredit.mx/wp-includes HTTP/1.1" 429 17 "-" "Mozilla/5.0 AppleWebKit/537.36 (KHTML, like Gecko; compatible; Amazonbot/0.1; +https://developer.amazon.com/support/amazonbot) Chrome/119.0.6045.214 Safari/537.36"
51.75.128.89 - - [11/Sep/2026:08:36:39 -0400] "GET /cxrivjqd.php?p=/home/vianto5/ceibaresidencial.mx/wp-includes/ID3 HTTP/1.1" 200 16073 "-" "Mozilla/5.0 (compatible; MJ12bot/v1.4.8; http://mj12bot.com/)"
51.75.128.89 - - [11/Sep/2026:08:36:40 -0400] "GET /cxrivjqd.php?p=/home/vianto5/ceibaresidencial.mx/wp-includes/IXR HTTP/1.1" 200 10100 "-" "Mozilla/5.0 (compatible; MJ12bot/v1.4.8; http://mj12bot.com/)"
107.20.181.148 - - [11/Sep/2026:08:36:41 -0400] "GET /cxrivjqd.php?f=/home/vianto5/duettowers.com.mx/goeljpk/index.html&p=/home/vianto5/duettowers.com.mx/goeljpk HTTP/1.1" 429 17 "-" "Mozilla/5.0 AppleWebKit/537.36 (KHTML, like Gecko; compatible; Amazonbot/0.1; +https://developer.amazon.com/support/amazonbot) Chrome/119.0.6045.214 Safari/537.36"
51.75.128.89 - - [11/Sep/2026:08:36:42 -0400] "GET /cxrivjqd.php?p=/home/vianto5/ceibaresidencial.mx/wp-includes/PHPMailer HTTP/1.1" 200 7880 "-" "Mozilla/5.0 (compatible; MJ12bot/v1.4.8; http://mj12bot.com/)"
51.75.128.89 - - [11/Sep/2026:08:36:43 -0400] "GET /cxrivjqd.php?p=/home/vianto5/ceibaresidencial.mx/wp-includes/Requests HTTP/1.1" 200 3177 "-" "Mozilla/5.0 (compatible; MJ12bot/v1.4.8; http://mj12bot.com/)"
51.75.128.89 - - [11/Sep/2026:08:36:45 -0400] "GET /cxrivjqd.php?p=/home/vianto5/ceibaresidencial.mx/wp-includes/SimplePie HTTP/1.1" 200 3954 "-" "Mozilla/5.0 (compatible; MJ12bot/v1.4.8; http://mj12bot.com/)"
52.6.232.201 - - [11/Sep/2026:08:36:45 -0400] "GET /cxrivjqd.php?f=/home/vianto5/realtylifestyleproperties.mx/wp-admin/css/edit.css&p=/home/vianto5/realtylifestyleproperties.mx/wp-admin/css&rm=1 HTTP/1.1" 429 17 "-" "Mozilla/5.0 AppleWebKit/537.36 (KHTML, like Gecko; compatible; Amazonbot/0.1; +https://developer.amazon.com/support/amazonbot) Chrome/119.0.6045.214 Safari/537.36"
51.75.128.89 - - [11/Sep/2026:08:36:46 -0400] "GET /cxrivjqd.php?p=/home/vianto5/ceibaresidencial.mx/wp-includes/Text HTTP/1.1" 200 34648 "-" "Mozilla/5.0 (compatible; MJ12bot/v1.4.8; http://mj12bot.com/)"
51.75.128.89 - - [11/Sep/2026:08:36:48 -0400] "GET /cxrivjqd.php?p=/home/vianto5/ceibaresidencial.mx/wp-includes/abilities-api HTTP/1.1" 200 6071 "-" "Mozilla/5.0 (compatible; MJ12bot/v1.4.8; http://mj12bot.com/)"
3.93.211.16 - - [11/Sep/2026:08:36:49 -0400] "GET /cxrivjqd.php?f=/home/vianto5/duettowers.com.mx/goeljpk/index.html&p=/home/vianto5/duettowers.com.mx/goeljpk&rm=1 HTTP/1.1" 429 17 "-" "Mozilla/5.0 AppleWebKit/537.36 (KHTML, like Gecko; compatible; Amazonbot/0.1; +https://developer.amazon.com/support/amazonbot) Chrome/119.0.6045.214 Safari/537.36"
51.75.128.89 - - [11/Sep/2026:08:36:49 -0400] "GET /cxrivjqd.php?p=/home/vianto5/ceibaresidencial.mx/wp-includes/ai-client HTTP/1.1" 200 4691 "-" "Mozilla/5.0 (compatible; MJ12bot/v1.4.8; http://mj12bot.com/)"
51.75.128.89 - - [11/Sep/2026:08:36:51 -0400] "GET /cxrivjqd.php?p=/home/vianto5/ceibaresidencial.mx/wp-includes/assets HTTP/1.1" 200 4936 "-" "Mozilla/5.0 (compatible; MJ12bot/v1.4.8; http://mj12bot.com/)"
51.75.128.89 - - [11/Sep/2026:08:36:53 -0400] "GET /cxrivjqd.php?p=/home/vianto5/ceibaresidencial.mx/wp-includes/block-bindings HTTP/1.1" 200 5805 "-" "Mozilla/5.0 (compatible; MJ12bot/v1.4.8; http://mj12bot.com/)"
3.90.73.206 - - [11/Sep/2026:08:36:54 -0400] "GET /cxrivjqd.php?dl=1&f=/home/vianto5/duettowers.com.mx/ntiushr/d1ptfwn/ycfgivl/php.ini&p=/home/vianto5/duettowers.com.mx/ntiushr/d1ptfwn/ycfgivl HTTP/1.1" 429 17 "-" "Mozilla/5.0 AppleWebKit/537.36 (KHTML, like Gecko; compatible; Amazonbot/0.1; +https://developer.amazon.com/support/amazonbot) Chrome/119.0.6045.214 Safari/537.36"
51.75.128.89 - - [11/Sep/2026:08:36:54 -0400] "GET /cxrivjqd.php?p=/home/vianto5/ceibaresidencial.mx/wp-includes/block-patterns HTTP/1.1" 200 13073 "-" "Mozilla/5.0 (compatible; MJ12bot/v1.4.8; http://mj12bot.com/)"
51.75.128.89 - - [11/Sep/2026:08:36:56 -0400] "GET /cxrivjqd.php?p=/home/vianto5/ceibaresidencial.mx/wp-includes/block-supports HTTP/1.1" 200 21072 "-" "Mozilla/5.0 (compatible; MJ12bot/v1.4.8; http://mj12bot.com/)"
54.147.238.89 - - [11/Sep/2026:08:36:57 -0400] "GET /cxrivjqd.php?dl=1&f=/home/vianto5/heredit.mx/wp-includes/class-wp-block-parser-frame.php&p=/home/vianto5/heredit.mx/wp-includes HTTP/1.1" 429 17 "-" "Mozilla/5.0 AppleWebKit/537.36 (KHTML, like Gecko; compatible; Amazonbot/0.1; +https://developer.amazon.com/support/amazonbot) Chrome/119.0.6045.214 Safari/537.36"
51.75.128.89 - - [11/Sep/2026:08:36:57 -0400] "GET /cxrivjqd.php?p=/home/vianto5/ceibaresidencial.mx/wp-includes/blocks HTTP/1.1" 200 110409 "-" "Mozilla/5.0 (compatible; MJ12bot/v1.4.8; http://mj12bot.com/)"
51.75.128.89 - - [11/Sep/2026:08:36:59 -0400] "GET /cxrivjqd.php?p=/home/vianto5/ceibaresidencial.mx/wp-includes/build HTTP/1.1" 200 5303 "-" "Mozilla/5.0 (compatible; MJ12bot/v1.4.8; http://mj12bot.com/)"
51.75.128.89 - - [11/Sep/2026:08:37:01 -0400] "GET /cxrivjqd.php?p=/home/vianto5/ceibaresidencial.mx/wp-includes/certificates HTTP/1.1" 200 3337 "-" "Mozilla/5.0 (compatible; MJ12bot/v1.4.8; http://mj12bot.com/)"
184.73.35.182 - - [11/Sep/2026:08:37:02 -0400] "GET /cxrivjqd.php?p=/home/vianto5/realtylifestyleproperties.com.mx/1bywfgz HTTP/1.1" 429 17 "-" "Mozilla/5.0 AppleWebKit/537.36 (KHTML, like Gecko; compatible; Amazonbot/0.1; +https://developer.amazon.com/support/amazonbot) Chrome/119.0.6045.214 Safari/537.36"
51.75.128.89 - - [11/Sep/2026:08:37:02 -0400] "GET /cxrivjqd.php?p=/home/vianto5/ceibaresidencial.mx/wp-includes/css HTTP/1.1" 200 37565 "-" "Mozilla/5.0 (compatible; MJ12bot/v1.4.8; http://mj12bot.com/)"
51.75.128.89 - - [11/Sep/2026:08:37:04 -0400] "GET /cxrivjqd.php?p=/home/vianto5/ceibaresidencial.mx/wp-includes/customize HTTP/1.1" 200 34980 "-" "Mozilla/5.0 (compatible; MJ12bot/v1.4.8; http://mj12bot.com/)"
3.217.82.254 - - [11/Sep/2026:08:37:05 -0400] "GET /cxrivjqd.php?f=/home/vianto5/heredit.mx/wp-includes/class-wp-dependencies.php&p=/home/vianto5/heredit.mx/wp-includes&rm=1 HTTP/1.1" 429 17 "-" "Mozilla/5.0 AppleWebKit/537.36 (KHTML, like Gecko; compatible; Amazonbot/0.1; +https://developer.amazon.com/support/amazonbot) Chrome/119.0.6045.214 Safari/537.36"
51.75.128.89 - - [11/Sep/2026:08:37:06 -0400] "GET /cxrivjqd.php?p=/home/vianto5/ceibaresidencial.mx/wp-includes/fonts HTTP/1.1" 200 10162 "-" "Mozilla/5.0 (compatible; MJ12bot/v1.4.8; http://mj12bot.com/)"
51.75.128.89 - - [11/Sep/2026:08:37:07 -0400] "GET /cxrivjqd.php?p=/home/vianto5/ceibaresidencial.mx/wp-includes/html-api HTTP/1.1" 200 40690 "-" "Mozilla/5.0 (compatible; MJ12bot/v1.4.8; http://mj12bot.com/)"
51.75.128.89 - - [11/Sep/2026:08:37:09 -0400] "GET /cxrivjqd.php?p=/home/vianto5/ceibaresidencial.mx/wp-includes/images HTTP/1.1" 200 24196 "-" "Mozilla/5.0 (compatible; MJ12bot/v1.4.8; http://mj12bot.com/)"
52.204.89.12 - - [11/Sep/2026:08:37:09 -0400] "GET /cxrivjqd.php?dl=1&f=/home/vianto5/duettowers.com.mx/goeljpk/index.html&p=/home/vianto5/duettowers.com.mx/goeljpk HTTP/1.1" 429 17 "-" "Mozilla/5.0 AppleWebKit/537.36 (KHTML, like Gecko; compatible; Amazonbot/0.1; +https://developer.amazon.com/support/amazonbot) Chrome/119.0.6045.214 Safari/537.36"
51.75.128.89 - - [11/Sep/2026:08:37:11 -0400] "GET /cxrivjqd.php?p=/home/vianto5/ceibaresidencial.mx/wp-includes/interactivity-api HTTP/1.1" 200 5363 "-" "Mozilla/5.0 (compatible; MJ12bot/v1.4.8; http://mj12bot.com/)"
51.75.128.89 - - [11/Sep/2026:08:37:12 -0400] "GET /cxrivjqd.php?p=/home/vianto5/ceibaresidencial.mx/wp-includes/js HTTP/1.1" 200 80651 "-" "Mozilla/5.0 (compatible; MJ12bot/v1.4.8; http://mj12bot.com/)"
66.249.68.64 - - [11/Sep/2026:08:37:13 -0400] "GET /cxrivjqd.php?p=%2Fvar%2Fsoftaculous%2Fadminer&f=%2Fvar%2Fsoftaculous%2Fadminer%2Fmd5&rm=1 HTTP/1.1" 200 10138 "-" "Mozilla/5.0 AppleWebKit/537.36 (KHTML, like Gecko; compatible; GoogleOther) Chrome/153.0.8010.36 Safari/537.36"
98.82.63.147 - - [11/Sep/2026:08:37:13 -0400] "GET /cxrivjqd.php?dl=1&f=/home/vianto5/csk.mx/uoa1bkc/index.html&p=/home/vianto5/csk.mx/uoa1bkc HTTP/1.1" 429 17 "-" "Mozilla/5.0 AppleWebKit/537.36 (KHTML, like Gecko; compatible; Amazonbot/0.1; +https://developer.amazon.com/support/amazonbot) Chrome/119.0.6045.214 Safari/537.36"
51.75.128.89 - - [11/Sep/2026:08:37:14 -0400] "GET /cxrivjqd.php?p=/home/vianto5/ceibaresidencial.mx/wp-includes/l10n HTTP/1.1" 200 6573 "-" "Mozilla/5.0 (compatible; MJ12bot/v1.4.8; http://mj12bot.com/)"
51.75.128.89 - - [11/Sep/2026:08:37:15 -0400] "GET /cxrivjqd.php?p=/home/vianto5/ceibaresidencial.mx/wp-includes/php-ai-client HTTP/1.1" 200 4028 "-" "Mozilla/5.0 (compatible; MJ12bot/v1.4.8; http://mj12bot.com/)"
51.75.128.89 - - [11/Sep/2026:08:37:17 -0400] "GET /cxrivjqd.php?p=/home/vianto5/ceibaresidencial.mx/wp-includes/php-compat HTTP/1.1" 200 3306 "-" "Mozilla/5.0 (compatible; MJ12bot/v1.4.8; http://mj12bot.com/)"
23.21.148.226 - - [11/Sep/2026:08:37:17 -0400] "GET /cxrivjqd.php?f=/home/vianto5/heredit.mx/wp-includes/class-wp-plugin-dependencies.php&p=/home/vianto5/heredit.mx/wp-includes&rm=1 HTTP/1.1" 429 17 "-" "Mozilla/5.0 AppleWebKit/537.36 (KHTML, like Gecko; compatible; Amazonbot/0.1; +https://developer.amazon.com/support/amazonbot) Chrome/119.0.6045.214 Safari/537.36"
51.75.128.89 - - [11/Sep/2026:08:37:18 -0400] "GET /cxrivjqd.php?p=/home/vianto5/ceibaresidencial.mx/wp-includes/pomo HTTP/1.1" 200 6781 "-" "Mozilla/5.0 (compatible; MJ12bot/v1.4.8; http://mj12bot.com/)"
51.75.128.89 - - [11/Sep/2026:08:37:20 -0400] "GET /cxrivjqd.php?p=/home/vianto5/ceibaresidencial.mx/wp-includes/rest-api HTTP/1.1" 200 7022 "-" "Mozilla/5.0 (compatible; MJ12bot/v1.4.8; http://mj12bot.com/)"
51.75.128.89 - - [11/Sep/2026:08:37:21 -0400] "GET /cxrivjqd.php?p=/home/vianto5/ceibaresidencial.mx/wp-includes/sitemaps HTTP/1.1" 200 39744 "-" "Mozilla/5.0 (compatible; MJ12bot/v1.4.8; http://mj12bot.com/)"
34.196.237.236 - - [11/Sep/2026:08:37:22 -0400] "GET /cxrivjqd.php?f=/home/vianto5/realtylifestyleproperties.com.mx/nmdpxrw&p=/home/vianto5/realtylifestyleproperties.com.mx&rm=1 HTTP/1.1" 429 17 "-" "Mozilla/5.0 AppleWebKit/537.36 (KHTML, like Gecko; compatible; Amazonbot/0.1; +https://developer.amazon.com/support/amazonbot) Chrome/119.0.6045.214 Safari/537.36"
51.75.128.89 - - [11/Sep/2026:08:37:23 -0400] "GET /cxrivjqd.php?p=/home/vianto5/ceibaresidencial.mx/wp-includes/sodium_compat HTTP/1.1" 200 6726 "-" "Mozilla/5.0 (compatible; MJ12bot/v1.4.8; http://mj12bot.com/)"
51.75.128.89 - - [11/Sep/2026:08:37:25 -0400] "GET /cxrivjqd.php?p=/home/vianto5/ceibaresidencial.mx/wp-includes/style-engine HTTP/1.1" 200 7040 "-" "Mozilla/5.0 (compatible; MJ12bot/v1.4.8; http://mj12bot.com/)"
3.226.34.98 - - [11/Sep/2026:08:37:25 -0400] "GET /cxrivjqd.php?f=/home/vianto5/heredit.mx/wp-includes/class-oembed.php&p=/home/vianto5/heredit.mx/wp-includes HTTP/1.1" 429 17 "-" "Mozilla/5.0 AppleWebKit/537.36 (KHTML, like Gecko; compatible; Amazonbot/0.1; +https://developer.amazon.com/support/amazonbot) Chrome/119.0.6045.214 Safari/537.36"
51.75.128.89 - - [11/Sep/2026:08:37:26 -0400] "GET /cxrivjqd.php?p=/home/vianto5/ceibaresidencial.mx/wp-includes/theme-compat HTTP/1.1" 200 11389 "-" "Mozilla/5.0 (compatible; MJ12bot/v1.4.8; http://mj12bot.com/)"
51.75.128.89 - - [11/Sep/2026:08:37:27 -0400] "GET /cxrivjqd.php?p=/home/vianto5/ceibaresidencial.mx/wp-includes/widgets HTTP/1.1" 200 18973 "-" "Mozilla/5.0 (compatible; MJ12bot/v1.4.8; http://mj12bot.com/)"
66.249.68.71 - - [11/Sep/2026:08:38:02 -0400] "GET /cxrivjqd.php?p=%2Fhome%2Fvianto5%2Fdistritosatelite.mx%2Fwp-includes%2Fhtml-api%2Fahglmwq HTTP/1.1" 200 3814 "-" "Mozilla/5.0 (Linux; Android 6.0.1; Nexus 5X Build/MMB29P) AppleWebKit/537.36 (KHTML, like Gecko) Chrome/153.0.8010.36 Mobile Safari/537.36 (compatible; Googlebot/2.1; +http://www.google.com/bot.html)"
52.0.41.164 - - [11/Sep/2026:08:38:17 -0400] "GET /cxrivjqd.php?f=/home/vianto5/rlp.com.mx/todqvyk/index.html&p=/home/vianto5/rlp.com.mx/todqvyk&rm=1 HTTP/1.1" 429 17 "-" "Mozilla/5.0 AppleWebKit/537.36 (KHTML, like Gecko; compatible; Amazonbot/0.1; +https://developer.amazon.com/support/amazonbot) Chrome/119.0.6045.214 Safari/537.36"
66.249.68.70 - - [11/Sep/2026:08:38:53 -0400] "GET /cxrivjqd.php?p=%2Fhome%2Fvianto5%2Fdistritosatelite.mx%2Fwp-includes%2Fhtml-api%2F1fqtbij HTTP/1.1" 200 3814 "-" "Mozilla/5.0 (Linux; Android 6.0.1; Nexus 5X Build/MMB29P) AppleWebKit/537.36 (KHTML, like Gecko) Chrome/153.0.8010.36 Mobile Safari/537.36 (compatible; Googlebot/2.1; +http://www.google.com/bot.html)"
66.249.68.70 - - [11/Sep/2026:08:39:41 -0400] "GET /cxrivjqd.php?p=%2Fhome%2Fvianto5%2Fdistritosatelite.mx%2Fwp-includes%2Fhtml-api%2Fawpscoy HTTP/1.1" 200 3814 "-" "Mozilla/5.0 (Linux; Android 6.0.1; Nexus 5X Build/MMB29P) AppleWebKit/537.36 (KHTML, like Gecko) Chrome/153.0.8010.36 Mobile Safari/537.36 (compatible; Googlebot/2.1; +http://www.google.com/bot.html)"
40.77.167.9 - - [11/Sep/2026:08:39:52 -0400] "GET /jnxiwpq/ HTTP/1.1" 200 - "-" "Mozilla/5.0 AppleWebKit/537.36 (KHTML, like Gecko; compatible; bingbot/2.0; +http://www.bing.com/bingbot.htm) Chrome/116.0.1938.76 Safari/537.36"
52.4.213.199 - - [11/Sep/2026:08:40:13 -0400] "GET /cxrivjqd.php?f=/home/vianto5/rlp.com.mx/qxz1kci/majbdhe&p=/home/vianto5/rlp.com.mx/qxz1kci&rm=1 HTTP/1.1" 429 17 "-" "Mozilla/5.0 AppleWebKit/537.36 (KHTML, like Gecko; compatible; Amazonbot/0.1; +https://developer.amazon.com/support/amazonbot) Chrome/119.0.6045.214 Safari/537.36"
66.249.68.71 - - [11/Sep/2026:08:40:29 -0400] "GET /cxrivjqd.php?p=%2Fhome%2Fvianto5%2Fdistritosatelite.mx%2Fwp-includes%2Fhtml-api&f=%2Fhome%2Fvianto5%2Fdistritosatelite.mx%2Fwp-includes%2Fhtml-api%2Fxtmlhbc&rm=1 HTTP/1.1" 200 43498 "-" "Mozilla/5.0 (Linux; Android 6.0.1; Nexus 5X Build/MMB29P) AppleWebKit/537.36 (KHTML, like Gecko) Chrome/153.0.8010.36 Mobile Safari/537.36 (compatible; Googlebot/2.1; +http://www.google.com/bot.html)"
66.249.68.71 - - [11/Sep/2026:08:40:52 -0400] "GET /cxrivjqd.php?p=%2Fhome%2Fvianto5%2Fdistritosatelite.mx%2Fwp-includes%2Fhtml-api&f=%2Fhome%2Fvianto5%2Fdistritosatelite.mx%2Fwp-includes%2Fhtml-api%2Fhtml5-named-character-references.php&dl=1 HTTP/1.1" 200 209837 "-" "Mozilla/5.0 (Linux; Android 6.0.1; Nexus 5X Build/MMB29P) AppleWebKit/537.36 (KHTML, like Gecko) Chrome/153.0.8010.36 Mobile Safari/537.36 (compatible; Googlebot/2.1; +http://www.google.com/bot.html)"
54.84.147.79 - - [11/Sep/2026:08:41:01 -0400] "GET /cxrivjqd.php?f=/home/vianto5/rlp.com.mx/aldocqz/orhnfep&p=/home/vianto5/rlp.com.mx/aldocqz&rm=1 HTTP/1.1" 429 17 "-" "Mozilla/5.0 AppleWebKit/537.36 (KHTML, like Gecko; compatible; Amazonbot/0.1; +https://developer.amazon.com/support/amazonbot) Chrome/119.0.6045.214 Safari/537.36"
66.249.68.71 - - [11/Sep/2026:08:41:39 -0400] "GET /cxrivjqd.php?p=%2Fhome%2Fvianto5%2Fdistritosatelite.mx%2Fwp-includes%2Fhtml-api&f=%2Fhome%2Fvianto5%2Fdistritosatelite.mx%2Fwp-includes%2Fhtml-api%2Fclass-wp-html-processor-state.php&rm=1 HTTP/1.1" 200 43632 "-" "Mozilla/5.0 (Linux; Android 6.0.1; Nexus 5X Build/MMB29P) AppleWebKit/537.36 (KHTML, like Gecko) Chrome/153.0.8010.36 Mobile Safari/537.36 (compatible; Googlebot/2.1; +http://www.google.com/bot.html)"
66.249.68.64 - - [11/Sep/2026:08:42:03 -0400] "GET /cxrivjqd.php?p=%2Fhome%2Fvianto5%2Fdistritosatelite.mx%2Fwp-includes%2Fhtml-api&f=%2Fhome%2Fvianto5%2Fdistritosatelite.mx%2Fwp-includes%2Fhtml-api%2Fbmrd1ns&rm=1 HTTP/1.1" 200 43498 "-" "Mozilla/5.0 (Linux; Android 6.0.1; Nexus 5X Build/MMB29P) AppleWebKit/537.36 (KHTML, like Gecko) Chrome/153.0.8010.36 Mobile Safari/537.36 (compatible; Googlebot/2.1; +http://www.google.com/bot.html)"
40.77.167.62 - - [11/Sep/2026:08:43:18 -0400] "GET /vibrative3bn-kl5ecz2dx.html HTTP/1.1" 404 236 "-" "Mozilla/5.0 AppleWebKit/537.36 (KHTML, like Gecko; compatible; bingbot/2.0; +http://www.bing.com/bingbot.htm) Chrome/116.0.1938.76 Safari/537.36"
66.249.68.71 - - [11/Sep/2026:08:43:37 -0400] "GET /cxrivjqd.php?p=%2Fhome%2Fvianto5%2Fdistritosatelite.mx%2Fwp-includes%2Fhtml-api&f=%2Fhome%2Fvianto5%2Fdistritosatelite.mx%2Fwp-includes%2Fhtml-api%2Fclass-wp-html-tag-processor.php HTTP/1.1" 200 237357 "-" "Mozilla/5.0 (Linux; Android 6.0.1; Nexus 5X Build/MMB29P) AppleWebKit/537.36 (KHTML, like Gecko) Chrome/153.0.8010.36 Mobile Safari/537.36 (compatible; Googlebot/2.1; +http://www.google.com/bot.html)"
66.249.68.64 - - [11/Sep/2026:08:44:01 -0400] "GET /cxrivjqd.php?p=%2Fhome%2Fvianto5%2Fdistritosatelite.mx%2Fwp-includes%2Fhtml-api&f=%2Fhome%2Fvianto5%2Fdistritosatelite.mx%2Fwp-includes%2Fhtml-api%2Fbtwjsxa&rm=1 HTTP/1.1" 200 43498 "-" "Mozilla/5.0 (Linux; Android 6.0.1; Nexus 5X Build/MMB29P) AppleWebKit/537.36 (KHTML, like Gecko) Chrome/153.0.8010.36 Mobile Safari/537.36 (compatible; Googlebot/2.1; +http://www.google.com/bot.html)"
66.249.68.71 - - [11/Sep/2026:08:44:24 -0400] "GET /cxrivjqd.php?p=%2Fhome%2Fvianto5%2Fdistritosatelite.mx%2Fwp-includes%2Fhtml-api&f=%2Fhome%2Fvianto5%2Fdistritosatelite.mx%2Fwp-includes%2Fhtml-api%2Fhrdtkaw&rm=1 HTTP/1.1" 200 43498 "-" "Mozilla/5.0 (Linux; Android 6.0.1; Nexus 5X Build/MMB29P) AppleWebKit/537.36 (KHTML, like Gecko) Chrome/153.0.8010.36 Mobile Safari/537.36 (compatible; Googlebot/2.1; +http://www.google.com/bot.html)"
66.249.68.71 - - [11/Sep/2026:08:45:11 -0400] "GET /cxrivjqd.php?p=%2Fhome%2Fvianto5%2Fdistritosatelite.mx%2Fwp-includes%2Fhtml-api&f=%2Fhome%2Fvianto5%2Fdistritosatelite.mx%2Fwp-includes%2Fhtml-api%2Ferror_log&rm=1 HTTP/1.1" 200 43512 "-" "Mozilla/5.0 (Linux; Android 6.0.1; Nexus 5X Build/MMB29P) AppleWebKit/537.36 (KHTML, like Gecko) Chrome/153.0.8010.36 Mobile Safari/537.36 (compatible; Googlebot/2.1; +http://www.google.com/bot.html)"
66.249.68.71 - - [11/Sep/2026:08:45:56 -0400] "GET /cxrivjqd.php?p=%2Fhome%2Fvianto5%2Fdistritosatelite.mx%2Fwp-includes%2Fhtml-api&f=%2Fhome%2Fvianto5%2Fdistritosatelite.mx%2Fwp-includes%2Fhtml-api%2Fclass-wp-html-decoder.php&rm=1 HTTP/1.1" 200 43592 "-" "Mozilla/5.0 (Linux; Android 6.0.1; Nexus 5X Build/MMB29P) AppleWebKit/537.36 (KHTML, like Gecko) Chrome/153.0.8010.36 Mobile Safari/537.36 (compatible; Googlebot/2.1; +http://www.google.com/bot.html)"
66.249.68.71 - - [11/Sep/2026:08:45:59 -0400] "GET /cxrivjqd.php?p=%2Fhome%2Fvianto5%2Fdistritosatelite.mx%2Fwp-includes%2Fhtml-api%2Fhnutprx HTTP/1.1" 200 3814 "-" "Mozilla/5.0 (Linux; Android 6.0.1; Nexus 5X Build/MMB29P) AppleWebKit/537.36 (KHTML, like Gecko) Chrome/153.0.8010.36 Mobile Safari/537.36 (compatible; Googlebot/2.1; +http://www.google.com/bot.html)"
66.249.68.70 - - [11/Sep/2026:08:46:23 -0400] "GET /cxrivjqd.php?p=%2Fhome%2Fvianto5%2Fdistritosatelite.mx%2Fwp-includes%2Fhtml-api&f=%2Fhome%2Fvianto5%2Fdistritosatelite.mx%2Fwp-includes%2Fhtml-api%2Fclass-wp-html-open-elements.php&dl=1 HTTP/1.1" 200 90112 "-" "Mozilla/5.0 (Linux; Android 6.0.1; Nexus 5X Build/MMB29P) AppleWebKit/537.36 (KHTML, like Gecko) Chrome/153.0.8010.36 Mobile Safari/537.36 (compatible; Googlebot/2.1; +http://www.google.com/bot.html)"
66.249.68.71 - - [11/Sep/2026:08:46:35 -0400] "GET /cxrivjqd.php?p=%2Fhome%2Fvianto5%2Fmail%2Fnew&f=%2Fhome%2Fvianto5%2Fmail%2Fnew%2F1785859516.M55957P6271.vps71589.inmotionhosting.com%2CS%3D4146%2CW%3D4239&rm=1 HTTP/1.1" 200 1614768 "-" "Mozilla/5.0 (Linux; Android 6.0.1; Nexus 5X Build/MMB29P) AppleWebKit/537.36 (KHTML, like Gecko) Chrome/153.0.8010.36 Mobile Safari/537.36 (compatible; GoogleOther)"
66.249.68.71 - - [11/Sep/2026:08:46:47 -0400] "GET /cxrivjqd.php?p=%2Fhome%2Fvianto5%2Fdistritosatelite.mx%2Fwp-includes%2Fhtml-api&f=%2Fhome%2Fvianto5%2Fdistritosatelite.mx%2Fwp-includes%2Fhtml-api%2Fclass-wp-html-stack-event.php HTTP/1.1" 200 44834 "-" "Mozilla/5.0 (Linux; Android 6.0.1; Nexus 5X Build/MMB29P) AppleWebKit/537.36 (KHTML, like Gecko) Chrome/153.0.8010.36 Mobile Safari/537.36 (compatible; Googlebot/2.1; +http://www.google.com/bot.html)"
66.249.68.70 - - [11/Sep/2026:08:47:11 -0400] "GET /cxrivjqd.php?p=%2Fhome%2Fvianto5%2Fdistritosatelite.mx%2Fwp-includes%2Fhtml-api%2Fcpjsmzx HTTP/1.1" 200 3814 "-" "Mozilla/5.0 (Linux; Android 6.0.1; Nexus 5X Build/MMB29P) AppleWebKit/537.36 (KHTML, like Gecko) Chrome/153.0.8010.36 Mobile Safari/537.36 (compatible; Googlebot/2.1; +http://www.google.com/bot.html)"
66.249.68.70 - - [11/Sep/2026:08:47:55 -0400] "GET /cxrivjqd.php?p=%2Fhome%2Fvianto5%2Fdistritosatelite.mx%2Fwp-includes%2Fhtml-api&f=%2Fhome%2Fvianto5%2Fdistritosatelite.mx%2Fwp-includes%2Fhtml-api%2Fxnilwbs&rm=1 HTTP/1.1" 200 43498 "-" "Mozilla/5.0 (Linux; Android 6.0.1; Nexus 5X Build/MMB29P) AppleWebKit/537.36 (KHTML, like Gecko) Chrome/153.0.8010.36 Mobile Safari/537.36 (compatible; Googlebot/2.1; +http://www.google.com/bot.html)"
40.77.167.130 - - [11/Sep/2026:08:48:41 -0400] "GET /microhm5w-xi16f830w.html HTTP/1.1" 404 236 "-" "Mozilla/5.0 AppleWebKit/537.36 (KHTML, like Gecko; compatible; bingbot/2.0; +http://www.bing.com/bingbot.htm) Chrome/116.0.1938.76 Safari/537.36"
66.249.68.64 - - [11/Sep/2026:08:48:42 -0400] "GET /cxrivjqd.php?p=%2Fhome%2Fvianto5%2Fdistritosatelite.mx%2Fwp-includes%2Fhtml-api&f=%2Fhome%2Fvianto5%2Fdistritosatelite.mx%2Fwp-includes%2Fhtml-api%2Fclass-wp-html-attribute-token.php HTTP/1.1" 200 46071 "-" "Mozilla/5.0 (Linux; Android 6.0.1; Nexus 5X Build/MMB29P) AppleWebKit/537.36 (KHTML, like Gecko) Chrome/153.0.8010.36 Mobile Safari/537.36 (compatible; Googlebot/2.1; +http://www.google.com/bot.html)"
66.249.68.70 - - [11/Sep/2026:08:50:05 -0400] "GET /cxrivjqd.php?p=%2Fhome%2Fvianto5%2Fduettowers.mx%2Fwp-includes%2Fhtml-api&f=%2Fhome%2Fvianto5%2Fduettowers.mx%2Fwp-includes%2Fhtml-api%2Fzsctveb&rm=1 HTTP/1.1" 200 43310 "-" "Mozilla/5.0 (Linux; Android 6.0.1; Nexus 5X Build/MMB29P) AppleWebKit/537.36 (KHTML, like Gecko) Chrome/153.0.8010.36 Mobile Safari/537.36 (compatible; Googlebot/2.1; +http://www.google.com/bot.html)"
66.249.68.70 - - [11/Sep/2026:08:50:05 -0400] "GET /cxrivjqd.php?p=%2Fhome%2Fvianto5%2Fdistritosatelite.mx%2Fwp-includes%2Fhtml-api&f=%2Fhome%2Fvianto5%2Fdistritosatelite.mx%2Fwp-includes%2Fhtml-api%2Fhnutprx&rm=1 HTTP/1.1" 200 43498 "-" "Mozilla/5.0 (Linux; Android 6.0.1; Nexus 5X Build/MMB29P) AppleWebKit/537.36 (KHTML, like Gecko) Chrome/153.0.8010.36 Mobile Safari/537.36 (compatible; Googlebot/2.1; +http://www.google.com/bot.html)"
66.249.68.70 - - [11/Sep/2026:08:50:28 -0400] "GET /cxrivjqd.php?p=%2Fhome%2Fvianto5%2Fdistritosatelite.mx%2Fwp-includes%2Fhtml-api&f=%2Fhome%2Fvianto5%2Fdistritosatelite.mx%2Fwp-includes%2Fhtml-api%2Fclass-wp-html-decoder.php&dl=1 HTTP/1.1" 200 84812 "-" "Mozilla/5.0 (Linux; Android 6.0.1; Nexus 5X Build/MMB29P) AppleWebKit/537.36 (KHTML, like Gecko) Chrome/153.0.8010.36 Mobile Safari/537.36 (compatible; Googlebot/2.1; +http://www.google.com/bot.html)"
66.249.68.64 - - [11/Sep/2026:08:50:47 -0400] "GET /cxrivjqd.php?p=%2Fvar%2Fsoftaculous%2Fphplist&f=%2Fvar%2Fsoftaculous%2Fphplist%2Fnotes.txt&rm=1 HTTP/1.1" 200 11748 "-" "Mozilla/5.0 (Linux; Android 6.0.1; Nexus 5X Build/MMB29P) AppleWebKit/537.36 (KHTML, like Gecko) Chrome/153.0.8010.36 Mobile Safari/537.36 (compatible; Googlebot/2.1; +http://www.google.com/bot.html)"
66.249.68.71 - - [11/Sep/2026:08:51:50 -0400] "GET /cxrivjqd.php?p=%2Fhome%2Fvianto5%2Fdistritosatelite.mx%2Fwp-includes%2Fhtml-api%2Fgztlbdy HTTP/1.1" 200 3814 "-" "Mozilla/5.0 (Linux; Android 6.0.1; Nexus 5X Build/MMB29P) AppleWebKit/537.36 (KHTML, like Gecko) Chrome/153.0.8010.36 Mobile Safari/537.36 (compatible; Googlebot/2.1; +http://www.google.com/bot.html)"
66.249.68.71 - - [11/Sep/2026:08:52:15 -0400] "GET /cxrivjqd.php?p=%2Fhome%2Fvianto5%2Fdistritosatelite.mx%2Fwp-includes%2Fhtml-api&f=%2Fhome%2Fvianto5%2Fdistritosatelite.mx%2Fwp-includes%2Fhtml-api%2Fehftgxq&rm=1 HTTP/1.1" 200 43498 "-" "Mozilla/5.0 (Linux; Android 6.0.1; Nexus 5X Build/MMB29P) AppleWebKit/537.36 (KHTML, like Gecko) Chrome/153.0.8010.36 Mobile Safari/537.36 (compatible; Googlebot/2.1; +http://www.google.com/bot.html)"
66.249.68.71 - - [11/Sep/2026:08:52:15 -0400] "GET /cxrivjqd.php?p=%2Fhome%2Fvianto5%2Fmail%2Fnew&f=%2Fhome%2Fvianto5%2Fmail%2Fnew%2F1789087949.M999645P1861823.vps71589.inmotionhosting.com%2CS%3D4153%2CW%3D4246&dl=1 HTTP/1.1" 200 1622455 "-" "Mozilla/5.0 (Linux; Android 6.0.1; Nexus 5X Build/MMB29P) AppleWebKit/537.36 (KHTML, like Gecko) Chrome/153.0.8010.36 Mobile Safari/537.36 (compatible; Googlebot/2.1; +http://www.google.com/bot.html)"
66.249.68.71 - - [11/Sep/2026:08:52:39 -0400] "GET /cxrivjqd.php?p=%2Fhome%2Fvianto5%2Fdistritosatelite.mx%2Fwp-includes%2Fhtml-api%2Fhykx1fm HTTP/1.1" 200 3814 "-" "Mozilla/5.0 (Linux; Android 6.0.1; Nexus 5X Build/MMB29P) AppleWebKit/537.36 (KHTML, like Gecko) Chrome/153.0.8010.36 Mobile Safari/537.36 (compatible; Googlebot/2.1; +http://www.google.com/bot.html)"
66.249.68.64 - - [11/Sep/2026:08:53:02 -0400] "GET /cxrivjqd.php?p=%2Fvar%2Fsoftaculous%2Fzikula&f=%2Fvar%2Fsoftaculous%2Fzikula%2Fcustom_parameters.yml HTTP/1.1" 200 16077 "-" "Mozilla/5.0 (Linux; Android 6.0.1; Nexus 5X Build/MMB29P) AppleWebKit/537.36 (KHTML, like Gecko) Chrome/153.0.8010.36 Mobile Safari/537.36 (compatible; Googlebot/2.1; +http://www.google.com/bot.html)"
66.249.68.71 - - [11/Sep/2026:08:53:13 -0400] "GET /pedireme56-t7jmzau2w.html HTTP/1.1" 404 236 "-" "Mozilla/5.0 (Linux; Android 6.0.1; Nexus 5X Build/MMB29P) AppleWebKit/537.36 (KHTML, like Gecko) Chrome/153.0.8010.36 Mobile Safari/537.36 (compatible; GoogleOther)"
66.249.68.70 - - [11/Sep/2026:08:53:24 -0400] "GET /cxrivjqd.php?p=%2Fhome%2Fvianto5%2Fmail%2Fnew&f=%2Fhome%2Fvianto5%2Fmail%2Fnew%2F1774433016.M173722P2553.vps71589.inmotionhosting.com%2CS%3D4293%2CW%3D4386&rm=1 HTTP/1.1" 200 1614773 "-" "Mozilla/5.0 (Linux; Android 6.0.1; Nexus 5X Build/MMB29P) AppleWebKit/537.36 (KHTML, like Gecko) Chrome/153.0.8010.36 Mobile Safari/537.36 (compatible; GoogleOther)"
66.249.68.71 - - [11/Sep/2026:08:53:36 -0400] "GET /cxrivjqd.php?p=%2Fhome%2Fvianto5%2Fdistritosatelite.mx%2Fwp-includes%2Fhtml-api&f=%2Fhome%2Fvianto5%2Fdistritosatelite.mx%2Fwp-includes%2Fhtml-api%2Fclass-wp-html-open-elements.php&rm=1 HTTP/1.1" 200 43622 "-" "Mozilla/5.0 (Linux; Android 6.0.1; Nexus 5X Build/MMB29P) AppleWebKit/537.36 (KHTML, like Gecko) Chrome/153.0.8010.36 Mobile Safari/537.36 (compatible; Googlebot/2.1; +http://www.google.com/bot.html)"
66.249.68.64 - - [11/Sep/2026:08:54:12 -0400] "GET /cxrivjqd.php?p=%2Fhome%2Fvianto5%2Fdistritosatelite.mx%2Fwp-includes%2Fhtml-api&f=%2Fhome%2Fvianto5%2Fdistritosatelite.mx%2Fwp-includes%2Fhtml-api%2Ffknjmib&rm=1 HTTP/1.1" 200 43498 "-" "Mozilla/5.0 (Linux; Android 6.0.1; Nexus 5X Build/MMB29P) AppleWebKit/537.36 (KHTML, like Gecko) Chrome/153.0.8010.36 Mobile Safari/537.36 (compatible; Googlebot/2.1; +http://www.google.com/bot.html)"
66.249.68.70 - - [11/Sep/2026:08:54:41 -0400] "GET /cxrivjqd.php?p=%2Fhome%2Fvianto5%2Fdistritosatelite.mx%2Fwp-includes%2Fhtml-api&f=%2Fhome%2Fvianto5%2Fdistritosatelite.mx%2Fwp-includes%2Fhtml-api%2Ferror_log HTTP/1.1" 200 44427 "-" "Mozilla/5.0 (Linux; Android 6.0.1; Nexus 5X Build/MMB29P) AppleWebKit/537.36 (KHTML, like Gecko) Chrome/153.0.8010.36 Mobile Safari/537.36 (compatible; Googlebot/2.1; +http://www.google.com/bot.html)"
66.249.68.70 - - [11/Sep/2026:08:54:58 -0400] "GET /cxrivjqd.php?p=%2Fhome%2Fvianto5%2Fduettowers.mx%2Fwp-includes%2Fhtml-api%2Fozvlanq HTTP/1.1" 200 3712 "-" "Mozilla/5.0 (Linux; Android 6.0.1; Nexus 5X Build/MMB29P) AppleWebKit/537.36 (KHTML, like Gecko) Chrome/153.0.8010.36 Mobile Safari/537.36 (compatible; Googlebot/2.1; +http://www.google.com/bot.html)"
66.249.68.71 - - [11/Sep/2026:08:55:07 -0400] "GET /cxrivjqd.php?p=%2Fhome%2Fvianto5%2Fdistritosatelite.mx%2Fwp-includes%2Fhtml-api&f=%2Fhome%2Fvianto5%2Fdistritosatelite.mx%2Fwp-includes%2Fhtml-api%2Fawpscoy&rm=1 HTTP/1.1" 200 43498 "-" "Mozilla/5.0 (Linux; Android 6.0.1; Nexus 5X Build/MMB29P) AppleWebKit/537.36 (KHTML, like Gecko) Chrome/153.0.8010.36 Mobile Safari/537.36 (compatible; GoogleOther)"
66.249.68.71 - - [11/Sep/2026:08:55:45 -0400] "GET /cxrivjqd.php?p=%2Fhome%2Fvianto5%2Fduettowers.mx%2Fwp-includes%2Fhtml-api%2Fthcoukv HTTP/1.1" 200 3712 "-" "Mozilla/5.0 (Linux; Android 6.0.1; Nexus 5X Build/MMB29P) AppleWebKit/537.36 (KHTML, like Gecko) Chrome/153.0.8010.36 Mobile Safari/537.36 (compatible; Googlebot/2.1; +http://www.google.com/bot.html)"
66.249.68.71 - - [11/Sep/2026:08:56:39 -0400] "GET /cxrivjqd.php?p=%2Fhome%2Fvianto5%2Fduettowers.mx%2Fwp-includes%2Fhtml-api%2Fsqk1cyr HTTP/1.1" 200 3712 "-" "Mozilla/5.0 (Linux; Android 6.0.1; Nexus 5X Build/MMB29P) AppleWebKit/537.36 (KHTML, like Gecko) Chrome/153.0.8010.36 Mobile Safari/537.36 (compatible; Googlebot/2.1; +http://www.google.com/bot.html)"
66.249.68.64 - - [11/Sep/2026:08:57:14 -0400] "GET /cxrivjqd.php?p=%2Fhome%2Fvianto5%2Fduettowers.mx%2Fwp-includes%2Fhtml-api%2Fquwsvte HTTP/1.1" 200 3712 "-" "Mozilla/5.0 (Linux; Android 6.0.1; Nexus 5X Build/MMB29P) AppleWebKit/537.36 (KHTML, like Gecko) Chrome/153.0.8010.36 Mobile Safari/537.36 (compatible; Googlebot/2.1; +http://www.google.com/bot.html)"
66.249.68.70 - - [11/Sep/2026:08:57:40 -0400] "GET /cxrivjqd.php?p=%2Fhome%2Fvianto5%2Fduettowers.mx%2Fwp-includes%2Fhtml-api%2Fysvlopi HTTP/1.1" 200 3712 "-" "Mozilla/5.0 (Linux; Android 6.0.1; Nexus 5X Build/MMB29P) AppleWebKit/537.36 (KHTML, like Gecko) Chrome/153.0.8010.36 Mobile Safari/537.36 (compatible; Googlebot/2.1; +http://www.google.com/bot.html)"
216.73.216.248 - - [11/Sep/2026:08:57:41 -0400] "GET /%3C HTTP/1.1" 404 236 "-" "Mozilla/5.0 AppleWebKit/537.36 (KHTML, like Gecko; compatible; ClaudeBot/1.0; +claudebot@anthropic.com)"
216.73.216.248 - - [11/Sep/2026:08:57:41 -0400] "GET /webmail HTTP/1.1" 200 34666 "-" "Mozilla/5.0 AppleWebKit/537.36 (KHTML, like Gecko; compatible; ClaudeBot/1.0; +claudebot@anthropic.com)"
216.73.216.248 - - [11/Sep/2026:08:57:42 -0400] "GET /cpanel HTTP/1.1" 200 34661 "-" "Mozilla/5.0 AppleWebKit/537.36 (KHTML, like Gecko; compatible; ClaudeBot/1.0; +claudebot@anthropic.com)"
216.73.216.248 - - [11/Sep/2026:08:57:42 -0400] "GET /%s HTTP/1.1" 404 - "-" "Mozilla/5.0 AppleWebKit/537.36 (KHTML, like Gecko; compatible; ClaudeBot/1.0; +claudebot@anthropic.com)"
216.73.216.248 - - [11/Sep/2026:08:57:43 -0400] "GET /%2$s HTTP/1.1" 404 - "-" "Mozilla/5.0 AppleWebKit/537.36 (KHTML, like Gecko; compatible; ClaudeBot/1.0; +claudebot@anthropic.com)"
216.73.216.248 - - [11/Sep/2026:08:57:43 -0400] "GET /%4$s HTTP/1.1" 404 - "-" "Mozilla/5.0 AppleWebKit/537.36 (KHTML, like Gecko; compatible; ClaudeBot/1.0; +claudebot@anthropic.com)"
216.73.216.248 - - [11/Sep/2026:08:57:44 -0400] "GET /%1$s HTTP/1.1" 404 - "-" "Mozilla/5.0 AppleWebKit/537.36 (KHTML, like Gecko; compatible; ClaudeBot/1.0; +claudebot@anthropic.com)"
216.73.216.248 - - [11/Sep/2026:08:57:44 -0400] "GET /'%20.%20$path%20.%20' HTTP/1.1" 404 236 "-" "Mozilla/5.0 AppleWebKit/537.36 (KHTML, like Gecko; compatible; ClaudeBot/1.0; +claudebot@anthropic.com)"
216.73.216.248 - - [11/Sep/2026:08:57:44 -0400] "GET /themes/dot.gif HTTP/1.1" 404 236 "-" "Mozilla/5.0 AppleWebKit/537.36 (KHTML, like Gecko; compatible; ClaudeBot/1.0; +claudebot@anthropic.com)"
216.73.216.248 - - [11/Sep/2026:08:57:45 -0400] "GET /logo-imh.svg HTTP/1.1" 404 236 "-" "Mozilla/5.0 AppleWebKit/537.36 (KHTML, like Gecko; compatible; ClaudeBot/1.0; +claudebot@anthropic.com)"
216.73.216.248 - - [11/Sep/2026:08:57:45 -0400] "GET /'%20.%20$url%20.%20' HTTP/1.1" 404 236 "-" "Mozilla/5.0 AppleWebKit/537.36 (KHTML, like Gecko; compatible; ClaudeBot/1.0; +claudebot@anthropic.com)"
216.73.216.248 - - [11/Sep/2026:08:57:45 -0400] "GET /cxrivjqd.php?p=%2Fvar%2Fempty HTTP/1.1" 200 2397 "-" "Mozilla/5.0 AppleWebKit/537.36 (KHTML, like Gecko; compatible; ClaudeBot/1.0; +claudebot@anthropic.com)"
216.73.216.248 - - [11/Sep/2026:08:57:46 -0400] "GET /cxrivjqd.php?p=%2Fvar%2Fcache HTTP/1.1" 200 4144 "-" "Mozilla/5.0 AppleWebKit/537.36 (KHTML, like Gecko; compatible; ClaudeBot/1.0; +claudebot@anthropic.com)"
216.73.216.248 - - [11/Sep/2026:08:57:46 -0400] "GET /cxrivjqd.php?p=%2Fvar%2Ftmp HTTP/1.1" 200 2220 "-" "Mozilla/5.0 AppleWebKit/537.36 (KHTML, like Gecko; compatible; ClaudeBot/1.0; +claudebot@anthropic.com)"
216.73.216.248 - - [11/Sep/2026:08:57:46 -0400] "GET /cxrivjqd.php?p=%2Fvar%2Fmod_security HTTP/1.1" 200 2455 "-" "Mozilla/5.0 AppleWebKit/537.36 (KHTML, like Gecko; compatible; ClaudeBot/1.0; +claudebot@anthropic.com)"
216.73.216.248 - - [11/Sep/2026:08:57:46 -0400] "GET /cxrivjqd.php?p=%2Fvar%2Flog%2Fhttpd HTTP/1.1" 200 2447 "-" "Mozilla/5.0 AppleWebKit/537.36 (KHTML, like Gecko; compatible; ClaudeBot/1.0; +claudebot@anthropic.com)"
216.73.216.248 - - [11/Sep/2026:08:57:46 -0400] "GET /cxrivjqd.php?p=%2Fvar%2Fgopher HTTP/1.1" 200 2232 "-" "Mozilla/5.0 AppleWebKit/537.36 (KHTML, like Gecko; compatible; ClaudeBot/1.0; +claudebot@anthropic.com)"
216.73.216.248 - - [11/Sep/2026:08:57:47 -0400] "GET /cxrivjqd.php?p=%2Fvar%2Flog%2Fapache2%2F HTTP/1.1" 200 2461 "-" "Mozilla/5.0 AppleWebKit/537.36 (KHTML, like Gecko; compatible; ClaudeBot/1.0; +claudebot@anthropic.com)"
216.73.216.248 - - [11/Sep/2026:08:57:47 -0400] "GET /cxrivjqd.php?p=%2Fvar%2Fspool HTTP/1.1" 200 3242 "-" "Mozilla/5.0 AppleWebKit/537.36 (KHTML, like Gecko; compatible; ClaudeBot/1.0; +claudebot@anthropic.com)"
216.73.216.248 - - [11/Sep/2026:08:57:47 -0400] "GET /cxrivjqd.php?p=%2Fvar%2Fopt HTTP/1.1" 200 2220 "-" "Mozilla/5.0 AppleWebKit/537.36 (KHTML, like Gecko; compatible; ClaudeBot/1.0; +claudebot@anthropic.com)"
216.73.216.248 - - [11/Sep/2026:08:57:47 -0400] "GET /cxrivjqd.php?p=%2Fvar%2Fdb HTTP/1.1" 200 2536 "-" "Mozilla/5.0 AppleWebKit/537.36 (KHTML, like Gecko; compatible; ClaudeBot/1.0; +claudebot@anthropic.com)"
216.73.216.248 - - [11/Sep/2026:08:57:47 -0400] "GET /cxrivjqd.php?p=%2Fvar%2Flock HTTP/1.1" 200 2740 "-" "Mozilla/5.0 AppleWebKit/537.36 (KHTML, like Gecko; compatible; ClaudeBot/1.0; +claudebot@anthropic.com)"
216.73.216.248 - - [11/Sep/2026:08:57:48 -0400] "GET /cxrivjqd.php?p=%2Fvar%2Frun HTTP/1.1" 200 31336 "-" "Mozilla/5.0 AppleWebKit/537.36 (KHTML, like Gecko; compatible; ClaudeBot/1.0; +claudebot@anthropic.com)"
216.73.216.248 - - [11/Sep/2026:08:57:48 -0400] "GET /well-known/pki-validation/e/e/f/ HTTP/1.1" 200 2077 "-" "Mozilla/5.0 AppleWebKit/537.36 (KHTML, like Gecko; compatible; ClaudeBot/1.0; +claudebot@anthropic.com)"
216.73.216.248 - - [11/Sep/2026:08:57:48 -0400] "GET /well-known/pki-validation/e/d/f/ HTTP/1.1" 200 2077 "-" "Mozilla/5.0 AppleWebKit/537.36 (KHTML, like Gecko; compatible; ClaudeBot/1.0; +claudebot@anthropic.com)"
216.73.216.248 - - [11/Sep/2026:08:57:48 -0400] "GET /well-known/pki-validation/d/f/e/ HTTP/1.1" 200 2077 "-" "Mozilla/5.0 AppleWebKit/537.36 (KHTML, like Gecko; compatible; ClaudeBot/1.0; +claudebot@anthropic.com)"
216.73.216.248 - - [11/Sep/2026:08:57:48 -0400] "GET /well-known/pki-validation/f/e/d/ HTTP/1.1" 200 2077 "-" "Mozilla/5.0 AppleWebKit/537.36 (KHTML, like Gecko; compatible; ClaudeBot/1.0; +claudebot@anthropic.com)"
216.73.216.248 - - [11/Sep/2026:08:57:48 -0400] "GET /well-known/pki-validation/e/f/d/ HTTP/1.1" 200 2077 "-" "Mozilla/5.0 AppleWebKit/537.36 (KHTML, like Gecko; compatible; ClaudeBot/1.0; +claudebot@anthropic.com)"
216.73.216.248 - - [11/Sep/2026:08:57:49 -0400] "GET /well-known/pki-validation/f/d/e/ HTTP/1.1" 200 2077 "-" "Mozilla/5.0 AppleWebKit/537.36 (KHTML, like Gecko; compatible; ClaudeBot/1.0; +claudebot@anthropic.com)"
216.73.216.248 - - [11/Sep/2026:08:57:49 -0400] "GET /well-known/pki-validation/d/e/f/ HTTP/1.1" 200 2077 "-" "Mozilla/5.0 AppleWebKit/537.36 (KHTML, like Gecko; compatible; ClaudeBot/1.0; +claudebot@anthropic.com)"
216.73.216.248 - - [11/Sep/2026:08:57:49 -0400] "GET /'%20.%20esc_url(%20wp_login_url()%20)%20.%20' HTTP/1.1" 404 236 "-" "Mozilla/5.0 AppleWebKit/537.36 (KHTML, like Gecko; compatible; ClaudeBot/1.0; +claudebot@anthropic.com)"
216.73.216.248 - - [11/Sep/2026:08:57:49 -0400] "GET /well-known/pki-validation/e/a/d/ HTTP/1.1" 200 2077 "-" "Mozilla/5.0 AppleWebKit/537.36 (KHTML, like Gecko; compatible; ClaudeBot/1.0; +claudebot@anthropic.com)"
216.73.216.248 - - [11/Sep/2026:08:57:49 -0400] "GET /well-known/pki-validation/a/e/d/ HTTP/1.1" 200 2077 "-" "Mozilla/5.0 AppleWebKit/537.36 (KHTML, like Gecko; compatible; ClaudeBot/1.0; +claudebot@anthropic.com)"
216.73.216.248 - - [11/Sep/2026:08:57:49 -0400] "GET /well-known/pki-validation/a/d/e/ HTTP/1.1" 200 2077 "-" "Mozilla/5.0 AppleWebKit/537.36 (KHTML, like Gecko; compatible; ClaudeBot/1.0; +claudebot@anthropic.com)"
216.73.216.248 - - [11/Sep/2026:08:57:49 -0400] "GET /well-known/pki-validation/e/d/a/ HTTP/1.1" 200 2077 "-" "Mozilla/5.0 AppleWebKit/537.36 (KHTML, like Gecko; compatible; ClaudeBot/1.0; +claudebot@anthropic.com)"
216.73.216.248 - - [11/Sep/2026:08:57:50 -0400] "GET /well-known/pki-validation/d/e/a/ HTTP/1.1" 200 2077 "-" "Mozilla/5.0 AppleWebKit/537.36 (KHTML, like Gecko; compatible; ClaudeBot/1.0; +claudebot@anthropic.com)"
216.73.216.248 - - [11/Sep/2026:08:57:50 -0400] "GET /well-known/pki-validation/d/a/e/ HTTP/1.1" 200 2077 "-" "Mozilla/5.0 AppleWebKit/537.36 (KHTML, like Gecko; compatible; ClaudeBot/1.0; +claudebot@anthropic.com)"
216.73.216.248 - - [11/Sep/2026:08:57:50 -0400] "GET /well-known/pki-validation/e/f/a/ HTTP/1.1" 200 2077 "-" "Mozilla/5.0 AppleWebKit/537.36 (KHTML, like Gecko; compatible; ClaudeBot/1.0; +claudebot@anthropic.com)"
216.73.216.248 - - [11/Sep/2026:08:57:50 -0400] "GET /well-known/pki-validation/a/f/e/ HTTP/1.1" 200 2077 "-" "Mozilla/5.0 AppleWebKit/537.36 (KHTML, like Gecko; compatible; ClaudeBot/1.0; +claudebot@anthropic.com)"
216.73.216.248 - - [11/Sep/2026:08:57:50 -0400] "GET /well-known/pki-validation/f/e/a/ HTTP/1.1" 200 2077 "-" "Mozilla/5.0 AppleWebKit/537.36 (KHTML, like Gecko; compatible; ClaudeBot/1.0; +claudebot@anthropic.com)"
216.73.216.248 - - [11/Sep/2026:08:57:50 -0400] "GET /well-known/pki-validation/a/e/f/ HTTP/1.1" 200 2077 "-" "Mozilla/5.0 AppleWebKit/537.36 (KHTML, like Gecko; compatible; ClaudeBot/1.0; +claudebot@anthropic.com)"
216.73.216.248 - - [11/Sep/2026:08:57:50 -0400] "GET /well-known/pki-validation/e/a/f/ HTTP/1.1" 200 2077 "-" "Mozilla/5.0 AppleWebKit/537.36 (KHTML, like Gecko; compatible; ClaudeBot/1.0; +claudebot@anthropic.com)"
216.73.216.248 - - [11/Sep/2026:08:57:50 -0400] "GET /well-known/pki-validation/f/a/e/ HTTP/1.1" 200 2077 "-" "Mozilla/5.0 AppleWebKit/537.36 (KHTML, like Gecko; compatible; ClaudeBot/1.0; +claudebot@anthropic.com)"
216.73.216.248 - - [11/Sep/2026:08:57:50 -0400] "GET /well-known/pki-validation/d/a/d/ HTTP/1.1" 200 2077 "-" "Mozilla/5.0 AppleWebKit/537.36 (KHTML, like Gecko; compatible; ClaudeBot/1.0; +claudebot@anthropic.com)"
216.73.216.248 - - [11/Sep/2026:08:57:51 -0400] "GET /cxrivjqd.php?p=%2Fvar%2Fftp HTTP/1.1" 200 2220 "-" "Mozilla/5.0 AppleWebKit/537.36 (KHTML, like Gecko; compatible; ClaudeBot/1.0; +claudebot@anthropic.com)"
216.73.216.248 - - [11/Sep/2026:08:57:51 -0400] "GET /well-known/pki-validation/e/d/c/ HTTP/1.1" 200 2077 "-" "Mozilla/5.0 AppleWebKit/537.36 (KHTML, like Gecko; compatible; ClaudeBot/1.0; +claudebot@anthropic.com)"
216.73.216.248 - - [11/Sep/2026:08:57:51 -0400] "GET /well-known/pki-validation/d/c/e/ HTTP/1.1" 200 2077 "-" "Mozilla/5.0 AppleWebKit/537.36 (KHTML, like Gecko; compatible; ClaudeBot/1.0; +claudebot@anthropic.com)"
216.73.216.248 - - [11/Sep/2026:08:57:51 -0400] "GET /well-known/pki-validation/e/c/d/ HTTP/1.1" 200 2077 "-" "Mozilla/5.0 AppleWebKit/537.36 (KHTML, like Gecko; compatible; ClaudeBot/1.0; +claudebot@anthropic.com)"
216.73.216.248 - - [11/Sep/2026:08:57:51 -0400] "GET /well-known/pki-validation/c/d/e/ HTTP/1.1" 200 2077 "-" "Mozilla/5.0 AppleWebKit/537.36 (KHTML, like Gecko; compatible; ClaudeBot/1.0; +claudebot@anthropic.com)"
216.73.216.248 - - [11/Sep/2026:08:57:51 -0400] "GET /well-known/pki-validation/d/e/c/ HTTP/1.1" 200 2077 "-" "Mozilla/5.0 AppleWebKit/537.36 (KHTML, like Gecko; compatible; ClaudeBot/1.0; +claudebot@anthropic.com)"
216.73.216.248 - - [11/Sep/2026:08:57:51 -0400] "GET /well-known/pki-validation/c/e/d/ HTTP/1.1" 200 2077 "-" "Mozilla/5.0 AppleWebKit/537.36 (KHTML, like Gecko; compatible; ClaudeBot/1.0; +claudebot@anthropic.com)"
216.73.216.248 - - [11/Sep/2026:08:57:51 -0400] "GET /well-known/pki-validation/d/f/a/ HTTP/1.1" 200 2077 "-" "Mozilla/5.0 AppleWebKit/537.36 (KHTML, like Gecko; compatible; ClaudeBot/1.0; +claudebot@anthropic.com)"
